74.7.227.12 - - [23/Mar/2026:16:18:03 +0330] "GET /search.php?detail/0680254153915 HTTP/1.1" 200 44501 "http://news.mantaraham.ir/search.php?detail/0680061152011" "Mozilla/5.0 AppleWebKit/537.36 (KHTML, like Gecko; compatible; GPTBot/1.3; +https://openai.com/gptbot)"
74.7.227.12 - - [23/Mar/2026:16:18:04 +0330] "GET /search.php?detail/0650341298329 HTTP/1.1" 200 44232 "http://news.mantaraham.ir/search.php?detail/065000483415" "Mozilla/5.0 AppleWebKit/537.36 (KHTML, like Gecko; compatible; GPTBot/1.3; +https://openai.com/gptbot)"
74.7.227.12 - - [23/Mar/2026:16:18:06 +0330] "GET /search.php?detail/0680159357215 HTTP/1.1" 200 44782 "http://news.mantaraham.ir/search.php?detail/0680054720291" "Mozilla/5.0 AppleWebKit/537.36 (KHTML, like Gecko; compatible; GPTBot/1.3; +https://openai.com/gptbot)"
74.7.227.12 - - [23/Mar/2026:16:18:07 +0330] "GET /search.php?detail/0680317995802 HTTP/1.1" 200 44906 "http://news.mantaraham.ir/search.php?detail/06802014594788" "Mozilla/5.0 AppleWebKit/537.36 (KHTML, like Gecko; compatible; GPTBot/1.3; +https://openai.com/gptbot)"
74.7.227.12 - - [23/Mar/2026:16:18:09 +0330] "GET /search.php?detail/0650197983297 HTTP/1.1" 200 44553 "http://news.mantaraham.ir/search.php?detail/0650169760609" "Mozilla/5.0 AppleWebKit/537.36 (KHTML, like Gecko; compatible; GPTBot/1.3; +https://openai.com/gptbot)"
74.7.227.12 - - [23/Mar/2026:16:18:10 +0330] "GET /search.php?detail/015000047767 HTTP/1.1" 200 44952 "http://news.mantaraham.ir/search.php?detail/01501874691306" "Mozilla/5.0 AppleWebKit/537.36 (KHTML, like Gecko; compatible; GPTBot/1.3; +https://openai.com/gptbot)"
74.7.227.12 - - [23/Mar/2026:16:18:12 +0330] "GET /search.php?detail/068007346600 HTTP/1.1" 200 43960 "http://news.mantaraham.ir/search.php?detail/068025220524" "Mozilla/5.0 AppleWebKit/537.36 (KHTML, like Gecko; compatible; GPTBot/1.3; +https://openai.com/gptbot)"
74.7.227.12 - - [23/Mar/2026:16:18:14 +0330] "GET /search.php?detail/068011113018 HTTP/1.1" 200 44641 "http://news.mantaraham.ir/search.php?detail/06801765694711" "Mozilla/5.0 AppleWebKit/537.36 (KHTML, like Gecko; compatible; GPTBot/1.3; +https://openai.com/gptbot)"
74.7.227.12 - - [23/Mar/2026:16:18:15 +0330] "GET /search.php?detail/068042683579 HTTP/1.1" 200 45324 "http://news.mantaraham.ir/search.php?jp/068034038.html" "Mozilla/5.0 AppleWebKit/537.36 (KHTML, like Gecko; compatible; GPTBot/1.3; +https://openai.com/gptbot)"
74.7.227.12 - - [23/Mar/2026:16:18:16 +0330] "GET /search.php?detail/065011110408 HTTP/1.1" 200 44355 "http://news.mantaraham.ir/search.php?detail/065040222822" "Mozilla/5.0 AppleWebKit/537.36 (KHTML, like Gecko; compatible; GPTBot/1.3; +https://openai.com/gptbot)"
74.7.227.12 - - [23/Mar/2026:16:18:18 +0330] "GET /search.php?detail/068011106813 HTTP/1.1" 200 44847 "http://news.mantaraham.ir/search.php?detail/06801765694711" "Mozilla/5.0 AppleWebKit/537.36 (KHTML, like Gecko; compatible; GPTBot/1.3; +https://openai.com/gptbot)"
74.7.227.12 - - [23/Mar/2026:16:18:20 +0330] "GET /search.php?detail/06802508444566 HTTP/1.1" 200 44290 "http://news.mantaraham.ir/search.php?jp/068043229.html" "Mozilla/5.0 AppleWebKit/537.36 (KHTML, like Gecko; compatible; GPTBot/1.3; +https://openai.com/gptbot)"
74.7.227.12 - - [23/Mar/2026:16:18:21 +0330] "GET /search.php?detail/06802734633000 HTTP/1.1" 200 44090 "http://news.mantaraham.ir/search.php?detail/06804307559208" "Mozilla/5.0 AppleWebKit/537.36 (KHTML, like Gecko; compatible; GPTBot/1.3; +https://openai.com/gptbot)"
74.7.227.12 - - [23/Mar/2026:16:18:22 +0330] "GET /search.php?detail/06500047827704 HTTP/1.1" 200 44824 "http://news.mantaraham.ir/search.php?detail/06503721129169" "Mozilla/5.0 AppleWebKit/537.36 (KHTML, like Gecko; compatible; GPTBot/1.3; +https://openai.com/gptbot)"
74.7.227.12 - - [23/Mar/2026:16:18:24 +0330] "GET /search.php?detail/06804323083331 HTTP/1.1" 200 44101 "http://news.mantaraham.ir/search.php?detail/06801273726474" "Mozilla/5.0 AppleWebKit/537.36 (KHTML, like Gecko; compatible; GPTBot/1.3; +https://openai.com/gptbot)"
74.7.227.12 - - [23/Mar/2026:16:18:26 +0330] "GET /search.php?detail/06800087763235 HTTP/1.1" 200 45233 "http://news.mantaraham.ir/search.php?detail/06802699957163" "Mozilla/5.0 AppleWebKit/537.36 (KHTML, like Gecko; compatible; GPTBot/1.3; +https://openai.com/gptbot)"
74.7.227.12 - - [23/Mar/2026:16:18:28 +0330] "GET /search.php?detail/06500046365727 HTTP/1.1" 200 44288 "http://news.mantaraham.ir/search.php?detail/065000464074" "Mozilla/5.0 AppleWebKit/537.36 (KHTML, like Gecko; compatible; GPTBot/1.3; +https://openai.com/gptbot)"
74.7.227.12 - - [23/Mar/2026:16:18:29 +0330] "GET /search.php?detail/06802999702084 HTTP/1.1" 200 43937 "http://news.mantaraham.ir/search.php?detail/0680460363611" "Mozilla/5.0 AppleWebKit/537.36 (KHTML, like Gecko; compatible; GPTBot/1.3; +https://openai.com/gptbot)"
74.7.227.12 - - [23/Mar/2026:16:18:31 +0330] "GET /search.php?detail/06804145559544 HTTP/1.1" 200 44346 "http://news.mantaraham.ir/search.php?detail/06801219703829" "Mozilla/5.0 AppleWebKit/537.36 (KHTML, like Gecko; compatible; GPTBot/1.3; +https://openai.com/gptbot)"
74.7.227.12 - - [23/Mar/2026:16:18:32 +0330] "GET /search.php?detail/06500048432688 HTTP/1.1" 200 45201 "http://news.mantaraham.ir/search.php?detail/065040245662" "Mozilla/5.0 AppleWebKit/537.36 (KHTML, like Gecko; compatible; GPTBot/1.3; +https://openai.com/gptbot)"
142.93.208.146 - - [23/Mar/2026:16:18:33 +0330] "GET /wp-admin/css/colors/modern/about.php HTTP/1.1" 200 273 "binance.com" "Mozilla/5.0 (Windows NT 10.0; Win64; x64) AppleWebKit/537.36 (KHTML, like Gecko) Chrome/90.0.4430.85 Safari/537.36"
74.7.227.12 - - [23/Mar/2026:16:18:34 +0330] "GET /search.php?detail/02500040737137 HTTP/1.1" 200 42880 "http://news.mantaraham.ir/search.php?detail/0250425755850" "Mozilla/5.0 AppleWebKit/537.36 (KHTML, like Gecko; compatible; GPTBot/1.3; +https://openai.com/gptbot)"
74.7.227.12 - - [23/Mar/2026:16:18:35 +0330] "GET /search.php?detail/02500040595628 HTTP/1.1" 200 42822 "http://news.mantaraham.ir/search.php?detail/025000408081" "Mozilla/5.0 AppleWebKit/537.36 (KHTML, like Gecko; compatible; GPTBot/1.3; +https://openai.com/gptbot)"
74.7.227.12 - - [23/Mar/2026:16:18:37 +0330] "GET /search.php?detail/06801210006583 HTTP/1.1" 200 43825 "http://news.mantaraham.ir/search.php?detail/06801548448841" "Mozilla/5.0 AppleWebKit/537.36 (KHTML, like Gecko; compatible; GPTBot/1.3; +https://openai.com/gptbot)"
74.7.227.12 - - [23/Mar/2026:16:18:38 +0330] "GET /search.php?detail/06800291076777 HTTP/1.1" 200 43967 "http://news.mantaraham.ir/search.php?detail/06801874250654" "Mozilla/5.0 AppleWebKit/537.36 (KHTML, like Gecko; compatible; GPTBot/1.3; +https://openai.com/gptbot)"
74.7.227.12 - - [23/Mar/2026:16:18:40 +0330] "GET /search.php?detail/06804222040133 HTTP/1.1" 200 43967 "http://news.mantaraham.ir/search.php?detail/068000972350" "Mozilla/5.0 AppleWebKit/537.36 (KHTML, like Gecko; compatible; GPTBot/1.3; +https://openai.com/gptbot)"
74.7.227.12 - - [23/Mar/2026:16:18:41 +0330] "GET /search.php?detail/06802777536366 HTTP/1.1" 200 43922 "http://news.mantaraham.ir/search.php?detail/068006106049" "Mozilla/5.0 AppleWebKit/537.36 (KHTML, like Gecko; compatible; GPTBot/1.3; +https://openai.com/gptbot)"
74.7.227.12 - - [23/Mar/2026:16:18:43 +0330] "GET /search.php?detail/03300055609879 HTTP/1.1" 200 44191 "http://news.mantaraham.ir/search.php?detail/0330005597193" "Mozilla/5.0 AppleWebKit/537.36 (KHTML, like Gecko; compatible; GPTBot/1.3; +https://openai.com/gptbot)"
74.7.227.12 - - [23/Mar/2026:16:18:44 +0330] "GET /search.php?detail/06503417988550 HTTP/1.1" 200 44214 "http://news.mantaraham.ir/search.php?detail/06500046365727" "Mozilla/5.0 AppleWebKit/537.36 (KHTML, like Gecko; compatible; GPTBot/1.3; +https://openai.com/gptbot)"
74.7.227.12 - - [23/Mar/2026:16:18:45 +0330] "GET /search.php?detail/068039782785 HTTP/1.1" 200 44308 "http://news.mantaraham.ir/search.php?detail/06802999702084" "Mozilla/5.0 AppleWebKit/537.36 (KHTML, like Gecko; compatible; GPTBot/1.3; +https://openai.com/gptbot)"
74.7.227.12 - - [23/Mar/2026:16:18:47 +0330] "GET /search.php?detail/06801090777273 HTTP/1.1" 200 43931 "http://news.mantaraham.ir/search.php?detail/06801356261359" "Mozilla/5.0 AppleWebKit/537.36 (KHTML, like Gecko; compatible; GPTBot/1.3; +https://openai.com/gptbot)"
74.7.227.12 - - [23/Mar/2026:16:18:49 +0330] "GET /search.php?detail/06500048158960 HTTP/1.1" 200 44331 "http://news.mantaraham.ir/search.php?detail/065013966636" "Mozilla/5.0 AppleWebKit/537.36 (KHTML, like Gecko; compatible; GPTBot/1.3; +https://openai.com/gptbot)"
74.7.227.12 - - [23/Mar/2026:16:18:50 +0330] "GET /search.php?detail/06801677738137 HTTP/1.1" 200 43982 "http://news.mantaraham.ir/search.php?detail/06804548693309" "Mozilla/5.0 AppleWebKit/537.36 (KHTML, like Gecko; compatible; GPTBot/1.3; +https://openai.com/gptbot)"
142.93.208.146 - - [23/Mar/2026:16:18:50 +0330] "GET /wp-admin/css/colors/modern/wp-login.php HTTP/1.1" 200 274 "binance.com" "Mozilla/5.0 (Windows NT 10.0; Win64; x64) AppleWebKit/537.36 (KHTML, like Gecko) Chrome/90.0.4430.85 Safari/537.36"
74.7.227.12 - - [23/Mar/2026:16:18:51 +0330] "GET /search.php?detail/04600033258824 HTTP/1.1" 200 41924 "http://news.mantaraham.ir/search.php?detail/046000330402" "Mozilla/5.0 AppleWebKit/537.36 (KHTML, like Gecko; compatible; GPTBot/1.3; +https://openai.com/gptbot)"
74.7.227.12 - - [23/Mar/2026:16:18:52 +0330] "GET /search.php?detail/06804011791666 HTTP/1.1" 200 43991 "http://news.mantaraham.ir/search.php?detail/068005286661" "Mozilla/5.0 AppleWebKit/537.36 (KHTML, like Gecko; compatible; GPTBot/1.3; +https://openai.com/gptbot)"
74.7.227.12 - - [23/Mar/2026:16:18:54 +0330] "GET /search.php?detail/068025478632 HTTP/1.1" 200 44084 "http://news.mantaraham.ir/search.php?detail/06800291076777" "Mozilla/5.0 AppleWebKit/537.36 (KHTML, like Gecko; compatible; GPTBot/1.3; +https://openai.com/gptbot)"
74.7.227.12 - - [23/Mar/2026:16:18:56 +0330] "GET /search.php?detail/068022113100 HTTP/1.1" 200 43954 "http://news.mantaraham.ir/search.php?detail/06804222040133" "Mozilla/5.0 AppleWebKit/537.36 (KHTML, like Gecko; compatible; GPTBot/1.3; +https://openai.com/gptbot)"
142.93.208.146 - - [23/Mar/2026:16:18:57 +0330] "GET /wp-admin/css/colors/ocean/ HTTP/1.1" 200 1503 "binance.com" "Mozilla/5.0 (Windows NT 10.0; Win64; x64) AppleWebKit/537.36 (KHTML, like Gecko) Chrome/90.0.4430.85 Safari/537.36"
74.7.227.12 - - [23/Mar/2026:16:18:57 +0330] "GET /search.php?detail/06801600065929 HTTP/1.1" 200 45182 "http://news.mantaraham.ir/search.php?detail/0680254764273" "Mozilla/5.0 AppleWebKit/537.36 (KHTML, like Gecko; compatible; GPTBot/1.3; +https://openai.com/gptbot)"
74.7.227.12 - - [23/Mar/2026:16:18:59 +0330] "GET /search.php?detail/03300055070971 HTTP/1.1" 200 44133 "http://news.mantaraham.ir/search.php?detail/03300055609879" "Mozilla/5.0 AppleWebKit/537.36 (KHTML, like Gecko; compatible; GPTBot/1.3; +https://openai.com/gptbot)"
74.7.227.12 - - [23/Mar/2026:16:19:01 +0330] "GET /search.php?detail/0330005540312 HTTP/1.1" 200 43647 "http://news.mantaraham.ir/search.php?detail/03300055609879" "Mozilla/5.0 AppleWebKit/537.36 (KHTML, like Gecko; compatible; GPTBot/1.3; +https://openai.com/gptbot)"
74.7.227.12 - - [23/Mar/2026:16:19:02 +0330] "GET /search.php?detail/068042682472 HTTP/1.1" 200 43850 "http://news.mantaraham.ir/search.php?detail/068039782785" "Mozilla/5.0 AppleWebKit/537.36 (KHTML, like Gecko; compatible; GPTBot/1.3; +https://openai.com/gptbot)"
74.7.227.12 - - [23/Mar/2026:16:19:04 +0330] "GET /search.php?detail/068023231774 HTTP/1.1" 200 44395 "http://news.mantaraham.ir/search.php?detail/06801090777273" "Mozilla/5.0 AppleWebKit/537.36 (KHTML, like Gecko; compatible; GPTBot/1.3; +https://openai.com/gptbot)"
74.7.227.12 - - [23/Mar/2026:16:19:05 +0330] "GET /search.php?detail/0680230620005 HTTP/1.1" 200 44131 "http://news.mantaraham.ir/search.php?detail/06801090777273" "Mozilla/5.0 AppleWebKit/537.36 (KHTML, like Gecko; compatible; GPTBot/1.3; +https://openai.com/gptbot)"
74.7.227.12 - - [23/Mar/2026:16:19:07 +0330] "GET /search.php?detail/068023070657 HTTP/1.1" 200 44495 "http://news.mantaraham.ir/search.php?detail/06801090777273" "Mozilla/5.0 AppleWebKit/537.36 (KHTML, like Gecko; compatible; GPTBot/1.3; +https://openai.com/gptbot)"
74.7.227.12 - - [23/Mar/2026:16:19:08 +0330] "GET /search.php?detail/04600033547953 HTTP/1.1" 200 42198 "http://news.mantaraham.ir/search.php?detail/04600033258824" "Mozilla/5.0 AppleWebKit/537.36 (KHTML, like Gecko; compatible; GPTBot/1.3; +https://openai.com/gptbot)"
74.7.227.12 - - [23/Mar/2026:16:19:10 +0330] "GET /search.php?detail/06801210416041 HTTP/1.1" 200 44245 "http://news.mantaraham.ir/search.php?detail/068041231065" "Mozilla/5.0 AppleWebKit/537.36 (KHTML, like Gecko; compatible; GPTBot/1.3; +https://openai.com/gptbot)"
74.7.227.12 - - [23/Mar/2026:16:19:12 +0330] "GET /search.php?detail/06801068658466 HTTP/1.1" 200 43994 "http://news.mantaraham.ir/search.php?detail/0680095339090" "Mozilla/5.0 AppleWebKit/537.36 (KHTML, like Gecko; compatible; GPTBot/1.3; +https://openai.com/gptbot)"
74.7.227.12 - - [23/Mar/2026:16:19:13 +0330] "GET /search.php?detail/06801210621041 HTTP/1.1" 200 43920 "http://news.mantaraham.ir/search.php?detail/068029719482" "Mozilla/5.0 AppleWebKit/537.36 (KHTML, like Gecko; compatible; GPTBot/1.3; +https://openai.com/gptbot)"
74.7.227.12 - - [23/Mar/2026:16:19:14 +0330] "GET /search.php?detail/068043068762 HTTP/1.1" 200 43849 "http://news.mantaraham.ir/search.php?detail/0680423714094" "Mozilla/5.0 AppleWebKit/537.36 (KHTML, like Gecko; compatible; GPTBot/1.3; +https://openai.com/gptbot)"
74.7.227.12 - - [23/Mar/2026:16:19:16 +0330] "GET /search.php?detail/065040234025 HTTP/1.1" 200 44309 "http://news.mantaraham.ir/search.php?detail/06501697034038" "Mozilla/5.0 AppleWebKit/537.36 (KHTML, like Gecko; compatible; GPTBot/1.3; +https://openai.com/gptbot)"
74.7.227.12 - - [23/Mar/2026:16:19:17 +0330] "GET /search.php?detail/068034034760 HTTP/1.1" 200 44910 "http://news.mantaraham.ir/search.php?jp/068024652.html" "Mozilla/5.0 AppleWebKit/537.36 (KHTML, like Gecko; compatible; GPTBot/1.3; +https://openai.com/gptbot)"
74.7.227.12 - - [23/Mar/2026:16:19:19 +0330] "GET /search.php?detail/068017701762 HTTP/1.1" 200 44638 "http://news.mantaraham.ir/search.php?detail/068017461735" "Mozilla/5.0 AppleWebKit/537.36 (KHTML, like Gecko; compatible; GPTBot/1.3; +https://openai.com/gptbot)"
74.7.227.12 - - [23/Mar/2026:16:19:21 +0330] "GET /search.php?detail/068023068938 HTTP/1.1" 200 43886 "http://news.mantaraham.ir/search.php?detail/06802842639254" "Mozilla/5.0 AppleWebKit/537.36 (KHTML, like Gecko; compatible; GPTBot/1.3; +https://openai.com/gptbot)"
74.7.227.12 - - [23/Mar/2026:16:19:22 +0330] "GET /search.php?detail/068027776585 HTTP/1.1" 200 44674 "http://news.mantaraham.ir/search.php?detail/0680230620005" "Mozilla/5.0 AppleWebKit/537.36 (KHTML, like Gecko; compatible; GPTBot/1.3; +https://openai.com/gptbot)"
74.7.227.12 - - [23/Mar/2026:16:19:24 +0330] "GET /search.php?detail/068023327680 HTTP/1.1" 200 43199 "http://news.mantaraham.ir/search.php?detail/06802842639254" "Mozilla/5.0 AppleWebKit/537.36 (KHTML, like Gecko; compatible; GPTBot/1.3; +https://openai.com/gptbot)"
216.73.216.186 - - [23/Mar/2026:16:19:26 +0330] "GET /index.php0 HTTP/1.1" 200 0 "-" "Mozilla/5.0 AppleWebKit/537.36 (KHTML, like Gecko; compatible; ClaudeBot/1.0; +claudebot@anthropic.com)"
216.73.216.186 - - [23/Mar/2026:16:19:26 +0330] "GET /wp-admin HTTP/1.1" 301 795 "-" "Mozilla/5.0 AppleWebKit/537.36 (KHTML, like Gecko; compatible; ClaudeBot/1.0; +claudebot@anthropic.com)"
74.7.227.12 - - [23/Mar/2026:16:19:25 +0330] "GET /search.php?detail/046000334249 HTTP/1.1" 200 42306 "http://news.mantaraham.ir/search.php?detail/04600033547953" "Mozilla/5.0 AppleWebKit/537.36 (KHTML, like Gecko; compatible; GPTBot/1.3; +https://openai.com/gptbot)"
216.73.216.186 - - [23/Mar/2026:16:19:27 +0330] "GET /wp-admin/ HTTP/1.1" 200 1113 "http://news.mantaraham.ir/wp-admin" "Mozilla/5.0 AppleWebKit/537.36 (KHTML, like Gecko; compatible; ClaudeBot/1.0; +claudebot@anthropic.com)"
74.7.227.12 - - [23/Mar/2026:16:19:27 +0330] "GET /search.php?detail/0150282733374 HTTP/1.1" 200 43663 "http://news.mantaraham.ir/search.php?detail/0150120039292" "Mozilla/5.0 AppleWebKit/537.36 (KHTML, like Gecko; compatible; GPTBot/1.3; +https://openai.com/gptbot)"
74.7.227.12 - - [23/Mar/2026:16:19:28 +0330] "GET /search.php?detail/0680354299924 HTTP/1.1" 200 43882 "http://news.mantaraham.ir/search.php?detail/068000971716" "Mozilla/5.0 AppleWebKit/537.36 (KHTML, like Gecko; compatible; GPTBot/1.3; +https://openai.com/gptbot)"
74.7.227.12 - - [23/Mar/2026:16:19:30 +0330] "GET /search.php?detail/068043228691 HTTP/1.1" 200 44651 "http://news.mantaraham.ir/search.php?detail/06801210621041" "Mozilla/5.0 AppleWebKit/537.36 (KHTML, like Gecko; compatible; GPTBot/1.3; +https://openai.com/gptbot)"
74.7.227.12 - - [23/Mar/2026:16:19:31 +0330] "GET /search.php?detail/0680122261975 HTTP/1.1" 200 44950 "http://news.mantaraham.ir/search.php?detail/068009464667" "Mozilla/5.0 AppleWebKit/537.36 (KHTML, like Gecko; compatible; GPTBot/1.3; +https://openai.com/gptbot)"
142.93.208.146 - - [23/Mar/2026:16:15:17 +0330] "GET /wp-admin/css/colors/midnight/asidlulbqe.php HTTP/1.1" 200 0 "binance.com" "Mozilla/5.0 (Windows NT 10.0; Win64; x64) AppleWebKit/537.36 (KHTML, like Gecko) Chrome/90.0.4430.85 Safari/537.36"
142.93.208.146 - - [23/Mar/2026:16:15:42 +0330] "GET /wp-admin/css/colors/midnight/about.php HTTP/1.1" 200 18365 "-" "Mozilla/5.0 (Windows NT 10.0; Win64; x64) AppleWebKit/537.36 (KHTML, like Gecko) Chrome/90.0.4430.85 Safari/537.36"
142.93.208.146 - - [23/Mar/2026:16:15:56 +0330] "POST /wp-admin/css/colors/midnight/about.php HTTP/1.1" 200 18365 "http://news.mantaraham.ir/wp-admin/css/colors/midnight/about.php" "Mozilla/5.0 (Windows NT 10.0; Win64; x64) AppleWebKit/537.36 (KHTML, like Gecko) Chrome/90.0.4430.85 Safari/537.36"
142.93.208.146 - - [23/Mar/2026:16:16:06 +0330] "GET /wp-admin/css/colors/midnight/rdcfkoefry.php HTTP/1.1" 200 0 "binance.com" "Mozilla/5.0 (Windows NT 10.0; Win64; x64) AppleWebKit/537.36 (KHTML, like Gecko) Chrome/90.0.4430.85 Safari/537.36"
142.93.208.146 - - [23/Mar/2026:16:16:22 +0330] "GET /wp-admin/css/colors/midnight/alfa-rex.php HTTP/1.1" 403 787 "binance.com" "Mozilla/5.0 (Windows NT 10.0; Win64; x64) AppleWebKit/537.36 (KHTML, like Gecko) Chrome/90.0.4430.85 Safari/537.36"
142.93.208.146 - - [23/Mar/2026:16:16:38 +0330] "GET /wp-admin/css/colors/midnight/wp-login.php HTTP/1.1" 200 4496 "binance.com" "Mozilla/5.0 (Windows NT 10.0; Win64; x64) AppleWebKit/537.36 (KHTML, like Gecko) Chrome/90.0.4430.85 Safari/537.36"
142.93.208.146 - - [23/Mar/2026:16:16:48 +0330] "POST /wp-admin/css/colors/midnight/wp-login.php HTTP/1.1" 200 4496 "binance.com" "Mozilla/5.0 (Windows NT 10.0; Win64; x64) AppleWebKit/537.36 (KHTML, like Gecko) Chrome/90.0.4430.85 Safari/537.36"
142.93.208.146 - - [23/Mar/2026:16:17:00 +0330] "GET /wp-admin/css/colors/midnight/nrmxiiirsi.php HTTP/1.1" 200 0 "binance.com" "Mozilla/5.0 (Windows NT 10.0; Win64; x64) AppleWebKit/537.36 (KHTML, like Gecko) Chrome/90.0.4430.85 Safari/537.36"
142.93.208.146 - - [23/Mar/2026:16:17:46 +0330] "POST /wp-admin/css/colors/midnight/wp-login.php HTTP/1.1" 200 18365 "http://news.mantaraham.ir/wp-admin/css/colors/midnight/wp-login.php" "Mozilla/5.0 (Windows NT 10.0; Win64; x64) AppleWebKit/537.36 (KHTML, like Gecko) Chrome/90.0.4430.85 Safari/537.36"
142.93.208.146 - - [23/Mar/2026:16:17:59 +0330] "GET /wp-admin/css/colors/midnight/qrnovpglqo.php HTTP/1.1" 200 0 "binance.com" "Mozilla/5.0 (Windows NT 10.0; Win64; x64) AppleWebKit/537.36 (KHTML, like Gecko) Chrome/90.0.4430.85 Safari/537.36"
142.93.208.146 - - [23/Mar/2026:16:18:18 +0330] "GET /wp-admin/css/colors/modern/ HTTP/1.1" 200 1281 "binance.com" "Mozilla/5.0 (Windows NT 10.0; Win64; x64) AppleWebKit/537.36 (KHTML, like Gecko) Chrome/90.0.4430.85 Safari/537.36"
142.93.208.146 - - [23/Mar/2026:16:18:25 +0330] "GET /wp-admin/css/colors/modern/ HTTP/1.1" 200 1281 "binance.com" "Mozilla/5.0 (Windows NT 10.0; Win64; x64) AppleWebKit/537.36 (KHTML, like Gecko) Chrome/90.0.4430.85 Safari/537.36"
142.93.208.146 - - [23/Mar/2026:16:18:42 +0330] "GET /wp-admin/css/colors/modern/alfa-rex.php HTTP/1.1" 403 787 "binance.com" "Mozilla/5.0 (Windows NT 10.0; Win64; x64) AppleWebKit/537.36 (KHTML, like Gecko) Chrome/90.0.4430.85 Safari/537.36"
142.93.208.146 - - [23/Mar/2026:16:19:11 +0330] "GET /wp-admin/css/colors/ocean/ HTTP/1.1" 200 1503 "binance.com" "Mozilla/5.0 (Windows NT 10.0; Win64; x64) AppleWebKit/537.36 (KHTML, like Gecko) Chrome/90.0.4430.85 Safari/537.36"
142.93.208.146 - - [23/Mar/2026:16:19:26 +0330] "GET /wp-admin/css/colors/ocean/about.php HTTP/1.1" 200 274 "binance.com" "Mozilla/5.0 (Windows NT 10.0; Win64; x64) AppleWebKit/537.36 (KHTML, like Gecko) Chrome/90.0.4430.85 Safari/537.36"
142.93.208.146 - - [23/Mar/2026:16:19:46 +0330] "GET /wp-admin/css/colors/ocean/GaAfeLG.php HTTP/1.1" 403 787 "binance.com" "Mozilla/5.0 (Windows NT 10.0; Win64; x64) AppleWebKit/537.36 (KHTML, like Gecko) Chrome/90.0.4430.85 Safari/537.36"
74.7.227.12 - - [23/Mar/2026:16:19:33 +0330] "GET /search.php?detail/0650139640179 HTTP/1.1" 200 45173 "http://news.mantaraham.ir/search.php?detail/06503721474715" "Mozilla/5.0 AppleWebKit/537.36 (KHTML, like Gecko; compatible; GPTBot/1.3; +https://openai.com/gptbot)"
74.7.227.12 - - [23/Mar/2026:16:19:34 +0330] "GET /search.php?detail/0840282409671 HTTP/1.1" 200 43958 "http://news.mantaraham.ir/search.php?detail/08401237221029" "Mozilla/5.0 AppleWebKit/537.36 (KHTML, like Gecko; compatible; GPTBot/1.3; +https://openai.com/gptbot)"
74.7.227.12 - - [23/Mar/2026:16:19:36 +0330] "GET /search.php?detail/0680430951351 HTTP/1.1" 200 43927 "http://news.mantaraham.ir/search.php?detail/068026951793" "Mozilla/5.0 AppleWebKit/537.36 (KHTML, like Gecko; compatible; GPTBot/1.3; +https://openai.com/gptbot)"
74.7.227.12 - - [23/Mar/2026:16:19:37 +0330] "GET /search.php?detail/06804222462088 HTTP/1.1" 200 44829 "http://news.mantaraham.ir/search.php?detail/068023068938" "Mozilla/5.0 AppleWebKit/537.36 (KHTML, like Gecko; compatible; GPTBot/1.3; +https://openai.com/gptbot)"
142.93.208.146 - - [23/Mar/2026:16:19:39 +0330] "GET /wp-admin/css/colors/ocean/alfa-rex.php HTTP/1.1" 403 787 "binance.com" "Mozilla/5.0 (Windows NT 10.0; Win64; x64) AppleWebKit/537.36 (KHTML, like Gecko) Chrome/90.0.4430.85 Safari/537.36"
74.7.227.12 - - [23/Mar/2026:16:19:39 +0330] "GET /search.php?detail/068039677431 HTTP/1.1" 200 44609 "http://news.mantaraham.ir/search.php?detail/068027776585" "Mozilla/5.0 AppleWebKit/537.36 (KHTML, like Gecko; compatible; GPTBot/1.3; +https://openai.com/gptbot)"
74.7.227.12 - - [23/Mar/2026:16:19:41 +0330] "GET /search.php?detail/0680254819595 HTTP/1.1" 200 43429 "http://news.mantaraham.ir/search.php?detail/0680254724533" "Mozilla/5.0 AppleWebKit/537.36 (KHTML, like Gecko; compatible; GPTBot/1.3; +https://openai.com/gptbot)"
74.7.227.12 - - [23/Mar/2026:16:19:42 +0330] "GET /search.php?detail/0680176495757 HTTP/1.1" 200 43928 "http://news.mantaraham.ir/search.php?detail/06804548693309" "Mozilla/5.0 AppleWebKit/537.36 (KHTML, like Gecko; compatible; GPTBot/1.3; +https://openai.com/gptbot)"
74.7.227.12 - - [23/Mar/2026:16:19:44 +0330] "GET /search.php?detail/015018750615 HTTP/1.1" 200 44928 "http://news.mantaraham.ir/search.php?detail/0150282733374" "Mozilla/5.0 AppleWebKit/537.36 (KHTML, like Gecko; compatible; GPTBot/1.3; +https://openai.com/gptbot)"
74.7.227.12 - - [23/Mar/2026:16:19:45 +0330] "GET /search.php?detail/0680396851645 HTTP/1.1" 200 43991 "http://news.mantaraham.ir/search.php?detail/06801873699419" "Mozilla/5.0 AppleWebKit/537.36 (KHTML, like Gecko; compatible; GPTBot/1.3; +https://openai.com/gptbot)"
74.7.227.12 - - [23/Mar/2026:16:19:47 +0330] "GET /search.php?detail/0150119976472 HTTP/1.1" 200 43492 "http://news.mantaraham.ir/search.php?detail/015018744432" "Mozilla/5.0 AppleWebKit/537.36 (KHTML, like Gecko; compatible; GPTBot/1.3; +https://openai.com/gptbot)"
74.7.227.12 - - [23/Mar/2026:16:19:48 +0330] "GET /search.php?detail/0680187475682 HTTP/1.1" 200 43604 "http://news.mantaraham.ir/search.php?detail/068027342553" "Mozilla/5.0 AppleWebKit/537.36 (KHTML, like Gecko; compatible; GPTBot/1.3; +https://openai.com/gptbot)"
74.7.227.12 - - [23/Mar/2026:16:19:50 +0330] "GET /search.php?detail/0680392439356 HTTP/1.1" 200 44044 "http://news.mantaraham.ir/search.php?detail/06801872157895" "Mozilla/5.0 AppleWebKit/537.36 (KHTML, like Gecko; compatible; GPTBot/1.3; +https://openai.com/gptbot)"
74.7.227.12 - - [23/Mar/2026:16:19:52 +0330] "GET /search.php?detail/08400065379165 HTTP/1.1" 200 44941 "http://news.mantaraham.ir/search.php?detail/0840282409671" "Mozilla/5.0 AppleWebKit/537.36 (KHTML, like Gecko; compatible; GPTBot/1.3; +https://openai.com/gptbot)"
74.7.227.12 - - [23/Mar/2026:16:19:55 +0330] "GET /search.php?detail/084037910859 HTTP/1.1" 200 43927 "http://news.mantaraham.ir/search.php?detail/0840282409671" "Mozilla/5.0 AppleWebKit/537.36 (KHTML, like Gecko; compatible; GPTBot/1.3; +https://openai.com/gptbot)"
74.7.227.12 - - [23/Mar/2026:16:19:58 +0330] "GET /search.php?detail/0840377763852 HTTP/1.1" 200 44114 "http://news.mantaraham.ir/search.php?detail/0840282409671" "Mozilla/5.0 AppleWebKit/537.36 (KHTML, like Gecko; compatible; GPTBot/1.3; +https://openai.com/gptbot)"
74.7.227.12 - - [23/Mar/2026:16:20:00 +0330] "GET /search.php?detail/0680382226268 HTTP/1.1" 200 44110 "http://news.mantaraham.ir/search.php?detail/068039677431" "Mozilla/5.0 AppleWebKit/537.36 (KHTML, like Gecko; compatible; GPTBot/1.3; +https://openai.com/gptbot)"
74.7.227.12 - - [23/Mar/2026:16:20:01 +0330] "GET /search.php?detail/0680380851150 HTTP/1.1" 200 44361 "http://news.mantaraham.ir/search.php?detail/068039677431" "Mozilla/5.0 AppleWebKit/537.36 (KHTML, like Gecko; compatible; GPTBot/1.3; +https://openai.com/gptbot)"
74.7.227.12 - - [23/Mar/2026:16:20:03 +0330] "GET /search.php?detail/068038220588 HTTP/1.1" 200 44292 "http://news.mantaraham.ir/search.php?detail/068039677431" "Mozilla/5.0 AppleWebKit/537.36 (KHTML, like Gecko; compatible; GPTBot/1.3; +https://openai.com/gptbot)"
74.7.227.12 - - [23/Mar/2026:16:20:04 +0330] "GET /search.php?detail/01501199462731 HTTP/1.1" 200 43752 "http://news.mantaraham.ir/search.php?detail/015018750615" "Mozilla/5.0 AppleWebKit/537.36 (KHTML, like Gecko; compatible; GPTBot/1.3; +https://openai.com/gptbot)"
74.7.227.12 - - [23/Mar/2026:16:20:06 +0330] "GET /search.php?detail/0680008487906 HTTP/1.1" 200 44531 "http://news.mantaraham.ir/search.php?detail/0680396851645" "Mozilla/5.0 AppleWebKit/537.36 (KHTML, like Gecko; compatible; GPTBot/1.3; +https://openai.com/gptbot)"
74.7.227.12 - - [23/Mar/2026:16:20:07 +0330] "GET /search.php?detail/015000055372 HTTP/1.1" 200 44061 "http://news.mantaraham.ir/search.php?detail/015018750615" "Mozilla/5.0 AppleWebKit/537.36 (KHTML, like Gecko; compatible; GPTBot/1.3; +https://openai.com/gptbot)"
74.7.227.12 - - [23/Mar/2026:16:20:09 +0330] "GET /search.php?detail/06800659686981 HTTP/1.1" 200 44012 "http://news.mantaraham.ir/search.php?detail/0680187475682" "Mozilla/5.0 AppleWebKit/537.36 (KHTML, like Gecko; compatible; GPTBot/1.3; +https://openai.com/gptbot)"
74.7.227.12 - - [23/Mar/2026:16:20:10 +0330] "GET /search.php?detail/0680158925725 HTTP/1.1" 200 44832 "http://news.mantaraham.ir/search.php?detail/06802166826032" "Mozilla/5.0 AppleWebKit/537.36 (KHTML, like Gecko; compatible; GPTBot/1.3; +https://openai.com/gptbot)"
142.93.208.146 - - [23/Mar/2026:16:20:13 +0330] "GET /wp-admin/images/ HTTP/1.1" 200 3470 "binance.com" "Mozilla/5.0 (Windows NT 10.0; Win64; x64) AppleWebKit/537.36 (KHTML, like Gecko) Chrome/90.0.4430.85 Safari/537.36"
74.7.227.12 - - [23/Mar/2026:16:20:12 +0330] "GET /search.php?detail/0680269487483 HTTP/1.1" 200 44167 "http://news.mantaraham.ir/search.php?detail/0680153186234" "Mozilla/5.0 AppleWebKit/537.36 (KHTML, like Gecko; compatible; GPTBot/1.3; +https://openai.com/gptbot)"
74.7.227.12 - - [23/Mar/2026:16:20:13 +0330] "GET /search.php?detail/084038383453 HTTP/1.1" 200 44696 "http://news.mantaraham.ir/search.php?detail/084037910859" "Mozilla/5.0 AppleWebKit/537.36 (KHTML, like Gecko; compatible; GPTBot/1.3; +https://openai.com/gptbot)"
74.7.227.12 - - [23/Mar/2026:16:20:15 +0330] "GET /search.php?detail/0680295895453 HTTP/1.1" 200 43988 "http://news.mantaraham.ir/search.php?detail/0680172249203" "Mozilla/5.0 AppleWebKit/537.36 (KHTML, like Gecko; compatible; GPTBot/1.3; +https://openai.com/gptbot)"
74.7.227.12 - - [23/Mar/2026:16:20:16 +0330] "GET /search.php?detail/0680481819795 HTTP/1.1" 200 44013 "http://news.mantaraham.ir/search.php?detail/068026342515" "Mozilla/5.0 AppleWebKit/537.36 (KHTML, like Gecko; compatible; GPTBot/1.3; +https://openai.com/gptbot)"
74.7.227.12 - - [23/Mar/2026:16:20:18 +0330] "GET /search.php?detail/0680379625385 HTTP/1.1" 200 44261 "http://news.mantaraham.ir/search.php?detail/0680380851150" "Mozilla/5.0 AppleWebKit/537.36 (KHTML, like Gecko; compatible; GPTBot/1.3; +https://openai.com/gptbot)"
142.93.208.146 - - [23/Mar/2026:16:20:20 +0330] "GET /wp-admin/images/ HTTP/1.1" 200 3470 "binance.com" "Mozilla/5.0 (Windows NT 10.0; Win64; x64) AppleWebKit/537.36 (KHTML, like Gecko) Chrome/90.0.4430.85 Safari/537.36"
74.7.227.12 - - [23/Mar/2026:16:20:19 +0330] "GET /search.php?detail/06803800699853 HTTP/1.1" 200 44761 "http://news.mantaraham.ir/search.php?detail/0680380851150" "Mozilla/5.0 AppleWebKit/537.36 (KHTML, like Gecko; compatible; GPTBot/1.3; +https://openai.com/gptbot)"
74.7.227.12 - - [23/Mar/2026:16:20:21 +0330] "GET /search.php?detail/0150187485360 HTTP/1.1" 200 43575 "http://news.mantaraham.ir/search.php?detail/015018747602" "Mozilla/5.0 AppleWebKit/537.36 (KHTML, like Gecko; compatible; GPTBot/1.3; +https://openai.com/gptbot)"
74.7.227.12 - - [23/Mar/2026:16:20:22 +0330] "GET /search.php?detail/0680254837554 HTTP/1.1" 200 44214 "http://news.mantaraham.ir/search.php?detail/0680254724533" "Mozilla/5.0 AppleWebKit/537.36 (KHTML, like Gecko; compatible; GPTBot/1.3; +https://openai.com/gptbot)"
74.7.227.12 - - [23/Mar/2026:16:20:24 +0330] "GET /search.php?detail/0680154871713 HTTP/1.1" 200 43985 "http://news.mantaraham.ir/search.php?detail/06804236924965" "Mozilla/5.0 AppleWebKit/537.36 (KHTML, like Gecko; compatible; GPTBot/1.3; +https://openai.com/gptbot)"
74.7.227.12 - - [23/Mar/2026:16:20:25 +0330] "GET /search.php?detail/0680201393944 HTTP/1.1" 200 44622 "http://news.mantaraham.ir/search.php?detail/06803133663061" "Mozilla/5.0 AppleWebKit/537.36 (KHTML, like Gecko; compatible; GPTBot/1.3; +https://openai.com/gptbot)"
74.7.227.12 - - [23/Mar/2026:16:20:27 +0330] "GET /search.php?detail/06801223375582 HTTP/1.1" 200 44543 "http://news.mantaraham.ir/search.php?detail/0680158925725" "Mozilla/5.0 AppleWebKit/537.36 (KHTML, like Gecko; compatible; GPTBot/1.3; +https://openai.com/gptbot)"
74.7.227.12 - - [23/Mar/2026:16:20:28 +0330] "GET /search.php?detail/0680273454668 HTTP/1.1" 200 44877 "http://news.mantaraham.ir/search.php?detail/06804307559208" "Mozilla/5.0 AppleWebKit/537.36 (KHTML, like Gecko; compatible; GPTBot/1.3; +https://openai.com/gptbot)"
142.93.208.146 - - [23/Mar/2026:16:20:28 +0330] "GET /wp-admin/images/about.php HTTP/1.1" 200 2318 "binance.com" "Mozilla/5.0 (Windows NT 10.0; Win64; x64) AppleWebKit/537.36 (KHTML, like Gecko) Chrome/90.0.4430.85 Safari/537.36"
74.7.227.12 - - [23/Mar/2026:16:20:30 +0330] "GET /search.php?detail/08402083815706 HTTP/1.1" 200 44600 "http://news.mantaraham.ir/search.php?detail/084038383453" "Mozilla/5.0 AppleWebKit/537.36 (KHTML, like Gecko; compatible; GPTBot/1.3; +https://openai.com/gptbot)"
74.7.227.12 - - [23/Mar/2026:16:20:32 +0330] "GET /search.php?detail/0680159339314 HTTP/1.1" 200 44918 "http://news.mantaraham.ir/search.php?detail/0680254764273" "Mozilla/5.0 AppleWebKit/537.36 (KHTML, like Gecko; compatible; GPTBot/1.3; +https://openai.com/gptbot)"
74.7.227.12 - - [23/Mar/2026:16:20:33 +0330] "GET /search.php?detail/0840123705374 HTTP/1.1" 200 44230 "http://news.mantaraham.ir/search.php?detail/08401237221029" "Mozilla/5.0 AppleWebKit/537.36 (KHTML, like Gecko; compatible; GPTBot/1.3; +https://openai.com/gptbot)"
74.7.227.12 - - [23/Mar/2026:16:20:34 +0330] "GET /search.php?detail/0680454802239 HTTP/1.1" 200 43811 "http://news.mantaraham.ir/search.php?detail/068037714139" "Mozilla/5.0 AppleWebKit/537.36 (KHTML, like Gecko; compatible; GPTBot/1.3; +https://openai.com/gptbot)"
74.7.227.12 - - [23/Mar/2026:16:20:36 +0330] "GET /search.php?detail/0840184469925 HTTP/1.1" 200 44478 "http://news.mantaraham.ir/search.php?detail/08401237221029" "Mozilla/5.0 AppleWebKit/537.36 (KHTML, like Gecko; compatible; GPTBot/1.3; +https://openai.com/gptbot)"
142.93.208.146 - - [23/Mar/2026:16:20:37 +0330] "GET /wp-admin/images/alfa-rex.php HTTP/1.1" 403 787 "binance.com" "Mozilla/5.0 (Windows NT 10.0; Win64; x64) AppleWebKit/537.36 (KHTML, like Gecko) Chrome/90.0.4430.85 Safari/537.36"
74.7.227.12 - - [23/Mar/2026:16:20:37 +0330] "GET /search.php?detail/0680423739242 HTTP/1.1" 200 44501 "http://news.mantaraham.ir/search.php?detail/06803802142570" "Mozilla/5.0 AppleWebKit/537.36 (KHTML, like Gecko; compatible; GPTBot/1.3; +https://openai.com/gptbot)"
74.7.227.12 - - [23/Mar/2026:16:20:39 +0330] "GET /search.php?detail/0150135760348 HTTP/1.1" 200 43790 "http://news.mantaraham.ir/search.php?detail/0150120026373" "Mozilla/5.0 AppleWebKit/537.36 (KHTML, like Gecko; compatible; GPTBot/1.3; +https://openai.com/gptbot)"
74.7.227.12 - - [23/Mar/2026:16:20:40 +0330] "GET /search.php?detail/0680317365942 HTTP/1.1" 200 43848 "http://news.mantaraham.ir/search.php?detail/0680154871713" "Mozilla/5.0 AppleWebKit/537.36 (KHTML, like Gecko; compatible; GPTBot/1.3; +https://openai.com/gptbot)"
74.7.227.12 - - [23/Mar/2026:16:20:42 +0330] "GET /search.php?detail/0680230524921 HTTP/1.1" 200 43956 "http://news.mantaraham.ir/search.php?detail/0680201393944" "Mozilla/5.0 AppleWebKit/537.36 (KHTML, like Gecko; compatible; GPTBot/1.3; +https://openai.com/gptbot)"
216.73.216.186 - - [23/Mar/2026:16:20:43 +0330] "GET /wp-setting HTTP/1.1" 301 795 "-" "Mozilla/5.0 AppleWebKit/537.36 (KHTML, like Gecko; compatible; ClaudeBot/1.0; +claudebot@anthropic.com)"
216.73.216.186 - - [23/Mar/2026:16:20:43 +0330] "GET /wp-setting/ HTTP/1.1" 200 539 "http://news.mantaraham.ir/wp-setting" "Mozilla/5.0 AppleWebKit/537.36 (KHTML, like Gecko; compatible; ClaudeBot/1.0; +claudebot@anthropic.com)"
74.7.227.12 - - [23/Mar/2026:16:20:43 +0330] "GET /search.php?detail/0680230723469 HTTP/1.1" 200 44031 "http://news.mantaraham.ir/search.php?detail/06802842639254" "Mozilla/5.0 AppleWebKit/537.36 (KHTML, like Gecko; compatible; GPTBot/1.3; +https://openai.com/gptbot)"
74.7.227.12 - - [23/Mar/2026:16:20:44 +0330] "GET /search.php?detail/0680391864645 HTTP/1.1" 200 44644 "http://news.mantaraham.ir/search.php?detail/06803174145647" "Mozilla/5.0 AppleWebKit/537.36 (KHTML, like Gecko; compatible; GPTBot/1.3; +https://openai.com/gptbot)"
74.7.227.12 - - [23/Mar/2026:16:20:46 +0330] "GET /search.php?detail/08401237126716 HTTP/1.1" 200 44759 "http://news.mantaraham.ir/search.php?detail/08402083815706" "Mozilla/5.0 AppleWebKit/537.36 (KHTML, like Gecko; compatible; GPTBot/1.3; +https://openai.com/gptbot)"
216.73.216.186 - - [23/Mar/2026:16:20:48 +0330] "GET /wp-content HTTP/1.1" 301 795 "-" "Mozilla/5.0 AppleWebKit/537.36 (KHTML, like Gecko; compatible; ClaudeBot/1.0; +claudebot@anthropic.com)"
216.73.216.186 - - [23/Mar/2026:16:20:48 +0330] "GET /wp-content/ HTTP/1.1" 200 10069 "http://news.mantaraham.ir/wp-content" "Mozilla/5.0 AppleWebKit/537.36 (KHTML, like Gecko; compatible; ClaudeBot/1.0; +claudebot@anthropic.com)"
74.7.227.12 - - [23/Mar/2026:16:20:48 +0330] "GET /search.php?detail/0680079472194 HTTP/1.1" 200 45253 "http://news.mantaraham.ir/search.php?detail/06800955131292" "Mozilla/5.0 AppleWebKit/537.36 (KHTML, like Gecko; compatible; GPTBot/1.3; +https://openai.com/gptbot)"
74.7.227.12 - - [23/Mar/2026:16:20:49 +0330] "GET /search.php?detail/0840042482455 HTTP/1.1" 200 45061 "http://news.mantaraham.ir/search.php?detail/0840123705374" "Mozilla/5.0 AppleWebKit/537.36 (KHTML, like Gecko; compatible; GPTBot/1.3; +https://openai.com/gptbot)"
74.7.227.12 - - [23/Mar/2026:16:20:51 +0330] "GET /search.php?detail/068043380033 HTTP/1.1" 200 44100 "http://news.mantaraham.ir/search.php?detail/0680454802239" "Mozilla/5.0 AppleWebKit/537.36 (KHTML, like Gecko; compatible; GPTBot/1.3; +https://openai.com/gptbot)"
216.73.216.186 - - [23/Mar/2026:16:20:52 +0330] "GET /about HTTP/1.1" 301 795 "-" "Mozilla/5.0 AppleWebKit/537.36 (KHTML, like Gecko; compatible; ClaudeBot/1.0; +claudebot@anthropic.com)"
216.73.216.186 - - [23/Mar/2026:16:20:53 +0330] "GET /about/ HTTP/1.1" 200 619 "http://news.mantaraham.ir/about" "Mozilla/5.0 AppleWebKit/537.36 (KHTML, like Gecko; compatible; ClaudeBot/1.0; +claudebot@anthropic.com)"
74.7.227.12 - - [23/Mar/2026:16:20:52 +0330] "GET /search.php?detail/0840086608130 HTTP/1.1" 200 44505 "http://news.mantaraham.ir/search.php?detail/0840123705374" "Mozilla/5.0 AppleWebKit/537.36 (KHTML, like Gecko; compatible; GPTBot/1.3; +https://openai.com/gptbot)"
74.7.227.12 - - [23/Mar/2026:16:20:54 +0330] "GET /search.php?detail/0680064231825 HTTP/1.1" 200 43798 "http://news.mantaraham.ir/search.php?detail/06801219132679" "Mozilla/5.0 AppleWebKit/537.36 (KHTML, like Gecko; compatible; GPTBot/1.3; +https://openai.com/gptbot)"
74.7.227.12 - - [23/Mar/2026:16:20:55 +0330] "GET /search.php?detail/0650372250499 HTTP/1.1" 200 44177 "http://news.mantaraham.ir/search.php?detail/065040221505" "Mozilla/5.0 AppleWebKit/537.36 (KHTML, like Gecko; compatible; GPTBot/1.3; +https://openai.com/gptbot)"
216.73.216.186 - - [23/Mar/2026:16:20:57 +0330] "GET /cgi-bin HTTP/1.1" 301 795 "-" "Mozilla/5.0 AppleWebKit/537.36 (KHTML, like Gecko; compatible; ClaudeBot/1.0; +claudebot@anthropic.com)"
216.73.216.186 - - [23/Mar/2026:16:20:57 +0330] "GET /cgi-bin/ HTTP/1.1" 403 787 "http://news.mantaraham.ir/cgi-bin" "Mozilla/5.0 AppleWebKit/537.36 (KHTML, like Gecko; compatible; ClaudeBot/1.0; +claudebot@anthropic.com)"
74.7.227.12 - - [23/Mar/2026:16:20:57 +0330] "GET /search.php?jp/068040869.html HTTP/1.1" 200 44265 "http://news.mantaraham.ir/search.php?detail/0680317365942" "Mozilla/5.0 AppleWebKit/537.36 (KHTML, like Gecko; compatible; GPTBot/1.3; +https://openai.com/gptbot)"
216.73.216.186 - - [23/Mar/2026:16:20:58 +0330] "GET /networks.php HTTP/1.1" 200 194 "-" "Mozilla/5.0 AppleWebKit/537.36 (KHTML, like Gecko; compatible; ClaudeBot/1.0; +claudebot@anthropic.com)"
74.7.227.12 - - [23/Mar/2026:16:20:58 +0330] "GET /search.php?detail/06800598172458 HTTP/1.1" 200 43629 "http://news.mantaraham.ir/search.php?detail/0680230524921" "Mozilla/5.0 AppleWebKit/537.36 (KHTML, like Gecko; compatible; GPTBot/1.3; +https://openai.com/gptbot)"
74.7.227.12 - - [23/Mar/2026:16:20:59 +0330] "GET /search.php?detail/0680414526849 HTTP/1.1" 200 44017 "http://news.mantaraham.ir/search.php?detail/068006427559" "Mozilla/5.0 AppleWebKit/537.36 (KHTML, like Gecko; compatible; GPTBot/1.3; +https://openai.com/gptbot)"
74.7.227.12 - - [23/Mar/2026:16:21:01 +0330] "GET /search.php?detail/0650110939372 HTTP/1.1" 200 45212 "http://news.mantaraham.ir/search.php?detail/065000476499" "Mozilla/5.0 AppleWebKit/537.36 (KHTML, like Gecko; compatible; GPTBot/1.3; +https://openai.com/gptbot)"
74.7.227.12 - - [23/Mar/2026:16:21:03 +0330] "GET /search.php?detail/0680263441702 HTTP/1.1" 200 44806 "http://news.mantaraham.ir/search.php?detail/0680254724533" "Mozilla/5.0 AppleWebKit/537.36 (KHTML, like Gecko; compatible; GPTBot/1.3; +https://openai.com/gptbot)"
74.7.227.12 - - [23/Mar/2026:16:21:04 +0330] "GET /search.php?detail/0680396813704 HTTP/1.1" 200 43886 "http://news.mantaraham.ir/search.php?detail/06803174145647" "Mozilla/5.0 AppleWebKit/537.36 (KHTML, like Gecko; compatible; GPTBot/1.3; +https://openai.com/gptbot)"
142.93.208.146 - - [23/Mar/2026:16:21:05 +0330] "GET /wp-admin/images/YaLnO.php HTTP/1.1" 403 787 "binance.com" "Mozilla/5.0 (Windows NT 10.0; Win64; x64) AppleWebKit/537.36 (KHTML, like Gecko) Chrome/90.0.4430.85 Safari/537.36"
74.7.227.12 - - [23/Mar/2026:16:21:06 +0330] "GET /search.php?detail/0840257487293 HTTP/1.1" 200 44453 "http://news.mantaraham.ir/search.php?detail/0840042482455" "Mozilla/5.0 AppleWebKit/537.36 (KHTML, like Gecko; compatible; GPTBot/1.3; +https://openai.com/gptbot)"
74.7.227.12 - - [23/Mar/2026:16:21:07 +0330] "GET /search.php?detail/0650372214545 HTTP/1.1" 200 43946 "http://news.mantaraham.ir/search.php?detail/0650347845997" "Mozilla/5.0 AppleWebKit/537.36 (KHTML, like Gecko; compatible; GPTBot/1.3; +https://openai.com/gptbot)"
74.7.227.12 - - [23/Mar/2026:16:21:09 +0330] "GET /search.php?detail/084045405754 HTTP/1.1" 200 45317 "http://news.mantaraham.ir/search.php?detail/0840086608130" "Mozilla/5.0 AppleWebKit/537.36 (KHTML, like Gecko; compatible; GPTBot/1.3; +https://openai.com/gptbot)"
74.7.227.12 - - [23/Mar/2026:16:21:10 +0330] "GET /search.php?detail/06801669453398 HTTP/1.1" 200 43993 "http://news.mantaraham.ir/search.php?detail/0680064231825" "Mozilla/5.0 AppleWebKit/537.36 (KHTML, like Gecko; compatible; GPTBot/1.3; +https://openai.com/gptbot)"
74.7.227.12 - - [23/Mar/2026:16:21:12 +0330] "GET /search.php?detail/084048752020 HTTP/1.1" 200 44103 "http://news.mantaraham.ir/search.php?detail/0840086608130" "Mozilla/5.0 AppleWebKit/537.36 (KHTML, like Gecko; compatible; GPTBot/1.3; +https://openai.com/gptbot)"
142.93.208.146 - - [23/Mar/2026:16:21:13 +0330] "GET /wp-admin/js/ HTTP/1.1" 200 3806 "binance.com" "Mozilla/5.0 (Windows NT 10.0; Win64; x64) AppleWebKit/537.36 (KHTML, like Gecko) Chrome/90.0.4430.85 Safari/537.36"
74.7.227.12 - - [23/Mar/2026:16:21:13 +0330] "GET /search.php?detail/06801329978684 HTTP/1.1" 200 44995 "http://news.mantaraham.ir/search.php?detail/06800291150000" "Mozilla/5.0 AppleWebKit/537.36 (KHTML, like Gecko; compatible; GPTBot/1.3; +https://openai.com/gptbot)"
74.7.227.12 - - [23/Mar/2026:16:21:15 +0330] "GET /search.php?detail/06802176887159 HTTP/1.1" 200 44302 "http://news.mantaraham.ir/search.php?detail/06800598172458" "Mozilla/5.0 AppleWebKit/537.36 (KHTML, like Gecko; compatible; GPTBot/1.3; +https://openai.com/gptbot)"
74.7.227.12 - - [23/Mar/2026:16:21:16 +0330] "GET /search.php?detail/068021763972 HTTP/1.1" 200 44060 "http://news.mantaraham.ir/search.php?detail/06800598172458" "Mozilla/5.0 AppleWebKit/537.36 (KHTML, like Gecko; compatible; GPTBot/1.3; +https://openai.com/gptbot)"
74.7.227.12 - - [23/Mar/2026:16:21:18 +0330] "GET /search.php?detail/06804195372295 HTTP/1.1" 200 43955 "http://news.mantaraham.ir/search.php?detail/0680193264842" "Mozilla/5.0 AppleWebKit/537.36 (KHTML, like Gecko; compatible; GPTBot/1.3; +https://openai.com/gptbot)"
74.7.227.12 - - [23/Mar/2026:16:21:20 +0330] "GET /search.php?detail/06504378894206 HTTP/1.1" 200 44258 "http://news.mantaraham.ir/search.php?detail/065034174227" "Mozilla/5.0 AppleWebKit/537.36 (KHTML, like Gecko; compatible; GPTBot/1.3; +https://openai.com/gptbot)"
74.7.227.12 - - [23/Mar/2026:16:21:21 +0330] "GET /search.php?detail/06801273543564 HTTP/1.1" 200 44409 "http://news.mantaraham.ir/search.php?detail/0680252228638" "Mozilla/5.0 AppleWebKit/537.36 (KHTML, like Gecko; compatible; GPTBot/1.3; +https://openai.com/gptbot)"
74.7.227.12 - - [23/Mar/2026:16:21:23 +0330] "GET /search.php?detail/0840065064511 HTTP/1.1" 200 44556 "http://news.mantaraham.ir/search.php?detail/0840257487293" "Mozilla/5.0 AppleWebKit/537.36 (KHTML, like Gecko; compatible; GPTBot/1.3; +https://openai.com/gptbot)"
74.7.227.12 - - [23/Mar/2026:16:21:24 +0330] "GET /search.php?detail/01501358467339 HTTP/1.1" 200 43453 "http://news.mantaraham.ir/search.php?detail/0150120026373" "Mozilla/5.0 AppleWebKit/537.36 (KHTML, like Gecko; compatible; GPTBot/1.3; +https://openai.com/gptbot)"
74.7.227.12 - - [23/Mar/2026:16:21:26 +0330] "GET /search.php?detail/06801875275432 HTTP/1.1" 200 44149 "http://news.mantaraham.ir/search.php?detail/06802841643653" "Mozilla/5.0 AppleWebKit/537.36 (KHTML, like Gecko; compatible; GPTBot/1.3; +https://openai.com/gptbot)"
74.7.227.12 - - [23/Mar/2026:16:21:27 +0330] "GET /search.php?detail/06803410522941 HTTP/1.1" 200 44529 "http://news.mantaraham.ir/search.php?detail/068025480537" "Mozilla/5.0 AppleWebKit/537.36 (KHTML, like Gecko; compatible; GPTBot/1.3; +https://openai.com/gptbot)"
74.7.227.12 - - [23/Mar/2026:16:21:29 +0330] "GET /search.php?detail/06501409782786 HTTP/1.1" 200 44614 "http://news.mantaraham.ir/search.php?detail/0650111064900" "Mozilla/5.0 AppleWebKit/537.36 (KHTML, like Gecko; compatible; GPTBot/1.3; +https://openai.com/gptbot)"
74.7.227.12 - - [23/Mar/2026:16:21:30 +0330] "GET /search.php?detail/03303492567618 HTTP/1.1" 200 44282 "http://news.mantaraham.ir/search.php?detail/0330005589785" "Mozilla/5.0 AppleWebKit/537.36 (KHTML, like Gecko; compatible; GPTBot/1.3; +https://openai.com/gptbot)"
74.7.227.12 - - [23/Mar/2026:16:21:32 +0330] "GET /search.php?detail/06804235927859 HTTP/1.1" 200 44632 "http://news.mantaraham.ir/search.php?detail/068000972350" "Mozilla/5.0 AppleWebKit/537.36 (KHTML, like Gecko; compatible; GPTBot/1.3; +https://openai.com/gptbot)"
74.7.227.12 - - [23/Mar/2026:16:21:33 +0330] "GET /search.php?detail/06804195766832 HTTP/1.1" 200 43805 "http://news.mantaraham.ir/search.php?detail/06802941224383" "Mozilla/5.0 AppleWebKit/537.36 (KHTML, like Gecko; compatible; GPTBot/1.3; +https://openai.com/gptbot)"
74.7.227.12 - - [23/Mar/2026:16:21:35 +0330] "GET /search.php?detail/06504378695023 HTTP/1.1" 200 44408 "http://news.mantaraham.ir/search.php?detail/06501978376980" "Mozilla/5.0 AppleWebKit/537.36 (KHTML, like Gecko; compatible; GPTBot/1.3; +https://openai.com/gptbot)"
74.7.227.12 - - [23/Mar/2026:16:21:36 +0330] "GET /search.php?detail/06802323394716 HTTP/1.1" 200 44095 "http://news.mantaraham.ir/search.php?detail/068007942525" "Mozilla/5.0 AppleWebKit/537.36 (KHTML, like Gecko; compatible; GPTBot/1.3; +https://openai.com/gptbot)"
74.7.227.12 - - [23/Mar/2026:16:21:38 +0330] "GET /search.php?detail/06801393924517 HTTP/1.1" 200 44728 "http://news.mantaraham.ir/search.php?detail/0680218415623" "Mozilla/5.0 AppleWebKit/537.36 (KHTML, like Gecko; compatible; GPTBot/1.3; +https://openai.com/gptbot)"
74.7.227.12 - - [23/Mar/2026:16:21:40 +0330] "GET /search.php?detail/0650004696582 HTTP/1.1" 200 45206 "http://news.mantaraham.ir/search.php?detail/065000464074" "Mozilla/5.0 AppleWebKit/537.36 (KHTML, like Gecko; compatible; GPTBot/1.3; +https://openai.com/gptbot)"
74.7.227.12 - - [23/Mar/2026:16:21:42 +0330] "GET /search.php?detail/0680008475069 HTTP/1.1" 200 43820 "http://news.mantaraham.ir/search.php?detail/068034060510" "Mozilla/5.0 AppleWebKit/537.36 (KHTML, like Gecko; compatible; GPTBot/1.3; +https://openai.com/gptbot)"
74.7.227.12 - - [23/Mar/2026:16:21:43 +0330] "GET /search.php?detail/0680488333193 HTTP/1.1" 200 43845 "http://news.mantaraham.ir/search.php?detail/068037065672" "Mozilla/5.0 AppleWebKit/537.36 (KHTML, like Gecko; compatible; GPTBot/1.3; +https://openai.com/gptbot)"
74.7.227.12 - - [23/Mar/2026:16:21:45 +0330] "GET /search.php?detail/0680009762188 HTTP/1.1" 200 43940 "http://news.mantaraham.ir/search.php?detail/06802699957163" "Mozilla/5.0 AppleWebKit/537.36 (KHTML, like Gecko; compatible; GPTBot/1.3; +https://openai.com/gptbot)"
74.7.227.12 - - [23/Mar/2026:16:21:46 +0330] "GET /search.php?detail/0680277797885 HTTP/1.1" 200 44210 "http://news.mantaraham.ir/search.php?detail/068032113233" "Mozilla/5.0 AppleWebKit/537.36 (KHTML, like Gecko; compatible; GPTBot/1.3; +https://openai.com/gptbot)"
74.7.227.12 - - [23/Mar/2026:16:21:47 +0330] "GET /search.php?detail/0650004759433 HTTP/1.1" 200 44067 "http://news.mantaraham.ir/search.php?detail/065040234025" "Mozilla/5.0 AppleWebKit/537.36 (KHTML, like Gecko; compatible; GPTBot/1.3; +https://openai.com/gptbot)"
142.93.208.146 - - [23/Mar/2026:16:21:49 +0330] "GET /wp-admin/js/about.php HTTP/1.1" 200 0 "binance.com" "Mozilla/5.0 (Windows NT 10.0; Win64; x64) AppleWebKit/537.36 (KHTML, like Gecko) Chrome/90.0.4430.85 Safari/537.36"
74.7.227.12 - - [23/Mar/2026:16:21:49 +0330] "GET /search.php?detail/0650111008925 HTTP/1.1" 200 44453 "http://news.mantaraham.ir/search.php?detail/0650372250499" "Mozilla/5.0 AppleWebKit/537.36 (KHTML, like Gecko; compatible; GPTBot/1.3; +https://openai.com/gptbot)"
74.7.227.12 - - [23/Mar/2026:16:21:50 +0330] "GET /search.php?detail/0650372277754 HTTP/1.1" 200 44143 "http://news.mantaraham.ir/search.php?detail/065040221505" "Mozilla/5.0 AppleWebKit/537.36 (KHTML, like Gecko; compatible; GPTBot/1.3; +https://openai.com/gptbot)"
74.7.227.12 - - [23/Mar/2026:16:21:52 +0330] "GET /search.php?detail/0680008492568 HTTP/1.1" 200 44179 "http://news.mantaraham.ir/search.php?detail/0680396851645" "Mozilla/5.0 AppleWebKit/537.36 (KHTML, like Gecko; compatible; GPTBot/1.3; +https://openai.com/gptbot)"
74.7.227.12 - - [23/Mar/2026:16:21:53 +0330] "GET /search.php?detail/06803140015675 HTTP/1.1" 200 44278 "http://news.mantaraham.ir/search.php?detail/06802323394716" "Mozilla/5.0 AppleWebKit/537.36 (KHTML, like Gecko; compatible; GPTBot/1.3; +https://openai.com/gptbot)"
74.7.227.12 - - [23/Mar/2026:16:21:55 +0330] "GET /search.php?detail/0680006857232 HTTP/1.1" 200 43579 "http://news.mantaraham.ir/search.php?detail/06801393924517" "Mozilla/5.0 AppleWebKit/537.36 (KHTML, like Gecko; compatible; GPTBot/1.3; +https://openai.com/gptbot)"
74.7.227.12 - - [23/Mar/2026:16:21:56 +0330] "GET /search.php?detail/06800077223924 HTTP/1.1" 200 44224 "http://news.mantaraham.ir/search.php?detail/06801393924517" "Mozilla/5.0 AppleWebKit/537.36 (KHTML, like Gecko; compatible; GPTBot/1.3; +https://openai.com/gptbot)"
74.7.227.12 - - [23/Mar/2026:16:21:58 +0330] "GET /search.php?detail/06800077513422 HTTP/1.1" 200 44429 "http://news.mantaraham.ir/search.php?detail/06801393924517" "Mozilla/5.0 AppleWebKit/537.36 (KHTML, like Gecko; compatible; GPTBot/1.3; +https://openai.com/gptbot)"
