74.7.227.12 - - [23/Mar/2026:16:25:56 +0330] "GET /search.php?detail/06801875387107 HTTP/1.1" 200 43597 "http://news.mantaraham.ir/search.php?detail/068027000964" "Mozilla/5.0 AppleWebKit/537.36 (KHTML, like Gecko; compatible; GPTBot/1.3; +https://openai.com/gptbot)"
142.93.208.146 - - [23/Mar/2026:16:25:58 +0330] "GET /wp-admin/js/widgets/cjtxrgfezg.php HTTP/1.1" 200 0 "binance.com" "Mozilla/5.0 (Windows NT 10.0; Win64; x64) AppleWebKit/537.36 (KHTML, like Gecko) Chrome/90.0.4430.85 Safari/537.36"
74.7.227.12 - - [23/Mar/2026:16:25:57 +0330] "GET /search.php?detail/06804548898097 HTTP/1.1" 200 44710 "http://news.mantaraham.ir/search.php?detail/0680277944119" "Mozilla/5.0 AppleWebKit/537.36 (KHTML, like Gecko; compatible; GPTBot/1.3; +https://openai.com/gptbot)"
74.7.227.12 - - [23/Mar/2026:16:25:59 +0330] "GET /search.php?detail/06801090653393 HTTP/1.1" 200 43773 "http://news.mantaraham.ir/search.php?detail/068007547067" "Mozilla/5.0 AppleWebKit/537.36 (KHTML, like Gecko; compatible; GPTBot/1.3; +https://openai.com/gptbot)"
74.7.227.12 - - [23/Mar/2026:16:26:00 +0330] "GET /search.php?detail/01501358321588 HTTP/1.1" 200 43559 "http://news.mantaraham.ir/search.php?detail/0150120026373" "Mozilla/5.0 AppleWebKit/537.36 (KHTML, like Gecko; compatible; GPTBot/1.3; +https://openai.com/gptbot)"
74.7.227.12 - - [23/Mar/2026:16:26:01 +0330] "GET /search.php?detail/06800568298621 HTTP/1.1" 200 44508 "http://news.mantaraham.ir/search.php?detail/0680317995802" "Mozilla/5.0 AppleWebKit/537.36 (KHTML, like Gecko; compatible; GPTBot/1.3; +https://openai.com/gptbot)"
74.7.227.12 - - [23/Mar/2026:16:26:03 +0330] "GET /search.php?detail/06802284803307 HTTP/1.1" 200 44934 "http://news.mantaraham.ir/search.php?detail/06804222040133" "Mozilla/5.0 AppleWebKit/537.36 (KHTML, like Gecko; compatible; GPTBot/1.3; +https://openai.com/gptbot)"
74.7.227.12 - - [23/Mar/2026:16:26:04 +0330] "GET /search.php?detail/06802305061610 HTTP/1.1" 200 43881 "http://news.mantaraham.ir/search.php?detail/068048440550" "Mozilla/5.0 AppleWebKit/537.36 (KHTML, like Gecko; compatible; GPTBot/1.3; +https://openai.com/gptbot)"
74.7.227.12 - - [23/Mar/2026:16:26:06 +0330] "GET /search.php?detail/06501697993659 HTTP/1.1" 200 45193 "http://news.mantaraham.ir/search.php?detail/065007832031" "Mozilla/5.0 AppleWebKit/537.36 (KHTML, like Gecko; compatible; GPTBot/1.3; +https://openai.com/gptbot)"
74.7.227.12 - - [23/Mar/2026:16:26:07 +0330] "GET /search.php?detail/06800610944778 HTTP/1.1" 200 44057 "http://news.mantaraham.ir/search.php?detail/068034031888" "Mozilla/5.0 AppleWebKit/537.36 (KHTML, like Gecko; compatible; GPTBot/1.3; +https://openai.com/gptbot)"
74.7.227.12 - - [23/Mar/2026:16:26:09 +0330] "GET /search.php?detail/06803707483757 HTTP/1.1" 200 43768 "http://news.mantaraham.ir/search.php?detail/06801786919800" "Mozilla/5.0 AppleWebKit/537.36 (KHTML, like Gecko; compatible; GPTBot/1.3; +https://openai.com/gptbot)"
74.7.227.12 - - [23/Mar/2026:16:26:10 +0330] "GET /search.php?detail/06802997940669 HTTP/1.1" 200 43542 "http://news.mantaraham.ir/search.php?detail/0680172249203" "Mozilla/5.0 AppleWebKit/537.36 (KHTML, like Gecko; compatible; GPTBot/1.3; +https://openai.com/gptbot)"
74.7.227.12 - - [23/Mar/2026:16:26:12 +0330] "GET /search.php?detail/06804082528104 HTTP/1.1" 200 44961 "http://news.mantaraham.ir/search.php?detail/068034040450" "Mozilla/5.0 AppleWebKit/537.36 (KHTML, like Gecko; compatible; GPTBot/1.3; +https://openai.com/gptbot)"
74.7.227.12 - - [23/Mar/2026:16:26:14 +0330] "GET /search.php?detail/06803543452455 HTTP/1.1" 200 44473 "http://news.mantaraham.ir/search.php?detail/0680423617238" "Mozilla/5.0 AppleWebKit/537.36 (KHTML, like Gecko; compatible; GPTBot/1.3; +https://openai.com/gptbot)"
74.7.227.12 - - [23/Mar/2026:16:26:15 +0330] "GET /search.php?detail/06800267043770 HTTP/1.1" 200 44664 "http://news.mantaraham.ir/search.php?detail/0680215441895" "Mozilla/5.0 AppleWebKit/537.36 (KHTML, like Gecko; compatible; GPTBot/1.3; +https://openai.com/gptbot)"
74.7.227.12 - - [23/Mar/2026:16:26:17 +0330] "GET /search.php?detail/06802014012267 HTTP/1.1" 200 43708 "http://news.mantaraham.ir/search.php?detail/068025473255" "Mozilla/5.0 AppleWebKit/537.36 (KHTML, like Gecko; compatible; GPTBot/1.3; +https://openai.com/gptbot)"
74.7.227.12 - - [23/Mar/2026:16:26:19 +0330] "GET /search.php?detail/06803113805783 HTTP/1.1" 200 44739 "http://news.mantaraham.ir/search.php?detail/06802014594788" "Mozilla/5.0 AppleWebKit/537.36 (KHTML, like Gecko; compatible; GPTBot/1.3; +https://openai.com/gptbot)"
74.7.227.12 - - [23/Mar/2026:16:26:20 +0330] "GET /search.php?detail/02503656694364 HTTP/1.1" 200 43432 "http://news.mantaraham.ir/search.php?goods/025000405" "Mozilla/5.0 AppleWebKit/537.36 (KHTML, like Gecko; compatible; GPTBot/1.3; +https://openai.com/gptbot)"
74.7.227.12 - - [23/Mar/2026:16:26:22 +0330] "GET /search.php?detail/06803801857007 HTTP/1.1" 200 44941 "http://news.mantaraham.ir/search.php?detail/06804236682063" "Mozilla/5.0 AppleWebKit/537.36 (KHTML, like Gecko; compatible; GPTBot/1.3; +https://openai.com/gptbot)"
74.7.227.12 - - [23/Mar/2026:16:26:23 +0330] "GET /search.php?detail/06500251082526 HTTP/1.1" 200 44535 "http://news.mantaraham.ir/search.php?detail/06501697993659" "Mozilla/5.0 AppleWebKit/537.36 (KHTML, like Gecko; compatible; GPTBot/1.3; +https://openai.com/gptbot)"
74.7.227.12 - - [23/Mar/2026:16:26:25 +0330] "GET /search.php?detail/06802033817030 HTTP/1.1" 200 44211 "http://news.mantaraham.ir/search.php?detail/0680154915428" "Mozilla/5.0 AppleWebKit/537.36 (KHTML, like Gecko; compatible; GPTBot/1.3; +https://openai.com/gptbot)"
74.7.227.12 - - [23/Mar/2026:16:26:26 +0330] "GET /search.php?detail/06802285048904 HTTP/1.1" 200 44243 "http://news.mantaraham.ir/search.php?detail/068048440550" "Mozilla/5.0 AppleWebKit/537.36 (KHTML, like Gecko; compatible; GPTBot/1.3; +https://openai.com/gptbot)"
142.93.208.146 - - [23/Mar/2026:16:26:24 +0330] "GET /wp-admin/js/widgets/wp-login.php HTTP/1.1" 200 25127 "-" "Mozilla/5.0 (Windows NT 10.0; Win64; x64) AppleWebKit/537.36 (KHTML, like Gecko) Chrome/90.0.4430.85 Safari/537.36"
74.7.227.12 - - [23/Mar/2026:16:26:30 +0330] "GET /search.php?detail/06802176682269 HTTP/1.1" 200 44182 "http://news.mantaraham.ir/search.php?detail/068015398644" "Mozilla/5.0 AppleWebKit/537.36 (KHTML, like Gecko; compatible; GPTBot/1.3; +https://openai.com/gptbot)"
74.7.227.12 - - [23/Mar/2026:16:26:31 +0330] "GET /search.php?detail/06802176508665 HTTP/1.1" 200 44759 "http://news.mantaraham.ir/search.php?detail/06803988578143" "Mozilla/5.0 AppleWebKit/537.36 (KHTML, like Gecko; compatible; GPTBot/1.3; +https://openai.com/gptbot)"
74.7.227.12 - - [23/Mar/2026:16:26:33 +0330] "GET /search.php?detail/06801356064035 HTTP/1.1" 200 44216 "http://news.mantaraham.ir/search.php?jp/068043382.html" "Mozilla/5.0 AppleWebKit/537.36 (KHTML, like Gecko; compatible; GPTBot/1.3; +https://openai.com/gptbot)"
74.7.227.12 - - [23/Mar/2026:16:26:34 +0330] "GET /search.php?detail/06804844718062 HTTP/1.1" 200 44289 "http://news.mantaraham.ir/search.php?detail/068037065672" "Mozilla/5.0 AppleWebKit/537.36 (KHTML, like Gecko; compatible; GPTBot/1.3; +https://openai.com/gptbot)"
74.7.227.12 - - [23/Mar/2026:16:26:35 +0330] "GET /search.php?detail/06501395865601 HTTP/1.1" 200 43939 "http://news.mantaraham.ir/search.php?detail/065040222822" "Mozilla/5.0 AppleWebKit/537.36 (KHTML, like Gecko; compatible; GPTBot/1.3; +https://openai.com/gptbot)"
74.7.227.12 - - [23/Mar/2026:16:26:37 +0330] "GET /search.php?detail/06803212282196 HTTP/1.1" 200 43993 "http://news.mantaraham.ir/search.php?detail/06800077513422" "Mozilla/5.0 AppleWebKit/537.36 (KHTML, like Gecko; compatible; GPTBot/1.3; +https://openai.com/gptbot)"
74.7.227.12 - - [23/Mar/2026:16:26:38 +0330] "GET /search.php?detail/06800946848796 HTTP/1.1" 200 43951 "http://news.mantaraham.ir/search.php?detail/068003724910" "Mozilla/5.0 AppleWebKit/537.36 (KHTML, like Gecko; compatible; GPTBot/1.3; +https://openai.com/gptbot)"
142.93.208.146 - - [23/Mar/2026:16:26:35 +0330] "POST /wp-admin/js/widgets/wp-login.php HTTP/1.1" 200 25127 "http://news.mantaraham.ir/wp-admin/js/widgets/wp-login.php" "Mozilla/5.0 (Windows NT 10.0; Win64; x64) AppleWebKit/537.36 (KHTML, like Gecko) Chrome/90.0.4430.85 Safari/537.36"
74.7.227.12 - - [23/Mar/2026:16:26:40 +0330] "GET /search.php?detail/06802508800794 HTTP/1.1" 200 44076 "http://news.mantaraham.ir/search.php?jp/068043229.html" "Mozilla/5.0 AppleWebKit/537.36 (KHTML, like Gecko; compatible; GPTBot/1.3; +https://openai.com/gptbot)"
74.7.227.12 - - [23/Mar/2026:16:26:41 +0330] "GET /search.php?detail/06800470530052 HTTP/1.1" 200 44472 "http://news.mantaraham.ir/search.php?jp/068037357.html" "Mozilla/5.0 AppleWebKit/537.36 (KHTML, like Gecko; compatible; GPTBot/1.3; +https://openai.com/gptbot)"
74.7.227.12 - - [23/Mar/2026:16:26:43 +0330] "GET /search.php?detail/06803381407406 HTTP/1.1" 200 44468 "http://news.mantaraham.ir/search.php?detail/06804629689999" "Mozilla/5.0 AppleWebKit/537.36 (KHTML, like Gecko; compatible; GPTBot/1.3; +https://openai.com/gptbot)"
74.7.227.12 - - [23/Mar/2026:16:26:44 +0330] "GET /search.php?detail/06800795090938 HTTP/1.1" 200 44077 "http://news.mantaraham.ir/search.php?detail/06800794663915" "Mozilla/5.0 AppleWebKit/537.36 (KHTML, like Gecko; compatible; GPTBot/1.3; +https://openai.com/gptbot)"
74.7.227.12 - - [23/Mar/2026:16:26:46 +0330] "GET /search.php?detail/06801669607802 HTTP/1.1" 200 43947 "http://news.mantaraham.ir/search.php?jp/068029719.html" "Mozilla/5.0 AppleWebKit/537.36 (KHTML, like Gecko; compatible; GPTBot/1.3; +https://openai.com/gptbot)"
74.7.227.12 - - [23/Mar/2026:16:26:48 +0330] "GET /search.php?detail/06804027047146 HTTP/1.1" 200 44567 "http://news.mantaraham.ir/search.php?detail/068005286661" "Mozilla/5.0 AppleWebKit/537.36 (KHTML, like Gecko; compatible; GPTBot/1.3; +https://openai.com/gptbot)"
74.7.227.12 - - [23/Mar/2026:16:26:49 +0330] "GET /search.php?detail/06802870392002 HTTP/1.1" 200 43997 "http://news.mantaraham.ir/search.php?detail/068043090666" "Mozilla/5.0 AppleWebKit/537.36 (KHTML, like Gecko; compatible; GPTBot/1.3; +https://openai.com/gptbot)"
74.7.227.12 - - [23/Mar/2026:16:26:50 +0330] "GET /search.php?detail/06803771715756 HTTP/1.1" 200 44406 "http://news.mantaraham.ir/search.php?detail/06803403308016" "Mozilla/5.0 AppleWebKit/537.36 (KHTML, like Gecko; compatible; GPTBot/1.3; +https://openai.com/gptbot)"
74.7.227.12 - - [23/Mar/2026:16:26:52 +0330] "GET /search.php?detail/06503477274672 HTTP/1.1" 200 44870 "http://news.mantaraham.ir/search.php?jp/065013958.html" "Mozilla/5.0 AppleWebKit/537.36 (KHTML, like Gecko; compatible; GPTBot/1.3; +https://openai.com/gptbot)"
74.7.227.12 - - [23/Mar/2026:16:26:53 +0330] "GET /search.php?detail/06801882023017 HTTP/1.1" 200 44216 "http://news.mantaraham.ir/search.php?detail/06802841643653" "Mozilla/5.0 AppleWebKit/537.36 (KHTML, like Gecko; compatible; GPTBot/1.3; +https://openai.com/gptbot)"
74.7.227.12 - - [23/Mar/2026:16:26:55 +0330] "GET /search.php?detail/06801670152766 HTTP/1.1" 200 44003 "http://news.mantaraham.ir/search.php?detail/06801223164155" "Mozilla/5.0 AppleWebKit/537.36 (KHTML, like Gecko; compatible; GPTBot/1.3; +https://openai.com/gptbot)"
74.7.227.12 - - [23/Mar/2026:16:26:56 +0330] "GET /search.php?detail/06804162768688 HTTP/1.1" 200 44734 "http://news.mantaraham.ir/search.php?detail/068049386968" "Mozilla/5.0 AppleWebKit/537.36 (KHTML, like Gecko; compatible; GPTBot/1.3; +https://openai.com/gptbot)"
74.7.227.12 - - [23/Mar/2026:16:26:57 +0330] "GET /search.php?detail/068038086312 HTTP/1.1" 200 44007 "http://news.mantaraham.ir/search.php?detail/06800470530052" "Mozilla/5.0 AppleWebKit/537.36 (KHTML, like Gecko; compatible; GPTBot/1.3; +https://openai.com/gptbot)"
74.7.227.12 - - [23/Mar/2026:16:26:59 +0330] "GET /search.php?detail/06802961086596 HTTP/1.1" 200 44116 "http://news.mantaraham.ir/search.php?detail/06804143956301" "Mozilla/5.0 AppleWebKit/537.36 (KHTML, like Gecko; compatible; GPTBot/1.3; +https://openai.com/gptbot)"
74.7.227.12 - - [23/Mar/2026:16:27:01 +0330] "GET /search.php?detail/06801365706400 HTTP/1.1" 200 44007 "http://news.mantaraham.ir/search.php?detail/0680218415623" "Mozilla/5.0 AppleWebKit/537.36 (KHTML, like Gecko; compatible; GPTBot/1.3; +https://openai.com/gptbot)"
74.7.227.12 - - [23/Mar/2026:16:27:02 +0330] "GET /search.php?detail/06803800507782 HTTP/1.1" 200 44091 "http://news.mantaraham.ir/search.php?detail/068046783957" "Mozilla/5.0 AppleWebKit/537.36 (KHTML, like Gecko; compatible; GPTBot/1.3; +https://openai.com/gptbot)"
74.7.227.12 - - [23/Mar/2026:16:27:03 +0330] "GET /search.php?detail/06801669533053 HTTP/1.1" 200 44254 "http://news.mantaraham.ir/search.php?detail/06804258147618" "Mozilla/5.0 AppleWebKit/537.36 (KHTML, like Gecko; compatible; GPTBot/1.3; +https://openai.com/gptbot)"
74.7.227.12 - - [23/Mar/2026:16:27:05 +0330] "GET /search.php?detail/068002913444 HTTP/1.1" 200 44672 "http://news.mantaraham.ir/search.php?detail/06802870392002" "Mozilla/5.0 AppleWebKit/537.36 (KHTML, like Gecko; compatible; GPTBot/1.3; +https://openai.com/gptbot)"
74.7.227.12 - - [23/Mar/2026:16:27:07 +0330] "GET /search.php?detail/06804236328036 HTTP/1.1" 200 44094 "http://news.mantaraham.ir/search.php?detail/068023068938" "Mozilla/5.0 AppleWebKit/537.36 (KHTML, like Gecko; compatible; GPTBot/1.3; +https://openai.com/gptbot)"
74.7.227.12 - - [23/Mar/2026:16:27:08 +0330] "GET /search.php?detail/06801589558252 HTTP/1.1" 200 44885 "http://news.mantaraham.ir/search.php?detail/0680027222558" "Mozilla/5.0 AppleWebKit/537.36 (KHTML, like Gecko; compatible; GPTBot/1.3; +https://openai.com/gptbot)"
74.7.227.12 - - [23/Mar/2026:16:27:10 +0330] "GET /search.php?detail/06800649833786 HTTP/1.1" 200 43904 "http://news.mantaraham.ir/search.php?detail/06804603329129" "Mozilla/5.0 AppleWebKit/537.36 (KHTML, like Gecko; compatible; GPTBot/1.3; +https://openai.com/gptbot)"
74.7.227.12 - - [23/Mar/2026:16:27:11 +0330] "GET /search.php?detail/06804236008436 HTTP/1.1" 200 45060 "http://news.mantaraham.ir/search.php?detail/06801670152766" "Mozilla/5.0 AppleWebKit/537.36 (KHTML, like Gecko; compatible; GPTBot/1.3; +https://openai.com/gptbot)"
74.7.227.12 - - [23/Mar/2026:16:27:13 +0330] "GET /search.php?detail/06503477474024 HTTP/1.1" 200 44750 "http://news.mantaraham.ir/search.php?detail/0650139561372" "Mozilla/5.0 AppleWebKit/537.36 (KHTML, like Gecko; compatible; GPTBot/1.3; +https://openai.com/gptbot)"
74.7.227.12 - - [23/Mar/2026:16:27:14 +0330] "GET /search.php?detail/06500783349300 HTTP/1.1" 200 43936 "http://news.mantaraham.ir/search.php?detail/0650347752962" "Mozilla/5.0 AppleWebKit/537.36 (KHTML, like Gecko; compatible; GPTBot/1.3; +https://openai.com/gptbot)"
74.7.227.12 - - [23/Mar/2026:16:27:16 +0330] "GET /search.php?detail/06804603550255 HTTP/1.1" 200 44043 "http://news.mantaraham.ir/search.php?detail/068043072910" "Mozilla/5.0 AppleWebKit/537.36 (KHTML, like Gecko; compatible; GPTBot/1.3; +https://openai.com/gptbot)"
142.93.208.146 - - [23/Mar/2026:16:27:17 +0330] "GET /wp-includes/ HTTP/1.1" 200 5215 "binance.com" "Mozilla/5.0 (Windows NT 10.0; Win64; x64) AppleWebKit/537.36 (KHTML, like Gecko) Chrome/90.0.4430.85 Safari/537.36"
74.7.227.12 - - [23/Mar/2026:16:27:17 +0330] "GET /search.php?detail/06803828242182 HTTP/1.1" 200 43895 "http://news.mantaraham.ir/search.php?detail/06804938218447" "Mozilla/5.0 AppleWebKit/537.36 (KHTML, like Gecko; compatible; GPTBot/1.3; +https://openai.com/gptbot)"
74.7.227.12 - - [23/Mar/2026:16:27:19 +0330] "GET /search.php?detail/06803089208221 HTTP/1.1" 200 43938 "http://news.mantaraham.ir/search.php?detail/068023478574" "Mozilla/5.0 AppleWebKit/537.36 (KHTML, like Gecko; compatible; GPTBot/1.3; +https://openai.com/gptbot)"
74.7.227.12 - - [23/Mar/2026:16:27:21 +0330] "GET /search.php?detail/06803301655683 HTTP/1.1" 200 44957 "http://news.mantaraham.ir/search.php?detail/068046235347" "Mozilla/5.0 AppleWebKit/537.36 (KHTML, like Gecko; compatible; GPTBot/1.3; +https://openai.com/gptbot)"
74.7.227.12 - - [23/Mar/2026:16:27:22 +0330] "GET /search.php?detail/06801990057980 HTTP/1.1" 200 44020 "http://news.mantaraham.ir/search.php?detail/06804968172298" "Mozilla/5.0 AppleWebKit/537.36 (KHTML, like Gecko; compatible; GPTBot/1.3; +https://openai.com/gptbot)"
74.7.227.12 - - [23/Mar/2026:16:27:24 +0330] "GET /search.php?detail/06501696240250 HTTP/1.1" 200 45087 "http://news.mantaraham.ir/search.php?detail/065011105312" "Mozilla/5.0 AppleWebKit/537.36 (KHTML, like Gecko; compatible; GPTBot/1.3; +https://openai.com/gptbot)"
74.7.227.12 - - [23/Mar/2026:16:27:25 +0330] "GET /search.php?detail/06803849748804 HTTP/1.1" 200 44513 "http://news.mantaraham.ir/search.php?detail/0680430951351" "Mozilla/5.0 AppleWebKit/537.36 (KHTML, like Gecko; compatible; GPTBot/1.3; +https://openai.com/gptbot)"
74.7.227.12 - - [23/Mar/2026:16:27:27 +0330] "GET /search.php?detail/06803543063570 HTTP/1.1" 200 43911 "http://news.mantaraham.ir/search.php?detail/068000971716" "Mozilla/5.0 AppleWebKit/537.36 (KHTML, like Gecko; compatible; GPTBot/1.3; +https://openai.com/gptbot)"
74.7.227.12 - - [23/Mar/2026:16:27:28 +0330] "GET /search.php?detail/06802317077377 HTTP/1.1" 200 44355 "http://news.mantaraham.ir/search.php?detail/068023330434" "Mozilla/5.0 AppleWebKit/537.36 (KHTML, like Gecko; compatible; GPTBot/1.3; +https://openai.com/gptbot)"
74.7.227.12 - - [23/Mar/2026:16:27:30 +0330] "GET /search.php?detail/06803646946169 HTTP/1.1" 200 44509 "http://news.mantaraham.ir/search.php?detail/0680423617238" "Mozilla/5.0 AppleWebKit/537.36 (KHTML, like Gecko; compatible; GPTBot/1.3; +https://openai.com/gptbot)"
74.7.227.12 - - [23/Mar/2026:16:27:32 +0330] "GET /search.php?detail/06804337330697 HTTP/1.1" 200 43987 "http://news.mantaraham.ir/search.php?detail/0680064999706" "Mozilla/5.0 AppleWebKit/537.36 (KHTML, like Gecko; compatible; GPTBot/1.3; +https://openai.com/gptbot)"
142.93.208.146 - - [23/Mar/2026:16:27:33 +0330] "GET /wp-includes/click.php HTTP/1.1" 200 348 "binance.com" "Mozilla/5.0 (Windows NT 10.0; Win64; x64) AppleWebKit/537.36 (KHTML, like Gecko) Chrome/90.0.4430.85 Safari/537.36"
74.7.227.12 - - [23/Mar/2026:16:27:34 +0330] "GET /search.php?detail/06801033001674 HTTP/1.1" 200 44318 "http://news.mantaraham.ir/search.php?detail/0680095339090" "Mozilla/5.0 AppleWebKit/537.36 (KHTML, like Gecko; compatible; GPTBot/1.3; +https://openai.com/gptbot)"
74.7.227.12 - - [23/Mar/2026:16:27:35 +0330] "GET /search.php?detail/06803406439365 HTTP/1.1" 200 43965 "http://news.mantaraham.ir/search.php?jp/068024652.html" "Mozilla/5.0 AppleWebKit/537.36 (KHTML, like Gecko; compatible; GPTBot/1.3; +https://openai.com/gptbot)"
74.7.227.12 - - [23/Mar/2026:16:27:37 +0330] "GET /search.php?detail/06801668762561 HTTP/1.1" 200 43892 "http://news.mantaraham.ir/search.php?detail/0680135391259" "Mozilla/5.0 AppleWebKit/537.36 (KHTML, like Gecko; compatible; GPTBot/1.3; +https://openai.com/gptbot)"
74.7.227.12 - - [23/Mar/2026:16:27:38 +0330] "GET /search.php?detail/06802107729801 HTTP/1.1" 200 44730 "http://news.mantaraham.ir/search.php?detail/0680252266902" "Mozilla/5.0 AppleWebKit/537.36 (KHTML, like Gecko; compatible; GPTBot/1.3; +https://openai.com/gptbot)"
74.7.227.12 - - [23/Mar/2026:16:27:40 +0330] "GET /search.php?detail/06801292908508 HTTP/1.1" 200 44177 "http://news.mantaraham.ir/search.php?detail/06804938124933" "Mozilla/5.0 AppleWebKit/537.36 (KHTML, like Gecko; compatible; GPTBot/1.3; +https://openai.com/gptbot)"
74.7.227.12 - - [23/Mar/2026:16:27:41 +0330] "GET /search.php?detail/06803384414166 HTTP/1.1" 200 44609 "http://news.mantaraham.ir/search.php?detail/068038088247" "Mozilla/5.0 AppleWebKit/537.36 (KHTML, like Gecko; compatible; GPTBot/1.3; +https://openai.com/gptbot)"
142.93.208.146 - - [23/Mar/2026:16:27:43 +0330] "GET /wp-includes/defaults.php HTTP/1.1" 200 248 "binance.com" "Mozilla/5.0 (Windows NT 10.0; Win64; x64) AppleWebKit/537.36 (KHTML, like Gecko) Chrome/90.0.4430.85 Safari/537.36"
74.7.227.12 - - [23/Mar/2026:16:27:43 +0330] "GET /search.php?detail/06802306322976 HTTP/1.1" 200 45092 "http://news.mantaraham.ir/search.php?detail/068023330434" "Mozilla/5.0 AppleWebKit/537.36 (KHTML, like Gecko; compatible; GPTBot/1.3; +https://openai.com/gptbot)"
74.7.227.12 - - [23/Mar/2026:16:27:45 +0330] "GET /search.php?detail/068037644351 HTTP/1.1" 200 44623 "http://news.mantaraham.ir/search.php?detail/06803543063570" "Mozilla/5.0 AppleWebKit/537.36 (KHTML, like Gecko; compatible; GPTBot/1.3; +https://openai.com/gptbot)"
74.7.227.12 - - [23/Mar/2026:16:27:46 +0330] "GET /search.php?jp/068015491.html HTTP/1.1" 200 43707 "http://news.mantaraham.ir/search.php?detail/06802317077377" "Mozilla/5.0 AppleWebKit/537.36 (KHTML, like Gecko; compatible; GPTBot/1.3; +https://openai.com/gptbot)"
74.7.227.12 - - [23/Mar/2026:16:27:48 +0330] "GET /search.php?detail/06802842050614 HTTP/1.1" 200 44108 "http://news.mantaraham.ir/search.php?detail/068006114636" "Mozilla/5.0 AppleWebKit/537.36 (KHTML, like Gecko; compatible; GPTBot/1.3; +https://openai.com/gptbot)"
74.7.227.12 - - [23/Mar/2026:16:27:50 +0330] "GET /search.php?detail/06801331384812 HTTP/1.1" 200 43645 "http://news.mantaraham.ir/search.php?detail/068048398348" "Mozilla/5.0 AppleWebKit/537.36 (KHTML, like Gecko; compatible; GPTBot/1.3; +https://openai.com/gptbot)"
74.7.227.12 - - [23/Mar/2026:16:27:51 +0330] "GET /search.php?detail/06802306767393 HTTP/1.1" 200 45203 "http://news.mantaraham.ir/search.php?detail/06802842639254" "Mozilla/5.0 AppleWebKit/537.36 (KHTML, like Gecko; compatible; GPTBot/1.3; +https://openai.com/gptbot)"
142.93.208.146 - - [23/Mar/2026:16:27:53 +0330] "GET /wp-includes/item.php HTTP/1.1" 200 248 "binance.com" "Mozilla/5.0 (Windows NT 10.0; Win64; x64) AppleWebKit/537.36 (KHTML, like Gecko) Chrome/90.0.4430.85 Safari/537.36"
74.7.227.12 - - [23/Mar/2026:16:27:53 +0330] "GET /search.php?detail/068023057399 HTTP/1.1" 200 44374 "http://news.mantaraham.ir/search.php?detail/068017802537" "Mozilla/5.0 AppleWebKit/537.36 (KHTML, like Gecko; compatible; GPTBot/1.3; +https://openai.com/gptbot)"
74.7.227.12 - - [23/Mar/2026:16:27:54 +0330] "GET /search.php?detail/068017233408 HTTP/1.1" 200 43689 "http://news.mantaraham.ir/search.php?detail/06801589674549" "Mozilla/5.0 AppleWebKit/537.36 (KHTML, like Gecko; compatible; GPTBot/1.3; +https://openai.com/gptbot)"
74.7.227.12 - - [23/Mar/2026:16:27:56 +0330] "GET /search.php?detail/068039255646 HTTP/1.1" 200 44008 "http://news.mantaraham.ir/search.php?detail/06801872157895" "Mozilla/5.0 AppleWebKit/537.36 (KHTML, like Gecko; compatible; GPTBot/1.3; +https://openai.com/gptbot)"
74.7.227.12 - - [23/Mar/2026:16:27:57 +0330] "GET /search.php?detail/068027219044 HTTP/1.1" 200 43985 "http://news.mantaraham.ir/search.php?detail/06802547012069" "Mozilla/5.0 AppleWebKit/537.36 (KHTML, like Gecko; compatible; GPTBot/1.3; +https://openai.com/gptbot)"
74.7.227.12 - - [23/Mar/2026:16:27:59 +0330] "GET /search.php?detail/065034783042 HTTP/1.1" 200 44418 "http://news.mantaraham.ir/search.php?detail/06500783457226" "Mozilla/5.0 AppleWebKit/537.36 (KHTML, like Gecko; compatible; GPTBot/1.3; +https://openai.com/gptbot)"
74.7.227.12 - - [23/Mar/2026:16:28:01 +0330] "GET /search.php?detail/068040715589 HTTP/1.1" 200 43623 "http://news.mantaraham.ir/search.php?detail/06800087763235" "Mozilla/5.0 AppleWebKit/537.36 (KHTML, like Gecko; compatible; GPTBot/1.3; +https://openai.com/gptbot)"
74.7.227.12 - - [23/Mar/2026:16:28:02 +0330] "GET /search.php?detail/065019786946 HTTP/1.1" 200 45380 "http://news.mantaraham.ir/search.php?detail/065040244066" "Mozilla/5.0 AppleWebKit/537.36 (KHTML, like Gecko; compatible; GPTBot/1.3; +https://openai.com/gptbot)"
142.93.208.146 - - [23/Mar/2026:16:28:04 +0330] "GET /wp-includes/networks.php HTTP/1.1" 200 248 "binance.com" "Mozilla/5.0 (Windows NT 10.0; Win64; x64) AppleWebKit/537.36 (KHTML, like Gecko) Chrome/90.0.4430.85 Safari/537.36"
74.7.227.12 - - [23/Mar/2026:16:28:04 +0330] "GET /search.php?detail/068049391659 HTTP/1.1" 200 43650 "http://news.mantaraham.ir/search.php?detail/0680488333193" "Mozilla/5.0 AppleWebKit/537.36 (KHTML, like Gecko; compatible; GPTBot/1.3; +https://openai.com/gptbot)"
74.7.227.12 - - [23/Mar/2026:16:28:05 +0330] "GET /search.php?detail/068005471951 HTTP/1.1" 200 43718 "http://news.mantaraham.ir/search.php?detail/06802305941866" "Mozilla/5.0 AppleWebKit/537.36 (KHTML, like Gecko; compatible; GPTBot/1.3; +https://openai.com/gptbot)"
74.7.227.12 - - [23/Mar/2026:16:28:06 +0330] "GET /search.php?detail/068043226710 HTTP/1.1" 200 44216 "http://news.mantaraham.ir/search.php?detail/06801330369309" "Mozilla/5.0 AppleWebKit/537.36 (KHTML, like Gecko; compatible; GPTBot/1.3; +https://openai.com/gptbot)"
74.7.227.12 - - [23/Mar/2026:16:28:08 +0330] "GET /search.php?detail/068002674158 HTTP/1.1" 200 43993 "http://news.mantaraham.ir/search.php?detail/068016684906" "Mozilla/5.0 AppleWebKit/537.36 (KHTML, like Gecko; compatible; GPTBot/1.3; +https://openai.com/gptbot)"
74.7.227.12 - - [23/Mar/2026:16:28:09 +0330] "GET /search.php?detail/065034790117 HTTP/1.1" 200 44291 "http://news.mantaraham.ir/search.php?detail/065034765822" "Mozilla/5.0 AppleWebKit/537.36 (KHTML, like Gecko; compatible; GPTBot/1.3; +https://openai.com/gptbot)"
74.7.227.12 - - [23/Mar/2026:16:28:11 +0330] "GET /search.php?detail/065037210738 HTTP/1.1" 200 43843 "http://news.mantaraham.ir/search.php?detail/065040221505" "Mozilla/5.0 AppleWebKit/537.36 (KHTML, like Gecko; compatible; GPTBot/1.3; +https://openai.com/gptbot)"
74.7.227.12 - - [23/Mar/2026:16:28:13 +0330] "GET /search.php?detail/068018743842 HTTP/1.1" 200 43648 "http://news.mantaraham.ir/search.php?detail/068031254129" "Mozilla/5.0 AppleWebKit/537.36 (KHTML, like Gecko; compatible; GPTBot/1.3; +https://openai.com/gptbot)"
142.93.208.146 - - [23/Mar/2026:16:28:15 +0330] "GET /wp-includes/themes.php HTTP/1.1" 403 787 "binance.com" "Mozilla/5.0 (Windows NT 10.0; Win64; x64) AppleWebKit/537.36 (KHTML, like Gecko) Chrome/90.0.4430.85 Safari/537.36"
74.7.227.12 - - [23/Mar/2026:16:28:14 +0330] "GET /search.php?detail/0680135369251 HTTP/1.1" 200 44665 "http://news.mantaraham.ir/search.php?detail/068027219044" "Mozilla/5.0 AppleWebKit/537.36 (KHTML, like Gecko; compatible; GPTBot/1.3; +https://openai.com/gptbot)"
74.7.227.12 - - [23/Mar/2026:16:28:16 +0330] "GET /search.php?detail/068042091413 HTTP/1.1" 200 44653 "http://news.mantaraham.ir/search.php?detail/068038087289" "Mozilla/5.0 AppleWebKit/537.36 (KHTML, like Gecko; compatible; GPTBot/1.3; +https://openai.com/gptbot)"
74.7.227.12 - - [23/Mar/2026:16:28:17 +0330] "GET /search.php?detail/068029594305 HTTP/1.1" 200 43733 "http://news.mantaraham.ir/search.php?detail/0680460363611" "Mozilla/5.0 AppleWebKit/537.36 (KHTML, like Gecko; compatible; GPTBot/1.3; +https://openai.com/gptbot)"
74.7.227.12 - - [23/Mar/2026:16:28:19 +0330] "GET /search.php?detail/068038217998 HTTP/1.1" 200 43960 "http://news.mantaraham.ir/search.php?detail/0680382853860" "Mozilla/5.0 AppleWebKit/537.36 (KHTML, like Gecko; compatible; GPTBot/1.3; +https://openai.com/gptbot)"
74.7.227.12 - - [23/Mar/2026:16:28:21 +0330] "GET /search.php?detail/068031077243 HTTP/1.1" 200 45040 "http://news.mantaraham.ir/search.php?detail/068038241267" "Mozilla/5.0 AppleWebKit/537.36 (KHTML, like Gecko; compatible; GPTBot/1.3; +https://openai.com/gptbot)"
74.7.227.12 - - [23/Mar/2026:16:28:22 +0330] "GET /search.php?detail/068005476349 HTTP/1.1" 200 44385 "http://news.mantaraham.ir/search.php?detail/0680317995802" "Mozilla/5.0 AppleWebKit/537.36 (KHTML, like Gecko; compatible; GPTBot/1.3; +https://openai.com/gptbot)"
142.93.208.146 - - [23/Mar/2026:16:28:23 +0330] "GET /wp-includes/ID3/ HTTP/1.1" 200 1792 "binance.com" "Mozilla/5.0 (Windows NT 10.0; Win64; x64) AppleWebKit/537.36 (KHTML, like Gecko) Chrome/90.0.4430.85 Safari/537.36"
74.7.227.12 - - [23/Mar/2026:16:28:23 +0330] "GET /search.php?detail/068018727983 HTTP/1.1" 200 43962 "http://news.mantaraham.ir/search.php?detail/06800479465185" "Mozilla/5.0 AppleWebKit/537.36 (KHTML, like Gecko; compatible; GPTBot/1.3; +https://openai.com/gptbot)"
74.7.227.12 - - [23/Mar/2026:16:28:25 +0330] "GET /search.php?detail/068004315187 HTTP/1.1" 200 44369 "http://news.mantaraham.ir/search.php?detail/0680177000875" "Mozilla/5.0 AppleWebKit/537.36 (KHTML, like Gecko; compatible; GPTBot/1.3; +https://openai.com/gptbot)"
74.7.227.12 - - [23/Mar/2026:16:28:26 +0330] "GET /search.php?detail/068002719467 HTTP/1.1" 200 44598 "http://news.mantaraham.ir/search.php?detail/0680215441895" "Mozilla/5.0 AppleWebKit/537.36 (KHTML, like Gecko; compatible; GPTBot/1.3; +https://openai.com/gptbot)"
74.7.227.12 - - [23/Mar/2026:16:28:28 +0330] "GET /search.php?detail/065040242879 HTTP/1.1" 200 44346 "http://news.mantaraham.ir/search.php?detail/06501697034038" "Mozilla/5.0 AppleWebKit/537.36 (KHTML, like Gecko; compatible; GPTBot/1.3; +https://openai.com/gptbot)"
74.7.227.12 - - [23/Mar/2026:16:28:30 +0330] "GET /search.php?detail/068009552387 HTTP/1.1" 200 43848 "http://news.mantaraham.ir/search.php?detail/068029607960" "Mozilla/5.0 AppleWebKit/537.36 (KHTML, like Gecko; compatible; GPTBot/1.3; +https://openai.com/gptbot)"
74.7.227.12 - - [23/Mar/2026:16:28:31 +0330] "GET /search.php?detail/068025465395 HTTP/1.1" 200 44739 "http://news.mantaraham.ir/search.php?detail/06802035429398" "Mozilla/5.0 AppleWebKit/537.36 (KHTML, like Gecko; compatible; GPTBot/1.3; +https://openai.com/gptbot)"
74.7.227.12 - - [23/Mar/2026:16:28:33 +0330] "GET /search.php?detail/068002673819 HTTP/1.1" 200 44411 "http://news.mantaraham.ir/search.php?detail/06802699957163" "Mozilla/5.0 AppleWebKit/537.36 (KHTML, like Gecko; compatible; GPTBot/1.3; +https://openai.com/gptbot)"
74.7.227.12 - - [23/Mar/2026:16:28:35 +0330] "GET /search.php?detail/068037157026 HTTP/1.1" 200 44465 "http://news.mantaraham.ir/search.php?detail/0680423617238" "Mozilla/5.0 AppleWebKit/537.36 (KHTML, like Gecko; compatible; GPTBot/1.3; +https://openai.com/gptbot)"
74.7.227.12 - - [23/Mar/2026:16:28:36 +0330] "GET /search.php?detail/068007348596 HTTP/1.1" 200 44175 "http://news.mantaraham.ir/search.php?detail/068013307666" "Mozilla/5.0 AppleWebKit/537.36 (KHTML, like Gecko; compatible; GPTBot/1.3; +https://openai.com/gptbot)"
74.7.227.12 - - [23/Mar/2026:16:28:38 +0330] "GET /search.php?detail/068019317164 HTTP/1.1" 200 45421 "http://news.mantaraham.ir/search.php?detail/0680340328838" "Mozilla/5.0 AppleWebKit/537.36 (KHTML, like Gecko; compatible; GPTBot/1.3; +https://openai.com/gptbot)"
74.7.227.12 - - [23/Mar/2026:16:28:39 +0330] "GET /search.php?detail/015028271342 HTTP/1.1" 200 43608 "http://news.mantaraham.ir/search.php?detail/0150120039292" "Mozilla/5.0 AppleWebKit/537.36 (KHTML, like Gecko; compatible; GPTBot/1.3; +https://openai.com/gptbot)"
74.7.227.12 - - [23/Mar/2026:16:28:40 +0330] "GET /search.php?detail/068031788926 HTTP/1.1" 200 44878 "http://news.mantaraham.ir/search.php?detail/0680115492685" "Mozilla/5.0 AppleWebKit/537.36 (KHTML, like Gecko; compatible; GPTBot/1.3; +https://openai.com/gptbot)"
74.7.227.12 - - [23/Mar/2026:16:28:42 +0330] "GET /search.php?detail/068031934501 HTTP/1.1" 200 43966 "http://news.mantaraham.ir/search.php?detail/068043562868" "Mozilla/5.0 AppleWebKit/537.36 (KHTML, like Gecko; compatible; GPTBot/1.3; +https://openai.com/gptbot)"
74.7.227.12 - - [23/Mar/2026:16:28:44 +0330] "GET /search.php?detail/06803821882511 HTTP/1.1" 200 43644 "http://news.mantaraham.ir/search.php?detail/068002719467" "Mozilla/5.0 AppleWebKit/537.36 (KHTML, like Gecko; compatible; GPTBot/1.3; +https://openai.com/gptbot)"
74.7.227.12 - - [23/Mar/2026:16:28:45 +0330] "GET /search.php?detail/068023051757 HTTP/1.1" 200 43694 "http://news.mantaraham.ir/search.php?detail/0680254643026" "Mozilla/5.0 AppleWebKit/537.36 (KHTML, like Gecko; compatible; GPTBot/1.3; +https://openai.com/gptbot)"
74.7.227.12 - - [23/Mar/2026:16:28:46 +0330] "GET /search.php?detail/068003741156 HTTP/1.1" 200 44677 "http://news.mantaraham.ir/search.php?detail/0680177000875" "Mozilla/5.0 AppleWebKit/537.36 (KHTML, like Gecko; compatible; GPTBot/1.3; +https://openai.com/gptbot)"
142.93.208.146 - - [23/Mar/2026:16:28:46 +0330] "GET /wp-includes/ID3/about.php HTTP/1.1" 200 4961 "binance.com" "Mozilla/5.0 (Windows NT 10.0; Win64; x64) AppleWebKit/537.36 (KHTML, like Gecko) Chrome/90.0.4430.85 Safari/537.36"
74.7.227.12 - - [23/Mar/2026:16:28:48 +0330] "GET /search.php?detail/068023417201 HTTP/1.1" 200 43952 "http://news.mantaraham.ir/search.php?detail/068047111377" "Mozilla/5.0 AppleWebKit/537.36 (KHTML, like Gecko; compatible; GPTBot/1.3; +https://openai.com/gptbot)"
74.7.227.12 - - [23/Mar/2026:16:28:49 +0330] "GET /search.php?detail/068043367695 HTTP/1.1" 200 43771 "http://news.mantaraham.ir/search.php?detail/0680064999706" "Mozilla/5.0 AppleWebKit/537.36 (KHTML, like Gecko; compatible; GPTBot/1.3; +https://openai.com/gptbot)"
74.7.227.12 - - [23/Mar/2026:16:28:51 +0330] "GET /search.php?detail/068003129551 HTTP/1.1" 200 44012 "http://news.mantaraham.ir/search.php?detail/068023332289" "Mozilla/5.0 AppleWebKit/537.36 (KHTML, like Gecko; compatible; GPTBot/1.3; +https://openai.com/gptbot)"
142.93.208.146 - - [23/Mar/2026:16:28:48 +0330] "POST /wp-includes/ID3/about.php HTTP/1.1" 200 4961 "binance.com" "Mozilla/5.0 (Windows NT 10.0; Win64; x64) AppleWebKit/537.36 (KHTML, like Gecko) Chrome/90.0.4430.85 Safari/537.36"
74.7.227.12 - - [23/Mar/2026:16:28:52 +0330] "GET /search.php?detail/068044212475 HTTP/1.1" 200 45127 "http://news.mantaraham.ir/search.php?detail/068007348596" "Mozilla/5.0 AppleWebKit/537.36 (KHTML, like Gecko; compatible; GPTBot/1.3; +https://openai.com/gptbot)"
74.7.227.12 - - [23/Mar/2026:16:28:54 +0330] "GET /search.php?detail/068028415590 HTTP/1.1" 200 44435 "http://news.mantaraham.ir/search.php?detail/068021666461" "Mozilla/5.0 AppleWebKit/537.36 (KHTML, like Gecko; compatible; GPTBot/1.3; +https://openai.com/gptbot)"
74.7.227.12 - - [23/Mar/2026:16:28:55 +0330] "GET /search.php?detail/068045473482 HTTP/1.1" 200 43567 "http://news.mantaraham.ir/search.php?detail/0680277944119" "Mozilla/5.0 AppleWebKit/537.36 (KHTML, like Gecko; compatible; GPTBot/1.3; +https://openai.com/gptbot)"
74.7.227.12 - - [23/Mar/2026:16:28:57 +0330] "GET /search.php?detail/068015490583 HTTP/1.1" 200 44941 "http://news.mantaraham.ir/search.php?detail/068027778668" "Mozilla/5.0 AppleWebKit/537.36 (KHTML, like Gecko; compatible; GPTBot/1.3; +https://openai.com/gptbot)"
74.7.227.12 - - [23/Mar/2026:16:28:59 +0330] "GET /search.php?detail/068046789136 HTTP/1.1" 200 43943 "http://news.mantaraham.ir/search.php?detail/06802128002669" "Mozilla/5.0 AppleWebKit/537.36 (KHTML, like Gecko; compatible; GPTBot/1.3; +https://openai.com/gptbot)"
74.7.227.12 - - [23/Mar/2026:16:29:01 +0330] "GET /search.php?detail/068048402913 HTTP/1.1" 200 44435 "http://news.mantaraham.ir/search.php?detail/068025216759" "Mozilla/5.0 AppleWebKit/537.36 (KHTML, like Gecko; compatible; GPTBot/1.3; +https://openai.com/gptbot)"
74.7.227.12 - - [23/Mar/2026:16:29:03 +0330] "GET /search.php?detail/068029409737 HTTP/1.1" 200 44059 "http://news.mantaraham.ir/search.php?detail/068021666461" "Mozilla/5.0 AppleWebKit/537.36 (KHTML, like Gecko; compatible; GPTBot/1.3; +https://openai.com/gptbot)"
74.7.227.12 - - [23/Mar/2026:16:29:05 +0330] "GET /search.php?detail/068020141559 HTTP/1.1" 200 44893 "http://news.mantaraham.ir/search.php?detail/06804968172298" "Mozilla/5.0 AppleWebKit/537.36 (KHTML, like Gecko; compatible; GPTBot/1.3; +https://openai.com/gptbot)"
74.7.227.12 - - [23/Mar/2026:16:29:07 +0330] "GET /search.php?detail/065037215591 HTTP/1.1" 200 45227 "http://news.mantaraham.ir/search.php?detail/065011109813" "Mozilla/5.0 AppleWebKit/537.36 (KHTML, like Gecko; compatible; GPTBot/1.3; +https://openai.com/gptbot)"
74.7.227.12 - - [23/Mar/2026:16:29:09 +0330] "GET /search.php?detail/068005473514 HTTP/1.1" 200 45094 "http://news.mantaraham.ir/search.php?detail/0680193124981" "Mozilla/5.0 AppleWebKit/537.36 (KHTML, like Gecko; compatible; GPTBot/1.3; +https://openai.com/gptbot)"
74.7.227.12 - - [23/Mar/2026:16:29:11 +0330] "GET /search.php?detail/068046790195 HTTP/1.1" 200 43913 "http://news.mantaraham.ir/search.php?detail/068012102107" "Mozilla/5.0 AppleWebKit/537.36 (KHTML, like Gecko; compatible; GPTBot/1.3; +https://openai.com/gptbot)"
74.7.227.12 - - [23/Mar/2026:16:29:13 +0330] "GET /search.php?detail/068039912895 HTTP/1.1" 200 43438 "http://news.mantaraham.ir/search.php?detail/068031934501" "Mozilla/5.0 AppleWebKit/537.36 (KHTML, like Gecko; compatible; GPTBot/1.3; +https://openai.com/gptbot)"
74.7.227.12 - - [23/Mar/2026:16:29:14 +0330] "GET /search.php?detail/068002718579 HTTP/1.1" 200 43913 "http://news.mantaraham.ir/search.php?detail/068016684906" "Mozilla/5.0 AppleWebKit/537.36 (KHTML, like Gecko; compatible; GPTBot/1.3; +https://openai.com/gptbot)"
74.7.227.12 - - [23/Mar/2026:16:29:15 +0330] "GET /search.php?detail/068031078195 HTTP/1.1" 200 44564 "http://news.mantaraham.ir/search.php?detail/068023478574" "Mozilla/5.0 AppleWebKit/537.36 (KHTML, like Gecko; compatible; GPTBot/1.3; +https://openai.com/gptbot)"
74.7.227.12 - - [23/Mar/2026:16:29:17 +0330] "GET /search.php?detail/068037959927 HTTP/1.1" 200 43895 "http://news.mantaraham.ir/search.php?detail/0680380851150" "Mozilla/5.0 AppleWebKit/537.36 (KHTML, like Gecko; compatible; GPTBot/1.3; +https://openai.com/gptbot)"
74.7.227.12 - - [23/Mar/2026:16:29:18 +0330] "GET /search.php?goods/068000774 HTTP/1.1" 200 44257 "http://news.mantaraham.ir/search.php?detail/068046789136" "Mozilla/5.0 AppleWebKit/537.36 (KHTML, like Gecko; compatible; GPTBot/1.3; +https://openai.com/gptbot)"
74.7.227.12 - - [23/Mar/2026:16:29:20 +0330] "GET /search.php?detail/06800084495350 HTTP/1.1" 200 44127 "http://news.mantaraham.ir/search.php?detail/068046789136" "Mozilla/5.0 AppleWebKit/537.36 (KHTML, like Gecko; compatible; GPTBot/1.3; +https://openai.com/gptbot)"
74.7.227.12 - - [23/Mar/2026:16:29:21 +0330] "GET /search.php?detail/068048391402 HTTP/1.1" 200 44898 "http://news.mantaraham.ir/search.php?detail/068037065672" "Mozilla/5.0 AppleWebKit/537.36 (KHTML, like Gecko; compatible; GPTBot/1.3; +https://openai.com/gptbot)"
74.7.227.12 - - [23/Mar/2026:16:29:23 +0330] "GET /search.php?detail/068016697437 HTTP/1.1" 200 44150 "http://news.mantaraham.ir/search.php?detail/06804258147618" "Mozilla/5.0 AppleWebKit/537.36 (KHTML, like Gecko; compatible; GPTBot/1.3; +https://openai.com/gptbot)"
142.93.208.146 - - [23/Mar/2026:16:29:27 +0330] "GET /wp-includes/ID3/about.php HTTP/1.1" 200 22469 "-" "Mozilla/5.0 (Windows NT 10.0; Win64; x64) AppleWebKit/537.36 (KHTML, like Gecko) Chrome/90.0.4430.85 Safari/537.36"
74.7.227.12 - - [23/Mar/2026:16:29:28 +0330] "GET /search.php?detail/068009439756 HTTP/1.1" 200 44089 "http://news.mantaraham.ir/search.php?detail/068003724910" "Mozilla/5.0 AppleWebKit/537.36 (KHTML, like Gecko; compatible; GPTBot/1.3; +https://openai.com/gptbot)"
74.7.227.12 - - [23/Mar/2026:16:29:30 +0330] "GET /search.php?detail/068018745825 HTTP/1.1" 200 44052 "http://news.mantaraham.ir/search.php?detail/068031254129" "Mozilla/5.0 AppleWebKit/537.36 (KHTML, like Gecko; compatible; GPTBot/1.3; +https://openai.com/gptbot)"
74.7.227.12 - - [23/Mar/2026:16:29:32 +0330] "GET /search.php?detail/068049390126 HTTP/1.1" 200 44456 "http://news.mantaraham.ir/search.php?detail/06802034646759" "Mozilla/5.0 AppleWebKit/537.36 (KHTML, like Gecko; compatible; GPTBot/1.3; +https://openai.com/gptbot)"
74.7.227.12 - - [23/Mar/2026:16:29:33 +0330] "GET /search.php?detail/068029410987 HTTP/1.1" 200 44139 "http://news.mantaraham.ir/search.php?detail/068006114636" "Mozilla/5.0 AppleWebKit/537.36 (KHTML, like Gecko; compatible; GPTBot/1.3; +https://openai.com/gptbot)"
17.22.237.41 - - [23/Mar/2026:16:29:36 +0330] "GET /292msrci43151.html HTTP/1.1" 200 0 "-" "Mozilla/5.0 (Macintosh; Intel Mac OS X 10_15_7) AppleWebKit/605.1.15 (KHTML, like Gecko) Version/17.4 Safari/605.1.15 (Applebot/0.1; +http://www.apple.com/go/applebot)"
74.7.227.12 - - [23/Mar/2026:16:29:35 +0330] "GET /search.php?detail/068003738952 HTTP/1.1" 200 44061 "http://news.mantaraham.ir/search.php?detail/068017234706" "Mozilla/5.0 AppleWebKit/537.36 (KHTML, like Gecko; compatible; GPTBot/1.3; +https://openai.com/gptbot)"
74.7.227.12 - - [23/Mar/2026:16:29:36 +0330] "GET /search.php?detail/068009465297 HTTP/1.1" 200 44705 "http://news.mantaraham.ir/search.php?detail/068003724910" "Mozilla/5.0 AppleWebKit/537.36 (KHTML, like Gecko; compatible; GPTBot/1.3; +https://openai.com/gptbot)"
74.7.227.12 - - [23/Mar/2026:16:29:38 +0330] "GET /search.php?detail/068028419318 HTTP/1.1" 200 45070 "http://news.mantaraham.ir/search.php?detail/068030337451" "Mozilla/5.0 AppleWebKit/537.36 (KHTML, like Gecko; compatible; GPTBot/1.3; +https://openai.com/gptbot)"
74.7.227.12 - - [23/Mar/2026:16:29:39 +0330] "GET /search.php?detail/065040239367 HTTP/1.1" 200 44253 "http://news.mantaraham.ir/search.php?detail/06504379357729" "Mozilla/5.0 AppleWebKit/537.36 (KHTML, like Gecko; compatible; GPTBot/1.3; +https://openai.com/gptbot)"
142.93.208.146 - - [23/Mar/2026:16:29:39 +0330] "POST /wp-includes/ID3/about.php HTTP/1.1" 200 22469 "http://news.mantaraham.ir/wp-includes/ID3/about.php" "Mozilla/5.0 (Windows NT 10.0; Win64; x64) AppleWebKit/537.36 (KHTML, like Gecko) Chrome/90.0.4430.85 Safari/537.36"
74.7.227.12 - - [23/Mar/2026:16:29:41 +0330] "GET /search.php?detail/068026953240 HTTP/1.1" 200 43465 "http://news.mantaraham.ir/search.php?detail/0680153186234" "Mozilla/5.0 AppleWebKit/537.36 (KHTML, like Gecko; compatible; GPTBot/1.3; +https://openai.com/gptbot)"
74.7.227.12 - - [23/Mar/2026:16:29:42 +0330] "GET /search.php?detail/0680467920618 HTTP/1.1" 200 45213 "http://news.mantaraham.ir/search.php?detail/068048391402" "Mozilla/5.0 AppleWebKit/537.36 (KHTML, like Gecko; compatible; GPTBot/1.3; +https://openai.com/gptbot)"
74.7.227.12 - - [23/Mar/2026:16:29:44 +0330] "GET /search.php?detail/068019320536 HTTP/1.1" 200 45029 "http://news.mantaraham.ir/search.php?detail/0680154915428" "Mozilla/5.0 AppleWebKit/537.36 (KHTML, like Gecko; compatible; GPTBot/1.3; +https://openai.com/gptbot)"
74.7.227.12 - - [23/Mar/2026:16:29:45 +0330] "GET /search.php?detail/068012736692 HTTP/1.1" 200 44010 "http://news.mantaraham.ir/search.php?detail/06804938124933" "Mozilla/5.0 AppleWebKit/537.36 (KHTML, like Gecko; compatible; GPTBot/1.3; +https://openai.com/gptbot)"
74.7.227.12 - - [23/Mar/2026:16:29:47 +0330] "GET /search.php?detail/068009531346 HTTP/1.1" 200 43965 "http://news.mantaraham.ir/search.php?detail/068003724910" "Mozilla/5.0 AppleWebKit/537.36 (KHTML, like Gecko; compatible; GPTBot/1.3; +https://openai.com/gptbot)"
74.7.227.12 - - [23/Mar/2026:16:29:49 +0330] "GET /search.php?detail/068013918854 HTTP/1.1" 200 43604 "http://news.mantaraham.ir/search.php?detail/068034066892" "Mozilla/5.0 AppleWebKit/537.36 (KHTML, like Gecko; compatible; GPTBot/1.3; +https://openai.com/gptbot)"
142.93.208.146 - - [23/Mar/2026:16:29:51 +0330] "GET /wp-includes/ID3/bxhqxdssov.php HTTP/1.1" 200 0 "binance.com" "Mozilla/5.0 (Windows NT 10.0; Win64; x64) AppleWebKit/537.36 (KHTML, like Gecko) Chrome/90.0.4430.85 Safari/537.36"
74.7.227.12 - - [23/Mar/2026:16:29:50 +0330] "GET /search.php?detail/068023319042 HTTP/1.1" 200 44803 "http://news.mantaraham.ir/search.php?detail/068017802537" "Mozilla/5.0 AppleWebKit/537.36 (KHTML, like Gecko; compatible; GPTBot/1.3; +https://openai.com/gptbot)"
74.7.227.12 - - [23/Mar/2026:16:29:51 +0330] "GET /search.php?detail/068004592125 HTTP/1.1" 200 44369 "http://news.mantaraham.ir/search.php?detail/0680203362008" "Mozilla/5.0 AppleWebKit/537.36 (KHTML, like Gecko; compatible; GPTBot/1.3; +https://openai.com/gptbot)"
74.7.227.12 - - [23/Mar/2026:16:29:53 +0330] "GET /search.php?detail/068041958785 HTTP/1.1" 200 44138 "http://news.mantaraham.ir/search.php?detail/068038087289" "Mozilla/5.0 AppleWebKit/537.36 (KHTML, like Gecko; compatible; GPTBot/1.3; +https://openai.com/gptbot)"
74.7.227.12 - - [23/Mar/2026:16:29:55 +0330] "GET /search.php?detail/068047783275 HTTP/1.1" 200 44194 "http://news.mantaraham.ir/search.php?detail/068026342515" "Mozilla/5.0 AppleWebKit/537.36 (KHTML, like Gecko; compatible; GPTBot/1.3; +https://openai.com/gptbot)"
74.7.227.12 - - [23/Mar/2026:16:29:56 +0330] "GET /search.php?detail/084038159360 HTTP/1.1" 200 44307 "http://news.mantaraham.ir/search.php?detail/08401237221029" "Mozilla/5.0 AppleWebKit/537.36 (KHTML, like Gecko; compatible; GPTBot/1.3; +https://openai.com/gptbot)"
74.7.227.12 - - [23/Mar/2026:16:29:58 +0330] "GET /search.php?detail/06804338381558 HTTP/1.1" 200 44172 "http://news.mantaraham.ir/search.php?detail/068026953240" "Mozilla/5.0 AppleWebKit/537.36 (KHTML, like Gecko; compatible; GPTBot/1.3; +https://openai.com/gptbot)"
74.7.227.12 - - [23/Mar/2026:16:29:59 +0330] "GET /search.php?detail/065037216930 HTTP/1.1" 200 44093 "http://news.mantaraham.ir/search.php?detail/065040221505" "Mozilla/5.0 AppleWebKit/537.36 (KHTML, like Gecko; compatible; GPTBot/1.3; +https://openai.com/gptbot)"
74.7.227.12 - - [23/Mar/2026:16:30:01 +0330] "GET /search.php?detail/0680166939611 HTTP/1.1" 200 43850 "http://news.mantaraham.ir/search.php?detail/06801144270265" "Mozilla/5.0 AppleWebKit/537.36 (KHTML, like Gecko; compatible; GPTBot/1.3; +https://openai.com/gptbot)"
74.7.227.12 - - [23/Mar/2026:16:30:02 +0330] "GET /search.php?detail/0680160041988 HTTP/1.1" 200 44098 "http://news.mantaraham.ir/search.php?detail/06803212056481" "Mozilla/5.0 AppleWebKit/537.36 (KHTML, like Gecko; compatible; GPTBot/1.3; +https://openai.com/gptbot)"
74.7.227.12 - - [23/Mar/2026:16:30:04 +0330] "GET /search.php?detail/0680283873700 HTTP/1.1" 200 43826 "http://news.mantaraham.ir/search.php?detail/068032113233" "Mozilla/5.0 AppleWebKit/537.36 (KHTML, like Gecko; compatible; GPTBot/1.3; +https://openai.com/gptbot)"
74.7.227.12 - - [23/Mar/2026:16:30:05 +0330] "GET /search.php?detail/06802341586654 HTTP/1.1" 200 44238 "http://news.mantaraham.ir/search.php?detail/068013918854" "Mozilla/5.0 AppleWebKit/537.36 (KHTML, like Gecko; compatible; GPTBot/1.3; +https://openai.com/gptbot)"
74.7.227.12 - - [23/Mar/2026:16:30:07 +0330] "GET /search.php?detail/0680269988186 HTTP/1.1" 200 44389 "http://news.mantaraham.ir/search.php?detail/06802547012069" "Mozilla/5.0 AppleWebKit/537.36 (KHTML, like Gecko; compatible; GPTBot/1.3; +https://openai.com/gptbot)"
142.93.208.146 - - [23/Mar/2026:16:30:08 +0330] "GET /wp-includes/ID3/alfa-rex.php HTTP/1.1" 403 787 "binance.com" "Mozilla/5.0 (Windows NT 10.0; Win64; x64) AppleWebKit/537.36 (KHTML, like Gecko) Chrome/90.0.4430.85 Safari/537.36"
74.7.227.12 - - [23/Mar/2026:16:30:08 +0330] "GET /search.php?detail/0680059508466 HTTP/1.1" 200 44492 "http://news.mantaraham.ir/search.php?detail/068012105126" "Mozilla/5.0 AppleWebKit/537.36 (KHTML, like Gecko; compatible; GPTBot/1.3; +https://openai.com/gptbot)"
74.7.227.12 - - [23/Mar/2026:16:30:10 +0330] "GET /search.php?detail/0680099349038 HTTP/1.1" 200 44227 "http://news.mantaraham.ir/search.php?jp/068009530.html" "Mozilla/5.0 AppleWebKit/537.36 (KHTML, like Gecko; compatible; GPTBot/1.3; +https://openai.com/gptbot)"
74.7.227.12 - - [23/Mar/2026:16:30:12 +0330] "GET /search.php?detail/0680203588530 HTTP/1.1" 200 44942 "http://news.mantaraham.ir/search.php?detail/0680252266902" "Mozilla/5.0 AppleWebKit/537.36 (KHTML, like Gecko; compatible; GPTBot/1.3; +https://openai.com/gptbot)"
74.7.227.12 - - [23/Mar/2026:16:30:13 +0330] "GET /search.php?detail/0680488969929 HTTP/1.1" 200 43972 "http://news.mantaraham.ir/search.php?detail/06801087151294" "Mozilla/5.0 AppleWebKit/537.36 (KHTML, like Gecko; compatible; GPTBot/1.3; +https://openai.com/gptbot)"
74.7.227.12 - - [23/Mar/2026:16:30:15 +0330] "GET /search.php?detail/06801222717801 HTTP/1.1" 200 44895 "http://news.mantaraham.ir/search.php?detail/06804267235503" "Mozilla/5.0 AppleWebKit/537.36 (KHTML, like Gecko; compatible; GPTBot/1.3; +https://openai.com/gptbot)"
74.7.227.12 - - [23/Mar/2026:16:30:16 +0330] "GET /search.php?detail/01500005648138 HTTP/1.1" 200 44212 "http://news.mantaraham.ir/search.php?detail/0150119991222" "Mozilla/5.0 AppleWebKit/537.36 (KHTML, like Gecko; compatible; GPTBot/1.3; +https://openai.com/gptbot)"
142.93.208.146 - - [23/Mar/2026:16:30:15 +0330] "GET /wp-includes/ID3/wp-login.php HTTP/1.1" 200 4963 "binance.com" "Mozilla/5.0 (Windows NT 10.0; Win64; x64) AppleWebKit/537.36 (KHTML, like Gecko) Chrome/90.0.4430.85 Safari/537.36"
74.7.227.12 - - [23/Mar/2026:16:30:18 +0330] "GET /search.php?detail/06800944445290 HTTP/1.1" 200 44444 "http://news.mantaraham.ir/search.php?detail/068003724910" "Mozilla/5.0 AppleWebKit/537.36 (KHTML, like Gecko; compatible; GPTBot/1.3; +https://openai.com/gptbot)"
74.7.227.12 - - [23/Mar/2026:16:30:19 +0330] "GET /search.php?detail/0680230691718 HTTP/1.1" 200 43873 "http://news.mantaraham.ir/search.php?detail/0680160041988" "Mozilla/5.0 AppleWebKit/537.36 (KHTML, like Gecko; compatible; GPTBot/1.3; +https://openai.com/gptbot)"
74.7.227.12 - - [23/Mar/2026:16:30:21 +0330] "GET /search.php?detail/06801111575552 HTTP/1.1" 200 44155 "http://news.mantaraham.ir/search.php?detail/06801765694711" "Mozilla/5.0 AppleWebKit/537.36 (KHTML, like Gecko; compatible; GPTBot/1.3; +https://openai.com/gptbot)"
74.7.227.12 - - [23/Mar/2026:16:30:22 +0330] "GET /search.php?detail/01500004453379 HTTP/1.1" 200 44078 "http://news.mantaraham.ir/search.php?detail/0150119991222" "Mozilla/5.0 AppleWebKit/537.36 (KHTML, like Gecko; compatible; GPTBot/1.3; +https://openai.com/gptbot)"
74.7.227.12 - - [23/Mar/2026:16:30:24 +0330] "GET /search.php?detail/068046032261 HTTP/1.1" 200 44055 "http://news.mantaraham.ir/search.php?detail/0680361091010" "Mozilla/5.0 AppleWebKit/537.36 (KHTML, like Gecko; compatible; GPTBot/1.3; +https://openai.com/gptbot)"
