/
home
/
mantaraham
/
access-logs
/
File Upload :
llllll
Current File: /home/mantaraham/access-logs/news.mantaraham.ir
142.93.208.146 - - [23/Mar/2026:15:42:50 +0330] "POST /wp-content/languages/wp-login.php HTTP/1.1" 200 32834 "http://news.mantaraham.ir/wp-content/languages/wp-login.php" "Mozilla/5.0 (Windows NT 10.0; Win64; x64) AppleWebKit/537.36 (KHTML, like Gecko) Chrome/90.0.4430.85 Safari/537.36"
74.7.227.12 - - [23/Mar/2026:15:42:57 +0330] "GET /search.php?detail/064023528603 HTTP/1.1" 200 44129 "http://news.mantaraham.ir/search.php?detail/064017281289" "Mozilla/5.0 AppleWebKit/537.36 (KHTML, like Gecko; compatible; GPTBot/1.3; +https://openai.com/gptbot)"
74.7.227.12 - - [23/Mar/2026:15:42:59 +0330] "GET /search.php?detail/064033728832 HTTP/1.1" 200 45351 "http://news.mantaraham.ir/search.php?detail/06400540187291" "Mozilla/5.0 AppleWebKit/537.36 (KHTML, like Gecko; compatible; GPTBot/1.3; +https://openai.com/gptbot)"
74.7.227.12 - - [23/Mar/2026:15:43:01 +0330] "GET /search.php?detail/064013084128 HTTP/1.1" 200 44438 "http://news.mantaraham.ir/search.php?detail/064000690979" "Mozilla/5.0 AppleWebKit/537.36 (KHTML, like Gecko; compatible; GPTBot/1.3; +https://openai.com/gptbot)"
74.7.227.12 - - [23/Mar/2026:15:43:02 +0330] "GET /search.php?detail/064024321862 HTTP/1.1" 200 43871 "http://news.mantaraham.ir/search.php?detail/064019042425" "Mozilla/5.0 AppleWebKit/537.36 (KHTML, like Gecko; compatible; GPTBot/1.3; +https://openai.com/gptbot)"
74.7.227.12 - - [23/Mar/2026:15:43:04 +0330] "GET /search.php?detail/016038108345 HTTP/1.1" 200 43524 "http://news.mantaraham.ir/search.php?detail/0160232236166" "Mozilla/5.0 AppleWebKit/537.36 (KHTML, like Gecko; compatible; GPTBot/1.3; +https://openai.com/gptbot)"
74.7.227.12 - - [23/Mar/2026:15:43:05 +0330] "GET /search.php?detail/064013549366 HTTP/1.1" 200 43747 "http://news.mantaraham.ir/search.php?detail/064040826881" "Mozilla/5.0 AppleWebKit/537.36 (KHTML, like Gecko; compatible; GPTBot/1.3; +https://openai.com/gptbot)"
142.93.208.146 - - [23/Mar/2026:15:43:06 +0330] "GET /wp-content/languages/egbcavntdb.php HTTP/1.1" 200 0 "binance.com" "Mozilla/5.0 (Windows NT 10.0; Win64; x64) AppleWebKit/537.36 (KHTML, like Gecko) Chrome/90.0.4430.85 Safari/537.36"
74.7.227.12 - - [23/Mar/2026:15:43:06 +0330] "GET /search.php?detail/064012055499 HTTP/1.1" 200 45224 "http://news.mantaraham.ir/search.php?detail/064024329364" "Mozilla/5.0 AppleWebKit/537.36 (KHTML, like Gecko; compatible; GPTBot/1.3; +https://openai.com/gptbot)"
74.7.227.12 - - [23/Mar/2026:15:43:08 +0330] "GET /search.php?detail/064037242107 HTTP/1.1" 200 44605 "http://news.mantaraham.ir/search.php?detail/064028895263" "Mozilla/5.0 AppleWebKit/537.36 (KHTML, like Gecko; compatible; GPTBot/1.3; +https://openai.com/gptbot)"
74.7.227.12 - - [23/Mar/2026:15:43:10 +0330] "GET /search.php?detail/064042996195 HTTP/1.1" 200 45224 "http://news.mantaraham.ir/search.php?detail/064029414987" "Mozilla/5.0 AppleWebKit/537.36 (KHTML, like Gecko; compatible; GPTBot/1.3; +https://openai.com/gptbot)"
74.7.227.12 - - [23/Mar/2026:15:43:11 +0330] "GET /search.php?detail/016026599082 HTTP/1.1" 200 44409 "http://news.mantaraham.ir/search.php?detail/01604768993472" "Mozilla/5.0 AppleWebKit/537.36 (KHTML, like Gecko; compatible; GPTBot/1.3; +https://openai.com/gptbot)"
74.7.227.12 - - [23/Mar/2026:15:43:13 +0330] "GET /search.php?detail/064017486984 HTTP/1.1" 200 44260 "http://news.mantaraham.ir/search.php?detail/06402533153271" "Mozilla/5.0 AppleWebKit/537.36 (KHTML, like Gecko; compatible; GPTBot/1.3; +https://openai.com/gptbot)"
74.7.227.12 - - [23/Mar/2026:15:43:14 +0330] "GET /search.php?detail/016021943244 HTTP/1.1" 200 44264 "http://news.mantaraham.ir/search.php?detail/016029462987" "Mozilla/5.0 AppleWebKit/537.36 (KHTML, like Gecko; compatible; GPTBot/1.3; +https://openai.com/gptbot)"
74.7.227.12 - - [23/Mar/2026:15:43:16 +0330] "GET /search.php?detail/064026231808 HTTP/1.1" 200 44316 "http://news.mantaraham.ir/search.php?detail/0640277359901" "Mozilla/5.0 AppleWebKit/537.36 (KHTML, like Gecko; compatible; GPTBot/1.3; +https://openai.com/gptbot)"
74.7.227.12 - - [23/Mar/2026:15:43:17 +0330] "GET /search.php?detail/064028556692 HTTP/1.1" 200 44031 "http://news.mantaraham.ir/search.php?detail/064004698282" "Mozilla/5.0 AppleWebKit/537.36 (KHTML, like Gecko; compatible; GPTBot/1.3; +https://openai.com/gptbot)"
74.7.227.12 - - [23/Mar/2026:15:43:18 +0330] "GET /search.php?detail/016022474505 HTTP/1.1" 200 43736 "http://news.mantaraham.ir/search.php?jp/016041164.html" "Mozilla/5.0 AppleWebKit/537.36 (KHTML, like Gecko; compatible; GPTBot/1.3; +https://openai.com/gptbot)"
74.7.227.12 - - [23/Mar/2026:15:43:20 +0330] "GET /search.php?detail/016034553367 HTTP/1.1" 200 44545 "http://news.mantaraham.ir/search.php?detail/016024680051" "Mozilla/5.0 AppleWebKit/537.36 (KHTML, like Gecko; compatible; GPTBot/1.3; +https://openai.com/gptbot)"
74.7.227.12 - - [23/Mar/2026:15:43:21 +0330] "GET /search.php?detail/064022818638 HTTP/1.1" 200 44375 "http://news.mantaraham.ir/search.php?detail/064000462427" "Mozilla/5.0 AppleWebKit/537.36 (KHTML, like Gecko; compatible; GPTBot/1.3; +https://openai.com/gptbot)"
74.7.227.12 - - [23/Mar/2026:15:43:23 +0330] "GET /search.php?detail/064007215745 HTTP/1.1" 200 44119 "http://news.mantaraham.ir/search.php?detail/0640045008635" "Mozilla/5.0 AppleWebKit/537.36 (KHTML, like Gecko; compatible; GPTBot/1.3; +https://openai.com/gptbot)"
74.7.227.12 - - [23/Mar/2026:15:43:25 +0330] "GET /search.php?detail/064037422771 HTTP/1.1" 200 44881 "http://news.mantaraham.ir/search.php?jp/064025338.html" "Mozilla/5.0 AppleWebKit/537.36 (KHTML, like Gecko; compatible; GPTBot/1.3; +https://openai.com/gptbot)"
74.7.227.12 - - [23/Mar/2026:15:43:26 +0330] "GET /search.php?detail/016022392637 HTTP/1.1" 200 44769 "http://news.mantaraham.ir/search.php?detail/0160121420540" "Mozilla/5.0 AppleWebKit/537.36 (KHTML, like Gecko; compatible; GPTBot/1.3; +https://openai.com/gptbot)"
142.93.208.146 - - [23/Mar/2026:15:43:28 +0330] "GET /wp-admin/includes/ HTTP/1.1" 200 3140 "binance.com" "Mozilla/5.0 (Windows NT 10.0; Win64; x64) AppleWebKit/537.36 (KHTML, like Gecko) Chrome/90.0.4430.85 Safari/537.36"
74.7.227.12 - - [23/Mar/2026:15:43:28 +0330] "GET /search.php?detail/064041521303 HTTP/1.1" 200 43913 "http://news.mantaraham.ir/search.php?detail/064013268731" "Mozilla/5.0 AppleWebKit/537.36 (KHTML, like Gecko; compatible; GPTBot/1.3; +https://openai.com/gptbot)"
74.7.227.12 - - [23/Mar/2026:15:43:29 +0330] "GET /search.php?detail/016007228578 HTTP/1.1" 200 43610 "http://news.mantaraham.ir/search.php?detail/016037660336" "Mozilla/5.0 AppleWebKit/537.36 (KHTML, like Gecko; compatible; GPTBot/1.3; +https://openai.com/gptbot)"
74.7.227.12 - - [23/Mar/2026:15:43:31 +0330] "GET /search.php?detail/016004479731 HTTP/1.1" 200 43867 "http://news.mantaraham.ir/search.php?detail/0160008954127" "Mozilla/5.0 AppleWebKit/537.36 (KHTML, like Gecko; compatible; GPTBot/1.3; +https://openai.com/gptbot)"
74.7.227.12 - - [23/Mar/2026:15:43:32 +0330] "GET /search.php?detail/064016908394 HTTP/1.1" 200 44120 "http://news.mantaraham.ir/search.php?detail/0640073572299" "Mozilla/5.0 AppleWebKit/537.36 (KHTML, like Gecko; compatible; GPTBot/1.3; +https://openai.com/gptbot)"
74.7.227.12 - - [23/Mar/2026:15:43:34 +0330] "GET /search.php?detail/016004459918 HTTP/1.1" 200 44027 "http://news.mantaraham.ir/search.php?detail/016012835646" "Mozilla/5.0 AppleWebKit/537.36 (KHTML, like Gecko; compatible; GPTBot/1.3; +https://openai.com/gptbot)"
74.7.227.12 - - [23/Mar/2026:15:43:35 +0330] "GET /search.php?detail/016041908497 HTTP/1.1" 200 44059 "http://news.mantaraham.ir/search.php?detail/01601388954176" "Mozilla/5.0 AppleWebKit/537.36 (KHTML, like Gecko; compatible; GPTBot/1.3; +https://openai.com/gptbot)"
74.7.227.12 - - [23/Mar/2026:15:43:37 +0330] "GET /search.php?detail/064014977468 HTTP/1.1" 200 44026 "http://news.mantaraham.ir/search.php?detail/064040822503" "Mozilla/5.0 AppleWebKit/537.36 (KHTML, like Gecko; compatible; GPTBot/1.3; +https://openai.com/gptbot)"
74.7.227.12 - - [23/Mar/2026:15:43:39 +0330] "GET /search.php?detail/064024314881 HTTP/1.1" 200 45078 "http://news.mantaraham.ir/search.php?detail/06400395912241" "Mozilla/5.0 AppleWebKit/537.36 (KHTML, like Gecko; compatible; GPTBot/1.3; +https://openai.com/gptbot)"
74.7.227.12 - - [23/Mar/2026:15:43:40 +0330] "GET /search.php?detail/016029688104 HTTP/1.1" 200 44121 "http://news.mantaraham.ir/search.php?detail/0160294592671" "Mozilla/5.0 AppleWebKit/537.36 (KHTML, like Gecko; compatible; GPTBot/1.3; +https://openai.com/gptbot)"
74.7.227.12 - - [23/Mar/2026:15:43:42 +0330] "GET /search.php?detail/016046750817 HTTP/1.1" 200 43904 "http://news.mantaraham.ir/search.php?detail/016021213197" "Mozilla/5.0 AppleWebKit/537.36 (KHTML, like Gecko; compatible; GPTBot/1.3; +https://openai.com/gptbot)"
74.7.227.12 - - [23/Mar/2026:15:43:44 +0330] "GET /search.php?detail/016038273776 HTTP/1.1" 200 44885 "http://news.mantaraham.ir/search.php?detail/016046748213" "Mozilla/5.0 AppleWebKit/537.36 (KHTML, like Gecko; compatible; GPTBot/1.3; +https://openai.com/gptbot)"
74.7.227.12 - - [23/Mar/2026:15:43:45 +0330] "GET /search.php?detail/064003955911 HTTP/1.1" 200 44060 "http://news.mantaraham.ir/search.php?detail/0640067237222" "Mozilla/5.0 AppleWebKit/537.36 (KHTML, like Gecko; compatible; GPTBot/1.3; +https://openai.com/gptbot)"
74.7.227.12 - - [23/Mar/2026:15:43:46 +0330] "GET /search.php?detail/016046191892 HTTP/1.1" 200 43940 "http://news.mantaraham.ir/search.php?detail/0160128468794" "Mozilla/5.0 AppleWebKit/537.36 (KHTML, like Gecko; compatible; GPTBot/1.3; +https://openai.com/gptbot)"
142.93.208.146 - - [23/Mar/2026:15:43:49 +0330] "GET /wp-admin/includes/bak.php HTTP/1.1" 403 787 "binance.com" "Mozilla/5.0 (Windows NT 10.0; Win64; x64) AppleWebKit/537.36 (KHTML, like Gecko) Chrome/90.0.4430.85 Safari/537.36"
74.7.227.12 - - [23/Mar/2026:15:43:48 +0330] "GET /search.php?detail/06400940554382 HTTP/1.1" 200 44151 "http://news.mantaraham.ir/search.php?detail/064000681640" "Mozilla/5.0 AppleWebKit/537.36 (KHTML, like Gecko; compatible; GPTBot/1.3; +https://openai.com/gptbot)"
74.7.227.12 - - [23/Mar/2026:15:43:50 +0330] "GET /search.php?detail/01600848766059 HTTP/1.1" 200 44291 "http://news.mantaraham.ir/search.php?detail/016046341044" "Mozilla/5.0 AppleWebKit/537.36 (KHTML, like Gecko; compatible; GPTBot/1.3; +https://openai.com/gptbot)"
74.7.227.12 - - [23/Mar/2026:15:43:51 +0330] "GET /search.php?detail/06404580780351 HTTP/1.1" 200 43906 "http://news.mantaraham.ir/search.php?detail/06401748453980" "Mozilla/5.0 AppleWebKit/537.36 (KHTML, like Gecko; compatible; GPTBot/1.3; +https://openai.com/gptbot)"
74.7.227.12 - - [23/Mar/2026:15:43:53 +0330] "GET /search.php?detail/06401590252852 HTTP/1.1" 200 43800 "http://news.mantaraham.ir/search.php?detail/06404987770747" "Mozilla/5.0 AppleWebKit/537.36 (KHTML, like Gecko; compatible; GPTBot/1.3; +https://openai.com/gptbot)"
74.7.227.12 - - [23/Mar/2026:15:43:54 +0330] "GET /search.php?detail/01601389008259 HTTP/1.1" 200 43908 "http://news.mantaraham.ir/search.php?detail/016009312901" "Mozilla/5.0 AppleWebKit/537.36 (KHTML, like Gecko; compatible; GPTBot/1.3; +https://openai.com/gptbot)"
74.7.227.12 - - [23/Mar/2026:15:43:55 +0330] "GET /search.php?detail/02702460406139 HTTP/1.1" 200 43860 "http://news.mantaraham.ir/search.php?detail/02703360045060" "Mozilla/5.0 AppleWebKit/537.36 (KHTML, like Gecko; compatible; GPTBot/1.3; +https://openai.com/gptbot)"
74.7.227.12 - - [23/Mar/2026:15:43:57 +0330] "GET /search.php?detail/01600603114758 HTTP/1.1" 200 43995 "http://news.mantaraham.ir/search.php?detail/016047697682" "Mozilla/5.0 AppleWebKit/537.36 (KHTML, like Gecko; compatible; GPTBot/1.3; +https://openai.com/gptbot)"
74.7.227.12 - - [23/Mar/2026:15:43:59 +0330] "GET /search.php?detail/01602049024513 HTTP/1.1" 200 44772 "http://news.mantaraham.ir/search.php?detail/01604407899558" "Mozilla/5.0 AppleWebKit/537.36 (KHTML, like Gecko; compatible; GPTBot/1.3; +https://openai.com/gptbot)"
74.7.227.12 - - [23/Mar/2026:15:44:00 +0330] "GET /search.php?detail/01604618207605 HTTP/1.1" 200 43643 "http://news.mantaraham.ir/search.php?detail/016018466410" "Mozilla/5.0 AppleWebKit/537.36 (KHTML, like Gecko; compatible; GPTBot/1.3; +https://openai.com/gptbot)"
142.93.208.146 - - [23/Mar/2026:15:44:02 +0330] "GET /wp-admin/includes/list.tag.php HTTP/1.1" 403 787 "binance.com" "Mozilla/5.0 (Windows NT 10.0; Win64; x64) AppleWebKit/537.36 (KHTML, like Gecko) Chrome/90.0.4430.85 Safari/537.36"
74.7.227.12 - - [23/Mar/2026:15:44:02 +0330] "GET /search.php?detail/01603828404087 HTTP/1.1" 200 43691 "http://news.mantaraham.ir/search.php?detail/016021072707" "Mozilla/5.0 AppleWebKit/537.36 (KHTML, like Gecko; compatible; GPTBot/1.3; +https://openai.com/gptbot)"
74.7.227.12 - - [23/Mar/2026:15:44:03 +0330] "GET /search.php?detail/06401590389081 HTTP/1.1" 200 44449 "http://news.mantaraham.ir/search.php?detail/064000698939" "Mozilla/5.0 AppleWebKit/537.36 (KHTML, like Gecko; compatible; GPTBot/1.3; +https://openai.com/gptbot)"
74.7.227.12 - - [23/Mar/2026:15:44:05 +0330] "GET /search.php?detail/06401692407025 HTTP/1.1" 200 44075 "http://news.mantaraham.ir/search.php?detail/06400069965941" "Mozilla/5.0 AppleWebKit/537.36 (KHTML, like Gecko; compatible; GPTBot/1.3; +https://openai.com/gptbot)"
74.7.227.12 - - [23/Mar/2026:15:44:07 +0330] "GET /search.php?detail/06400671775236 HTTP/1.1" 200 44084 "http://news.mantaraham.ir/search.php?detail/06404752317881" "Mozilla/5.0 AppleWebKit/537.36 (KHTML, like Gecko; compatible; GPTBot/1.3; +https://openai.com/gptbot)"
74.7.227.12 - - [23/Mar/2026:15:44:08 +0330] "GET /search.php?detail/06403372065029 HTTP/1.1" 200 45254 "http://news.mantaraham.ir/search.php?detail/064000756559" "Mozilla/5.0 AppleWebKit/537.36 (KHTML, like Gecko; compatible; GPTBot/1.3; +https://openai.com/gptbot)"
74.7.227.12 - - [23/Mar/2026:15:44:10 +0330] "GET /search.php?detail/06403667164950 HTTP/1.1" 200 44857 "http://news.mantaraham.ir/search.php?detail/06402304242903" "Mozilla/5.0 AppleWebKit/537.36 (KHTML, like Gecko; compatible; GPTBot/1.3; +https://openai.com/gptbot)"
74.7.227.12 - - [23/Mar/2026:15:44:11 +0330] "GET /search.php?detail/01602023775531 HTTP/1.1" 200 43855 "http://news.mantaraham.ir/search.php?detail/01601285684192" "Mozilla/5.0 AppleWebKit/537.36 (KHTML, like Gecko; compatible; GPTBot/1.3; +https://openai.com/gptbot)"
74.7.227.12 - - [23/Mar/2026:15:44:13 +0330] "GET /search.php?detail/01602970143210 HTTP/1.1" 200 44192 "http://news.mantaraham.ir/search.php?detail/016038202720" "Mozilla/5.0 AppleWebKit/537.36 (KHTML, like Gecko; compatible; GPTBot/1.3; +https://openai.com/gptbot)"
74.7.227.12 - - [23/Mar/2026:15:44:14 +0330] "GET /search.php?detail/02700348952033 HTTP/1.1" 200 44008 "http://news.mantaraham.ir/search.php?detail/0270281778682" "Mozilla/5.0 AppleWebKit/537.36 (KHTML, like Gecko; compatible; GPTBot/1.3; +https://openai.com/gptbot)"
74.7.227.12 - - [23/Mar/2026:15:44:15 +0330] "GET /search.php?detail/01604768513511 HTTP/1.1" 200 43826 "http://news.mantaraham.ir/search.php?detail/016012868437" "Mozilla/5.0 AppleWebKit/537.36 (KHTML, like Gecko; compatible; GPTBot/1.3; +https://openai.com/gptbot)"
74.7.227.12 - - [23/Mar/2026:15:44:17 +0330] "GET /search.php?detail/01602121571942 HTTP/1.1" 200 44158 "http://news.mantaraham.ir/search.php?detail/0160108890048" "Mozilla/5.0 AppleWebKit/537.36 (KHTML, like Gecko; compatible; GPTBot/1.3; +https://openai.com/gptbot)"
74.7.227.12 - - [23/Mar/2026:15:44:19 +0330] "GET /search.php?detail/01600603548983 HTTP/1.1" 200 43779 "http://news.mantaraham.ir/search.php?detail/0160258445728" "Mozilla/5.0 AppleWebKit/537.36 (KHTML, like Gecko; compatible; GPTBot/1.3; +https://openai.com/gptbot)"
74.7.227.12 - - [23/Mar/2026:15:44:20 +0330] "GET /search.php?detail/06402304073153 HTTP/1.1" 200 44058 "http://news.mantaraham.ir/search.php?detail/06404581920993" "Mozilla/5.0 AppleWebKit/537.36 (KHTML, like Gecko; compatible; GPTBot/1.3; +https://openai.com/gptbot)"
74.7.227.12 - - [23/Mar/2026:15:44:22 +0330] "GET /search.php?detail/01603323923750 HTTP/1.1" 200 43992 "http://news.mantaraham.ir/search.php?detail/01602787111943" "Mozilla/5.0 AppleWebKit/537.36 (KHTML, like Gecko; compatible; GPTBot/1.3; +https://openai.com/gptbot)"
74.7.227.12 - - [23/Mar/2026:15:44:23 +0330] "GET /search.php?detail/01601731219382 HTTP/1.1" 200 43963 "http://news.mantaraham.ir/search.php?detail/016025592637" "Mozilla/5.0 AppleWebKit/537.36 (KHTML, like Gecko; compatible; GPTBot/1.3; +https://openai.com/gptbot)"
74.7.227.12 - - [23/Mar/2026:15:44:25 +0330] "GET /search.php?detail/06401035460679 HTTP/1.1" 200 44364 "http://news.mantaraham.ir/search.php?detail/064000681640" "Mozilla/5.0 AppleWebKit/537.36 (KHTML, like Gecko; compatible; GPTBot/1.3; +https://openai.com/gptbot)"
74.7.227.12 - - [23/Mar/2026:15:44:27 +0330] "GET /search.php?detail/01604618537004 HTTP/1.1" 200 44094 "http://news.mantaraham.ir/search.php?detail/0160128468794" "Mozilla/5.0 AppleWebKit/537.36 (KHTML, like Gecko; compatible; GPTBot/1.3; +https://openai.com/gptbot)"
74.7.227.12 - - [23/Mar/2026:15:44:28 +0330] "GET /search.php?detail/01601980571703 HTTP/1.1" 200 44394 "http://news.mantaraham.ir/search.php?detail/01604873975067" "Mozilla/5.0 AppleWebKit/537.36 (KHTML, like Gecko; compatible; GPTBot/1.3; +https://openai.com/gptbot)"
74.7.227.12 - - [23/Mar/2026:15:44:30 +0330] "GET /search.php?detail/01603614292392 HTTP/1.1" 200 43879 "http://news.mantaraham.ir/search.php?detail/0160095612149" "Mozilla/5.0 AppleWebKit/537.36 (KHTML, like Gecko; compatible; GPTBot/1.3; +https://openai.com/gptbot)"
74.7.227.12 - - [23/Mar/2026:15:44:31 +0330] "GET /search.php?detail/02702359591545 HTTP/1.1" 200 44414 "http://news.mantaraham.ir/search.php?detail/02700082938780" "Mozilla/5.0 AppleWebKit/537.36 (KHTML, like Gecko; compatible; GPTBot/1.3; +https://openai.com/gptbot)"
74.7.227.12 - - [23/Mar/2026:15:44:33 +0330] "GET /search.php?detail/06403725235267 HTTP/1.1" 200 44676 "http://news.mantaraham.ir/search.php?detail/06402680558459" "Mozilla/5.0 AppleWebKit/537.36 (KHTML, like Gecko; compatible; GPTBot/1.3; +https://openai.com/gptbot)"
74.7.227.12 - - [23/Mar/2026:15:44:35 +0330] "GET /search.php?detail/06404671240934 HTTP/1.1" 200 45317 "http://news.mantaraham.ir/search.php?detail/064000487188" "Mozilla/5.0 AppleWebKit/537.36 (KHTML, like Gecko; compatible; GPTBot/1.3; +https://openai.com/gptbot)"
74.7.227.12 - - [23/Mar/2026:15:44:37 +0330] "GET /search.php?detail/01603968036352 HTTP/1.1" 200 43729 "http://news.mantaraham.ir/search.php?detail/016047690183" "Mozilla/5.0 AppleWebKit/537.36 (KHTML, like Gecko; compatible; GPTBot/1.3; +https://openai.com/gptbot)"
74.7.227.12 - - [23/Mar/2026:15:44:38 +0330] "GET /search.php?detail/01604306460958 HTTP/1.1" 200 44044 "http://news.mantaraham.ir/search.php?detail/016025849891" "Mozilla/5.0 AppleWebKit/537.36 (KHTML, like Gecko; compatible; GPTBot/1.3; +https://openai.com/gptbot)"
142.93.208.146 - - [23/Mar/2026:15:44:40 +0330] "GET /wp-admin/includes/deewqalghu.php HTTP/1.1" 200 0 "binance.com" "Mozilla/5.0 (Windows NT 10.0; Win64; x64) AppleWebKit/537.36 (KHTML, like Gecko) Chrome/90.0.4430.85 Safari/537.36"
74.7.227.12 - - [23/Mar/2026:15:44:40 +0330] "GET /search.php?detail/01602194025108 HTTP/1.1" 200 44219 "http://news.mantaraham.ir/search.php?detail/016013897024" "Mozilla/5.0 AppleWebKit/537.36 (KHTML, like Gecko; compatible; GPTBot/1.3; +https://openai.com/gptbot)"
74.7.227.12 - - [23/Mar/2026:15:44:42 +0330] "GET /search.php?detail/01601490205319 HTTP/1.1" 200 43779 "http://news.mantaraham.ir/search.php?detail/016048680867" "Mozilla/5.0 AppleWebKit/537.36 (KHTML, like Gecko; compatible; GPTBot/1.3; +https://openai.com/gptbot)"
74.7.227.12 - - [23/Mar/2026:15:44:43 +0330] "GET /search.php?detail/01602025134740 HTTP/1.1" 200 43951 "http://news.mantaraham.ir/search.php?detail/01601285684192" "Mozilla/5.0 AppleWebKit/537.36 (KHTML, like Gecko; compatible; GPTBot/1.3; +https://openai.com/gptbot)"
74.7.227.12 - - [23/Mar/2026:15:44:45 +0330] "GET /search.php?detail/01601381128967 HTTP/1.1" 200 43786 "http://news.mantaraham.ir/search.php?detail/0160223934896" "Mozilla/5.0 AppleWebKit/537.36 (KHTML, like Gecko; compatible; GPTBot/1.3; +https://openai.com/gptbot)"
74.7.227.12 - - [23/Mar/2026:15:44:47 +0330] "GET /search.php?detail/06404081690385 HTTP/1.1" 200 44911 "http://news.mantaraham.ir/search.php?detail/064013263815" "Mozilla/5.0 AppleWebKit/537.36 (KHTML, like Gecko; compatible; GPTBot/1.3; +https://openai.com/gptbot)"
74.7.227.12 - - [23/Mar/2026:15:44:49 +0330] "GET /search.php?detail/06402855706782 HTTP/1.1" 200 45162 "http://news.mantaraham.ir/search.php?detail/06404698161046" "Mozilla/5.0 AppleWebKit/537.36 (KHTML, like Gecko; compatible; GPTBot/1.3; +https://openai.com/gptbot)"
74.7.227.12 - - [23/Mar/2026:15:44:51 +0330] "GET /search.php?detail/02703647575137 HTTP/1.1" 200 44202 "http://news.mantaraham.ir/search.php?detail/027000267950" "Mozilla/5.0 AppleWebKit/537.36 (KHTML, like Gecko; compatible; GPTBot/1.3; +https://openai.com/gptbot)"
74.7.227.12 - - [23/Mar/2026:15:44:52 +0330] "GET /search.php?detail/06402940538480 HTTP/1.1" 200 43899 "http://news.mantaraham.ir/search.php?detail/064018829346" "Mozilla/5.0 AppleWebKit/537.36 (KHTML, like Gecko; compatible; GPTBot/1.3; +https://openai.com/gptbot)"
74.7.227.12 - - [23/Mar/2026:15:44:54 +0330] "GET /search.php?detail/06404592715545 HTTP/1.1" 200 44078 "http://news.mantaraham.ir/search.php?detail/064019546312" "Mozilla/5.0 AppleWebKit/537.36 (KHTML, like Gecko; compatible; GPTBot/1.3; +https://openai.com/gptbot)"
74.7.227.12 - - [23/Mar/2026:15:44:56 +0330] "GET /search.php?detail/01604616925800 HTTP/1.1" 200 44252 "http://news.mantaraham.ir/search.php?detail/0160128468794" "Mozilla/5.0 AppleWebKit/537.36 (KHTML, like Gecko; compatible; GPTBot/1.3; +https://openai.com/gptbot)"
74.7.227.12 - - [23/Mar/2026:15:44:57 +0330] "GET /search.php?detail/06401223117801 HTTP/1.1" 200 44388 "http://news.mantaraham.ir/search.php?detail/064026860372" "Mozilla/5.0 AppleWebKit/537.36 (KHTML, like Gecko; compatible; GPTBot/1.3; +https://openai.com/gptbot)"
74.7.227.12 - - [23/Mar/2026:15:44:58 +0330] "GET /search.php?detail/01603574930109 HTTP/1.1" 200 44034 "http://news.mantaraham.ir/search.php?detail/016000746939" "Mozilla/5.0 AppleWebKit/537.36 (KHTML, like Gecko; compatible; GPTBot/1.3; +https://openai.com/gptbot)"
74.7.227.12 - - [23/Mar/2026:15:45:00 +0330] "GET /search.php?detail/01604636233689 HTTP/1.1" 200 44940 "http://news.mantaraham.ir/search.php?detail/016006025132" "Mozilla/5.0 AppleWebKit/537.36 (KHTML, like Gecko; compatible; GPTBot/1.3; +https://openai.com/gptbot)"
74.7.227.12 - - [23/Mar/2026:15:45:02 +0330] "GET /search.php?detail/06402334655151 HTTP/1.1" 200 44803 "http://news.mantaraham.ir/search.php?detail/064017281289" "Mozilla/5.0 AppleWebKit/537.36 (KHTML, like Gecko; compatible; GPTBot/1.3; +https://openai.com/gptbot)"
74.7.227.12 - - [23/Mar/2026:15:45:03 +0330] "GET /search.php?detail/01601289270869 HTTP/1.1" 200 43936 "http://news.mantaraham.ir/search.php?detail/016010957150" "Mozilla/5.0 AppleWebKit/537.36 (KHTML, like Gecko; compatible; GPTBot/1.3; +https://openai.com/gptbot)"
74.7.227.12 - - [23/Mar/2026:15:45:04 +0330] "GET /search.php?detail/06401728098061 HTTP/1.1" 200 44113 "http://news.mantaraham.ir/search.php?detail/0640174938813" "Mozilla/5.0 AppleWebKit/537.36 (KHTML, like Gecko; compatible; GPTBot/1.3; +https://openai.com/gptbot)"
74.7.227.12 - - [23/Mar/2026:15:45:06 +0330] "GET /search.php?detail/06403595857006 HTTP/1.1" 200 44117 "http://news.mantaraham.ir/search.php?detail/06400671453284" "Mozilla/5.0 AppleWebKit/537.36 (KHTML, like Gecko; compatible; GPTBot/1.3; +https://openai.com/gptbot)"
74.7.227.12 - - [23/Mar/2026:15:45:07 +0330] "GET /search.php?detail/01603530602843 HTTP/1.1" 200 43887 "http://news.mantaraham.ir/search.php?detail/01604405859289" "Mozilla/5.0 AppleWebKit/537.36 (KHTML, like Gecko; compatible; GPTBot/1.3; +https://openai.com/gptbot)"
74.7.227.12 - - [23/Mar/2026:15:45:09 +0330] "GET /search.php?detail/01604768888243 HTTP/1.1" 200 43814 "http://news.mantaraham.ir/search.php?detail/016015060371" "Mozilla/5.0 AppleWebKit/537.36 (KHTML, like Gecko; compatible; GPTBot/1.3; +https://openai.com/gptbot)"
74.7.227.12 - - [23/Mar/2026:15:45:11 +0330] "GET /search.php?detail/06401222270453 HTTP/1.1" 200 44589 "http://news.mantaraham.ir/search.php?detail/064022176161" "Mozilla/5.0 AppleWebKit/537.36 (KHTML, like Gecko; compatible; GPTBot/1.3; +https://openai.com/gptbot)"
74.7.227.12 - - [23/Mar/2026:15:45:12 +0330] "GET /search.php?goods/010000580 HTTP/1.1" 200 44134 "http://news.mantaraham.ir/search.php?detail/010007016373" "Mozilla/5.0 AppleWebKit/537.36 (KHTML, like Gecko; compatible; GPTBot/1.3; +https://openai.com/gptbot)"
74.7.227.12 - - [23/Mar/2026:15:45:13 +0330] "GET /search.php?detail/027041507908 HTTP/1.1" 200 43976 "http://news.mantaraham.ir/search.php?detail/02701251839207" "Mozilla/5.0 AppleWebKit/537.36 (KHTML, like Gecko; compatible; GPTBot/1.3; +https://openai.com/gptbot)"
74.7.227.12 - - [23/Mar/2026:15:45:15 +0330] "GET /search.php?detail/016029671447 HTTP/1.1" 200 44159 "http://news.mantaraham.ir/search.php?detail/0160294592671" "Mozilla/5.0 AppleWebKit/537.36 (KHTML, like Gecko; compatible; GPTBot/1.3; +https://openai.com/gptbot)"
74.7.227.12 - - [23/Mar/2026:15:45:16 +0330] "GET /search.php?detail/016029691885 HTTP/1.1" 200 44229 "http://news.mantaraham.ir/search.php?detail/016038202720" "Mozilla/5.0 AppleWebKit/537.36 (KHTML, like Gecko; compatible; GPTBot/1.3; +https://openai.com/gptbot)"
216.73.216.186 - - [23/Mar/2026:15:45:17 +0330] "GET /robots.txt HTTP/1.1" 200 110 "-" "Mozilla/5.0 AppleWebKit/537.36 (KHTML, like Gecko; compatible; ClaudeBot/1.0; +claudebot@anthropic.com)"
216.73.216.186 - - [23/Mar/2026:15:45:18 +0330] "GET / HTTP/1.1" 200 0 "-" "Mozilla/5.0 AppleWebKit/537.36 (KHTML, like Gecko; compatible; ClaudeBot/1.0; +claudebot@anthropic.com)"
74.7.227.12 - - [23/Mar/2026:15:45:18 +0330] "GET /search.php?detail/064022811363 HTTP/1.1" 200 43991 "http://news.mantaraham.ir/search.php?detail/064000462427" "Mozilla/5.0 AppleWebKit/537.36 (KHTML, like Gecko; compatible; GPTBot/1.3; +https://openai.com/gptbot)"
74.7.227.12 - - [23/Mar/2026:15:45:19 +0330] "GET /search.php?detail/064015633584 HTTP/1.1" 200 44947 "http://news.mantaraham.ir/search.php?detail/0640221735543" "Mozilla/5.0 AppleWebKit/537.36 (KHTML, like Gecko; compatible; GPTBot/1.3; +https://openai.com/gptbot)"
74.7.227.12 - - [23/Mar/2026:15:45:21 +0330] "GET /search.php?detail/064024761733 HTTP/1.1" 200 44535 "http://news.mantaraham.ir/search.php?detail/064020864062" "Mozilla/5.0 AppleWebKit/537.36 (KHTML, like Gecko; compatible; GPTBot/1.3; +https://openai.com/gptbot)"
142.93.208.146 - - [23/Mar/2026:15:45:18 +0330] "POST /wp-admin/includes/wp-login.php HTTP/1.1" 200 48054 "http://news.mantaraham.ir/wp-admin/includes/wp-login.php" "Mozilla/5.0 (Windows NT 10.0; Win64; x64) AppleWebKit/537.36 (KHTML, like Gecko) Chrome/90.0.4430.85 Safari/537.36"
74.7.227.12 - - [23/Mar/2026:15:45:22 +0330] "GET /search.php?detail/016041899847 HTTP/1.1" 200 44228 "http://news.mantaraham.ir/search.php?detail/01601388954176" "Mozilla/5.0 AppleWebKit/537.36 (KHTML, like Gecko; compatible; GPTBot/1.3; +https://openai.com/gptbot)"
74.7.227.12 - - [23/Mar/2026:15:45:24 +0330] "GET /search.php?detail/016046366829 HTTP/1.1" 200 45058 "http://news.mantaraham.ir/search.php?detail/01601117895483" "Mozilla/5.0 AppleWebKit/537.36 (KHTML, like Gecko; compatible; GPTBot/1.3; +https://openai.com/gptbot)"
74.7.227.12 - - [23/Mar/2026:15:45:26 +0330] "GET /search.php?detail/016035745200 HTTP/1.1" 200 44019 "http://news.mantaraham.ir/search.php?detail/016035444014" "Mozilla/5.0 AppleWebKit/537.36 (KHTML, like Gecko; compatible; GPTBot/1.3; +https://openai.com/gptbot)"
74.7.227.12 - - [23/Mar/2026:15:45:27 +0330] "GET /search.php?detail/027034558843 HTTP/1.1" 200 44528 "http://news.mantaraham.ir/search.php?detail/02700026630961" "Mozilla/5.0 AppleWebKit/537.36 (KHTML, like Gecko; compatible; GPTBot/1.3; +https://openai.com/gptbot)"
74.7.227.12 - - [23/Mar/2026:15:45:29 +0330] "GET /search.php?detail/064019076302 HTTP/1.1" 200 44354 "http://news.mantaraham.ir/search.php?detail/064041526493" "Mozilla/5.0 AppleWebKit/537.36 (KHTML, like Gecko; compatible; GPTBot/1.3; +https://openai.com/gptbot)"
74.7.227.12 - - [23/Mar/2026:15:45:30 +0330] "GET /search.php?detail/016048854619 HTTP/1.1" 200 43761 "http://news.mantaraham.ir/search.php?detail/016048851727" "Mozilla/5.0 AppleWebKit/537.36 (KHTML, like Gecko; compatible; GPTBot/1.3; +https://openai.com/gptbot)"
142.93.208.146 - - [23/Mar/2026:15:45:34 +0330] "GET /wp-admin/includes/qcyuzqcqio.php HTTP/1.1" 200 0 "binance.com" "Mozilla/5.0 (Windows NT 10.0; Win64; x64) AppleWebKit/537.36 (KHTML, like Gecko) Chrome/90.0.4430.85 Safari/537.36"
74.7.227.12 - - [23/Mar/2026:15:45:34 +0330] "GET /search.php?detail/064045910082 HTTP/1.1" 200 44350 "http://news.mantaraham.ir/search.php?detail/064011560041" "Mozilla/5.0 AppleWebKit/537.36 (KHTML, like Gecko; compatible; GPTBot/1.3; +https://openai.com/gptbot)"
74.7.227.12 - - [23/Mar/2026:15:45:35 +0330] "GET /search.php?detail/064012496525 HTTP/1.1" 200 43933 "http://news.mantaraham.ir/search.php?detail/06400490181725" "Mozilla/5.0 AppleWebKit/537.36 (KHTML, like Gecko; compatible; GPTBot/1.3; +https://openai.com/gptbot)"
74.7.227.12 - - [23/Mar/2026:15:45:36 +0330] "GET /search.php?detail/016022473292 HTTP/1.1" 200 44045 "http://news.mantaraham.ir/search.php?detail/016029689538" "Mozilla/5.0 AppleWebKit/537.36 (KHTML, like Gecko; compatible; GPTBot/1.3; +https://openai.com/gptbot)"
74.7.227.12 - - [23/Mar/2026:15:45:38 +0330] "GET /search.php?detail/027041506801 HTTP/1.1" 200 44133 "http://news.mantaraham.ir/search.php?detail/027000267950" "Mozilla/5.0 AppleWebKit/537.36 (KHTML, like Gecko; compatible; GPTBot/1.3; +https://openai.com/gptbot)"
74.7.227.12 - - [23/Mar/2026:15:45:39 +0330] "GET /search.php?detail/064007928023 HTTP/1.1" 200 44442 "http://news.mantaraham.ir/search.php?detail/0640006861691" "Mozilla/5.0 AppleWebKit/537.36 (KHTML, like Gecko; compatible; GPTBot/1.3; +https://openai.com/gptbot)"
74.7.227.12 - - [23/Mar/2026:15:45:41 +0330] "GET /search.php?detail/064023348565 HTTP/1.1" 200 43919 "http://news.mantaraham.ir/search.php?detail/064017281289" "Mozilla/5.0 AppleWebKit/537.36 (KHTML, like Gecko; compatible; GPTBot/1.3; +https://openai.com/gptbot)"
74.7.227.12 - - [23/Mar/2026:15:45:42 +0330] "GET /search.php?detail/016026657638 HTTP/1.1" 200 44559 "http://news.mantaraham.ir/search.php?detail/01602585498962" "Mozilla/5.0 AppleWebKit/537.36 (KHTML, like Gecko; compatible; GPTBot/1.3; +https://openai.com/gptbot)"
74.7.227.12 - - [23/Mar/2026:15:45:44 +0330] "GET /search.php?detail/064021373176 HTTP/1.1" 200 44163 "http://news.mantaraham.ir/search.php?detail/06404967528528" "Mozilla/5.0 AppleWebKit/537.36 (KHTML, like Gecko; compatible; GPTBot/1.3; +https://openai.com/gptbot)"
74.7.227.12 - - [23/Mar/2026:15:45:45 +0330] "GET /search.php?detail/016030829205 HTTP/1.1" 200 44786 "http://news.mantaraham.ir/search.php?detail/01601285339295" "Mozilla/5.0 AppleWebKit/537.36 (KHTML, like Gecko; compatible; GPTBot/1.3; +https://openai.com/gptbot)"
74.7.227.12 - - [23/Mar/2026:15:45:46 +0330] "GET /search.php?detail/064011573754 HTTP/1.1" 200 44181 "http://news.mantaraham.ir/search.php?detail/06400451978130" "Mozilla/5.0 AppleWebKit/537.36 (KHTML, like Gecko; compatible; GPTBot/1.3; +https://openai.com/gptbot)"
142.93.208.146 - - [23/Mar/2026:15:45:48 +0330] "GET /wp-admin/maint/ HTTP/1.1" 200 1347 "binance.com" "Mozilla/5.0 (Windows NT 10.0; Win64; x64) AppleWebKit/537.36 (KHTML, like Gecko) Chrome/90.0.4430.85 Safari/537.36"
74.7.227.12 - - [23/Mar/2026:15:45:48 +0330] "GET /search.php?detail/016025596492 HTTP/1.1" 200 43871 "http://news.mantaraham.ir/search.php?detail/01603609712508" "Mozilla/5.0 AppleWebKit/537.36 (KHTML, like Gecko; compatible; GPTBot/1.3; +https://openai.com/gptbot)"
74.7.227.12 - - [23/Mar/2026:15:45:49 +0330] "GET /search.php?detail/016022483613 HTTP/1.1" 200 44807 "http://news.mantaraham.ir/search.php?jp/016041164.html" "Mozilla/5.0 AppleWebKit/537.36 (KHTML, like Gecko; compatible; GPTBot/1.3; +https://openai.com/gptbot)"
74.7.227.12 - - [23/Mar/2026:15:45:51 +0330] "GET /search.php?detail/016022790850 HTTP/1.1" 200 44104 "http://news.mantaraham.ir/search.php?detail/016006039916" "Mozilla/5.0 AppleWebKit/537.36 (KHTML, like Gecko; compatible; GPTBot/1.3; +https://openai.com/gptbot)"
74.7.227.12 - - [23/Mar/2026:15:45:52 +0330] "GET /search.php?detail/064019534963 HTTP/1.1" 200 43858 "http://news.mantaraham.ir/search.php?detail/0640174901601" "Mozilla/5.0 AppleWebKit/537.36 (KHTML, like Gecko; compatible; GPTBot/1.3; +https://openai.com/gptbot)"
142.93.208.146 - - [23/Mar/2026:15:45:53 +0330] "GET /wp-admin/maint/ HTTP/1.1" 200 1347 "binance.com" "Mozilla/5.0 (Windows NT 10.0; Win64; x64) AppleWebKit/537.36 (KHTML, like Gecko) Chrome/90.0.4430.85 Safari/537.36"
74.7.227.12 - - [23/Mar/2026:15:45:54 +0330] "GET /search.php?detail/016005239409 HTTP/1.1" 200 44708 "http://news.mantaraham.ir/search.php?detail/01602187027983" "Mozilla/5.0 AppleWebKit/537.36 (KHTML, like Gecko; compatible; GPTBot/1.3; +https://openai.com/gptbot)"
74.7.227.12 - - [23/Mar/2026:15:45:56 +0330] "GET /search.php?detail/016032621889 HTTP/1.1" 200 45029 "http://news.mantaraham.ir/search.php?detail/01600074592528" "Mozilla/5.0 AppleWebKit/537.36 (KHTML, like Gecko; compatible; GPTBot/1.3; +https://openai.com/gptbot)"
74.7.227.12 - - [23/Mar/2026:15:45:57 +0330] "GET /search.php?detail/016025586248 HTTP/1.1" 200 43927 "http://news.mantaraham.ir/search.php?detail/01603609712508" "Mozilla/5.0 AppleWebKit/537.36 (KHTML, like Gecko; compatible; GPTBot/1.3; +https://openai.com/gptbot)"
74.7.227.12 - - [23/Mar/2026:15:45:59 +0330] "GET /search.php?detail/064028970033 HTTP/1.1" 200 43913 "http://news.mantaraham.ir/search.php?detail/064006720705" "Mozilla/5.0 AppleWebKit/537.36 (KHTML, like Gecko; compatible; GPTBot/1.3; +https://openai.com/gptbot)"
74.7.227.12 - - [23/Mar/2026:15:46:00 +0330] "GET /search.php?detail/064024759144 HTTP/1.1" 200 44722 "http://news.mantaraham.ir/search.php?detail/064016911140" "Mozilla/5.0 AppleWebKit/537.36 (KHTML, like Gecko; compatible; GPTBot/1.3; +https://openai.com/gptbot)"
74.7.227.12 - - [23/Mar/2026:15:46:02 +0330] "GET /search.php?detail/016002059417 HTTP/1.1" 200 44333 "http://news.mantaraham.ir/search.php?detail/01600206244626" "Mozilla/5.0 AppleWebKit/537.36 (KHTML, like Gecko; compatible; GPTBot/1.3; +https://openai.com/gptbot)"
74.7.227.12 - - [23/Mar/2026:15:46:03 +0330] "GET /search.php?detail/064007943508 HTTP/1.1" 200 44084 "http://news.mantaraham.ir/search.php?detail/0640233533555" "Mozilla/5.0 AppleWebKit/537.36 (KHTML, like Gecko; compatible; GPTBot/1.3; +https://openai.com/gptbot)"
74.7.227.12 - - [23/Mar/2026:15:46:04 +0330] "GET /search.php?detail/064024757268 HTTP/1.1" 200 44060 "http://news.mantaraham.ir/search.php?detail/06400671320258" "Mozilla/5.0 AppleWebKit/537.36 (KHTML, like Gecko; compatible; GPTBot/1.3; +https://openai.com/gptbot)"
74.7.227.12 - - [23/Mar/2026:15:46:06 +0330] "GET /search.php?detail/016032643174 HTTP/1.1" 200 43930 "http://news.mantaraham.ir/search.php?detail/0160294757964" "Mozilla/5.0 AppleWebKit/537.36 (KHTML, like Gecko; compatible; GPTBot/1.3; +https://openai.com/gptbot)"
74.7.227.12 - - [23/Mar/2026:15:46:08 +0330] "GET /search.php?detail/064017465735 HTTP/1.1" 200 44011 "http://news.mantaraham.ir/search.php?detail/0640221139386" "Mozilla/5.0 AppleWebKit/537.36 (KHTML, like Gecko; compatible; GPTBot/1.3; +https://openai.com/gptbot)"
74.7.227.12 - - [23/Mar/2026:15:46:09 +0330] "GET /search.php?detail/064027730905 HTTP/1.1" 200 44806 "http://news.mantaraham.ir/search.php?detail/064035123864" "Mozilla/5.0 AppleWebKit/537.36 (KHTML, like Gecko; compatible; GPTBot/1.3; +https://openai.com/gptbot)"
142.93.208.146 - - [23/Mar/2026:15:46:10 +0330] "GET /wp-admin/maint/wp-login.php HTTP/1.1" 200 274 "binance.com" "Mozilla/5.0 (Windows NT 10.0; Win64; x64) AppleWebKit/537.36 (KHTML, like Gecko) Chrome/90.0.4430.85 Safari/537.36"
74.7.227.12 - - [23/Mar/2026:15:46:10 +0330] "GET /search.php?detail/064019045073 HTTP/1.1" 200 44005 "http://news.mantaraham.ir/search.php?detail/06402687297330" "Mozilla/5.0 AppleWebKit/537.36 (KHTML, like Gecko; compatible; GPTBot/1.3; +https://openai.com/gptbot)"
74.7.227.12 - - [23/Mar/2026:15:46:12 +0330] "GET /search.php?detail/064017496921 HTTP/1.1" 200 43921 "http://news.mantaraham.ir/search.php?detail/0640120498345" "Mozilla/5.0 AppleWebKit/537.36 (KHTML, like Gecko; compatible; GPTBot/1.3; +https://openai.com/gptbot)"
74.7.227.12 - - [23/Mar/2026:15:46:14 +0330] "GET /search.php?detail/016025817756 HTTP/1.1" 200 43958 "http://news.mantaraham.ir/search.php?detail/016038213595" "Mozilla/5.0 AppleWebKit/537.36 (KHTML, like Gecko; compatible; GPTBot/1.3; +https://openai.com/gptbot)"
74.7.227.12 - - [23/Mar/2026:15:46:15 +0330] "GET /search.php?detail/064042998323 HTTP/1.1" 200 43886 "http://news.mantaraham.ir/search.php?detail/064040821806" "Mozilla/5.0 AppleWebKit/537.36 (KHTML, like Gecko; compatible; GPTBot/1.3; +https://openai.com/gptbot)"
74.7.227.12 - - [23/Mar/2026:15:46:16 +0330] "GET /search.php?detail/016048763781 HTTP/1.1" 200 43882 "http://news.mantaraham.ir/search.php?detail/016032652208" "Mozilla/5.0 AppleWebKit/537.36 (KHTML, like Gecko; compatible; GPTBot/1.3; +https://openai.com/gptbot)"
74.7.227.12 - - [23/Mar/2026:15:46:18 +0330] "GET /search.php?detail/064013270055 HTTP/1.1" 200 45046 "http://news.mantaraham.ir/search.php?detail/06402686633644" "Mozilla/5.0 AppleWebKit/537.36 (KHTML, like Gecko; compatible; GPTBot/1.3; +https://openai.com/gptbot)"
74.7.227.12 - - [23/Mar/2026:15:46:19 +0330] "GET /search.php?detail/016048850390 HTTP/1.1" 200 44039 "http://news.mantaraham.ir/search.php?detail/016043955632" "Mozilla/5.0 AppleWebKit/537.36 (KHTML, like Gecko; compatible; GPTBot/1.3; +https://openai.com/gptbot)"
74.7.227.12 - - [23/Mar/2026:15:46:21 +0330] "GET /search.php?detail/016009324706 HTTP/1.1" 200 44384 "http://news.mantaraham.ir/search.php?detail/016000967136" "Mozilla/5.0 AppleWebKit/537.36 (KHTML, like Gecko; compatible; GPTBot/1.3; +https://openai.com/gptbot)"
74.7.227.12 - - [23/Mar/2026:15:46:22 +0330] "GET /search.php?detail/016033848691 HTTP/1.1" 200 45058 "http://news.mantaraham.ir/search.php?detail/01600931030810" "Mozilla/5.0 AppleWebKit/537.36 (KHTML, like Gecko; compatible; GPTBot/1.3; +https://openai.com/gptbot)"
74.7.227.12 - - [23/Mar/2026:15:46:24 +0330] "GET /search.php?detail/016032189400 HTTP/1.1" 200 44840 "http://news.mantaraham.ir/search.php?detail/0160463600611" "Mozilla/5.0 AppleWebKit/537.36 (KHTML, like Gecko; compatible; GPTBot/1.3; +https://openai.com/gptbot)"
74.7.227.12 - - [23/Mar/2026:15:46:26 +0330] "GET /search.php?detail/064008178590 HTTP/1.1" 200 44615 "http://news.mantaraham.ir/search.php?detail/06401383647983" "Mozilla/5.0 AppleWebKit/537.36 (KHTML, like Gecko; compatible; GPTBot/1.3; +https://openai.com/gptbot)"
74.7.227.12 - - [23/Mar/2026:15:46:27 +0330] "GET /search.php?detail/027003496084 HTTP/1.1" 200 44021 "http://news.mantaraham.ir/search.php?detail/0270415000140" "Mozilla/5.0 AppleWebKit/537.36 (KHTML, like Gecko; compatible; GPTBot/1.3; +https://openai.com/gptbot)"
74.7.227.12 - - [23/Mar/2026:15:46:29 +0330] "GET /search.php?detail/01604610278787 HTTP/1.1" 200 44027 "http://news.mantaraham.ir/search.php?detail/0160349949274" "Mozilla/5.0 AppleWebKit/537.36 (KHTML, like Gecko; compatible; GPTBot/1.3; +https://openai.com/gptbot)"
74.7.227.12 - - [23/Mar/2026:15:46:30 +0330] "GET /search.php?detail/06404582095582 HTTP/1.1" 200 44252 "http://news.mantaraham.ir/search.php?detail/064000149118" "Mozilla/5.0 AppleWebKit/537.36 (KHTML, like Gecko; compatible; GPTBot/1.3; +https://openai.com/gptbot)"
74.7.227.12 - - [23/Mar/2026:15:46:31 +0330] "GET /search.php?detail/01603084203045 HTTP/1.1" 200 43948 "http://news.mantaraham.ir/search.php?detail/016039778841" "Mozilla/5.0 AppleWebKit/537.36 (KHTML, like Gecko; compatible; GPTBot/1.3; +https://openai.com/gptbot)"
142.93.208.146 - - [23/Mar/2026:15:46:33 +0330] "GET /wp-admin/network/ HTTP/1.1" 200 1906 "binance.com" "Mozilla/5.0 (Windows NT 10.0; Win64; x64) AppleWebKit/537.36 (KHTML, like Gecko) Chrome/90.0.4430.85 Safari/537.36"
74.7.227.12 - - [23/Mar/2026:15:46:33 +0330] "GET /search.php?detail/01601730167435 HTTP/1.1" 200 44542 "http://news.mantaraham.ir/search.php?detail/0160112361275" "Mozilla/5.0 AppleWebKit/537.36 (KHTML, like Gecko; compatible; GPTBot/1.3; +https://openai.com/gptbot)"
74.7.227.12 - - [23/Mar/2026:15:46:34 +0330] "GET /search.php?detail/01601612578508 HTTP/1.1" 200 44001 "http://news.mantaraham.ir/search.php?detail/016048760913" "Mozilla/5.0 AppleWebKit/537.36 (KHTML, like Gecko; compatible; GPTBot/1.3; +https://openai.com/gptbot)"
74.7.227.12 - - [23/Mar/2026:15:46:36 +0330] "GET /search.php?detail/01603384980849 HTTP/1.1" 200 44667 "http://news.mantaraham.ir/search.php?detail/0160112483729" "Mozilla/5.0 AppleWebKit/537.36 (KHTML, like Gecko; compatible; GPTBot/1.3; +https://openai.com/gptbot)"
74.7.227.12 - - [23/Mar/2026:15:46:37 +0330] "GET /search.php?detail/06403535347758 HTTP/1.1" 200 43963 "http://news.mantaraham.ir/search.php?detail/064007355352" "Mozilla/5.0 AppleWebKit/537.36 (KHTML, like Gecko; compatible; GPTBot/1.3; +https://openai.com/gptbot)"
74.7.227.12 - - [23/Mar/2026:15:46:39 +0330] "GET /search.php?detail/0640005095096 HTTP/1.1" 200 44427 "http://news.mantaraham.ir/search.php?detail/0640067104840" "Mozilla/5.0 AppleWebKit/537.36 (KHTML, like Gecko; compatible; GPTBot/1.3; +https://openai.com/gptbot)"
74.7.227.12 - - [23/Mar/2026:15:46:41 +0330] "GET /search.php?detail/0100005932009 HTTP/1.1" 200 43982 "http://news.mantaraham.ir/search.php?detail/010007021638" "Mozilla/5.0 AppleWebKit/537.36 (KHTML, like Gecko; compatible; GPTBot/1.3; +https://openai.com/gptbot)"
74.7.227.12 - - [23/Mar/2026:15:46:42 +0330] "GET /search.php?detail/0100004049197 HTTP/1.1" 200 44576 "http://news.mantaraham.ir/search.php?detail/0100038004544" "Mozilla/5.0 AppleWebKit/537.36 (KHTML, like Gecko; compatible; GPTBot/1.3; +https://openai.com/gptbot)"
74.7.227.12 - - [23/Mar/2026:15:46:44 +0330] "GET /search.php?detail/010007000711 HTTP/1.1" 200 43962 "http://news.mantaraham.ir/search.php?detail/0100070191081" "Mozilla/5.0 AppleWebKit/537.36 (KHTML, like Gecko; compatible; GPTBot/1.3; +https://openai.com/gptbot)"
74.7.227.12 - - [23/Mar/2026:15:46:45 +0330] "GET /search.php?detail/016011160180 HTTP/1.1" 200 43743 "http://news.mantaraham.ir/search.php?detail/0160007445568" "Mozilla/5.0 AppleWebKit/537.36 (KHTML, like Gecko; compatible; GPTBot/1.3; +https://openai.com/gptbot)"
74.7.227.12 - - [23/Mar/2026:15:46:46 +0330] "GET /search.php?detail/0160326586122 HTTP/1.1" 200 44268 "http://news.mantaraham.ir/search.php?detail/016001154518" "Mozilla/5.0 AppleWebKit/537.36 (KHTML, like Gecko; compatible; GPTBot/1.3; +https://openai.com/gptbot)"
74.7.227.12 - - [23/Mar/2026:15:46:48 +0330] "GET /search.php?detail/0640262390356 HTTP/1.1" 200 43884 "http://news.mantaraham.ir/search.php?jp/064018818.html" "Mozilla/5.0 AppleWebKit/537.36 (KHTML, like Gecko; compatible; GPTBot/1.3; +https://openai.com/gptbot)"
74.7.227.12 - - [23/Mar/2026:15:46:50 +0330] "GET /search.php?detail/0160232450070 HTTP/1.1" 200 43844 "http://news.mantaraham.ir/search.php?detail/01602239485004" "Mozilla/5.0 AppleWebKit/537.36 (KHTML, like Gecko; compatible; GPTBot/1.3; +https://openai.com/gptbot)"
74.7.227.12 - - [23/Mar/2026:15:46:51 +0330] "GET /search.php?detail/0640130824341 HTTP/1.1" 200 44257 "http://news.mantaraham.ir/search.php?detail/06400403069203" "Mozilla/5.0 AppleWebKit/537.36 (KHTML, like Gecko; compatible; GPTBot/1.3; +https://openai.com/gptbot)"
74.7.227.12 - - [23/Mar/2026:15:46:53 +0330] "GET /search.php?detail/0640204683341 HTTP/1.1" 200 44713 "http://news.mantaraham.ir/search.php?detail/064029413737" "Mozilla/5.0 AppleWebKit/537.36 (KHTML, like Gecko; compatible; GPTBot/1.3; +https://openai.com/gptbot)"
74.7.227.12 - - [23/Mar/2026:15:46:54 +0330] "GET /search.php?detail/0160397886809 HTTP/1.1" 200 43855 "http://news.mantaraham.ir/search.php?detail/0160382873642" "Mozilla/5.0 AppleWebKit/537.36 (KHTML, like Gecko; compatible; GPTBot/1.3; +https://openai.com/gptbot)"
74.7.227.12 - - [23/Mar/2026:15:46:56 +0330] "GET /search.php?detail/0160243393210 HTTP/1.1" 200 43871 "http://news.mantaraham.ir/search.php?detail/016006039916" "Mozilla/5.0 AppleWebKit/537.36 (KHTML, like Gecko; compatible; GPTBot/1.3; +https://openai.com/gptbot)"
74.7.227.12 - - [23/Mar/2026:15:46:58 +0330] "GET /search.php?detail/0640387786718 HTTP/1.1" 200 43718 "http://news.mantaraham.ir/search.php?detail/064012225933" "Mozilla/5.0 AppleWebKit/537.36 (KHTML, like Gecko; compatible; GPTBot/1.3; +https://openai.com/gptbot)"
74.7.227.12 - - [23/Mar/2026:15:46:59 +0330] "GET /search.php?detail/0160417914489 HTTP/1.1" 200 44248 "http://news.mantaraham.ir/search.php?detail/016025605521" "Mozilla/5.0 AppleWebKit/537.36 (KHTML, like Gecko; compatible; GPTBot/1.3; +https://openai.com/gptbot)"
74.7.227.12 - - [23/Mar/2026:15:47:01 +0330] "GET /search.php?detail/0640188255480 HTTP/1.1" 200 44219 "http://news.mantaraham.ir/search.php?detail/0640262406053" "Mozilla/5.0 AppleWebKit/537.36 (KHTML, like Gecko; compatible; GPTBot/1.3; +https://openai.com/gptbot)"
142.93.208.146 - - [23/Mar/2026:15:47:01 +0330] "GET /wp-admin/network/shop.php HTTP/1.1" 200 274 "binance.com" "Mozilla/5.0 (Windows NT 10.0; Win64; x64) AppleWebKit/537.36 (KHTML, like Gecko) Chrome/90.0.4430.85 Safari/537.36"
74.7.227.12 - - [23/Mar/2026:15:47:02 +0330] "GET /search.php?detail/0640268583508 HTTP/1.1" 200 43879 "http://news.mantaraham.ir/search.php?jp/064018818.html" "Mozilla/5.0 AppleWebKit/537.36 (KHTML, like Gecko; compatible; GPTBot/1.3; +https://openai.com/gptbot)"
74.7.227.12 - - [23/Mar/2026:15:47:04 +0330] "GET /search.php?detail/0640481369880 HTTP/1.1" 200 44949 "http://news.mantaraham.ir/search.php?detail/06401163286983" "Mozilla/5.0 AppleWebKit/537.36 (KHTML, like Gecko; compatible; GPTBot/1.3; +https://openai.com/gptbot)"
74.7.227.12 - - [23/Mar/2026:15:47:05 +0330] "GET /search.php?detail/0640446726379 HTTP/1.1" 200 45087 "http://news.mantaraham.ir/search.php?detail/06403772115756" "Mozilla/5.0 AppleWebKit/537.36 (KHTML, like Gecko; compatible; GPTBot/1.3; +https://openai.com/gptbot)"
74.7.227.12 - - [23/Mar/2026:15:47:06 +0330] "GET /search.php?detail/0160463574364 HTTP/1.1" 200 44075 "http://news.mantaraham.ir/search.php?detail/016006025132" "Mozilla/5.0 AppleWebKit/537.36 (KHTML, like Gecko; compatible; GPTBot/1.3; +https://openai.com/gptbot)"
74.7.227.12 - - [23/Mar/2026:15:47:08 +0330] "GET /search.php?detail/0160296708778 HTTP/1.1" 200 44533 "http://news.mantaraham.ir/search.php?detail/0160294592671" "Mozilla/5.0 AppleWebKit/537.36 (KHTML, like Gecko; compatible; GPTBot/1.3; +https://openai.com/gptbot)"
74.7.227.12 - - [23/Mar/2026:15:47:09 +0330] "GET /search.php?detail/0640089781767 HTTP/1.1" 200 44846 "http://news.mantaraham.ir/search.php?detail/06403748091713" "Mozilla/5.0 AppleWebKit/537.36 (KHTML, like Gecko; compatible; GPTBot/1.3; +https://openai.com/gptbot)"
74.7.227.12 - - [23/Mar/2026:15:47:11 +0330] "GET /search.php?detail/0270062257399 HTTP/1.1" 200 44509 "http://news.mantaraham.ir/search.php?detail/0270415105551" "Mozilla/5.0 AppleWebKit/537.36 (KHTML, like Gecko; compatible; GPTBot/1.3; +https://openai.com/gptbot)"
74.7.227.12 - - [23/Mar/2026:15:47:12 +0330] "GET /search.php?detail/0640285611516 HTTP/1.1" 200 44295 "http://news.mantaraham.ir/search.php?detail/0640387824973" "Mozilla/5.0 AppleWebKit/537.36 (KHTML, like Gecko; compatible; GPTBot/1.3; +https://openai.com/gptbot)"
74.7.227.12 - - [23/Mar/2026:15:47:14 +0330] "GET /search.php?detail/0640398968826 HTTP/1.1" 200 43969 "http://news.mantaraham.ir/search.php?detail/064013263815" "Mozilla/5.0 AppleWebKit/537.36 (KHTML, like Gecko; compatible; GPTBot/1.3; +https://openai.com/gptbot)"
74.7.227.12 - - [23/Mar/2026:15:47:15 +0330] "GET /search.php?detail/0640337276756 HTTP/1.1" 200 43812 "http://news.mantaraham.ir/search.php?detail/064000756559" "Mozilla/5.0 AppleWebKit/537.36 (KHTML, like Gecko; compatible; GPTBot/1.3; +https://openai.com/gptbot)"
142.93.208.146 - - [23/Mar/2026:15:47:15 +0330] "GET /wp-admin/network/wp-login.php HTTP/1.1" 200 5139 "binance.com" "Mozilla/5.0 (Windows NT 10.0; Win64; x64) AppleWebKit/537.36 (KHTML, like Gecko) Chrome/90.0.4430.85 Safari/537.36"
74.7.227.12 - - [23/Mar/2026:15:47:16 +0330] "GET /search.php?detail/0160367644977 HTTP/1.1" 200 43810 "http://news.mantaraham.ir/search.php?detail/0160492281639" "Mozilla/5.0 AppleWebKit/537.36 (KHTML, like Gecko; compatible; GPTBot/1.3; +https://openai.com/gptbot)"
74.7.227.12 - - [23/Mar/2026:15:47:18 +0330] "GET /search.php?detail/0160326359131 HTTP/1.1" 200 44668 "http://news.mantaraham.ir/search.php?detail/0160294757964" "Mozilla/5.0 AppleWebKit/537.36 (KHTML, like Gecko; compatible; GPTBot/1.3; +https://openai.com/gptbot)"
74.7.227.12 - - [23/Mar/2026:15:47:19 +0330] "GET /search.php?detail/0160028545568 HTTP/1.1" 200 43878 "http://news.mantaraham.ir/search.php?detail/016010496716" "Mozilla/5.0 AppleWebKit/537.36 (KHTML, like Gecko; compatible; GPTBot/1.3; +https://openai.com/gptbot)"
74.7.227.12 - - [23/Mar/2026:15:47:21 +0330] "GET /search.php?detail/0640174690849 HTTP/1.1" 200 43759 "http://news.mantaraham.ir/search.php?detail/0640221139386" "Mozilla/5.0 AppleWebKit/537.36 (KHTML, like Gecko; compatible; GPTBot/1.3; +https://openai.com/gptbot)"
