74.7.227.12 - - [23/Mar/2026:16:13:41 +0330] "GET /search.php?detail/068006427559 HTTP/1.1" 200 44839 "http://news.mantaraham.ir/search.php?detail/068034031888" "Mozilla/5.0 AppleWebKit/537.36 (KHTML, like Gecko; compatible; GPTBot/1.3; +https://openai.com/gptbot)"
74.7.227.12 - - [23/Mar/2026:16:13:43 +0330] "GET /search.php?detail/065038931231 HTTP/1.1" 200 45157 "http://news.mantaraham.ir/search.php?detail/065040221505" "Mozilla/5.0 AppleWebKit/537.36 (KHTML, like Gecko; compatible; GPTBot/1.3; +https://openai.com/gptbot)"
74.7.227.12 - - [23/Mar/2026:16:13:45 +0330] "GET /search.php?detail/068012235809 HTTP/1.1" 200 45338 "http://news.mantaraham.ir/search.php?detail/06802694612541" "Mozilla/5.0 AppleWebKit/537.36 (KHTML, like Gecko; compatible; GPTBot/1.3; +https://openai.com/gptbot)"
74.7.227.12 - - [23/Mar/2026:16:13:46 +0330] "GET /search.php?detail/015013582456 HTTP/1.1" 200 43704 "http://news.mantaraham.ir/search.php?detail/015013577629" "Mozilla/5.0 AppleWebKit/537.36 (KHTML, like Gecko; compatible; GPTBot/1.3; +https://openai.com/gptbot)"
74.7.227.12 - - [23/Mar/2026:16:13:48 +0330] "GET /search.php?detail/068041231065 HTTP/1.1" 200 43940 "http://news.mantaraham.ir/search.php?detail/06801219703829" "Mozilla/5.0 AppleWebKit/537.36 (KHTML, like Gecko; compatible; GPTBot/1.3; +https://openai.com/gptbot)"
74.7.227.12 - - [23/Mar/2026:16:13:49 +0330] "GET /search.php?detail/068007942525 HTTP/1.1" 200 44576 "http://news.mantaraham.ir/search.php?detail/06800955131292" "Mozilla/5.0 AppleWebKit/537.36 (KHTML, like Gecko; compatible; GPTBot/1.3; +https://openai.com/gptbot)"
74.7.227.12 - - [23/Mar/2026:16:13:51 +0330] "GET /search.php?detail/068017234706 HTTP/1.1" 200 44771 "http://news.mantaraham.ir/search.php?detail/06804548693309" "Mozilla/5.0 AppleWebKit/537.36 (KHTML, like Gecko; compatible; GPTBot/1.3; +https://openai.com/gptbot)"
74.7.227.12 - - [23/Mar/2026:16:13:53 +0330] "GET /search.php?detail/068025480537 HTTP/1.1" 200 44387 "http://news.mantaraham.ir/search.php?detail/0680254724533" "Mozilla/5.0 AppleWebKit/537.36 (KHTML, like Gecko; compatible; GPTBot/1.3; +https://openai.com/gptbot)"
142.93.208.146 - - [23/Mar/2026:16:13:44 +0330] "POST /wp-admin/css/colors/light/wp-login.php HTTP/1.1" 200 19499 "http://news.mantaraham.ir/wp-admin/css/colors/light/wp-login.php" "Mozilla/5.0 (Windows NT 10.0; Win64; x64) AppleWebKit/537.36 (KHTML, like Gecko) Chrome/90.0.4430.85 Safari/537.36"
74.7.227.12 - - [23/Mar/2026:16:13:54 +0330] "GET /search.php?detail/068040481359 HTTP/1.1" 200 44482 "http://news.mantaraham.ir/search.php?detail/068005286661" "Mozilla/5.0 AppleWebKit/537.36 (KHTML, like Gecko; compatible; GPTBot/1.3; +https://openai.com/gptbot)"
74.7.227.12 - - [23/Mar/2026:16:13:55 +0330] "GET /search.php?detail/015018747602 HTTP/1.1" 200 44806 "http://news.mantaraham.ir/search.php?detail/01501200044492" "Mozilla/5.0 AppleWebKit/537.36 (KHTML, like Gecko; compatible; GPTBot/1.3; +https://openai.com/gptbot)"
74.7.227.12 - - [23/Mar/2026:16:13:57 +0330] "GET /search.php?detail/0680262392992 HTTP/1.1" 200 45173 "http://news.mantaraham.ir/search.php?detail/0680254724533" "Mozilla/5.0 AppleWebKit/537.36 (KHTML, like Gecko; compatible; GPTBot/1.3; +https://openai.com/gptbot)"
74.7.227.12 - - [23/Mar/2026:16:13:58 +0330] "GET /search.php?detail/0680074470616 HTTP/1.1" 200 44529 "http://news.mantaraham.ir/search.php?detail/06804603329129" "Mozilla/5.0 AppleWebKit/537.36 (KHTML, like Gecko; compatible; GPTBot/1.3; +https://openai.com/gptbot)"
74.7.227.12 - - [23/Mar/2026:16:14:00 +0330] "GET /search.php?detail/065034132724 HTTP/1.1" 200 44991 "http://news.mantaraham.ir/search.php?detail/065038931231" "Mozilla/5.0 AppleWebKit/537.36 (KHTML, like Gecko; compatible; GPTBot/1.3; +https://openai.com/gptbot)"
74.7.227.12 - - [23/Mar/2026:16:14:01 +0330] "GET /search.php?detail/0680252325620 HTTP/1.1" 200 43675 "http://news.mantaraham.ir/search.php?detail/068015934016" "Mozilla/5.0 AppleWebKit/537.36 (KHTML, like Gecko; compatible; GPTBot/1.3; +https://openai.com/gptbot)"
74.7.227.12 - - [23/Mar/2026:16:14:03 +0330] "GET /search.php?detail/0680460363611 HTTP/1.1" 200 44542 "http://news.mantaraham.ir/search.php?detail/0680361091010" "Mozilla/5.0 AppleWebKit/537.36 (KHTML, like Gecko; compatible; GPTBot/1.3; +https://openai.com/gptbot)"
142.93.208.146 - - [23/Mar/2026:16:08:04 +0330] "GET /wp-admin/css/colors/ectoplasm/pxlhtxkzys.php HTTP/1.1" 200 0 "binance.com" "Mozilla/5.0 (Windows NT 10.0; Win64; x64) AppleWebKit/537.36 (KHTML, like Gecko) Chrome/90.0.4430.85 Safari/537.36"
142.93.208.146 - - [23/Mar/2026:16:08:44 +0330] "GET /wp-admin/css/colors/ectoplasm/head.php HTTP/1.1" 403 787 "binance.com" "Mozilla/5.0 (Windows NT 10.0; Win64; x64) AppleWebKit/537.36 (KHTML, like Gecko) Chrome/90.0.4430.85 Safari/537.36"
142.93.208.146 - - [23/Mar/2026:16:08:51 +0330] "GET /wp-admin/css/colors/ectoplasm/wp-login.php HTTP/1.1" 200 4558 "binance.com" "Mozilla/5.0 (Windows NT 10.0; Win64; x64) AppleWebKit/537.36 (KHTML, like Gecko) Chrome/90.0.4430.85 Safari/537.36"
142.93.208.146 - - [23/Mar/2026:16:09:15 +0330] "GET /wp-admin/css/colors/ectoplasm/ryddziarci.php HTTP/1.1" 200 0 "binance.com" "Mozilla/5.0 (Windows NT 10.0; Win64; x64) AppleWebKit/537.36 (KHTML, like Gecko) Chrome/90.0.4430.85 Safari/537.36"
142.93.208.146 - - [23/Mar/2026:16:09:40 +0330] "GET /wp-admin/css/colors/ectoplasm/wp-login.php HTTP/1.1" 200 18942 "-" "Mozilla/5.0 (Windows NT 10.0; Win64; x64) AppleWebKit/537.36 (KHTML, like Gecko) Chrome/90.0.4430.85 Safari/537.36"
142.93.208.146 - - [23/Mar/2026:16:09:49 +0330] "POST /wp-admin/css/colors/ectoplasm/wp-login.php HTTP/1.1" 200 18942 "http://news.mantaraham.ir/wp-admin/css/colors/ectoplasm/wp-login.php" "Mozilla/5.0 (Windows NT 10.0; Win64; x64) AppleWebKit/537.36 (KHTML, like Gecko) Chrome/90.0.4430.85 Safari/537.36"
17.241.227.214 - - [23/Mar/2026:16:10:22 +0330] "GET /89zoxvw4886.html HTTP/1.1" 200 0 "-" "Mozilla/5.0 (Macintosh; Intel Mac OS X 10_15_7) AppleWebKit/605.1.15 (KHTML, like Gecko) Version/17.4 Safari/605.1.15 (Applebot/0.1; +http://www.apple.com/go/applebot)"
216.73.216.186 - - [23/Mar/2026:16:10:37 +0330] "GET / HTTP/1.1" 200 0 "-" "Mozilla/5.0 AppleWebKit/537.36 (KHTML, like Gecko; compatible; ClaudeBot/1.0; +claudebot@anthropic.com)"
142.93.208.146 - - [23/Mar/2026:16:10:54 +0330] "GET /wp-admin/css/colors/light/yevruornjb.php HTTP/1.1" 200 0 "binance.com" "Mozilla/5.0 (Windows NT 10.0; Win64; x64) AppleWebKit/537.36 (KHTML, like Gecko) Chrome/90.0.4430.85 Safari/537.36"
17.241.219.19 - - [23/Mar/2026:16:12:24 +0330] "GET /7ddeur30172.html HTTP/1.1" 200 0 "-" "Mozilla/5.0 (Macintosh; Intel Mac OS X 10_15_7) AppleWebKit/605.1.15 (KHTML, like Gecko) Version/17.4 Safari/605.1.15 (Applebot/0.1; +http://www.apple.com/go/applebot)"
142.93.208.146 - - [23/Mar/2026:16:12:30 +0330] "GET /wp-admin/css/colors/light/wp-login.php HTTP/1.1" 200 4610 "binance.com" "Mozilla/5.0 (Windows NT 10.0; Win64; x64) AppleWebKit/537.36 (KHTML, like Gecko) Chrome/90.0.4430.85 Safari/537.36"
74.7.227.12 - - [23/Mar/2026:16:14:04 +0330] "GET /search.php?detail/0680474147714 HTTP/1.1" 200 44391 "http://news.mantaraham.ir/search.php?detail/0680419526366" "Mozilla/5.0 AppleWebKit/537.36 (KHTML, like Gecko; compatible; GPTBot/1.3; +https://openai.com/gptbot)"
142.93.208.146 - - [23/Mar/2026:16:14:06 +0330] "GET /wp-admin/css/colors/light/laismbobjs.php HTTP/1.1" 200 0 "binance.com" "Mozilla/5.0 (Windows NT 10.0; Win64; x64) AppleWebKit/537.36 (KHTML, like Gecko) Chrome/90.0.4430.85 Safari/537.36"
74.7.227.12 - - [23/Mar/2026:16:14:05 +0330] "GET /search.php?detail/0680079376790 HTTP/1.1" 200 44469 "http://news.mantaraham.ir/search.php?detail/06800955131292" "Mozilla/5.0 AppleWebKit/537.36 (KHTML, like Gecko; compatible; GPTBot/1.3; +https://openai.com/gptbot)"
74.7.227.12 - - [23/Mar/2026:16:14:07 +0330] "GET /search.php?detail/0150120039292 HTTP/1.1" 200 43623 "http://news.mantaraham.ir/search.php?detail/0150120026373" "Mozilla/5.0 AppleWebKit/537.36 (KHTML, like Gecko; compatible; GPTBot/1.3; +https://openai.com/gptbot)"
74.7.227.12 - - [23/Mar/2026:16:14:08 +0330] "GET /search.php?detail/0680284182084 HTTP/1.1" 200 44927 "http://news.mantaraham.ir/search.php?detail/068021666461" "Mozilla/5.0 AppleWebKit/537.36 (KHTML, like Gecko; compatible; GPTBot/1.3; +https://openai.com/gptbot)"
74.7.227.12 - - [23/Mar/2026:16:14:10 +0330] "GET /search.php?detail/06800610861122 HTTP/1.1" 200 44124 "http://news.mantaraham.ir/search.php?detail/068034031888" "Mozilla/5.0 AppleWebKit/537.36 (KHTML, like Gecko; compatible; GPTBot/1.3; +https://openai.com/gptbot)"
74.7.227.12 - - [23/Mar/2026:16:14:12 +0330] "GET /search.php?detail/01501874691306 HTTP/1.1" 200 44239 "http://news.mantaraham.ir/search.php?detail/015018747602" "Mozilla/5.0 AppleWebKit/537.36 (KHTML, like Gecko; compatible; GPTBot/1.3; +https://openai.com/gptbot)"
74.7.227.12 - - [23/Mar/2026:16:14:13 +0330] "GET /search.php?detail/06803089887930 HTTP/1.1" 200 44214 "http://news.mantaraham.ir/search.php?detail/068023478574" "Mozilla/5.0 AppleWebKit/537.36 (KHTML, like Gecko; compatible; GPTBot/1.3; +https://openai.com/gptbot)"
74.7.227.12 - - [23/Mar/2026:16:14:15 +0330] "GET /search.php?detail/06801548448841 HTTP/1.1" 200 43873 "http://news.mantaraham.ir/search.php?detail/0680054720291" "Mozilla/5.0 AppleWebKit/537.36 (KHTML, like Gecko; compatible; GPTBot/1.3; +https://openai.com/gptbot)"
74.7.227.12 - - [23/Mar/2026:16:14:16 +0330] "GET /search.php?detail/065034791397 HTTP/1.1" 200 43951 "http://news.mantaraham.ir/search.php?detail/065034132724" "Mozilla/5.0 AppleWebKit/537.36 (KHTML, like Gecko; compatible; GPTBot/1.3; +https://openai.com/gptbot)"
74.7.227.12 - - [23/Mar/2026:16:14:18 +0330] "GET /search.php?detail/06501696790090 HTTP/1.1" 200 44913 "http://news.mantaraham.ir/search.php?detail/065007832031" "Mozilla/5.0 AppleWebKit/537.36 (KHTML, like Gecko; compatible; GPTBot/1.3; +https://openai.com/gptbot)"
74.7.227.12 - - [23/Mar/2026:16:14:19 +0330] "GET /search.php?detail/06501696910150 HTTP/1.1" 200 44105 "http://news.mantaraham.ir/search.php?detail/0650004790024" "Mozilla/5.0 AppleWebKit/537.36 (KHTML, like Gecko; compatible; GPTBot/1.3; +https://openai.com/gptbot)"
74.7.227.12 - - [23/Mar/2026:16:14:21 +0330] "GET /search.php?detail/06800290938088 HTTP/1.1" 200 44519 "http://news.mantaraham.ir/search.php?detail/0680215441895" "Mozilla/5.0 AppleWebKit/537.36 (KHTML, like Gecko; compatible; GPTBot/1.3; +https://openai.com/gptbot)"
142.93.208.146 - - [23/Mar/2026:16:14:22 +0330] "GET /wp-admin/css/colors/light/yindu.php HTTP/1.1" 403 787 "binance.com" "Mozilla/5.0 (Windows NT 10.0; Win64; x64) AppleWebKit/537.36 (KHTML, like Gecko) Chrome/90.0.4430.85 Safari/537.36"
74.7.227.12 - - [23/Mar/2026:16:14:22 +0330] "GET /search.php?detail/06802035429398 HTTP/1.1" 200 43740 "http://news.mantaraham.ir/search.php?detail/0680079376790" "Mozilla/5.0 AppleWebKit/537.36 (KHTML, like Gecko; compatible; GPTBot/1.3; +https://openai.com/gptbot)"
74.7.227.12 - - [23/Mar/2026:16:14:24 +0330] "GET /search.php?detail/06801330369309 HTTP/1.1" 200 44685 "http://news.mantaraham.ir/search.php?detail/0680252228638" "Mozilla/5.0 AppleWebKit/537.36 (KHTML, like Gecko; compatible; GPTBot/1.3; +https://openai.com/gptbot)"
74.7.227.12 - - [23/Mar/2026:16:14:26 +0330] "GET /search.php?detail/06501109103106 HTTP/1.1" 200 44305 "http://news.mantaraham.ir/search.php?detail/065000476499" "Mozilla/5.0 AppleWebKit/537.36 (KHTML, like Gecko; compatible; GPTBot/1.3; +https://openai.com/gptbot)"
74.7.227.12 - - [23/Mar/2026:16:14:27 +0330] "GET /search.php?detail/06503413003104 HTTP/1.1" 200 44368 "http://news.mantaraham.ir/search.php?detail/0650169760609" "Mozilla/5.0 AppleWebKit/537.36 (KHTML, like Gecko; compatible; GPTBot/1.3; +https://openai.com/gptbot)"
74.7.227.12 - - [23/Mar/2026:16:14:29 +0330] "GET /search.php?detail/068043562868 HTTP/1.1" 200 44414 "http://news.mantaraham.ir/search.php?detail/0680160061129" "Mozilla/5.0 AppleWebKit/537.36 (KHTML, like Gecko; compatible; GPTBot/1.3; +https://openai.com/gptbot)"
142.93.208.146 - - [23/Mar/2026:16:14:31 +0330] "GET /wp-admin/css/colors/midnight/ HTTP/1.1" 200 1459 "binance.com" "Mozilla/5.0 (Windows NT 10.0; Win64; x64) AppleWebKit/537.36 (KHTML, like Gecko) Chrome/90.0.4430.85 Safari/537.36"
74.7.227.12 - - [23/Mar/2026:16:14:31 +0330] "GET /search.php?detail/068034066892 HTTP/1.1" 200 44798 "http://news.mantaraham.ir/search.php?detail/06801931579780" "Mozilla/5.0 AppleWebKit/537.36 (KHTML, like Gecko; compatible; GPTBot/1.3; +https://openai.com/gptbot)"
74.7.227.12 - - [23/Mar/2026:16:14:32 +0330] "GET /search.php?detail/068043069685 HTTP/1.1" 200 45183 "http://news.mantaraham.ir/search.php?detail/068026951793" "Mozilla/5.0 AppleWebKit/537.36 (KHTML, like Gecko; compatible; GPTBot/1.3; +https://openai.com/gptbot)"
74.7.227.12 - - [23/Mar/2026:16:14:34 +0330] "GET /search.php?detail/065016971728 HTTP/1.1" 200 44064 "http://news.mantaraham.ir/search.php?detail/065034791397" "Mozilla/5.0 AppleWebKit/537.36 (KHTML, like Gecko; compatible; GPTBot/1.3; +https://openai.com/gptbot)"
74.7.227.12 - - [23/Mar/2026:16:14:35 +0330] "GET /search.php?detail/068037065672 HTTP/1.1" 200 44089 "http://news.mantaraham.ir/search.php?detail/0680423617238" "Mozilla/5.0 AppleWebKit/537.36 (KHTML, like Gecko; compatible; GPTBot/1.3; +https://openai.com/gptbot)"
74.7.227.12 - - [23/Mar/2026:16:14:37 +0330] "GET /search.php?detail/068013541303 HTTP/1.1" 200 44008 "http://news.mantaraham.ir/search.php?detail/068009096894" "Mozilla/5.0 AppleWebKit/537.36 (KHTML, like Gecko; compatible; GPTBot/1.3; +https://openai.com/gptbot)"
74.7.227.12 - - [23/Mar/2026:16:14:38 +0330] "GET /search.php?detail/068043375306 HTTP/1.1" 200 43610 "http://news.mantaraham.ir/search.php?detail/0680064999706" "Mozilla/5.0 AppleWebKit/537.36 (KHTML, like Gecko; compatible; GPTBot/1.3; +https://openai.com/gptbot)"
74.7.227.12 - - [23/Mar/2026:16:14:40 +0330] "GET /search.php?detail/065043784704 HTTP/1.1" 200 44384 "http://news.mantaraham.ir/search.php?detail/06501978376980" "Mozilla/5.0 AppleWebKit/537.36 (KHTML, like Gecko; compatible; GPTBot/1.3; +https://openai.com/gptbot)"
74.7.227.12 - - [23/Mar/2026:16:14:41 +0330] "GET /search.php?detail/068042748081 HTTP/1.1" 200 44254 "http://news.mantaraham.ir/search.php?detail/06800642890002" "Mozilla/5.0 AppleWebKit/537.36 (KHTML, like Gecko; compatible; GPTBot/1.3; +https://openai.com/gptbot)"
74.7.227.12 - - [23/Mar/2026:16:14:43 +0330] "GET /search.php?detail/068023234903 HTTP/1.1" 200 44572 "http://news.mantaraham.ir/search.php?detail/06802842639254" "Mozilla/5.0 AppleWebKit/537.36 (KHTML, like Gecko; compatible; GPTBot/1.3; +https://openai.com/gptbot)"
142.93.208.146 - - [23/Mar/2026:16:14:45 +0330] "GET /wp-admin/css/colors/midnight/ HTTP/1.1" 200 1459 "binance.com" "Mozilla/5.0 (Windows NT 10.0; Win64; x64) AppleWebKit/537.36 (KHTML, like Gecko) Chrome/90.0.4430.85 Safari/537.36"
74.7.227.12 - - [23/Mar/2026:16:14:44 +0330] "GET /search.php?detail/068023065462 HTTP/1.1" 200 43799 "http://news.mantaraham.ir/search.php?detail/068017802537" "Mozilla/5.0 AppleWebKit/537.36 (KHTML, like Gecko; compatible; GPTBot/1.3; +https://openai.com/gptbot)"
74.7.227.12 - - [23/Mar/2026:16:14:46 +0330] "GET /search.php?detail/06803211635293 HTTP/1.1" 200 44321 "http://news.mantaraham.ir/search.php?detail/068043562868" "Mozilla/5.0 AppleWebKit/537.36 (KHTML, like Gecko; compatible; GPTBot/1.3; +https://openai.com/gptbot)"
74.7.227.12 - - [23/Mar/2026:16:14:47 +0330] "GET /search.php?detail/068034063398 HTTP/1.1" 200 44224 "http://news.mantaraham.ir/search.php?jp/068024652.html" "Mozilla/5.0 AppleWebKit/537.36 (KHTML, like Gecko; compatible; GPTBot/1.3; +https://openai.com/gptbot)"
74.7.227.12 - - [23/Mar/2026:16:14:49 +0330] "GET /search.php?detail/068034060510 HTTP/1.1" 200 44014 "http://news.mantaraham.ir/search.php?jp/068024652.html" "Mozilla/5.0 AppleWebKit/537.36 (KHTML, like Gecko; compatible; GPTBot/1.3; +https://openai.com/gptbot)"
74.7.227.12 - - [23/Mar/2026:16:14:51 +0330] "GET /search.php?detail/065037220950 HTTP/1.1" 200 44158 "http://news.mantaraham.ir/search.php?detail/0650347845997" "Mozilla/5.0 AppleWebKit/537.36 (KHTML, like Gecko; compatible; GPTBot/1.3; +https://openai.com/gptbot)"
74.7.227.12 - - [23/Mar/2026:16:14:52 +0330] "GET /search.php?detail/068038088247 HTTP/1.1" 200 44012 "http://news.mantaraham.ir/search.php?detail/068046783957" "Mozilla/5.0 AppleWebKit/537.36 (KHTML, like Gecko; compatible; GPTBot/1.3; +https://openai.com/gptbot)"
142.93.208.146 - - [23/Mar/2026:16:14:53 +0330] "GET /wp-admin/css/colors/midnight/about.php HTTP/1.1" 200 4476 "binance.com" "Mozilla/5.0 (Windows NT 10.0; Win64; x64) AppleWebKit/537.36 (KHTML, like Gecko) Chrome/90.0.4430.85 Safari/537.36"
74.7.227.12 - - [23/Mar/2026:16:14:54 +0330] "GET /search.php?detail/068023060674 HTTP/1.1" 200 44444 "http://news.mantaraham.ir/search.php?detail/0680254643026" "Mozilla/5.0 AppleWebKit/537.36 (KHTML, like Gecko; compatible; GPTBot/1.3; +https://openai.com/gptbot)"
74.7.227.12 - - [23/Mar/2026:16:14:55 +0330] "GET /search.php?detail/068041711541 HTTP/1.1" 200 44659 "http://news.mantaraham.ir/search.php?detail/06802941224383" "Mozilla/5.0 AppleWebKit/537.36 (KHTML, like Gecko; compatible; GPTBot/1.3; +https://openai.com/gptbot)"
74.7.227.12 - - [23/Mar/2026:16:14:57 +0330] "GET /search.php?detail/068018755685 HTTP/1.1" 200 43972 "http://news.mantaraham.ir/search.php?detail/068031254129" "Mozilla/5.0 AppleWebKit/537.36 (KHTML, like Gecko; compatible; GPTBot/1.3; +https://openai.com/gptbot)"
74.7.227.12 - - [23/Mar/2026:16:14:59 +0330] "GET /search.php?detail/06804268176530 HTTP/1.1" 200 44996 "http://news.mantaraham.ir/search.php?detail/068042748081" "Mozilla/5.0 AppleWebKit/537.36 (KHTML, like Gecko; compatible; GPTBot/1.3; +https://openai.com/gptbot)"
74.7.227.12 - - [23/Mar/2026:16:15:00 +0330] "GET /search.php?detail/068029719482 HTTP/1.1" 200 44980 "http://news.mantaraham.ir/search.php?detail/068023234903" "Mozilla/5.0 AppleWebKit/537.36 (KHTML, like Gecko; compatible; GPTBot/1.3; +https://openai.com/gptbot)"
74.7.227.12 - - [23/Mar/2026:16:15:01 +0330] "GET /search.php?detail/068045484835 HTTP/1.1" 200 44552 "http://news.mantaraham.ir/search.php?detail/0680056839037" "Mozilla/5.0 AppleWebKit/537.36 (KHTML, like Gecko; compatible; GPTBot/1.3; +https://openai.com/gptbot)"
74.7.227.12 - - [23/Mar/2026:16:15:03 +0330] "GET /search.php?detail/06801087151294 HTTP/1.1" 200 45042 "http://news.mantaraham.ir/search.php?detail/06803211635293" "Mozilla/5.0 AppleWebKit/537.36 (KHTML, like Gecko; compatible; GPTBot/1.3; +https://openai.com/gptbot)"
142.93.208.146 - - [23/Mar/2026:16:15:03 +0330] "GET /wp-admin/css/colors/midnight/about.php HTTP/1.1" 200 4496 "binance.com" "Mozilla/5.0 (Windows NT 10.0; Win64; x64) AppleWebKit/537.36 (KHTML, like Gecko) Chrome/90.0.4430.85 Safari/537.36"
74.7.227.12 - - [23/Mar/2026:16:15:04 +0330] "GET /search.php?detail/068033506012 HTTP/1.1" 200 44747 "http://news.mantaraham.ir/search.php?detail/0680380203370" "Mozilla/5.0 AppleWebKit/537.36 (KHTML, like Gecko; compatible; GPTBot/1.3; +https://openai.com/gptbot)"
142.93.208.146 - - [23/Mar/2026:16:15:04 +0330] "POST /wp-admin/css/colors/midnight/about.php HTTP/1.1" 200 4476 "binance.com" "Mozilla/5.0 (Windows NT 10.0; Win64; x64) AppleWebKit/537.36 (KHTML, like Gecko) Chrome/90.0.4430.85 Safari/537.36"
74.7.227.12 - - [23/Mar/2026:16:15:06 +0330] "GET /search.php?detail/068040480521 HTTP/1.1" 200 44175 "http://news.mantaraham.ir/search.php?detail/0680346379174" "Mozilla/5.0 AppleWebKit/537.36 (KHTML, like Gecko; compatible; GPTBot/1.3; +https://openai.com/gptbot)"
74.7.227.12 - - [23/Mar/2026:16:15:07 +0330] "GET /search.php?detail/068038087289 HTTP/1.1" 200 44294 "http://news.mantaraham.ir/search.php?detail/068046783957" "Mozilla/5.0 AppleWebKit/537.36 (KHTML, like Gecko; compatible; GPTBot/1.3; +https://openai.com/gptbot)"
74.7.227.12 - - [23/Mar/2026:16:15:09 +0330] "GET /search.php?detail/068049386968 HTTP/1.1" 200 43982 "http://news.mantaraham.ir/search.php?detail/068025216759" "Mozilla/5.0 AppleWebKit/537.36 (KHTML, like Gecko; compatible; GPTBot/1.3; +https://openai.com/gptbot)"
74.7.227.12 - - [23/Mar/2026:16:15:10 +0330] "GET /search.php?detail/068006124960 HTTP/1.1" 200 44516 "http://news.mantaraham.ir/search.php?detail/068034031888" "Mozilla/5.0 AppleWebKit/537.36 (KHTML, like Gecko; compatible; GPTBot/1.3; +https://openai.com/gptbot)"
74.7.227.12 - - [23/Mar/2026:16:15:12 +0330] "GET /search.php?detail/06802960613705 HTTP/1.1" 200 44170 "http://news.mantaraham.ir/search.php?detail/068041711541" "Mozilla/5.0 AppleWebKit/537.36 (KHTML, like Gecko; compatible; GPTBot/1.3; +https://openai.com/gptbot)"
74.7.227.12 - - [23/Mar/2026:16:15:13 +0330] "GET /search.php?detail/068029592154 HTTP/1.1" 200 43769 "http://news.mantaraham.ir/search.php?detail/068041711541" "Mozilla/5.0 AppleWebKit/537.36 (KHTML, like Gecko; compatible; GPTBot/1.3; +https://openai.com/gptbot)"
74.7.227.12 - - [23/Mar/2026:16:15:15 +0330] "GET /search.php?detail/068023064092 HTTP/1.1" 200 44216 "http://news.mantaraham.ir/search.php?detail/068017802537" "Mozilla/5.0 AppleWebKit/537.36 (KHTML, like Gecko; compatible; GPTBot/1.3; +https://openai.com/gptbot)"
74.7.227.12 - - [23/Mar/2026:16:15:16 +0330] "GET /search.php?detail/06801214383152 HTTP/1.1" 200 43960 "http://news.mantaraham.ir/search.php?detail/068029719482" "Mozilla/5.0 AppleWebKit/537.36 (KHTML, like Gecko; compatible; GPTBot/1.3; +https://openai.com/gptbot)"
74.7.227.12 - - [23/Mar/2026:16:15:17 +0330] "GET /search.php?detail/068023061055 HTTP/1.1" 200 43594 "http://news.mantaraham.ir/search.php?detail/068017802537" "Mozilla/5.0 AppleWebKit/537.36 (KHTML, like Gecko; compatible; GPTBot/1.3; +https://openai.com/gptbot)"
74.7.227.12 - - [23/Mar/2026:16:15:19 +0330] "GET /search.php?detail/068023323621 HTTP/1.1" 200 43594 "http://news.mantaraham.ir/search.php?detail/06802842639254" "Mozilla/5.0 AppleWebKit/537.36 (KHTML, like Gecko; compatible; GPTBot/1.3; +https://openai.com/gptbot)"
74.7.227.12 - - [23/Mar/2026:16:15:20 +0330] "GET /search.php?detail/068034035608 HTTP/1.1" 200 44831 "http://news.mantaraham.ir/search.php?jp/068024652.html" "Mozilla/5.0 AppleWebKit/537.36 (KHTML, like Gecko; compatible; GPTBot/1.3; +https://openai.com/gptbot)"
74.7.227.12 - - [23/Mar/2026:16:15:22 +0330] "GET /search.php?detail/068012105126 HTTP/1.1" 200 44538 "http://news.mantaraham.ir/search.php?detail/068009464667" "Mozilla/5.0 AppleWebKit/537.36 (KHTML, like Gecko; compatible; GPTBot/1.3; +https://openai.com/gptbot)"
74.7.227.12 - - [23/Mar/2026:16:15:24 +0330] "GET /search.php?detail/06804171509136 HTTP/1.1" 200 44290 "http://news.mantaraham.ir/search.php?detail/068038087289" "Mozilla/5.0 AppleWebKit/537.36 (KHTML, like Gecko; compatible; GPTBot/1.3; +https://openai.com/gptbot)"
74.7.227.12 - - [23/Mar/2026:16:15:25 +0330] "GET /search.php?detail/068044214463 HTTP/1.1" 200 44269 "http://news.mantaraham.ir/search.php?detail/0680262392992" "Mozilla/5.0 AppleWebKit/537.36 (KHTML, like Gecko; compatible; GPTBot/1.3; +https://openai.com/gptbot)"
74.7.227.12 - - [23/Mar/2026:16:15:27 +0330] "GET /search.php?detail/068005478545 HTTP/1.1" 200 44662 "http://news.mantaraham.ir/search.php?detail/068036466420" "Mozilla/5.0 AppleWebKit/537.36 (KHTML, like Gecko; compatible; GPTBot/1.3; +https://openai.com/gptbot)"
74.7.227.12 - - [23/Mar/2026:16:15:29 +0330] "GET /search.php?detail/068006424310 HTTP/1.1" 200 44427 "http://news.mantaraham.ir/search.php?detail/068034031888" "Mozilla/5.0 AppleWebKit/537.36 (KHTML, like Gecko; compatible; GPTBot/1.3; +https://openai.com/gptbot)"
74.7.227.12 - - [23/Mar/2026:16:15:30 +0330] "GET /search.php?detail/033010178893 HTTP/1.1" 200 44161 "http://news.mantaraham.ir/search.php?detail/033000552376" "Mozilla/5.0 AppleWebKit/537.36 (KHTML, like Gecko; compatible; GPTBot/1.3; +https://openai.com/gptbot)"
74.7.227.12 - - [23/Mar/2026:16:15:31 +0330] "GET /search.php?detail/068044215323 HTTP/1.1" 200 44577 "http://news.mantaraham.ir/search.php?detail/068023064092" "Mozilla/5.0 AppleWebKit/537.36 (KHTML, like Gecko; compatible; GPTBot/1.3; +https://openai.com/gptbot)"
74.7.227.12 - - [23/Mar/2026:16:15:33 +0330] "GET /search.php?detail/06804355829966 HTTP/1.1" 200 43909 "http://news.mantaraham.ir/search.php?detail/068023064092" "Mozilla/5.0 AppleWebKit/537.36 (KHTML, like Gecko; compatible; GPTBot/1.3; +https://openai.com/gptbot)"
74.7.227.12 - - [23/Mar/2026:16:15:34 +0330] "GET /search.php?detail/0680122293784 HTTP/1.1" 200 45085 "http://news.mantaraham.ir/search.php?detail/06801214383152" "Mozilla/5.0 AppleWebKit/537.36 (KHTML, like Gecko; compatible; GPTBot/1.3; +https://openai.com/gptbot)"
74.7.227.12 - - [23/Mar/2026:16:15:36 +0330] "GET /search.php?detail/06804889227619 HTTP/1.1" 200 45209 "http://news.mantaraham.ir/search.php?detail/068023323621" "Mozilla/5.0 AppleWebKit/537.36 (KHTML, like Gecko; compatible; GPTBot/1.3; +https://openai.com/gptbot)"
74.7.227.12 - - [23/Mar/2026:16:15:37 +0330] "GET /search.php?detail/06803849657443 HTTP/1.1" 200 43890 "http://news.mantaraham.ir/search.php?detail/068034035608" "Mozilla/5.0 AppleWebKit/537.36 (KHTML, like Gecko; compatible; GPTBot/1.3; +https://openai.com/gptbot)"
74.7.227.12 - - [23/Mar/2026:16:15:39 +0330] "GET /search.php?detail/0680382853860 HTTP/1.1" 200 44717 "http://news.mantaraham.ir/search.php?detail/068034035608" "Mozilla/5.0 AppleWebKit/537.36 (KHTML, like Gecko; compatible; GPTBot/1.3; +https://openai.com/gptbot)"
74.7.227.12 - - [23/Mar/2026:16:15:40 +0330] "GET /search.php?detail/068030375790 HTTP/1.1" 200 44570 "http://news.mantaraham.ir/search.php?detail/068023478574" "Mozilla/5.0 AppleWebKit/537.36 (KHTML, like Gecko; compatible; GPTBot/1.3; +https://openai.com/gptbot)"
74.7.227.12 - - [23/Mar/2026:16:15:42 +0330] "GET /search.php?detail/068031080716 HTTP/1.1" 200 43978 "http://news.mantaraham.ir/search.php?detail/0680061108556" "Mozilla/5.0 AppleWebKit/537.36 (KHTML, like Gecko; compatible; GPTBot/1.3; +https://openai.com/gptbot)"
74.7.227.12 - - [23/Mar/2026:16:15:43 +0330] "GET /search.php?detail/068021039060 HTTP/1.1" 200 44683 "http://news.mantaraham.ir/search.php?detail/068011432934" "Mozilla/5.0 AppleWebKit/537.36 (KHTML, like Gecko; compatible; GPTBot/1.3; +https://openai.com/gptbot)"
74.7.227.12 - - [23/Mar/2026:16:15:45 +0330] "GET /search.php?detail/068040268994 HTTP/1.1" 200 44261 "http://news.mantaraham.ir/search.php?detail/068005286661" "Mozilla/5.0 AppleWebKit/537.36 (KHTML, like Gecko; compatible; GPTBot/1.3; +https://openai.com/gptbot)"
74.7.227.12 - - [23/Mar/2026:16:15:46 +0330] "GET /search.php?detail/068034022380 HTTP/1.1" 200 43876 "http://news.mantaraham.ir/search.php?detail/068038088247" "Mozilla/5.0 AppleWebKit/537.36 (KHTML, like Gecko; compatible; GPTBot/1.3; +https://openai.com/gptbot)"
74.7.227.12 - - [23/Mar/2026:16:15:47 +0330] "GET /search.php?goods/068040818 HTTP/1.1" 200 44712 "http://news.mantaraham.ir/search.php?detail/068044215323" "Mozilla/5.0 AppleWebKit/537.36 (KHTML, like Gecko; compatible; GPTBot/1.3; +https://openai.com/gptbot)"
74.7.227.12 - - [23/Mar/2026:16:15:49 +0330] "GET /search.php?detail/068018750701 HTTP/1.1" 200 43476 "http://news.mantaraham.ir/search.php?detail/068027000964" "Mozilla/5.0 AppleWebKit/537.36 (KHTML, like Gecko; compatible; GPTBot/1.3; +https://openai.com/gptbot)"
74.7.227.12 - - [23/Mar/2026:16:15:51 +0330] "GET /search.php?detail/068048398348 HTTP/1.1" 200 43915 "http://news.mantaraham.ir/search.php?detail/06801540276874" "Mozilla/5.0 AppleWebKit/537.36 (KHTML, like Gecko; compatible; GPTBot/1.3; +https://openai.com/gptbot)"
74.7.227.12 - - [23/Mar/2026:16:15:52 +0330] "GET /search.php?detail/068040820435 HTTP/1.1" 200 43588 "http://news.mantaraham.ir/search.php?detail/068046314829" "Mozilla/5.0 AppleWebKit/537.36 (KHTML, like Gecko; compatible; GPTBot/1.3; +https://openai.com/gptbot)"
74.7.227.12 - - [23/Mar/2026:16:15:53 +0330] "GET /search.php?detail/0680254683531 HTTP/1.1" 200 44129 "http://news.mantaraham.ir/search.php?detail/06803849657443" "Mozilla/5.0 AppleWebKit/537.36 (KHTML, like Gecko; compatible; GPTBot/1.3; +https://openai.com/gptbot)"
74.7.227.12 - - [23/Mar/2026:16:15:54 +0330] "GET /search.php?detail/068041196894 HTTP/1.1" 200 43700 "http://news.mantaraham.ir/search.php?detail/068006427559" "Mozilla/5.0 AppleWebKit/537.36 (KHTML, like Gecko; compatible; GPTBot/1.3; +https://openai.com/gptbot)"
74.7.227.12 - - [23/Mar/2026:16:15:56 +0330] "GET /search.php?detail/068002940594 HTTP/1.1" 200 45031 "http://news.mantaraham.ir/search.php?detail/06801874250654" "Mozilla/5.0 AppleWebKit/537.36 (KHTML, like Gecko; compatible; GPTBot/1.3; +https://openai.com/gptbot)"
74.7.227.12 - - [23/Mar/2026:16:15:58 +0330] "GET /search.php?detail/068013302368 HTTP/1.1" 200 44702 "http://news.mantaraham.ir/search.php?detail/0680252228638" "Mozilla/5.0 AppleWebKit/537.36 (KHTML, like Gecko; compatible; GPTBot/1.3; +https://openai.com/gptbot)"
74.7.227.12 - - [23/Mar/2026:16:15:59 +0330] "GET /search.php?detail/068038241267 HTTP/1.1" 200 43993 "http://news.mantaraham.ir/search.php?detail/068021039060" "Mozilla/5.0 AppleWebKit/537.36 (KHTML, like Gecko; compatible; GPTBot/1.3; +https://openai.com/gptbot)"
74.7.227.12 - - [23/Mar/2026:16:16:00 +0330] "GET /search.php?detail/068004390907 HTTP/1.1" 200 44656 "http://news.mantaraham.ir/search.php?detail/0680203362008" "Mozilla/5.0 AppleWebKit/537.36 (KHTML, like Gecko; compatible; GPTBot/1.3; +https://openai.com/gptbot)"
74.7.227.12 - - [23/Mar/2026:16:16:02 +0330] "GET /search.php?detail/068040871140 HTTP/1.1" 200 43465 "http://news.mantaraham.ir/search.php?detail/068046314829" "Mozilla/5.0 AppleWebKit/537.36 (KHTML, like Gecko; compatible; GPTBot/1.3; +https://openai.com/gptbot)"
74.7.227.12 - - [23/Mar/2026:16:16:03 +0330] "GET /search.php?detail/068034024111 HTTP/1.1" 200 44561 "http://news.mantaraham.ir/search.php?goods/068040818" "Mozilla/5.0 AppleWebKit/537.36 (KHTML, like Gecko; compatible; GPTBot/1.3; +https://openai.com/gptbot)"
74.7.227.12 - - [23/Mar/2026:16:16:05 +0330] "GET /search.php?detail/068034040450 HTTP/1.1" 200 45440 "http://news.mantaraham.ir/search.php?goods/068040818" "Mozilla/5.0 AppleWebKit/537.36 (KHTML, like Gecko; compatible; GPTBot/1.3; +https://openai.com/gptbot)"
74.7.227.12 - - [23/Mar/2026:16:16:06 +0330] "GET /search.php?detail/06803403308016 HTTP/1.1" 200 44671 "http://news.mantaraham.ir/search.php?goods/068040818" "Mozilla/5.0 AppleWebKit/537.36 (KHTML, like Gecko; compatible; GPTBot/1.3; +https://openai.com/gptbot)"
74.7.227.12 - - [23/Mar/2026:16:16:08 +0330] "GET /search.php?detail/065007830365 HTTP/1.1" 200 43819 "http://news.mantaraham.ir/search.php?detail/065000467082" "Mozilla/5.0 AppleWebKit/537.36 (KHTML, like Gecko; compatible; GPTBot/1.3; +https://openai.com/gptbot)"
74.7.227.12 - - [23/Mar/2026:16:16:09 +0330] "GET /search.php?detail/068019180612 HTTP/1.1" 200 43793 "http://news.mantaraham.ir/search.php?detail/068027000964" "Mozilla/5.0 AppleWebKit/537.36 (KHTML, like Gecko; compatible; GPTBot/1.3; +https://openai.com/gptbot)"
74.7.227.12 - - [23/Mar/2026:16:16:11 +0330] "GET /search.php?detail/068036576587 HTTP/1.1" 200 44671 "http://news.mantaraham.ir/search.php?detail/06804307750295" "Mozilla/5.0 AppleWebKit/537.36 (KHTML, like Gecko; compatible; GPTBot/1.3; +https://openai.com/gptbot)"
74.7.227.12 - - [23/Mar/2026:16:16:12 +0330] "GET /search.php?detail/068049380882 HTTP/1.1" 200 44097 "http://news.mantaraham.ir/search.php?detail/068025216759" "Mozilla/5.0 AppleWebKit/537.36 (KHTML, like Gecko; compatible; GPTBot/1.3; +https://openai.com/gptbot)"
74.7.227.12 - - [23/Mar/2026:16:16:13 +0330] "GET /search.php?detail/06500047777448 HTTP/1.1" 200 44114 "http://news.mantaraham.ir/search.php?detail/065000464074" "Mozilla/5.0 AppleWebKit/537.36 (KHTML, like Gecko; compatible; GPTBot/1.3; +https://openai.com/gptbot)"
74.7.227.12 - - [23/Mar/2026:16:16:18 +0330] "GET /search.php?detail/06800291150000 HTTP/1.1" 200 44498 "http://news.mantaraham.ir/search.php?detail/0680215441895" "Mozilla/5.0 AppleWebKit/537.36 (KHTML, like Gecko; compatible; GPTBot/1.3; +https://openai.com/gptbot)"
74.7.227.12 - - [23/Mar/2026:16:16:19 +0330] "GET /search.php?detail/068046027346 HTTP/1.1" 200 44423 "http://news.mantaraham.ir/search.php?detail/068004390907" "Mozilla/5.0 AppleWebKit/537.36 (KHTML, like Gecko; compatible; GPTBot/1.3; +https://openai.com/gptbot)"
74.7.227.12 - - [23/Mar/2026:16:16:21 +0330] "GET /search.php?detail/06800097822068 HTTP/1.1" 200 44400 "http://news.mantaraham.ir/search.php?detail/06802699957163" "Mozilla/5.0 AppleWebKit/537.36 (KHTML, like Gecko; compatible; GPTBot/1.3; +https://openai.com/gptbot)"
74.7.227.12 - - [23/Mar/2026:16:16:23 +0330] "GET /search.php?detail/06803402960000 HTTP/1.1" 200 44620 "http://news.mantaraham.ir/search.php?detail/06802508700074" "Mozilla/5.0 AppleWebKit/537.36 (KHTML, like Gecko; compatible; GPTBot/1.3; +https://openai.com/gptbot)"
74.7.227.12 - - [23/Mar/2026:16:16:25 +0330] "GET /search.php?detail/06804629689999 HTTP/1.1" 200 44003 "http://news.mantaraham.ir/search.php?detail/068026952178" "Mozilla/5.0 AppleWebKit/537.36 (KHTML, like Gecko; compatible; GPTBot/1.3; +https://openai.com/gptbot)"
74.7.227.12 - - [23/Mar/2026:16:16:26 +0330] "GET /search.php?jp/068037357.html HTTP/1.1" 200 44231 "http://news.mantaraham.ir/search.php?detail/06803403308016" "Mozilla/5.0 AppleWebKit/537.36 (KHTML, like Gecko; compatible; GPTBot/1.3; +https://openai.com/gptbot)"
74.7.227.12 - - [23/Mar/2026:16:16:28 +0330] "GET /search.php?detail/068038011632 HTTP/1.1" 200 44759 "http://news.mantaraham.ir/search.php?detail/06803403308016" "Mozilla/5.0 AppleWebKit/537.36 (KHTML, like Gecko; compatible; GPTBot/1.3; +https://openai.com/gptbot)"
74.7.227.12 - - [23/Mar/2026:16:16:29 +0330] "GET /search.php?detail/06803210098313 HTTP/1.1" 200 44657 "http://news.mantaraham.ir/search.php?detail/068019180612" "Mozilla/5.0 AppleWebKit/537.36 (KHTML, like Gecko; compatible; GPTBot/1.3; +https://openai.com/gptbot)"
142.93.208.146 - - [23/Mar/2026:16:16:27 +0330] "GET /wp-admin/css/colors/midnight/wp-login.php HTTP/1.1" 200 4476 "binance.com" "Mozilla/5.0 (Windows NT 10.0; Win64; x64) AppleWebKit/537.36 (KHTML, like Gecko) Chrome/90.0.4430.85 Safari/537.36"
74.7.227.12 - - [23/Mar/2026:16:16:31 +0330] "GET /search.php?detail/068032113233 HTTP/1.1" 200 45083 "http://news.mantaraham.ir/search.php?detail/068019180612" "Mozilla/5.0 AppleWebKit/537.36 (KHTML, like Gecko; compatible; GPTBot/1.3; +https://openai.com/gptbot)"
74.7.227.12 - - [23/Mar/2026:16:16:32 +0330] "GET /search.php?detail/02500040393039 HTTP/1.1" 200 43038 "http://news.mantaraham.ir/search.php?detail/02500040151820" "Mozilla/5.0 AppleWebKit/537.36 (KHTML, like Gecko; compatible; GPTBot/1.3; +https://openai.com/gptbot)"
74.7.227.12 - - [23/Mar/2026:16:16:34 +0330] "GET /search.php?detail/06802777738877 HTTP/1.1" 200 44448 "http://news.mantaraham.ir/search.php?detail/068006106049" "Mozilla/5.0 AppleWebKit/537.36 (KHTML, like Gecko; compatible; GPTBot/1.3; +https://openai.com/gptbot)"
74.7.227.12 - - [23/Mar/2026:16:16:35 +0330] "GET /search.php?detail/01500005936105 HTTP/1.1" 200 44133 "http://news.mantaraham.ir/search.php?detail/015013577629" "Mozilla/5.0 AppleWebKit/537.36 (KHTML, like Gecko; compatible; GPTBot/1.3; +https://openai.com/gptbot)"
74.7.227.12 - - [23/Mar/2026:16:16:37 +0330] "GET /search.php?detail/068010687106 HTTP/1.1" 200 44182 "http://news.mantaraham.ir/search.php?detail/06801356261359" "Mozilla/5.0 AppleWebKit/537.36 (KHTML, like Gecko; compatible; GPTBot/1.3; +https://openai.com/gptbot)"
74.7.227.12 - - [23/Mar/2026:16:16:39 +0330] "GET /search.php?detail/068048440550 HTTP/1.1" 200 45386 "http://news.mantaraham.ir/search.php?detail/068026342515" "Mozilla/5.0 AppleWebKit/537.36 (KHTML, like Gecko; compatible; GPTBot/1.3; +https://openai.com/gptbot)"
74.7.227.12 - - [23/Mar/2026:16:16:40 +0330] "GET /search.php?detail/068002676087 HTTP/1.1" 200 44114 "http://news.mantaraham.ir/search.php?detail/0680215441895" "Mozilla/5.0 AppleWebKit/537.36 (KHTML, like Gecko; compatible; GPTBot/1.3; +https://openai.com/gptbot)"
74.7.227.12 - - [23/Mar/2026:16:16:42 +0330] "GET /search.php?detail/0680338381281 HTTP/1.1" 200 43929 "http://news.mantaraham.ir/search.php?detail/06804629689999" "Mozilla/5.0 AppleWebKit/537.36 (KHTML, like Gecko; compatible; GPTBot/1.3; +https://openai.com/gptbot)"
74.7.227.12 - - [23/Mar/2026:16:16:43 +0330] "GET /search.php?detail/068003730838 HTTP/1.1" 200 43807 "http://news.mantaraham.ir/search.php?detail/06802332967074" "Mozilla/5.0 AppleWebKit/537.36 (KHTML, like Gecko; compatible; GPTBot/1.3; +https://openai.com/gptbot)"
74.7.227.12 - - [23/Mar/2026:16:16:45 +0330] "GET /search.php?detail/0680313998152 HTTP/1.1" 200 44284 "http://news.mantaraham.ir/search.php?detail/068038011632" "Mozilla/5.0 AppleWebKit/537.36 (KHTML, like Gecko; compatible; GPTBot/1.3; +https://openai.com/gptbot)"
74.7.227.12 - - [23/Mar/2026:16:16:47 +0330] "GET /search.php?detail/06803139829521 HTTP/1.1" 200 44033 "http://news.mantaraham.ir/search.php?detail/068038011632" "Mozilla/5.0 AppleWebKit/537.36 (KHTML, like Gecko; compatible; GPTBot/1.3; +https://openai.com/gptbot)"
74.7.227.12 - - [23/Mar/2026:16:16:48 +0330] "GET /search.php?detail/06803133663061 HTTP/1.1" 200 44627 "http://news.mantaraham.ir/search.php?detail/068038011632" "Mozilla/5.0 AppleWebKit/537.36 (KHTML, like Gecko; compatible; GPTBot/1.3; +https://openai.com/gptbot)"
74.7.227.12 - - [23/Mar/2026:16:16:49 +0330] "GET /search.php?detail/068048401009 HTTP/1.1" 200 44390 "http://news.mantaraham.ir/search.php?detail/068023323621" "Mozilla/5.0 AppleWebKit/537.36 (KHTML, like Gecko; compatible; GPTBot/1.3; +https://openai.com/gptbot)"
74.7.227.12 - - [23/Mar/2026:16:16:50 +0330] "GET /search.php?detail/068002620827 HTTP/1.1" 200 45392 "http://news.mantaraham.ir/search.php?detail/0680215441895" "Mozilla/5.0 AppleWebKit/537.36 (KHTML, like Gecko; compatible; GPTBot/1.3; +https://openai.com/gptbot)"
74.7.227.12 - - [23/Mar/2026:16:16:52 +0330] "GET /search.php?detail/068011776087 HTTP/1.1" 200 43855 "http://news.mantaraham.ir/search.php?detail/068022550290" "Mozilla/5.0 AppleWebKit/537.36 (KHTML, like Gecko; compatible; GPTBot/1.3; +https://openai.com/gptbot)"
74.7.227.12 - - [23/Mar/2026:16:16:54 +0330] "GET /search.php?detail/068029608982 HTTP/1.1" 200 44503 "http://news.mantaraham.ir/search.php?detail/0680172249203" "Mozilla/5.0 AppleWebKit/537.36 (KHTML, like Gecko; compatible; GPTBot/1.3; +https://openai.com/gptbot)"
74.7.227.12 - - [23/Mar/2026:16:16:55 +0330] "GET /search.php?detail/068022849229 HTTP/1.1" 200 44604 "http://news.mantaraham.ir/search.php?detail/068048440550" "Mozilla/5.0 AppleWebKit/537.36 (KHTML, like Gecko; compatible; GPTBot/1.3; +https://openai.com/gptbot)"
74.7.227.12 - - [23/Mar/2026:16:16:56 +0330] "GET /search.php?detail/065040245662 HTTP/1.1" 200 44301 "http://news.mantaraham.ir/search.php?detail/06501697034038" "Mozilla/5.0 AppleWebKit/537.36 (KHTML, like Gecko; compatible; GPTBot/1.3; +https://openai.com/gptbot)"
74.7.227.12 - - [23/Mar/2026:16:16:58 +0330] "GET /search.php?detail/068010905150 HTTP/1.1" 200 44559 "http://news.mantaraham.ir/search.php?detail/068023065462" "Mozilla/5.0 AppleWebKit/537.36 (KHTML, like Gecko; compatible; GPTBot/1.3; +https://openai.com/gptbot)"
74.7.227.12 - - [23/Mar/2026:16:17:00 +0330] "GET /search.php?detail/06802255987640 HTTP/1.1" 200 44006 "http://news.mantaraham.ir/search.php?detail/068003730838" "Mozilla/5.0 AppleWebKit/537.36 (KHTML, like Gecko; compatible; GPTBot/1.3; +https://openai.com/gptbot)"
74.7.227.12 - - [23/Mar/2026:16:17:01 +0330] "GET /search.php?detail/0680193124981 HTTP/1.1" 200 44955 "http://news.mantaraham.ir/search.php?detail/0680340328838" "Mozilla/5.0 AppleWebKit/537.36 (KHTML, like Gecko; compatible; GPTBot/1.3; +https://openai.com/gptbot)"
74.7.227.12 - - [23/Mar/2026:16:17:03 +0330] "GET /search.php?detail/068021837939 HTTP/1.1" 200 43948 "http://news.mantaraham.ir/search.php?detail/06803139829521" "Mozilla/5.0 AppleWebKit/537.36 (KHTML, like Gecko; compatible; GPTBot/1.3; +https://openai.com/gptbot)"
74.7.227.12 - - [23/Mar/2026:16:17:10 +0330] "GET /search.php?detail/06802734745551 HTTP/1.1" 200 45140 "http://news.mantaraham.ir/search.php?detail/068046231347" "Mozilla/5.0 AppleWebKit/537.36 (KHTML, like Gecko; compatible; GPTBot/1.3; +https://openai.com/gptbot)"
74.7.227.12 - - [23/Mar/2026:16:17:12 +0330] "GET /search.php?detail/06804603405305 HTTP/1.1" 200 44089 "http://news.mantaraham.ir/search.php?detail/0680361091010" "Mozilla/5.0 AppleWebKit/537.36 (KHTML, like Gecko; compatible; GPTBot/1.3; +https://openai.com/gptbot)"
74.7.227.12 - - [23/Mar/2026:16:17:13 +0330] "GET /search.php?detail/06801881822689 HTTP/1.1" 200 44098 "http://news.mantaraham.ir/search.php?detail/068027000964" "Mozilla/5.0 AppleWebKit/537.36 (KHTML, like Gecko; compatible; GPTBot/1.3; +https://openai.com/gptbot)"
74.7.227.12 - - [23/Mar/2026:16:17:15 +0330] "GET /search.php?detail/06804629286288 HTTP/1.1" 200 44176 "http://news.mantaraham.ir/search.php?detail/0680177107061" "Mozilla/5.0 AppleWebKit/537.36 (KHTML, like Gecko; compatible; GPTBot/1.3; +https://openai.com/gptbot)"
74.7.227.12 - - [23/Mar/2026:16:17:16 +0330] "GET /search.php?detail/06804086899290 HTTP/1.1" 200 44109 "http://news.mantaraham.ir/search.php?detail/0680346379174" "Mozilla/5.0 AppleWebKit/537.36 (KHTML, like Gecko; compatible; GPTBot/1.3; +https://openai.com/gptbot)"
74.7.227.12 - - [23/Mar/2026:16:17:18 +0330] "GET /search.php?detail/06802183803683 HTTP/1.1" 200 44590 "http://news.mantaraham.ir/search.php?detail/068049388831" "Mozilla/5.0 AppleWebKit/537.36 (KHTML, like Gecko; compatible; GPTBot/1.3; +https://openai.com/gptbot)"
74.7.227.12 - - [23/Mar/2026:16:17:20 +0330] "GET /search.php?detail/06803240206488 HTTP/1.1" 200 43724 "http://news.mantaraham.ir/search.php?detail/068013302368" "Mozilla/5.0 AppleWebKit/537.36 (KHTML, like Gecko; compatible; GPTBot/1.3; +https://openai.com/gptbot)"
74.7.227.12 - - [23/Mar/2026:16:17:21 +0330] "GET /search.php?detail/06804236682063 HTTP/1.1" 200 45067 "http://news.mantaraham.ir/search.php?detail/068012101809" "Mozilla/5.0 AppleWebKit/537.36 (KHTML, like Gecko; compatible; GPTBot/1.3; +https://openai.com/gptbot)"
74.7.227.12 - - [23/Mar/2026:16:17:23 +0330] "GET /search.php?detail/06801056461805 HTTP/1.1" 200 44491 "http://news.mantaraham.ir/search.php?detail/0680095339090" "Mozilla/5.0 AppleWebKit/537.36 (KHTML, like Gecko; compatible; GPTBot/1.3; +https://openai.com/gptbot)"
74.7.227.12 - - [23/Mar/2026:16:17:24 +0330] "GET /search.php?detail/06802128002669 HTTP/1.1" 200 44011 "http://news.mantaraham.ir/search.php?detail/068018728801" "Mozilla/5.0 AppleWebKit/537.36 (KHTML, like Gecko; compatible; GPTBot/1.3; +https://openai.com/gptbot)"
74.7.227.12 - - [23/Mar/2026:16:17:26 +0330] "GET /search.php?detail/06801786919800 HTTP/1.1" 200 44360 "http://news.mantaraham.ir/search.php?detail/06802522562098" "Mozilla/5.0 AppleWebKit/537.36 (KHTML, like Gecko; compatible; GPTBot/1.3; +https://openai.com/gptbot)"
74.7.227.12 - - [23/Mar/2026:16:17:27 +0330] "GET /search.php?detail/06801223164155 HTTP/1.1" 200 44784 "http://news.mantaraham.ir/search.php?detail/06802734745551" "Mozilla/5.0 AppleWebKit/537.36 (KHTML, like Gecko; compatible; GPTBot/1.3; +https://openai.com/gptbot)"
74.7.227.12 - - [23/Mar/2026:16:17:29 +0330] "GET /search.php?detail/06802033908989 HTTP/1.1" 200 44137 "http://news.mantaraham.ir/search.php?detail/0680154915428" "Mozilla/5.0 AppleWebKit/537.36 (KHTML, like Gecko; compatible; GPTBot/1.3; +https://openai.com/gptbot)"
74.7.227.12 - - [23/Mar/2026:16:17:31 +0330] "GET /search.php?detail/06802448842025 HTTP/1.1" 200 44404 "http://news.mantaraham.ir/search.php?jp/068043229.html" "Mozilla/5.0 AppleWebKit/537.36 (KHTML, like Gecko; compatible; GPTBot/1.3; +https://openai.com/gptbot)"
74.7.227.12 - - [23/Mar/2026:16:17:32 +0330] "GET /search.php?detail/06802166826032 HTTP/1.1" 200 44158 "http://news.mantaraham.ir/search.php?detail/068015398644" "Mozilla/5.0 AppleWebKit/537.36 (KHTML, like Gecko; compatible; GPTBot/1.3; +https://openai.com/gptbot)"
74.7.227.12 - - [23/Mar/2026:16:17:33 +0330] "GET /search.php?detail/06801219132679 HTTP/1.1" 200 44495 "http://news.mantaraham.ir/search.php?detail/06804086899290" "Mozilla/5.0 AppleWebKit/537.36 (KHTML, like Gecko; compatible; GPTBot/1.3; +https://openai.com/gptbot)"
74.7.227.12 - - [23/Mar/2026:16:17:35 +0330] "GET /search.php?detail/068030337451 HTTP/1.1" 200 43836 "http://news.mantaraham.ir/search.php?detail/068023234903" "Mozilla/5.0 AppleWebKit/537.36 (KHTML, like Gecko; compatible; GPTBot/1.3; +https://openai.com/gptbot)"
74.7.227.12 - - [23/Mar/2026:16:17:36 +0330] "GET /search.php?detail/0860177923654 HTTP/1.1" 200 44076 "http://news.mantaraham.ir/search.php?l=555&product/C33?p=search" "Mozilla/5.0 AppleWebKit/537.36 (KHTML, like Gecko; compatible; GPTBot/1.3; +https://openai.com/gptbot)"
74.7.227.12 - - [23/Mar/2026:16:17:38 +0330] "GET /search.php?detail/0680382151377 HTTP/1.1" 200 43858 "http://news.mantaraham.ir/search.php?detail/06804236682063" "Mozilla/5.0 AppleWebKit/537.36 (KHTML, like Gecko; compatible; GPTBot/1.3; +https://openai.com/gptbot)"
74.7.227.12 - - [23/Mar/2026:16:17:39 +0330] "GET /search.php?detail/0680380890409 HTTP/1.1" 200 43513 "http://news.mantaraham.ir/search.php?detail/06804236682063" "Mozilla/5.0 AppleWebKit/537.36 (KHTML, like Gecko; compatible; GPTBot/1.3; +https://openai.com/gptbot)"
142.93.208.146 - - [23/Mar/2026:16:17:38 +0330] "GET /wp-admin/css/colors/midnight/wp-login.php HTTP/1.1" 200 18365 "-" "Mozilla/5.0 (Windows NT 10.0; Win64; x64) AppleWebKit/537.36 (KHTML, like Gecko) Chrome/90.0.4430.85 Safari/537.36"
74.7.227.12 - - [23/Mar/2026:16:17:40 +0330] "GET /search.php?detail/068046788863 HTTP/1.1" 200 43966 "http://news.mantaraham.ir/search.php?detail/06802128002669" "Mozilla/5.0 AppleWebKit/537.36 (KHTML, like Gecko; compatible; GPTBot/1.3; +https://openai.com/gptbot)"
74.7.227.12 - - [23/Mar/2026:16:17:42 +0330] "GET /search.php?detail/068036574479 HTTP/1.1" 200 44474 "http://news.mantaraham.ir/search.php?detail/06801786919800" "Mozilla/5.0 AppleWebKit/537.36 (KHTML, like Gecko; compatible; GPTBot/1.3; +https://openai.com/gptbot)"
74.7.227.12 - - [23/Mar/2026:16:17:43 +0330] "GET /search.php?detail/068038017523 HTTP/1.1" 200 45191 "http://news.mantaraham.ir/search.php?detail/06804236682063" "Mozilla/5.0 AppleWebKit/537.36 (KHTML, like Gecko; compatible; GPTBot/1.3; +https://openai.com/gptbot)"
74.7.227.12 - - [23/Mar/2026:16:17:45 +0330] "GET /search.php?detail/068013306511 HTTP/1.1" 200 44582 "http://news.mantaraham.ir/search.php?detail/06801056461805" "Mozilla/5.0 AppleWebKit/537.36 (KHTML, like Gecko; compatible; GPTBot/1.3; +https://openai.com/gptbot)"
74.7.227.12 - - [23/Mar/2026:16:17:46 +0330] "GET /search.php?detail/0680079345215 HTTP/1.1" 200 44888 "http://news.mantaraham.ir/search.php?detail/068038495413" "Mozilla/5.0 AppleWebKit/537.36 (KHTML, like Gecko; compatible; GPTBot/1.3; +https://openai.com/gptbot)"
74.7.227.12 - - [23/Mar/2026:16:17:48 +0330] "GET /search.php?detail/06803768681111 HTTP/1.1" 200 44296 "http://news.mantaraham.ir/search.php?detail/06802183803683" "Mozilla/5.0 AppleWebKit/537.36 (KHTML, like Gecko; compatible; GPTBot/1.3; +https://openai.com/gptbot)"
74.7.227.12 - - [23/Mar/2026:16:17:49 +0330] "GET /search.php?detail/03304612733334 HTTP/1.1" 200 43650 "http://news.mantaraham.ir/search.php?detail/033010187665" "Mozilla/5.0 AppleWebKit/537.36 (KHTML, like Gecko; compatible; GPTBot/1.3; +https://openai.com/gptbot)"
74.7.227.12 - - [23/Mar/2026:16:17:51 +0330] "GET /search.php?detail/06803406822262 HTTP/1.1" 200 43963 "http://news.mantaraham.ir/search.php?detail/068006124960" "Mozilla/5.0 AppleWebKit/537.36 (KHTML, like Gecko; compatible; GPTBot/1.3; +https://openai.com/gptbot)"
74.7.227.12 - - [23/Mar/2026:16:17:52 +0330] "GET /search.php?detail/068005952660 HTTP/1.1" 200 44162 "http://news.mantaraham.ir/search.php?detail/068034031888" "Mozilla/5.0 AppleWebKit/537.36 (KHTML, like Gecko; compatible; GPTBot/1.3; +https://openai.com/gptbot)"
74.7.227.12 - - [23/Mar/2026:16:17:54 +0330] "GET /search.php?detail/068031082118 HTTP/1.1" 200 44234 "http://news.mantaraham.ir/search.php?detail/068002286777" "Mozilla/5.0 AppleWebKit/537.36 (KHTML, like Gecko; compatible; GPTBot/1.3; +https://openai.com/gptbot)"
74.7.227.12 - - [23/Mar/2026:16:17:55 +0330] "GET /search.php?detail/068025220524 HTTP/1.1" 200 44230 "http://news.mantaraham.ir/search.php?detail/0680380890409" "Mozilla/5.0 AppleWebKit/537.36 (KHTML, like Gecko; compatible; GPTBot/1.3; +https://openai.com/gptbot)"
74.7.227.12 - - [23/Mar/2026:16:17:57 +0330] "GET /search.php?detail/068026346088 HTTP/1.1" 200 43917 "http://news.mantaraham.ir/search.php?detail/06804355829966" "Mozilla/5.0 AppleWebKit/537.36 (KHTML, like Gecko; compatible; GPTBot/1.3; +https://openai.com/gptbot)"
74.7.227.12 - - [23/Mar/2026:16:17:58 +0330] "GET /search.php?jp/068034038.html HTTP/1.1" 200 44532 "http://news.mantaraham.ir/search.php?detail/068036574479" "Mozilla/5.0 AppleWebKit/537.36 (KHTML, like Gecko; compatible; GPTBot/1.3; +https://openai.com/gptbot)"
74.7.227.12 - - [23/Mar/2026:16:18:00 +0330] "GET /search.php?detail/068016691051 HTTP/1.1" 200 44264 "http://news.mantaraham.ir/search.php?detail/0680135391259" "Mozilla/5.0 AppleWebKit/537.36 (KHTML, like Gecko; compatible; GPTBot/1.3; +https://openai.com/gptbot)"
74.7.227.12 - - [23/Mar/2026:16:18:01 +0330] "GET /search.php?detail/0680212735406 HTTP/1.1" 200 44050 "http://news.mantaraham.ir/search.php?detail/068015398644" "Mozilla/5.0 AppleWebKit/537.36 (KHTML, like Gecko; compatible; GPTBot/1.3; +https://openai.com/gptbot)"
