74.7.227.12 - - [23/Mar/2026:16:34:45 +0330] "GET /search.php?detail/0650139594817 HTTP/1.1" 200 43989 "http://news.mantaraham.ir/search.php?detail/0650111026402" "Mozilla/5.0 AppleWebKit/537.36 (KHTML, like Gecko; compatible; GPTBot/1.3; +https://openai.com/gptbot)"
74.7.227.12 - - [23/Mar/2026:16:34:46 +0330] "GET /search.php?detail/068004173060 HTTP/1.1" 200 45270 "http://news.mantaraham.ir/search.php?detail/068010334532" "Mozilla/5.0 AppleWebKit/537.36 (KHTML, like Gecko; compatible; GPTBot/1.3; +https://openai.com/gptbot)"
74.7.227.12 - - [23/Mar/2026:16:34:48 +0330] "GET /search.php?detail/0650347784213 HTTP/1.1" 200 44839 "http://news.mantaraham.ir/search.php?detail/065034765822" "Mozilla/5.0 AppleWebKit/537.36 (KHTML, like Gecko; compatible; GPTBot/1.3; +https://openai.com/gptbot)"
74.7.227.12 - - [23/Mar/2026:16:34:49 +0330] "GET /search.php?detail/0680230741254 HTTP/1.1" 200 44463 "http://news.mantaraham.ir/search.php?detail/068023330434" "Mozilla/5.0 AppleWebKit/537.36 (KHTML, like Gecko; compatible; GPTBot/1.3; +https://openai.com/gptbot)"
74.7.227.12 - - [23/Mar/2026:16:34:51 +0330] "GET /search.php?detail/0680423729189 HTTP/1.1" 200 44149 "http://news.mantaraham.ir/search.php?detail/068012101809" "Mozilla/5.0 AppleWebKit/537.36 (KHTML, like Gecko; compatible; GPTBot/1.3; +https://openai.com/gptbot)"
74.7.227.12 - - [23/Mar/2026:16:34:53 +0330] "GET /search.php?detail/0680402973621 HTTP/1.1" 200 44400 "http://news.mantaraham.ir/search.php?detail/068044215323" "Mozilla/5.0 AppleWebKit/537.36 (KHTML, like Gecko; compatible; GPTBot/1.3; +https://openai.com/gptbot)"
74.7.227.12 - - [23/Mar/2026:16:34:56 +0330] "GET /search.php?detail/0650437879362 HTTP/1.1" 200 44369 "http://news.mantaraham.ir/search.php?detail/0650341279898" "Mozilla/5.0 AppleWebKit/537.36 (KHTML, like Gecko; compatible; GPTBot/1.3; +https://openai.com/gptbot)"
74.7.227.12 - - [23/Mar/2026:16:34:58 +0330] "GET /search.php?detail/0680254713846 HTTP/1.1" 200 43805 "http://news.mantaraham.ir/search.php?detail/0680043848407" "Mozilla/5.0 AppleWebKit/537.36 (KHTML, like Gecko; compatible; GPTBot/1.3; +https://openai.com/gptbot)"
74.7.227.12 - - [23/Mar/2026:16:34:59 +0330] "GET /search.php?detail/0680308954317 HTTP/1.1" 200 44324 "http://news.mantaraham.ir/search.php?detail/0680460363611" "Mozilla/5.0 AppleWebKit/537.36 (KHTML, like Gecko; compatible; GPTBot/1.3; +https://openai.com/gptbot)"
74.7.227.12 - - [23/Mar/2026:16:35:01 +0330] "GET /search.php?detail/0680158936270 HTTP/1.1" 200 45022 "http://news.mantaraham.ir/search.php?detail/0680054720291" "Mozilla/5.0 AppleWebKit/537.36 (KHTML, like Gecko; compatible; GPTBot/1.3; +https://openai.com/gptbot)"
74.7.227.12 - - [23/Mar/2026:16:35:02 +0330] "GET /search.php?detail/0650197848035 HTTP/1.1" 200 44676 "http://news.mantaraham.ir/search.php?detail/065040244066" "Mozilla/5.0 AppleWebKit/537.36 (KHTML, like Gecko; compatible; GPTBot/1.3; +https://openai.com/gptbot)"
74.7.227.12 - - [23/Mar/2026:16:35:04 +0330] "GET /search.php?detail/0680057129513 HTTP/1.1" 200 44362 "http://news.mantaraham.ir/search.php?detail/068036466420" "Mozilla/5.0 AppleWebKit/537.36 (KHTML, like Gecko; compatible; GPTBot/1.3; +https://openai.com/gptbot)"
74.7.227.12 - - [23/Mar/2026:16:35:06 +0330] "GET /search.php?detail/0680414517823 HTTP/1.1" 200 43760 "http://news.mantaraham.ir/search.php?detail/068034024111" "Mozilla/5.0 AppleWebKit/537.36 (KHTML, like Gecko; compatible; GPTBot/1.3; +https://openai.com/gptbot)"
74.7.227.12 - - [23/Mar/2026:16:35:07 +0330] "GET /search.php?detail/065000457556 HTTP/1.1" 200 43849 "http://news.mantaraham.ir/search.php?detail/0650347784213" "Mozilla/5.0 AppleWebKit/537.36 (KHTML, like Gecko; compatible; GPTBot/1.3; +https://openai.com/gptbot)"
74.7.227.12 - - [23/Mar/2026:16:35:09 +0330] "GET /search.php?detail/0680254745513 HTTP/1.1" 200 44147 "http://news.mantaraham.ir/search.php?detail/068015934016" "Mozilla/5.0 AppleWebKit/537.36 (KHTML, like Gecko; compatible; GPTBot/1.3; +https://openai.com/gptbot)"
74.7.227.12 - - [23/Mar/2026:16:35:10 +0330] "GET /search.php?detail/0680313921785 HTTP/1.1" 200 45132 "http://news.mantaraham.ir/search.php?detail/06802014594788" "Mozilla/5.0 AppleWebKit/537.36 (KHTML, like Gecko; compatible; GPTBot/1.3; +https://openai.com/gptbot)"
74.7.227.12 - - [23/Mar/2026:16:35:11 +0330] "GET /search.php?detail/0680417139812 HTTP/1.1" 200 44208 "http://news.mantaraham.ir/search.php?detail/068038087289" "Mozilla/5.0 AppleWebKit/537.36 (KHTML, like Gecko; compatible; GPTBot/1.3; +https://openai.com/gptbot)"
74.7.227.12 - - [23/Mar/2026:16:35:13 +0330] "GET /search.php?detail/0860261917535 HTTP/1.1" 200 43993 "http://news.mantaraham.ir/search.php?detail/0860177923654" "Mozilla/5.0 AppleWebKit/537.36 (KHTML, like Gecko; compatible; GPTBot/1.3; +https://openai.com/gptbot)"
74.7.227.12 - - [23/Mar/2026:16:35:14 +0330] "GET /search.php?detail/0680122307953 HTTP/1.1" 200 44853 "http://news.mantaraham.ir/search.php?detail/068009464667" "Mozilla/5.0 AppleWebKit/537.36 (KHTML, like Gecko; compatible; GPTBot/1.3; +https://openai.com/gptbot)"
74.7.227.12 - - [23/Mar/2026:16:35:15 +0330] "GET /search.php?detail/0680273431578 HTTP/1.1" 200 44400 "http://news.mantaraham.ir/search.php?detail/0680079345215" "Mozilla/5.0 AppleWebKit/537.36 (KHTML, like Gecko; compatible; GPTBot/1.3; +https://openai.com/gptbot)"
74.7.227.12 - - [23/Mar/2026:16:35:17 +0330] "GET /search.php?detail/0680497128765 HTTP/1.1" 200 43597 "http://news.mantaraham.ir/search.php?detail/068002676087" "Mozilla/5.0 AppleWebKit/537.36 (KHTML, like Gecko; compatible; GPTBot/1.3; +https://openai.com/gptbot)"
74.7.227.12 - - [23/Mar/2026:16:35:18 +0330] "GET /search.php?detail/0680269934137 HTTP/1.1" 200 44897 "http://news.mantaraham.ir/search.php?detail/068006106049" "Mozilla/5.0 AppleWebKit/537.36 (KHTML, like Gecko; compatible; GPTBot/1.3; +https://openai.com/gptbot)"
74.7.227.12 - - [23/Mar/2026:16:35:20 +0330] "GET /search.php?detail/0680471123396 HTTP/1.1" 200 44210 "http://news.mantaraham.ir/search.php?detail/0680058363038" "Mozilla/5.0 AppleWebKit/537.36 (KHTML, like Gecko; compatible; GPTBot/1.3; +https://openai.com/gptbot)"
74.7.227.12 - - [23/Mar/2026:16:35:21 +0330] "GET /search.php?detail/0680354317985 HTTP/1.1" 200 44236 "http://news.mantaraham.ir/search.php?detail/068000971716" "Mozilla/5.0 AppleWebKit/537.36 (KHTML, like Gecko; compatible; GPTBot/1.3; +https://openai.com/gptbot)"
74.7.227.12 - - [23/Mar/2026:16:35:23 +0330] "GET /search.php?detail/0680159377827 HTTP/1.1" 200 44850 "http://news.mantaraham.ir/search.php?detail/0680054720291" "Mozilla/5.0 AppleWebKit/537.36 (KHTML, like Gecko; compatible; GPTBot/1.3; +https://openai.com/gptbot)"
74.7.227.12 - - [23/Mar/2026:16:35:25 +0330] "GET /search.php?detail/0680059497432 HTTP/1.1" 200 44403 "http://news.mantaraham.ir/search.php?detail/068034031888" "Mozilla/5.0 AppleWebKit/537.36 (KHTML, like Gecko; compatible; GPTBot/1.3; +https://openai.com/gptbot)"
142.93.208.146 - - [23/Mar/2026:16:35:24 +0330] "POST /wp-includes/IXR/wp-login.php HTTP/1.1" 200 18854 "http://news.mantaraham.ir/wp-includes/IXR/wp-login.php" "Mozilla/5.0 (Windows NT 10.0; Win64; x64) AppleWebKit/537.36 (KHTML, like Gecko) Chrome/90.0.4430.85 Safari/537.36"
74.7.227.12 - - [23/Mar/2026:16:35:26 +0330] "GET /search.php?detail/0680321175629 HTTP/1.1" 200 44483 "http://news.mantaraham.ir/search.php?detail/0680115492685" "Mozilla/5.0 AppleWebKit/537.36 (KHTML, like Gecko; compatible; GPTBot/1.3; +https://openai.com/gptbot)"
74.7.227.12 - - [23/Mar/2026:16:35:28 +0330] "GET /search.php?detail/0680176536952 HTTP/1.1" 200 45273 "http://news.mantaraham.ir/search.php?detail/06801589674549" "Mozilla/5.0 AppleWebKit/537.36 (KHTML, like Gecko; compatible; GPTBot/1.3; +https://openai.com/gptbot)"
74.7.227.12 - - [23/Mar/2026:16:35:30 +0330] "GET /search.php?detail/08602617463147 HTTP/1.1" 200 44950 "http://news.mantaraham.ir/search.php?detail/0860261917535" "Mozilla/5.0 AppleWebKit/537.36 (KHTML, like Gecko; compatible; GPTBot/1.3; +https://openai.com/gptbot)"
74.7.227.12 - - [23/Mar/2026:16:35:31 +0330] "GET /search.php?detail/08601782425558 HTTP/1.1" 200 44103 "http://news.mantaraham.ir/search.php?detail/0860261917535" "Mozilla/5.0 AppleWebKit/537.36 (KHTML, like Gecko; compatible; GPTBot/1.3; +https://openai.com/gptbot)"
74.7.227.12 - - [23/Mar/2026:16:35:33 +0330] "GET /search.php?detail/086017831107 HTTP/1.1" 200 44530 "http://news.mantaraham.ir/search.php?detail/0860261917535" "Mozilla/5.0 AppleWebKit/537.36 (KHTML, like Gecko; compatible; GPTBot/1.3; +https://openai.com/gptbot)"
74.7.227.12 - - [23/Mar/2026:16:35:35 +0330] "GET /search.php?detail/0680252351894 HTTP/1.1" 200 43877 "http://news.mantaraham.ir/search.php?detail/06800267222732" "Mozilla/5.0 AppleWebKit/537.36 (KHTML, like Gecko; compatible; GPTBot/1.3; +https://openai.com/gptbot)"
74.7.227.12 - - [23/Mar/2026:16:35:36 +0330] "GET /search.php?detail/0650372049938 HTTP/1.1" 200 44166 "http://news.mantaraham.ir/search.php?detail/0650347845997" "Mozilla/5.0 AppleWebKit/537.36 (KHTML, like Gecko; compatible; GPTBot/1.3; +https://openai.com/gptbot)"
74.7.227.12 - - [23/Mar/2026:16:35:37 +0330] "GET /search.php?detail/0680423656714 HTTP/1.1" 200 45099 "http://news.mantaraham.ir/search.php?detail/0680187262793" "Mozilla/5.0 AppleWebKit/537.36 (KHTML, like Gecko; compatible; GPTBot/1.3; +https://openai.com/gptbot)"
74.7.227.12 - - [23/Mar/2026:16:35:39 +0330] "GET /search.php?detail/0680467825813 HTTP/1.1" 200 44201 "http://news.mantaraham.ir/search.php?detail/0680064307739" "Mozilla/5.0 AppleWebKit/537.36 (KHTML, like Gecko; compatible; GPTBot/1.3; +https://openai.com/gptbot)"
74.7.227.12 - - [23/Mar/2026:16:35:40 +0330] "GET /search.php?detail/0680187295447 HTTP/1.1" 200 44311 "http://news.mantaraham.ir/search.php?detail/0680074470616" "Mozilla/5.0 AppleWebKit/537.36 (KHTML, like Gecko; compatible; GPTBot/1.3; +https://openai.com/gptbot)"
74.7.227.12 - - [23/Mar/2026:16:35:42 +0330] "GET /search.php?detail/0680193271042 HTTP/1.1" 200 44056 "http://news.mantaraham.ir/search.php?detail/06804968172298" "Mozilla/5.0 AppleWebKit/537.36 (KHTML, like Gecko; compatible; GPTBot/1.3; +https://openai.com/gptbot)"
74.7.227.12 - - [23/Mar/2026:16:35:43 +0330] "GET /search.php?detail/0680430929735 HTTP/1.1" 200 44187 "http://news.mantaraham.ir/search.php?detail/068026951793" "Mozilla/5.0 AppleWebKit/537.36 (KHTML, like Gecko; compatible; GPTBot/1.3; +https://openai.com/gptbot)"
74.7.227.12 - - [23/Mar/2026:16:35:45 +0330] "GET /search.php?detail/0650078312192 HTTP/1.1" 200 44007 "http://news.mantaraham.ir/search.php?detail/065000467082" "Mozilla/5.0 AppleWebKit/537.36 (KHTML, like Gecko; compatible; GPTBot/1.3; +https://openai.com/gptbot)"
74.7.227.12 - - [23/Mar/2026:16:35:47 +0330] "GET /search.php?detail/0860007034503 HTTP/1.1" 200 44136 "http://news.mantaraham.ir/search.php?detail/08602617463147" "Mozilla/5.0 AppleWebKit/537.36 (KHTML, like Gecko; compatible; GPTBot/1.3; +https://openai.com/gptbot)"
74.7.227.12 - - [23/Mar/2026:16:35:48 +0330] "GET /search.php?detail/086017834157 HTTP/1.1" 200 44218 "http://news.mantaraham.ir/search.php?detail/08601782425558" "Mozilla/5.0 AppleWebKit/537.36 (KHTML, like Gecko; compatible; GPTBot/1.3; +https://openai.com/gptbot)"
74.7.227.12 - - [23/Mar/2026:16:35:50 +0330] "GET /search.php?detail/08602871874390 HTTP/1.1" 200 44157 "http://news.mantaraham.ir/search.php?detail/086017831107" "Mozilla/5.0 AppleWebKit/537.36 (KHTML, like Gecko; compatible; GPTBot/1.3; +https://openai.com/gptbot)"
74.7.227.12 - - [23/Mar/2026:16:35:51 +0330] "GET /search.php?detail/08601782963136 HTTP/1.1" 200 44510 "http://news.mantaraham.ir/search.php?detail/08601782425558" "Mozilla/5.0 AppleWebKit/537.36 (KHTML, like Gecko; compatible; GPTBot/1.3; +https://openai.com/gptbot)"
74.7.227.12 - - [23/Mar/2026:16:35:52 +0330] "GET /search.php?detail/08602617237510 HTTP/1.1" 200 44259 "http://news.mantaraham.ir/search.php?detail/08601782425558" "Mozilla/5.0 AppleWebKit/537.36 (KHTML, like Gecko; compatible; GPTBot/1.3; +https://openai.com/gptbot)"
74.7.227.12 - - [23/Mar/2026:16:35:54 +0330] "GET /search.php?detail/06804629755553 HTTP/1.1" 200 44061 "http://news.mantaraham.ir/search.php?detail/0680423656714" "Mozilla/5.0 AppleWebKit/537.36 (KHTML, like Gecko; compatible; GPTBot/1.3; +https://openai.com/gptbot)"
74.7.227.12 - - [23/Mar/2026:16:35:55 +0330] "GET /search.php?jp/068015935.html HTTP/1.1" 200 44828 "http://news.mantaraham.ir/search.php?detail/0680467825813" "Mozilla/5.0 AppleWebKit/537.36 (KHTML, like Gecko; compatible; GPTBot/1.3; +https://openai.com/gptbot)"
74.7.227.12 - - [23/Mar/2026:16:35:56 +0330] "GET /search.php?detail/086026192828 HTTP/1.1" 200 44400 "http://news.mantaraham.ir/search.php?detail/086017831107" "Mozilla/5.0 AppleWebKit/537.36 (KHTML, like Gecko; compatible; GPTBot/1.3; +https://openai.com/gptbot)"
74.7.227.12 - - [23/Mar/2026:16:35:58 +0330] "GET /search.php?detail/0860007004315 HTTP/1.1" 200 44007 "http://news.mantaraham.ir/search.php?detail/08602617463147" "Mozilla/5.0 AppleWebKit/537.36 (KHTML, like Gecko; compatible; GPTBot/1.3; +https://openai.com/gptbot)"
74.7.227.12 - - [23/Mar/2026:16:35:59 +0330] "GET /search.php?detail/08602618610892 HTTP/1.1" 200 44213 "http://news.mantaraham.ir/search.php?detail/086017831107" "Mozilla/5.0 AppleWebKit/537.36 (KHTML, like Gecko; compatible; GPTBot/1.3; +https://openai.com/gptbot)"
74.7.227.12 - - [23/Mar/2026:16:36:01 +0330] "GET /search.php?detail/086026175637 HTTP/1.1" 200 44560 "http://news.mantaraham.ir/search.php?detail/08601782425558" "Mozilla/5.0 AppleWebKit/537.36 (KHTML, like Gecko; compatible; GPTBot/1.3; +https://openai.com/gptbot)"
74.7.227.12 - - [23/Mar/2026:16:36:02 +0330] "GET /search.php?detail/08602619450895 HTTP/1.1" 200 44305 "http://news.mantaraham.ir/search.php?detail/0860007034503" "Mozilla/5.0 AppleWebKit/537.36 (KHTML, like Gecko; compatible; GPTBot/1.3; +https://openai.com/gptbot)"
74.7.227.12 - - [23/Mar/2026:16:36:03 +0330] "GET /search.php?detail/086026189029 HTTP/1.1" 200 44073 "http://news.mantaraham.ir/search.php?detail/0860007034503" "Mozilla/5.0 AppleWebKit/537.36 (KHTML, like Gecko; compatible; GPTBot/1.3; +https://openai.com/gptbot)"
74.7.227.12 - - [23/Mar/2026:16:36:05 +0330] "GET /search.php?detail/08603232417770 HTTP/1.1" 200 44048 "http://news.mantaraham.ir/search.php?detail/0860007034503" "Mozilla/5.0 AppleWebKit/537.36 (KHTML, like Gecko; compatible; GPTBot/1.3; +https://openai.com/gptbot)"
74.7.227.12 - - [23/Mar/2026:16:36:06 +0330] "GET /search.php?detail/086000689811 HTTP/1.1" 200 44012 "http://news.mantaraham.ir/search.php?detail/08601782963136" "Mozilla/5.0 AppleWebKit/537.36 (KHTML, like Gecko; compatible; GPTBot/1.3; +https://openai.com/gptbot)"
74.7.227.12 - - [23/Mar/2026:16:36:08 +0330] "GET /search.php?detail/086000690113 HTTP/1.1" 200 44154 "http://news.mantaraham.ir/search.php?detail/08601782963136" "Mozilla/5.0 AppleWebKit/537.36 (KHTML, like Gecko; compatible; GPTBot/1.3; +https://openai.com/gptbot)"
74.7.227.12 - - [23/Mar/2026:16:36:09 +0330] "GET /search.php?detail/086034304040 HTTP/1.1" 200 44429 "http://news.mantaraham.ir/search.php?detail/08602617237510" "Mozilla/5.0 AppleWebKit/537.36 (KHTML, like Gecko; compatible; GPTBot/1.3; +https://openai.com/gptbot)"
74.7.227.12 - - [23/Mar/2026:16:36:11 +0330] "GET /search.php?detail/08603430562158 HTTP/1.1" 200 43874 "http://news.mantaraham.ir/search.php?detail/08602617237510" "Mozilla/5.0 AppleWebKit/537.36 (KHTML, like Gecko; compatible; GPTBot/1.3; +https://openai.com/gptbot)"
74.7.227.12 - - [23/Mar/2026:16:36:12 +0330] "GET /search.php?detail/086034303936 HTTP/1.1" 200 44395 "http://news.mantaraham.ir/search.php?detail/086026192828" "Mozilla/5.0 AppleWebKit/537.36 (KHTML, like Gecko; compatible; GPTBot/1.3; +https://openai.com/gptbot)"
74.7.227.12 - - [23/Mar/2026:16:36:13 +0330] "GET /search.php?detail/08603430282979 HTTP/1.1" 200 44768 "http://news.mantaraham.ir/search.php?detail/08602617237510" "Mozilla/5.0 AppleWebKit/537.36 (KHTML, like Gecko; compatible; GPTBot/1.3; +https://openai.com/gptbot)"
74.7.227.12 - - [23/Mar/2026:16:36:14 +0330] "GET /search.php?detail/086000710285 HTTP/1.1" 200 43877 "http://news.mantaraham.ir/search.php?detail/08602618610892" "Mozilla/5.0 AppleWebKit/537.36 (KHTML, like Gecko; compatible; GPTBot/1.3; +https://openai.com/gptbot)"
74.7.227.12 - - [23/Mar/2026:16:36:16 +0330] "GET /search.php?detail/086026179482 HTTP/1.1" 200 44231 "http://news.mantaraham.ir/search.php?detail/086026175637" "Mozilla/5.0 AppleWebKit/537.36 (KHTML, like Gecko; compatible; GPTBot/1.3; +https://openai.com/gptbot)"
74.7.227.12 - - [23/Mar/2026:16:36:17 +0330] "GET /search.php?detail/0860287195840 HTTP/1.1" 200 43802 "http://news.mantaraham.ir/search.php?detail/086026175637" "Mozilla/5.0 AppleWebKit/537.36 (KHTML, like Gecko; compatible; GPTBot/1.3; +https://openai.com/gptbot)"
74.7.227.12 - - [23/Mar/2026:16:36:19 +0330] "GET /search.php?detail/0860007087361 HTTP/1.1" 200 44063 "http://news.mantaraham.ir/search.php?detail/08602618610892" "Mozilla/5.0 AppleWebKit/537.36 (KHTML, like Gecko; compatible; GPTBot/1.3; +https://openai.com/gptbot)"
74.7.227.12 - - [23/Mar/2026:16:36:20 +0330] "GET /search.php?detail/0860358834808 HTTP/1.1" 200 43980 "http://news.mantaraham.ir/search.php?detail/08603232417770" "Mozilla/5.0 AppleWebKit/537.36 (KHTML, like Gecko; compatible; GPTBot/1.3; +https://openai.com/gptbot)"
74.7.227.12 - - [23/Mar/2026:16:36:22 +0330] "GET /search.php?detail/08600068424232 HTTP/1.1" 200 44338 "http://news.mantaraham.ir/search.php?detail/086000689811" "Mozilla/5.0 AppleWebKit/537.36 (KHTML, like Gecko; compatible; GPTBot/1.3; +https://openai.com/gptbot)"
74.7.227.12 - - [23/Mar/2026:16:36:23 +0330] "GET /search.php?detail/0860006854161 HTTP/1.1" 200 44440 "http://news.mantaraham.ir/search.php?detail/086000689811" "Mozilla/5.0 AppleWebKit/537.36 (KHTML, like Gecko; compatible; GPTBot/1.3; +https://openai.com/gptbot)"
74.7.227.12 - - [23/Mar/2026:16:36:25 +0330] "GET /search.php?detail/08603432149129 HTTP/1.1" 200 43822 "http://news.mantaraham.ir/search.php?detail/0860007004315" "Mozilla/5.0 AppleWebKit/537.36 (KHTML, like Gecko; compatible; GPTBot/1.3; +https://openai.com/gptbot)"
74.7.227.12 - - [23/Mar/2026:16:36:26 +0330] "GET /search.php?detail/08601781114774 HTTP/1.1" 200 44187 "http://news.mantaraham.ir/search.php?detail/08603430562158" "Mozilla/5.0 AppleWebKit/537.36 (KHTML, like Gecko; compatible; GPTBot/1.3; +https://openai.com/gptbot)"
74.7.227.12 - - [23/Mar/2026:16:36:28 +0330] "GET /search.php?detail/08601781409655 HTTP/1.1" 200 45020 "http://news.mantaraham.ir/search.php?detail/086034303936" "Mozilla/5.0 AppleWebKit/537.36 (KHTML, like Gecko; compatible; GPTBot/1.3; +https://openai.com/gptbot)"
142.93.208.146 - - [23/Mar/2026:16:36:26 +0330] "GET /wp-includes/Text/wp-login.php HTTP/1.1" 200 274 "binance.com" "Mozilla/5.0 (Windows NT 10.0; Win64; x64) AppleWebKit/537.36 (KHTML, like Gecko) Chrome/90.0.4430.85 Safari/537.36"
74.7.227.12 - - [23/Mar/2026:16:36:30 +0330] "GET /search.php?detail/08603588497953 HTTP/1.1" 200 44360 "http://news.mantaraham.ir/search.php?detail/08603232417770" "Mozilla/5.0 AppleWebKit/537.36 (KHTML, like Gecko; compatible; GPTBot/1.3; +https://openai.com/gptbot)"
74.7.227.12 - - [23/Mar/2026:16:36:31 +0330] "GET /search.php?detail/08600069670041 HTTP/1.1" 200 44441 "http://news.mantaraham.ir/search.php?detail/086000710285" "Mozilla/5.0 AppleWebKit/537.36 (KHTML, like Gecko; compatible; GPTBot/1.3; +https://openai.com/gptbot)"
74.7.227.12 - - [23/Mar/2026:16:36:33 +0330] "GET /search.php?detail/0860178187809 HTTP/1.1" 200 44524 "http://news.mantaraham.ir/search.php?detail/08603430562158" "Mozilla/5.0 AppleWebKit/537.36 (KHTML, like Gecko; compatible; GPTBot/1.3; +https://openai.com/gptbot)"
74.7.227.12 - - [23/Mar/2026:16:36:34 +0330] "GET /search.php?detail/086032326008 HTTP/1.1" 200 44523 "http://news.mantaraham.ir/search.php?detail/0860287195840" "Mozilla/5.0 AppleWebKit/537.36 (KHTML, like Gecko; compatible; GPTBot/1.3; +https://openai.com/gptbot)"
142.93.208.146 - - [23/Mar/2026:16:36:36 +0330] "GET /wp-includes/Text/Diff/ HTTP/1.1" 200 1413 "binance.com" "Mozilla/5.0 (Windows NT 10.0; Win64; x64) AppleWebKit/537.36 (KHTML, like Gecko) Chrome/90.0.4430.85 Safari/537.36"
74.7.227.12 - - [23/Mar/2026:16:36:36 +0330] "GET /search.php?detail/086035899918 HTTP/1.1" 200 44306 "http://news.mantaraham.ir/search.php?detail/0860007087361" "Mozilla/5.0 AppleWebKit/537.36 (KHTML, like Gecko; compatible; GPTBot/1.3; +https://openai.com/gptbot)"
74.7.227.12 - - [23/Mar/2026:16:36:37 +0330] "GET /search.php?detail/08603589870429 HTTP/1.1" 200 44192 "http://news.mantaraham.ir/search.php?detail/0860007087361" "Mozilla/5.0 AppleWebKit/537.36 (KHTML, like Gecko; compatible; GPTBot/1.3; +https://openai.com/gptbot)"
74.7.227.12 - - [23/Mar/2026:16:36:39 +0330] "GET /search.php?detail/0860343197582 HTTP/1.1" 200 44106 "http://news.mantaraham.ir/search.php?detail/08603232417770" "Mozilla/5.0 AppleWebKit/537.36 (KHTML, like Gecko; compatible; GPTBot/1.3; +https://openai.com/gptbot)"
142.93.208.146 - - [23/Mar/2026:16:36:41 +0330] "GET /wp-includes/Text/Diff/ HTTP/1.1" 200 1413 "binance.com" "Mozilla/5.0 (Windows NT 10.0; Win64; x64) AppleWebKit/537.36 (KHTML, like Gecko) Chrome/90.0.4430.85 Safari/537.36"
74.7.227.12 - - [23/Mar/2026:16:36:40 +0330] "GET /search.php?detail/08600069799439 HTTP/1.1" 200 44098 "http://news.mantaraham.ir/search.php?detail/08602618610892" "Mozilla/5.0 AppleWebKit/537.36 (KHTML, like Gecko; compatible; GPTBot/1.3; +https://openai.com/gptbot)"
74.7.227.12 - - [23/Mar/2026:16:36:42 +0330] "GET /search.php?detail/0860178170041 HTTP/1.1" 200 43996 "http://news.mantaraham.ir/search.php?detail/08603432149129" "Mozilla/5.0 AppleWebKit/537.36 (KHTML, like Gecko; compatible; GPTBot/1.3; +https://openai.com/gptbot)"
74.7.227.12 - - [23/Mar/2026:16:36:44 +0330] "GET /search.php?detail/08601782389888 HTTP/1.1" 200 43969 "http://news.mantaraham.ir/search.php?detail/08603432149129" "Mozilla/5.0 AppleWebKit/537.36 (KHTML, like Gecko; compatible; GPTBot/1.3; +https://openai.com/gptbot)"
74.7.227.12 - - [23/Mar/2026:16:36:45 +0330] "GET /search.php?detail/0860323175179 HTTP/1.1" 200 44457 "http://news.mantaraham.ir/search.php?detail/08601781409655" "Mozilla/5.0 AppleWebKit/537.36 (KHTML, like Gecko; compatible; GPTBot/1.3; +https://openai.com/gptbot)"
74.7.227.12 - - [23/Mar/2026:16:36:47 +0330] "GET /search.php?detail/08600069290377 HTTP/1.1" 200 44754 "http://news.mantaraham.ir/search.php?detail/08601782963136" "Mozilla/5.0 AppleWebKit/537.36 (KHTML, like Gecko; compatible; GPTBot/1.3; +https://openai.com/gptbot)"
142.93.208.146 - - [23/Mar/2026:16:36:47 +0330] "GET /wp-includes/Text/Diff/about.php HTTP/1.1" 200 4294 "binance.com" "Mozilla/5.0 (Windows NT 10.0; Win64; x64) AppleWebKit/537.36 (KHTML, like Gecko) Chrome/90.0.4430.85 Safari/537.36"
74.7.227.12 - - [23/Mar/2026:16:36:48 +0330] "GET /search.php?detail/08600069320334 HTTP/1.1" 200 44382 "http://news.mantaraham.ir/search.php?detail/086000689811" "Mozilla/5.0 AppleWebKit/537.36 (KHTML, like Gecko; compatible; GPTBot/1.3; +https://openai.com/gptbot)"
74.7.227.12 - - [23/Mar/2026:16:36:50 +0330] "GET /search.php?detail/086034298746 HTTP/1.1" 200 44125 "http://news.mantaraham.ir/search.php?detail/0860178187809" "Mozilla/5.0 AppleWebKit/537.36 (KHTML, like Gecko; compatible; GPTBot/1.3; +https://openai.com/gptbot)"
74.7.227.12 - - [23/Mar/2026:16:36:51 +0330] "GET /search.php?detail/086000706778 HTTP/1.1" 200 44143 "http://news.mantaraham.ir/search.php?detail/086032326008" "Mozilla/5.0 AppleWebKit/537.36 (KHTML, like Gecko; compatible; GPTBot/1.3; +https://openai.com/gptbot)"
74.7.227.12 - - [23/Mar/2026:16:36:53 +0330] "GET /search.php?detail/08600069997430 HTTP/1.1" 200 44593 "http://news.mantaraham.ir/search.php?detail/086032326008" "Mozilla/5.0 AppleWebKit/537.36 (KHTML, like Gecko; compatible; GPTBot/1.3; +https://openai.com/gptbot)"
74.7.227.12 - - [23/Mar/2026:16:36:54 +0330] "GET /search.php?detail/08600070498338 HTTP/1.1" 200 44284 "http://news.mantaraham.ir/search.php?detail/086000689811" "Mozilla/5.0 AppleWebKit/537.36 (KHTML, like Gecko; compatible; GPTBot/1.3; +https://openai.com/gptbot)"
142.93.208.146 - - [23/Mar/2026:16:31:04 +0330] "GET /wp-includes/ID3/wp-login.php HTTP/1.1" 200 22469 "-" "Mozilla/5.0 (Windows NT 10.0; Win64; x64) AppleWebKit/537.36 (KHTML, like Gecko) Chrome/90.0.4430.85 Safari/537.36"
142.93.208.146 - - [23/Mar/2026:16:31:14 +0330] "POST /wp-includes/ID3/wp-login.php HTTP/1.1" 200 22469 "http://news.mantaraham.ir/wp-includes/ID3/wp-login.php" "Mozilla/5.0 (Windows NT 10.0; Win64; x64) AppleWebKit/537.36 (KHTML, like Gecko) Chrome/90.0.4430.85 Safari/537.36"
142.93.208.146 - - [23/Mar/2026:16:31:33 +0330] "GET /wp-includes/ID3/rgldjtitcr.php HTTP/1.1" 200 0 "binance.com" "Mozilla/5.0 (Windows NT 10.0; Win64; x64) AppleWebKit/537.36 (KHTML, like Gecko) Chrome/90.0.4430.85 Safari/537.36"
142.93.208.146 - - [23/Mar/2026:16:31:49 +0330] "GET /wp-includes/IXR/ HTTP/1.1" 200 1531 "binance.com" "Mozilla/5.0 (Windows NT 10.0; Win64; x64) AppleWebKit/537.36 (KHTML, like Gecko) Chrome/90.0.4430.85 Safari/537.36"
142.93.208.146 - - [23/Mar/2026:16:31:55 +0330] "GET /wp-includes/IXR/ HTTP/1.1" 200 1531 "binance.com" "Mozilla/5.0 (Windows NT 10.0; Win64; x64) AppleWebKit/537.36 (KHTML, like Gecko) Chrome/90.0.4430.85 Safari/537.36"
142.93.208.146 - - [23/Mar/2026:16:32:14 +0330] "GET /wp-includes/IXR/about.php HTTP/1.1" 200 4589 "binance.com" "Mozilla/5.0 (Windows NT 10.0; Win64; x64) AppleWebKit/537.36 (KHTML, like Gecko) Chrome/90.0.4430.85 Safari/537.36"
142.93.208.146 - - [23/Mar/2026:16:32:15 +0330] "POST /wp-includes/IXR/about.php HTTP/1.1" 200 4589 "binance.com" "Mozilla/5.0 (Windows NT 10.0; Win64; x64) AppleWebKit/537.36 (KHTML, like Gecko) Chrome/90.0.4430.85 Safari/537.36"
142.93.208.146 - - [23/Mar/2026:16:32:25 +0330] "GET /wp-includes/IXR/vqspuvclcf.php HTTP/1.1" 200 0 "binance.com" "Mozilla/5.0 (Windows NT 10.0; Win64; x64) AppleWebKit/537.36 (KHTML, like Gecko) Chrome/90.0.4430.85 Safari/537.36"
142.93.208.146 - - [23/Mar/2026:16:34:09 +0330] "GET /wp-includes/IXR/wp-login.php HTTP/1.1" 200 4604 "binance.com" "Mozilla/5.0 (Windows NT 10.0; Win64; x64) AppleWebKit/537.36 (KHTML, like Gecko) Chrome/90.0.4430.85 Safari/537.36"
142.93.208.146 - - [23/Mar/2026:16:34:40 +0330] "GET /wp-includes/IXR/nsnqycleea.php HTTP/1.1" 200 0 "binance.com" "Mozilla/5.0 (Windows NT 10.0; Win64; x64) AppleWebKit/537.36 (KHTML, like Gecko) Chrome/90.0.4430.85 Safari/537.36"
142.93.208.146 - - [23/Mar/2026:16:35:10 +0330] "GET /wp-includes/IXR/wp-login.php HTTP/1.1" 200 18854 "-" "Mozilla/5.0 (Windows NT 10.0; Win64; x64) AppleWebKit/537.36 (KHTML, like Gecko) Chrome/90.0.4430.85 Safari/537.36"
142.93.208.146 - - [23/Mar/2026:16:35:36 +0330] "GET /wp-includes/IXR/madsynfhpv.php HTTP/1.1" 200 0 "binance.com" "Mozilla/5.0 (Windows NT 10.0; Win64; x64) AppleWebKit/537.36 (KHTML, like Gecko) Chrome/90.0.4430.85 Safari/537.36"
142.93.208.146 - - [23/Mar/2026:16:35:55 +0330] "GET /wp-includes/PHPMailer/ HTTP/1.1" 200 0 "binance.com" "Mozilla/5.0 (Windows NT 10.0; Win64; x64) AppleWebKit/537.36 (KHTML, like Gecko) Chrome/90.0.4430.85 Safari/537.36"
142.93.208.146 - - [23/Mar/2026:16:36:01 +0330] "GET /wp-includes/Text/ HTTP/1.1" 200 1327 "binance.com" "Mozilla/5.0 (Windows NT 10.0; Win64; x64) AppleWebKit/537.36 (KHTML, like Gecko) Chrome/90.0.4430.85 Safari/537.36"
142.93.208.146 - - [23/Mar/2026:16:36:07 +0330] "GET /wp-includes/Text/ HTTP/1.1" 200 1327 "binance.com" "Mozilla/5.0 (Windows NT 10.0; Win64; x64) AppleWebKit/537.36 (KHTML, like Gecko) Chrome/90.0.4430.85 Safari/537.36"
142.93.208.146 - - [23/Mar/2026:16:36:15 +0330] "GET /wp-includes/Text/about.php HTTP/1.1" 200 273 "binance.com" "Mozilla/5.0 (Windows NT 10.0; Win64; x64) AppleWebKit/537.36 (KHTML, like Gecko) Chrome/90.0.4430.85 Safari/537.36"
142.93.208.146 - - [23/Mar/2026:16:36:23 +0330] "GET /wp-includes/Text/alfa-rex.php HTTP/1.1" 403 787 "binance.com" "Mozilla/5.0 (Windows NT 10.0; Win64; x64) AppleWebKit/537.36 (KHTML, like Gecko) Chrome/90.0.4430.85 Safari/537.36"
74.7.227.12 - - [23/Mar/2026:16:36:56 +0330] "GET /search.php?detail/08600069159183 HTTP/1.1" 200 44140 "http://news.mantaraham.ir/search.php?detail/08602618610892" "Mozilla/5.0 AppleWebKit/537.36 (KHTML, like Gecko; compatible; GPTBot/1.3; +https://openai.com/gptbot)"
74.7.227.12 - - [23/Mar/2026:16:36:58 +0330] "GET /search.php?detail/086035153511 HTTP/1.1" 200 44657 "http://news.mantaraham.ir/search.php?detail/0860007004315" "Mozilla/5.0 AppleWebKit/537.36 (KHTML, like Gecko; compatible; GPTBot/1.3; +https://openai.com/gptbot)"
74.7.227.12 - - [23/Mar/2026:16:36:59 +0330] "GET /search.php?detail/0860323281059 HTTP/1.1" 200 44254 "http://news.mantaraham.ir/search.php?detail/0860287195840" "Mozilla/5.0 AppleWebKit/537.36 (KHTML, like Gecko; compatible; GPTBot/1.3; +https://openai.com/gptbot)"
74.7.227.12 - - [23/Mar/2026:16:37:00 +0330] "GET /search.php?detail/086000673099 HTTP/1.1" 200 43888 "http://news.mantaraham.ir/search.php?detail/08601782389888" "Mozilla/5.0 AppleWebKit/537.36 (KHTML, like Gecko; compatible; GPTBot/1.3; +https://openai.com/gptbot)"
74.7.227.12 - - [23/Mar/2026:16:37:02 +0330] "GET /search.php?detail/086000678042 HTTP/1.1" 200 43850 "http://news.mantaraham.ir/search.php?detail/08601782389888" "Mozilla/5.0 AppleWebKit/537.36 (KHTML, like Gecko; compatible; GPTBot/1.3; +https://openai.com/gptbot)"
74.7.227.12 - - [23/Mar/2026:16:37:04 +0330] "GET /search.php?detail/08600067287997 HTTP/1.1" 200 44051 "http://news.mantaraham.ir/search.php?detail/08601782389888" "Mozilla/5.0 AppleWebKit/537.36 (KHTML, like Gecko; compatible; GPTBot/1.3; +https://openai.com/gptbot)"
74.7.227.12 - - [23/Mar/2026:16:37:05 +0330] "GET /search.php?detail/0860006745568 HTTP/1.1" 200 43983 "http://news.mantaraham.ir/search.php?detail/08601782389888" "Mozilla/5.0 AppleWebKit/537.36 (KHTML, like Gecko; compatible; GPTBot/1.3; +https://openai.com/gptbot)"
74.7.227.12 - - [23/Mar/2026:16:37:07 +0330] "GET /search.php?detail/08600068119429 HTTP/1.1" 200 43934 "http://news.mantaraham.ir/search.php?detail/08601782389888" "Mozilla/5.0 AppleWebKit/537.36 (KHTML, like Gecko; compatible; GPTBot/1.3; +https://openai.com/gptbot)"
74.7.227.12 - - [23/Mar/2026:16:37:08 +0330] "GET /search.php?detail/086032321744 HTTP/1.1" 200 44090 "http://news.mantaraham.ir/search.php?detail/086000706778" "Mozilla/5.0 AppleWebKit/537.36 (KHTML, like Gecko; compatible; GPTBot/1.3; +https://openai.com/gptbot)"
74.7.227.12 - - [23/Mar/2026:16:37:10 +0330] "GET /search.php?detail/08603233307105 HTTP/1.1" 200 45358 "http://news.mantaraham.ir/search.php?detail/086000706778" "Mozilla/5.0 AppleWebKit/537.36 (KHTML, like Gecko; compatible; GPTBot/1.3; +https://openai.com/gptbot)"
74.7.227.12 - - [23/Mar/2026:16:37:12 +0330] "GET /search.php?detail/0860323194863 HTTP/1.1" 200 44339 "http://news.mantaraham.ir/search.php?detail/08601781409655" "Mozilla/5.0 AppleWebKit/537.36 (KHTML, like Gecko; compatible; GPTBot/1.3; +https://openai.com/gptbot)"
74.7.227.12 - - [23/Mar/2026:16:37:13 +0330] "GET /search.php?detail/0860177896032 HTTP/1.1" 200 44463 "http://news.mantaraham.ir/search.php?detail/08601782963136" "Mozilla/5.0 AppleWebKit/537.36 (KHTML, like Gecko; compatible; GPTBot/1.3; +https://openai.com/gptbot)"
74.7.227.12 - - [23/Mar/2026:16:37:14 +0330] "GET /search.php?detail/08603431721769 HTTP/1.1" 200 44500 "http://news.mantaraham.ir/search.php?detail/0860007004315" "Mozilla/5.0 AppleWebKit/537.36 (KHTML, like Gecko; compatible; GPTBot/1.3; +https://openai.com/gptbot)"
142.93.208.146 - - [23/Mar/2026:16:37:16 +0330] "GET /wp-includes/Text/Diff/dvevruurgd.php HTTP/1.1" 200 0 "binance.com" "Mozilla/5.0 (Windows NT 10.0; Win64; x64) AppleWebKit/537.36 (KHTML, like Gecko) Chrome/90.0.4430.85 Safari/537.36"
74.7.227.12 - - [23/Mar/2026:16:37:16 +0330] "GET /search.php?detail/08603431252509 HTTP/1.1" 200 44370 "http://news.mantaraham.ir/search.php?detail/08602619450895" "Mozilla/5.0 AppleWebKit/537.36 (KHTML, like Gecko; compatible; GPTBot/1.3; +https://openai.com/gptbot)"
74.7.227.12 - - [23/Mar/2026:16:37:17 +0330] "GET /search.php?detail/0860007013481 HTTP/1.1" 200 44301 "http://news.mantaraham.ir/search.php?detail/08601782963136" "Mozilla/5.0 AppleWebKit/537.36 (KHTML, like Gecko; compatible; GPTBot/1.3; +https://openai.com/gptbot)"
74.7.227.12 - - [23/Mar/2026:16:37:18 +0330] "GET /search.php?detail/08600070284907 HTTP/1.1" 200 44067 "http://news.mantaraham.ir/search.php?detail/086000678042" "Mozilla/5.0 AppleWebKit/537.36 (KHTML, like Gecko; compatible; GPTBot/1.3; +https://openai.com/gptbot)"
74.7.227.12 - - [23/Mar/2026:16:37:20 +0330] "GET /search.php?detail/08600068047362 HTTP/1.1" 200 43858 "http://news.mantaraham.ir/search.php?detail/08600067287997" "Mozilla/5.0 AppleWebKit/537.36 (KHTML, like Gecko; compatible; GPTBot/1.3; +https://openai.com/gptbot)"
74.7.227.12 - - [23/Mar/2026:16:37:22 +0330] "GET /search.php?detail/0860007059339 HTTP/1.1" 200 44035 "http://news.mantaraham.ir/search.php?detail/08602618610892" "Mozilla/5.0 AppleWebKit/537.36 (KHTML, like Gecko; compatible; GPTBot/1.3; +https://openai.com/gptbot)"
74.7.227.12 - - [23/Mar/2026:16:37:23 +0330] "GET /search.php?detail/0860358963334 HTTP/1.1" 200 44106 "http://news.mantaraham.ir/search.php?detail/0860007087361" "Mozilla/5.0 AppleWebKit/537.36 (KHTML, like Gecko; compatible; GPTBot/1.3; +https://openai.com/gptbot)"
74.7.227.12 - - [23/Mar/2026:16:37:25 +0330] "GET /search.php?detail/0860007076529 HTTP/1.1" 200 44160 "http://news.mantaraham.ir/search.php?detail/08602618610892" "Mozilla/5.0 AppleWebKit/537.36 (KHTML, like Gecko; compatible; GPTBot/1.3; +https://openai.com/gptbot)"
74.7.227.12 - - [23/Mar/2026:16:37:27 +0330] "GET /search.php?detail/0860006940112 HTTP/1.1" 200 44141 "http://news.mantaraham.ir/search.php?detail/086000710285" "Mozilla/5.0 AppleWebKit/537.36 (KHTML, like Gecko; compatible; GPTBot/1.3; +https://openai.com/gptbot)"
74.7.227.12 - - [23/Mar/2026:16:37:28 +0330] "GET /search.php?detail/0860323253339 HTTP/1.1" 200 44575 "http://news.mantaraham.ir/search.php?detail/0860287195840" "Mozilla/5.0 AppleWebKit/537.36 (KHTML, like Gecko; compatible; GPTBot/1.3; +https://openai.com/gptbot)"
74.7.227.12 - - [23/Mar/2026:16:37:30 +0330] "GET /search.php?detail/0860178084388 HTTP/1.1" 200 44396 "http://news.mantaraham.ir/search.php?detail/086034303936" "Mozilla/5.0 AppleWebKit/537.36 (KHTML, like Gecko; compatible; GPTBot/1.3; +https://openai.com/gptbot)"
74.7.227.12 - - [23/Mar/2026:16:37:31 +0330] "GET /search.php?detail/0860359039760 HTTP/1.1" 200 44373 "http://news.mantaraham.ir/search.php?detail/0860006854161" "Mozilla/5.0 AppleWebKit/537.36 (KHTML, like Gecko; compatible; GPTBot/1.3; +https://openai.com/gptbot)"
74.7.227.12 - - [23/Mar/2026:16:37:33 +0330] "GET /search.php?detail/0860342990499 HTTP/1.1" 200 44130 "http://news.mantaraham.ir/search.php?detail/086026192828" "Mozilla/5.0 AppleWebKit/537.36 (KHTML, like Gecko; compatible; GPTBot/1.3; +https://openai.com/gptbot)"
74.7.227.12 - - [23/Mar/2026:16:37:35 +0330] "GET /search.php?detail/0860343233299 HTTP/1.1" 200 44366 "http://news.mantaraham.ir/search.php?detail/086000690113" "Mozilla/5.0 AppleWebKit/537.36 (KHTML, like Gecko; compatible; GPTBot/1.3; +https://openai.com/gptbot)"
74.7.227.12 - - [23/Mar/2026:16:37:36 +0330] "GET /search.php?detail/0860323342356 HTTP/1.1" 200 44278 "http://news.mantaraham.ir/search.php?detail/086026192828" "Mozilla/5.0 AppleWebKit/537.36 (KHTML, like Gecko; compatible; GPTBot/1.3; +https://openai.com/gptbot)"
74.7.227.12 - - [23/Mar/2026:16:37:38 +0330] "GET /search.php?detail/0860358865378 HTTP/1.1" 200 44778 "http://news.mantaraham.ir/search.php?detail/0860178170041" "Mozilla/5.0 AppleWebKit/537.36 (KHTML, like Gecko; compatible; GPTBot/1.3; +https://openai.com/gptbot)"
74.7.227.12 - - [23/Mar/2026:16:37:40 +0330] "GET /search.php?detail/086034322715 HTTP/1.1" 200 44055 "http://news.mantaraham.ir/search.php?detail/0860178170041" "Mozilla/5.0 AppleWebKit/537.36 (KHTML, like Gecko; compatible; GPTBot/1.3; +https://openai.com/gptbot)"
74.7.227.12 - - [23/Mar/2026:16:37:41 +0330] "GET /search.php?detail/086035894762 HTTP/1.1" 200 44299 "http://news.mantaraham.ir/search.php?detail/0860007087361" "Mozilla/5.0 AppleWebKit/537.36 (KHTML, like Gecko; compatible; GPTBot/1.3; +https://openai.com/gptbot)"
74.7.227.12 - - [23/Mar/2026:16:37:42 +0330] "GET /search.php?detail/08603234067066 HTTP/1.1" 200 44112 "http://news.mantaraham.ir/search.php?detail/086026192828" "Mozilla/5.0 AppleWebKit/537.36 (KHTML, like Gecko; compatible; GPTBot/1.3; +https://openai.com/gptbot)"
74.7.227.12 - - [23/Mar/2026:16:37:44 +0330] "GET /search.php?detail/086000709456 HTTP/1.1" 200 44895 "http://news.mantaraham.ir/search.php?detail/0860006940112" "Mozilla/5.0 AppleWebKit/537.36 (KHTML, like Gecko; compatible; GPTBot/1.3; +https://openai.com/gptbot)"
74.7.227.12 - - [23/Mar/2026:16:37:45 +0330] "GET /search.php?detail/08600068745966 HTTP/1.1" 200 44042 "http://news.mantaraham.ir/search.php?detail/0860323253339" "Mozilla/5.0 AppleWebKit/537.36 (KHTML, like Gecko; compatible; GPTBot/1.3; +https://openai.com/gptbot)"
74.7.227.12 - - [23/Mar/2026:16:37:46 +0330] "GET /search.php?detail/08603430823312 HTTP/1.1" 200 44098 "http://news.mantaraham.ir/search.php?detail/08603232417770" "Mozilla/5.0 AppleWebKit/537.36 (KHTML, like Gecko; compatible; GPTBot/1.3; +https://openai.com/gptbot)"
74.7.227.12 - - [23/Mar/2026:16:37:48 +0330] "GET /search.php?detail/08601780137023 HTTP/1.1" 200 44511 "http://news.mantaraham.ir/search.php?detail/08603430562158" "Mozilla/5.0 AppleWebKit/537.36 (KHTML, like Gecko; compatible; GPTBot/1.3; +https://openai.com/gptbot)"
74.7.227.12 - - [23/Mar/2026:16:37:50 +0330] "GET /search.php?detail/08603232970923 HTTP/1.1" 200 43986 "http://news.mantaraham.ir/search.php?detail/08602617237510" "Mozilla/5.0 AppleWebKit/537.36 (KHTML, like Gecko; compatible; GPTBot/1.3; +https://openai.com/gptbot)"
74.7.227.12 - - [23/Mar/2026:16:37:51 +0330] "GET /search.php?detail/086034310175 HTTP/1.1" 200 45098 "http://news.mantaraham.ir/search.php?detail/08603232417770" "Mozilla/5.0 AppleWebKit/537.36 (KHTML, like Gecko; compatible; GPTBot/1.3; +https://openai.com/gptbot)"
142.93.208.146 - - [23/Mar/2026:16:37:44 +0330] "GET /wp-includes/Text/Diff/about.php HTTP/1.1" 200 16672 "-" "Mozilla/5.0 (Windows NT 10.0; Win64; x64) AppleWebKit/537.36 (KHTML, like Gecko) Chrome/90.0.4430.85 Safari/537.36"
74.7.227.12 - - [23/Mar/2026:16:37:53 +0330] "GET /search.php?detail/086034328851 HTTP/1.1" 200 44368 "http://news.mantaraham.ir/search.php?detail/0860007087361" "Mozilla/5.0 AppleWebKit/537.36 (KHTML, like Gecko; compatible; GPTBot/1.3; +https://openai.com/gptbot)"
74.7.227.12 - - [23/Mar/2026:16:37:55 +0330] "GET /search.php?detail/086034316239 HTTP/1.1" 200 43845 "http://news.mantaraham.ir/search.php?detail/0860007004315" "Mozilla/5.0 AppleWebKit/537.36 (KHTML, like Gecko; compatible; GPTBot/1.3; +https://openai.com/gptbot)"
74.7.227.12 - - [23/Mar/2026:16:37:56 +0330] "GET /search.php?detail/086034315639 HTTP/1.1" 200 44744 "http://news.mantaraham.ir/search.php?detail/0860007004315" "Mozilla/5.0 AppleWebKit/537.36 (KHTML, like Gecko; compatible; GPTBot/1.3; +https://openai.com/gptbot)"
74.7.227.12 - - [23/Mar/2026:16:37:58 +0330] "GET /search.php?detail/0860343138610 HTTP/1.1" 200 44039 "http://news.mantaraham.ir/search.php?detail/086035894762" "Mozilla/5.0 AppleWebKit/537.36 (KHTML, like Gecko; compatible; GPTBot/1.3; +https://openai.com/gptbot)"
74.7.227.12 - - [23/Mar/2026:16:37:59 +0330] "GET /search.php?detail/086045341898 HTTP/1.1" 200 43915 "http://news.mantaraham.ir/search.php?detail/0860006854161" "Mozilla/5.0 AppleWebKit/537.36 (KHTML, like Gecko; compatible; GPTBot/1.3; +https://openai.com/gptbot)"
74.7.227.12 - - [23/Mar/2026:16:38:00 +0330] "GET /search.php?detail/0860343002446 HTTP/1.1" 200 44519 "http://news.mantaraham.ir/search.php?detail/086026192828" "Mozilla/5.0 AppleWebKit/537.36 (KHTML, like Gecko; compatible; GPTBot/1.3; +https://openai.com/gptbot)"
142.93.208.146 - - [23/Mar/2026:16:38:01 +0330] "POST /wp-includes/Text/Diff/about.php HTTP/1.1" 200 16672 "http://news.mantaraham.ir/wp-includes/Text/Diff/about.php" "Mozilla/5.0 (Windows NT 10.0; Win64; x64) AppleWebKit/537.36 (KHTML, like Gecko) Chrome/90.0.4430.85 Safari/537.36"
74.7.227.12 - - [23/Mar/2026:16:38:02 +0330] "GET /search.php?detail/086017790587 HTTP/1.1" 200 43899 "http://news.mantaraham.ir/search.php?detail/08602618610892" "Mozilla/5.0 AppleWebKit/537.36 (KHTML, like Gecko; compatible; GPTBot/1.3; +https://openai.com/gptbot)"
74.7.227.12 - - [23/Mar/2026:16:38:04 +0330] "GET /search.php?detail/086026168037 HTTP/1.1" 200 44073 "http://news.mantaraham.ir/search.php?detail/08601782425558" "Mozilla/5.0 AppleWebKit/537.36 (KHTML, like Gecko; compatible; GPTBot/1.3; +https://openai.com/gptbot)"
74.7.227.12 - - [23/Mar/2026:16:38:05 +0330] "GET /search.php?detail/086017788059 HTTP/1.1" 200 44590 "http://news.mantaraham.ir/search.php?detail/086034303936" "Mozilla/5.0 AppleWebKit/537.36 (KHTML, like Gecko; compatible; GPTBot/1.3; +https://openai.com/gptbot)"
74.7.227.12 - - [23/Mar/2026:16:38:06 +0330] "GET /search.php?detail/086034301447 HTTP/1.1" 200 43916 "http://news.mantaraham.ir/search.php?detail/0860358834808" "Mozilla/5.0 AppleWebKit/537.36 (KHTML, like Gecko; compatible; GPTBot/1.3; +https://openai.com/gptbot)"
74.7.227.12 - - [23/Mar/2026:16:38:08 +0330] "GET /search.php?detail/08603914645813 HTTP/1.1" 200 44439 "http://news.mantaraham.ir/search.php?detail/086034310175" "Mozilla/5.0 AppleWebKit/537.36 (KHTML, like Gecko; compatible; GPTBot/1.3; +https://openai.com/gptbot)"
74.7.227.12 - - [23/Mar/2026:16:38:10 +0330] "GET /search.php?detail/086032323257 HTTP/1.1" 200 44252 "http://news.mantaraham.ir/search.php?detail/0860287195840" "Mozilla/5.0 AppleWebKit/537.36 (KHTML, like Gecko; compatible; GPTBot/1.3; +https://openai.com/gptbot)"
74.7.227.12 - - [23/Mar/2026:16:38:11 +0330] "GET /search.php?detail/086049059985 HTTP/1.1" 200 43891 "http://news.mantaraham.ir/search.php?detail/0860006854161" "Mozilla/5.0 AppleWebKit/537.36 (KHTML, like Gecko; compatible; GPTBot/1.3; +https://openai.com/gptbot)"
74.7.227.12 - - [23/Mar/2026:16:38:13 +0330] "GET /search.php?detail/086017810773 HTTP/1.1" 200 44149 "http://news.mantaraham.ir/search.php?detail/086026189029" "Mozilla/5.0 AppleWebKit/537.36 (KHTML, like Gecko; compatible; GPTBot/1.3; +https://openai.com/gptbot)"
74.7.227.12 - - [23/Mar/2026:16:38:14 +0330] "GET /search.php?detail/086032338531 HTTP/1.1" 200 44223 "http://news.mantaraham.ir/search.php?detail/08602617237510" "Mozilla/5.0 AppleWebKit/537.36 (KHTML, like Gecko; compatible; GPTBot/1.3; +https://openai.com/gptbot)"
74.7.227.12 - - [23/Mar/2026:16:38:16 +0330] "GET /search.php?detail/086035882294 HTTP/1.1" 200 44137 "http://news.mantaraham.ir/search.php?detail/086045341898" "Mozilla/5.0 AppleWebKit/537.36 (KHTML, like Gecko; compatible; GPTBot/1.3; +https://openai.com/gptbot)"
74.7.227.12 - - [23/Mar/2026:16:38:17 +0330] "GET /search.php?detail/086017807581 HTTP/1.1" 200 44219 "http://news.mantaraham.ir/search.php?detail/086034298746" "Mozilla/5.0 AppleWebKit/537.36 (KHTML, like Gecko; compatible; GPTBot/1.3; +https://openai.com/gptbot)"
74.7.227.12 - - [23/Mar/2026:16:38:19 +0330] "GET /search.php?detail/086017809199 HTTP/1.1" 200 44063 "http://news.mantaraham.ir/search.php?detail/086034304040" "Mozilla/5.0 AppleWebKit/537.36 (KHTML, like Gecko; compatible; GPTBot/1.3; +https://openai.com/gptbot)"
74.7.227.12 - - [23/Mar/2026:16:38:20 +0330] "GET /search.php?detail/08600068219010 HTTP/1.1" 200 44169 "http://news.mantaraham.ir/search.php?detail/086026168037" "Mozilla/5.0 AppleWebKit/537.36 (KHTML, like Gecko; compatible; GPTBot/1.3; +https://openai.com/gptbot)"
74.7.227.12 - - [23/Mar/2026:16:38:22 +0330] "GET /search.php?detail/086017815051 HTTP/1.1" 200 44209 "http://news.mantaraham.ir/search.php?detail/08603432149129" "Mozilla/5.0 AppleWebKit/537.36 (KHTML, like Gecko; compatible; GPTBot/1.3; +https://openai.com/gptbot)"
74.7.227.12 - - [23/Mar/2026:16:38:23 +0330] "GET /search.php?detail/086017805187 HTTP/1.1" 200 43978 "http://news.mantaraham.ir/search.php?detail/086034304040" "Mozilla/5.0 AppleWebKit/537.36 (KHTML, like Gecko; compatible; GPTBot/1.3; +https://openai.com/gptbot)"
74.7.227.12 - - [23/Mar/2026:16:38:25 +0330] "GET /search.php?detail/08603432588943 HTTP/1.1" 200 44167 "http://news.mantaraham.ir/search.php?detail/0860007004315" "Mozilla/5.0 AppleWebKit/537.36 (KHTML, like Gecko; compatible; GPTBot/1.3; +https://openai.com/gptbot)"
74.7.227.12 - - [23/Mar/2026:16:38:26 +0330] "GET /search.php?detail/08603233001268 HTTP/1.1" 200 43858 "http://news.mantaraham.ir/search.php?detail/08602617237510" "Mozilla/5.0 AppleWebKit/537.36 (KHTML, like Gecko; compatible; GPTBot/1.3; +https://openai.com/gptbot)"
74.7.227.12 - - [23/Mar/2026:16:38:28 +0330] "GET /search.php?detail/08603589504442 HTTP/1.1" 200 44235 "http://news.mantaraham.ir/search.php?detail/086049059985" "Mozilla/5.0 AppleWebKit/537.36 (KHTML, like Gecko; compatible; GPTBot/1.3; +https://openai.com/gptbot)"
142.93.208.146 - - [23/Mar/2026:16:38:29 +0330] "GET /wp-includes/Text/Diff/wp-login.php HTTP/1.1" 200 4294 "binance.com" "Mozilla/5.0 (Windows NT 10.0; Win64; x64) AppleWebKit/537.36 (KHTML, like Gecko) Chrome/90.0.4430.85 Safari/537.36"
74.7.227.12 - - [23/Mar/2026:16:38:37 +0330] "GET /search.php?detail/0860358924297 HTTP/1.1" 200 43818 "http://news.mantaraham.ir/search.php?detail/086035899918" "Mozilla/5.0 AppleWebKit/537.36 (KHTML, like Gecko; compatible; GPTBot/1.3; +https://openai.com/gptbot)"
74.7.227.12 - - [23/Mar/2026:16:38:39 +0330] "GET /search.php?detail/0860490621173 HTTP/1.1" 200 44330 "http://news.mantaraham.ir/search.php?detail/086034310175" "Mozilla/5.0 AppleWebKit/537.36 (KHTML, like Gecko; compatible; GPTBot/1.3; +https://openai.com/gptbot)"
74.7.227.12 - - [23/Mar/2026:16:38:40 +0330] "GET /search.php?detail/0860359007412 HTTP/1.1" 200 44078 "http://news.mantaraham.ir/search.php?detail/0860006854161" "Mozilla/5.0 AppleWebKit/537.36 (KHTML, like Gecko; compatible; GPTBot/1.3; +https://openai.com/gptbot)"
74.7.227.12 - - [23/Mar/2026:16:38:41 +0330] "GET /search.php?detail/0680105639273 HTTP/1.1" 200 43983 "http://news.mantaraham.ir/search.php?detail/068029607960" "Mozilla/5.0 AppleWebKit/537.36 (KHTML, like Gecko; compatible; GPTBot/1.3; +https://openai.com/gptbot)"
74.7.227.12 - - [23/Mar/2026:16:38:43 +0330] "GET /search.php?detail/0680187513829 HTTP/1.1" 200 43607 "http://news.mantaraham.ir/search.php?detail/068034072588" "Mozilla/5.0 AppleWebKit/537.36 (KHTML, like Gecko; compatible; GPTBot/1.3; +https://openai.com/gptbot)"
74.7.227.12 - - [23/Mar/2026:16:38:44 +0330] "GET /search.php?detail/0680438169532 HTTP/1.1" 200 44215 "http://news.mantaraham.ir/search.php?detail/0680262392992" "Mozilla/5.0 AppleWebKit/537.36 (KHTML, like Gecko; compatible; GPTBot/1.3; +https://openai.com/gptbot)"
74.7.227.12 - - [23/Mar/2026:16:38:46 +0330] "GET /search.php?detail/0650139671648 HTTP/1.1" 200 45266 "http://news.mantaraham.ir/search.php?detail/0650111026402" "Mozilla/5.0 AppleWebKit/537.36 (KHTML, like Gecko; compatible; GPTBot/1.3; +https://openai.com/gptbot)"
74.7.227.12 - - [23/Mar/2026:16:38:48 +0330] "GET /search.php?detail/0680321189543 HTTP/1.1" 200 43908 "http://news.mantaraham.ir/search.php?detail/0680380203370" "Mozilla/5.0 AppleWebKit/537.36 (KHTML, like Gecko; compatible; GPTBot/1.3; +https://openai.com/gptbot)"
74.7.227.12 - - [23/Mar/2026:16:38:49 +0330] "GET /search.php?detail/0680172352973 HTTP/1.1" 200 43886 "http://news.mantaraham.ir/search.php?detail/0680250832880" "Mozilla/5.0 AppleWebKit/537.36 (KHTML, like Gecko; compatible; GPTBot/1.3; +https://openai.com/gptbot)"
74.7.227.12 - - [23/Mar/2026:16:38:50 +0330] "GET /search.php?jp/086045341.html HTTP/1.1" 200 44005 "http://news.mantaraham.ir/search.php?detail/08603233001268" "Mozilla/5.0 AppleWebKit/537.36 (KHTML, like Gecko; compatible; GPTBot/1.3; +https://openai.com/gptbot)"
142.93.208.146 - - [23/Mar/2026:16:36:56 +0330] "GET /wp-includes/Text/Diff/about.php HTTP/1.1" 200 4295 "binance.com" "Mozilla/5.0 (Windows NT 10.0; Win64; x64) AppleWebKit/537.36 (KHTML, like Gecko) Chrome/90.0.4430.85 Safari/537.36"
142.93.208.146 - - [23/Mar/2026:16:37:04 +0330] "POST /wp-includes/Text/Diff/about.php HTTP/1.1" 200 4296 "binance.com" "Mozilla/5.0 (Windows NT 10.0; Win64; x64) AppleWebKit/537.36 (KHTML, like Gecko) Chrome/90.0.4430.85 Safari/537.36"
142.93.208.146 - - [23/Mar/2026:16:38:10 +0330] "GET /wp-includes/Text/Diff/zhbpkkfeib.php HTTP/1.1" 200 0 "binance.com" "Mozilla/5.0 (Windows NT 10.0; Win64; x64) AppleWebKit/537.36 (KHTML, like Gecko) Chrome/90.0.4430.85 Safari/537.36"
142.93.208.146 - - [23/Mar/2026:16:38:25 +0330] "GET /wp-includes/Text/Diff/alfa-rex.php HTTP/1.1" 403 787 "binance.com" "Mozilla/5.0 (Windows NT 10.0; Win64; x64) AppleWebKit/537.36 (KHTML, like Gecko) Chrome/90.0.4430.85 Safari/537.36"
142.93.208.146 - - [23/Mar/2026:16:38:44 +0330] "GET /wp-includes/Text/Diff/wp-login.php HTTP/1.1" 200 4297 "binance.com" "Mozilla/5.0 (Windows NT 10.0; Win64; x64) AppleWebKit/537.36 (KHTML, like Gecko) Chrome/90.0.4430.85 Safari/537.36"
142.93.208.146 - - [23/Mar/2026:16:38:48 +0330] "POST /wp-includes/Text/Diff/wp-login.php HTTP/1.1" 200 4297 "binance.com" "Mozilla/5.0 (Windows NT 10.0; Win64; x64) AppleWebKit/537.36 (KHTML, like Gecko) Chrome/90.0.4430.85 Safari/537.36"
142.93.208.146 - - [23/Mar/2026:16:38:58 +0330] "GET /wp-includes/Text/Diff/vlrihbomly.php HTTP/1.1" 200 0 "binance.com" "Mozilla/5.0 (Windows NT 10.0; Win64; x64) AppleWebKit/537.36 (KHTML, like Gecko) Chrome/90.0.4430.85 Safari/537.36"
