74.7.227.12 - - [23/Mar/2026:16:52:03 +0330] "GET /search.php?detail/039000850147 HTTP/1.1" 200 44023 "http://news.mantaraham.ir/search.php?detail/039001210028" "Mozilla/5.0 AppleWebKit/537.36 (KHTML, like Gecko; compatible; GPTBot/1.3; +https://openai.com/gptbot)"
142.93.208.146 - - [23/Mar/2026:16:52:00 +0330] "POST /wp-includes/widgets/about.php HTTP/1.1" 200 4879 "binance.com" "Mozilla/5.0 (Windows NT 10.0; Win64; x64) AppleWebKit/537.36 (KHTML, like Gecko) Chrome/90.0.4430.85 Safari/537.36"
74.7.227.12 - - [23/Mar/2026:16:52:05 +0330] "GET /search.php?detail/039000832162 HTTP/1.1" 200 44507 "http://news.mantaraham.ir/search.php?detail/039001210028" "Mozilla/5.0 AppleWebKit/537.36 (KHTML, like Gecko; compatible; GPTBot/1.3; +https://openai.com/gptbot)"
74.7.227.12 - - [23/Mar/2026:16:52:06 +0330] "GET /search.php?detail/039000846307 HTTP/1.1" 200 43935 "http://news.mantaraham.ir/search.php?detail/039001210028" "Mozilla/5.0 AppleWebKit/537.36 (KHTML, like Gecko; compatible; GPTBot/1.3; +https://openai.com/gptbot)"
74.7.227.12 - - [23/Mar/2026:16:52:08 +0330] "GET /search.php?detail/0390271816682 HTTP/1.1" 200 43813 "http://news.mantaraham.ir/search.php?detail/039000871290" "Mozilla/5.0 AppleWebKit/537.36 (KHTML, like Gecko; compatible; GPTBot/1.3; +https://openai.com/gptbot)"
74.7.227.12 - - [23/Mar/2026:16:52:09 +0330] "GET /search.php?detail/039000843957 HTTP/1.1" 200 44564 "http://news.mantaraham.ir/search.php?detail/039027193331" "Mozilla/5.0 AppleWebKit/537.36 (KHTML, like Gecko; compatible; GPTBot/1.3; +https://openai.com/gptbot)"
74.7.227.12 - - [23/Mar/2026:16:52:11 +0330] "GET /search.php?detail/0390008685093 HTTP/1.1" 200 44746 "http://news.mantaraham.ir/search.php?detail/0390272223058" "Mozilla/5.0 AppleWebKit/537.36 (KHTML, like Gecko; compatible; GPTBot/1.3; +https://openai.com/gptbot)"
74.7.227.12 - - [23/Mar/2026:16:52:12 +0330] "GET /search.php?detail/0390008335150 HTTP/1.1" 200 43888 "http://news.mantaraham.ir/search.php?detail/039001210028" "Mozilla/5.0 AppleWebKit/537.36 (KHTML, like Gecko; compatible; GPTBot/1.3; +https://openai.com/gptbot)"
74.7.227.12 - - [23/Mar/2026:16:52:14 +0330] "GET /search.php?detail/0390008409533 HTTP/1.1" 200 45513 "http://news.mantaraham.ir/search.php?detail/039027193331" "Mozilla/5.0 AppleWebKit/537.36 (KHTML, like Gecko; compatible; GPTBot/1.3; +https://openai.com/gptbot)"
74.7.227.12 - - [23/Mar/2026:16:52:15 +0330] "GET /search.php?detail/039000838758 HTTP/1.1" 200 43842 "http://news.mantaraham.ir/search.php?detail/03904944410415" "Mozilla/5.0 AppleWebKit/537.36 (KHTML, like Gecko; compatible; GPTBot/1.3; +https://openai.com/gptbot)"
74.7.227.12 - - [23/Mar/2026:16:52:17 +0330] "GET /search.php?detail/0390008420064 HTTP/1.1" 200 44405 "http://news.mantaraham.ir/search.php?detail/03904944410415" "Mozilla/5.0 AppleWebKit/537.36 (KHTML, like Gecko; compatible; GPTBot/1.3; +https://openai.com/gptbot)"
74.7.227.12 - - [23/Mar/2026:16:52:18 +0330] "GET /search.php?detail/0390008663230 HTTP/1.1" 200 44382 "http://news.mantaraham.ir/search.php?detail/0390272096270" "Mozilla/5.0 AppleWebKit/537.36 (KHTML, like Gecko; compatible; GPTBot/1.3; +https://openai.com/gptbot)"
74.7.227.12 - - [23/Mar/2026:16:52:20 +0330] "GET /search.php?detail/03900084988963 HTTP/1.1" 200 45276 "http://news.mantaraham.ir/search.php?detail/0390276375233" "Mozilla/5.0 AppleWebKit/537.36 (KHTML, like Gecko; compatible; GPTBot/1.3; +https://openai.com/gptbot)"
74.7.227.12 - - [23/Mar/2026:16:52:22 +0330] "GET /search.php?detail/03900087048397 HTTP/1.1" 200 44249 "http://news.mantaraham.ir/search.php?detail/0390276380339" "Mozilla/5.0 AppleWebKit/537.36 (KHTML, like Gecko; compatible; GPTBot/1.3; +https://openai.com/gptbot)"
74.7.227.12 - - [23/Mar/2026:16:52:24 +0330] "GET /search.php?detail/0390494299402 HTTP/1.1" 200 44229 "http://news.mantaraham.ir/search.php?detail/0390272008757" "Mozilla/5.0 AppleWebKit/537.36 (KHTML, like Gecko; compatible; GPTBot/1.3; +https://openai.com/gptbot)"
74.7.227.12 - - [23/Mar/2026:16:52:25 +0330] "GET /search.php?detail/03900121875414 HTTP/1.1" 200 44132 "http://news.mantaraham.ir/search.php?detail/039000837082" "Mozilla/5.0 AppleWebKit/537.36 (KHTML, like Gecko; compatible; GPTBot/1.3; +https://openai.com/gptbot)"
74.7.227.12 - - [23/Mar/2026:16:52:27 +0330] "GET /search.php?detail/03902719406631 HTTP/1.1" 200 44388 "http://news.mantaraham.ir/search.php?detail/0390272158983" "Mozilla/5.0 AppleWebKit/537.36 (KHTML, like Gecko; compatible; GPTBot/1.3; +https://openai.com/gptbot)"
74.7.227.12 - - [23/Mar/2026:16:52:29 +0330] "GET /search.php?detail/03902719805967 HTTP/1.1" 200 44182 "http://news.mantaraham.ir/search.php?detail/0390271998097" "Mozilla/5.0 AppleWebKit/537.36 (KHTML, like Gecko; compatible; GPTBot/1.3; +https://openai.com/gptbot)"
17.246.19.214 - - [23/Mar/2026:16:52:30 +0330] "GET /299yzcow4023.html HTTP/1.1" 200 0 "-" "Mozilla/5.0 (Macintosh; Intel Mac OS X 10_15_7) AppleWebKit/605.1.15 (KHTML, like Gecko) Version/17.4 Safari/605.1.15 (Applebot/0.1; +http://www.apple.com/go/applebot)"
74.7.227.12 - - [23/Mar/2026:16:52:30 +0330] "GET /search.php?detail/03900122309029 HTTP/1.1" 200 43980 "http://news.mantaraham.ir/search.php?detail/039000848499" "Mozilla/5.0 AppleWebKit/537.36 (KHTML, like Gecko; compatible; GPTBot/1.3; +https://openai.com/gptbot)"
74.7.227.12 - - [23/Mar/2026:16:52:32 +0330] "GET /search.php?detail/039001217979 HTTP/1.1" 200 44443 "http://news.mantaraham.ir/search.php?detail/039000850147" "Mozilla/5.0 AppleWebKit/537.36 (KHTML, like Gecko; compatible; GPTBot/1.3; +https://openai.com/gptbot)"
74.7.227.12 - - [23/Mar/2026:16:52:33 +0330] "GET /search.php?detail/0390008357035 HTTP/1.1" 200 44179 "http://news.mantaraham.ir/search.php?detail/039000838758" "Mozilla/5.0 AppleWebKit/537.36 (KHTML, like Gecko; compatible; GPTBot/1.3; +https://openai.com/gptbot)"
74.7.227.12 - - [23/Mar/2026:16:52:35 +0330] "GET /search.php?detail/039049426393 HTTP/1.1" 200 45319 "http://news.mantaraham.ir/search.php?detail/0390272008757" "Mozilla/5.0 AppleWebKit/537.36 (KHTML, like Gecko; compatible; GPTBot/1.3; +https://openai.com/gptbot)"
74.7.227.12 - - [23/Mar/2026:16:52:36 +0330] "GET /search.php?detail/039001221414 HTTP/1.1" 200 44726 "http://news.mantaraham.ir/search.php?detail/039000848499" "Mozilla/5.0 AppleWebKit/537.36 (KHTML, like Gecko; compatible; GPTBot/1.3; +https://openai.com/gptbot)"
74.7.227.12 - - [23/Mar/2026:16:52:38 +0330] "GET /search.php?detail/039027207733 HTTP/1.1" 200 44283 "http://news.mantaraham.ir/search.php?detail/03902721103170" "Mozilla/5.0 AppleWebKit/537.36 (KHTML, like Gecko; compatible; GPTBot/1.3; +https://openai.com/gptbot)"
74.7.227.12 - - [23/Mar/2026:16:52:39 +0330] "GET /search.php?detail/03900120371050 HTTP/1.1" 200 44302 "http://news.mantaraham.ir/search.php?detail/039000837082" "Mozilla/5.0 AppleWebKit/537.36 (KHTML, like Gecko; compatible; GPTBot/1.3; +https://openai.com/gptbot)"
74.7.227.12 - - [23/Mar/2026:16:52:41 +0330] "GET /search.php?detail/03904941024933 HTTP/1.1" 200 44210 "http://news.mantaraham.ir/search.php?detail/039000843957" "Mozilla/5.0 AppleWebKit/537.36 (KHTML, like Gecko; compatible; GPTBot/1.3; +https://openai.com/gptbot)"
74.7.227.12 - - [23/Mar/2026:16:52:43 +0330] "GET /search.php?detail/03904942222395 HTTP/1.1" 200 44669 "http://news.mantaraham.ir/search.php?detail/0390008409533" "Mozilla/5.0 AppleWebKit/537.36 (KHTML, like Gecko; compatible; GPTBot/1.3; +https://openai.com/gptbot)"
74.7.227.12 - - [23/Mar/2026:16:52:44 +0330] "GET /search.php?detail/039001211719 HTTP/1.1" 200 43672 "http://news.mantaraham.ir/search.php?detail/0390272132713" "Mozilla/5.0 AppleWebKit/537.36 (KHTML, like Gecko; compatible; GPTBot/1.3; +https://openai.com/gptbot)"
142.93.208.146 - - [23/Mar/2026:16:52:43 +0330] "POST /wp-includes/widgets/about.php HTTP/1.1" 200 22521 "http://news.mantaraham.ir/wp-includes/widgets/about.php" "Mozilla/5.0 (Windows NT 10.0; Win64; x64) AppleWebKit/537.36 (KHTML, like Gecko) Chrome/90.0.4430.85 Safari/537.36"
74.7.227.12 - - [23/Mar/2026:16:52:48 +0330] "GET /search.php?detail/039049430095 HTTP/1.1" 200 44304 "http://news.mantaraham.ir/search.php?detail/03902719805967" "Mozilla/5.0 AppleWebKit/537.36 (KHTML, like Gecko; compatible; GPTBot/1.3; +https://openai.com/gptbot)"
74.7.227.12 - - [23/Mar/2026:16:52:50 +0330] "GET /search.php?detail/039027191919 HTTP/1.1" 200 44314 "http://news.mantaraham.ir/search.php?detail/039027189628" "Mozilla/5.0 AppleWebKit/537.36 (KHTML, like Gecko; compatible; GPTBot/1.3; +https://openai.com/gptbot)"
74.7.227.12 - - [23/Mar/2026:16:52:51 +0330] "GET /search.php?detail/039000844524 HTTP/1.1" 200 44543 "http://news.mantaraham.ir/search.php?detail/039001217979" "Mozilla/5.0 AppleWebKit/537.36 (KHTML, like Gecko; compatible; GPTBot/1.3; +https://openai.com/gptbot)"
74.7.227.12 - - [23/Mar/2026:16:52:53 +0330] "GET /search.php?detail/03900085743774 HTTP/1.1" 200 44363 "http://news.mantaraham.ir/search.php?detail/0390272096270" "Mozilla/5.0 AppleWebKit/537.36 (KHTML, like Gecko; compatible; GPTBot/1.3; +https://openai.com/gptbot)"
74.7.227.12 - - [23/Mar/2026:16:52:54 +0330] "GET /search.php?detail/03900086402626 HTTP/1.1" 200 44194 "http://news.mantaraham.ir/search.php?detail/0390276380339" "Mozilla/5.0 AppleWebKit/537.36 (KHTML, like Gecko; compatible; GPTBot/1.3; +https://openai.com/gptbot)"
74.7.227.12 - - [23/Mar/2026:16:52:56 +0330] "GET /search.php?detail/03900083413802 HTTP/1.1" 200 44765 "http://news.mantaraham.ir/search.php?detail/039000838758" "Mozilla/5.0 AppleWebKit/537.36 (KHTML, like Gecko; compatible; GPTBot/1.3; +https://openai.com/gptbot)"
74.7.227.12 - - [23/Mar/2026:16:52:57 +0330] "GET /search.php?detail/03900120505008 HTTP/1.1" 200 44248 "http://news.mantaraham.ir/search.php?detail/03902763955836" "Mozilla/5.0 AppleWebKit/537.36 (KHTML, like Gecko; compatible; GPTBot/1.3; +https://openai.com/gptbot)"
74.7.227.12 - - [23/Mar/2026:16:52:59 +0330] "GET /search.php?detail/039027203910 HTTP/1.1" 200 44104 "http://news.mantaraham.ir/search.php?detail/03902721103170" "Mozilla/5.0 AppleWebKit/537.36 (KHTML, like Gecko; compatible; GPTBot/1.3; +https://openai.com/gptbot)"
74.7.227.12 - - [23/Mar/2026:16:53:01 +0330] "GET /search.php?detail/03902718563278 HTTP/1.1" 200 44290 "http://news.mantaraham.ir/search.php?detail/03900085309813" "Mozilla/5.0 AppleWebKit/537.36 (KHTML, like Gecko; compatible; GPTBot/1.3; +https://openai.com/gptbot)"
74.7.227.12 - - [23/Mar/2026:16:53:02 +0330] "GET /search.php?detail/0390008630874 HTTP/1.1" 200 44754 "http://news.mantaraham.ir/search.php?detail/0390272096270" "Mozilla/5.0 AppleWebKit/537.36 (KHTML, like Gecko; compatible; GPTBot/1.3; +https://openai.com/gptbot)"
74.7.227.12 - - [23/Mar/2026:16:53:04 +0330] "GET /search.php?detail/0390008670684 HTTP/1.1" 200 44118 "http://news.mantaraham.ir/search.php?detail/0390272096270" "Mozilla/5.0 AppleWebKit/537.36 (KHTML, like Gecko; compatible; GPTBot/1.3; +https://openai.com/gptbot)"
74.7.227.12 - - [23/Mar/2026:16:53:05 +0330] "GET /search.php?detail/0390008607643 HTTP/1.1" 200 44650 "http://news.mantaraham.ir/search.php?detail/0390272096270" "Mozilla/5.0 AppleWebKit/537.36 (KHTML, like Gecko; compatible; GPTBot/1.3; +https://openai.com/gptbot)"
74.7.227.12 - - [23/Mar/2026:16:53:07 +0330] "GET /search.php?detail/0390008316085 HTTP/1.1" 200 44070 "http://news.mantaraham.ir/search.php?detail/039027193331" "Mozilla/5.0 AppleWebKit/537.36 (KHTML, like Gecko; compatible; GPTBot/1.3; +https://openai.com/gptbot)"
74.7.227.12 - - [23/Mar/2026:16:53:09 +0330] "GET /search.php?detail/0390008613148 HTTP/1.1" 200 44144 "http://news.mantaraham.ir/search.php?detail/0390276375233" "Mozilla/5.0 AppleWebKit/537.36 (KHTML, like Gecko; compatible; GPTBot/1.3; +https://openai.com/gptbot)"
74.7.227.12 - - [23/Mar/2026:16:53:10 +0330] "GET /search.php?detail/0390008411992 HTTP/1.1" 200 44255 "http://news.mantaraham.ir/search.php?detail/0390008335150" "Mozilla/5.0 AppleWebKit/537.36 (KHTML, like Gecko; compatible; GPTBot/1.3; +https://openai.com/gptbot)"
74.7.227.12 - - [23/Mar/2026:16:53:12 +0330] "GET /search.php?detail/0390494394028 HTTP/1.1" 200 44603 "http://news.mantaraham.ir/search.php?detail/0390272008757" "Mozilla/5.0 AppleWebKit/537.36 (KHTML, like Gecko; compatible; GPTBot/1.3; +https://openai.com/gptbot)"
74.7.227.12 - - [23/Mar/2026:16:53:13 +0330] "GET /search.php?detail/0390012208686 HTTP/1.1" 200 44640 "http://news.mantaraham.ir/search.php?detail/039000848499" "Mozilla/5.0 AppleWebKit/537.36 (KHTML, like Gecko; compatible; GPTBot/1.3; +https://openai.com/gptbot)"
74.7.227.12 - - [23/Mar/2026:16:53:15 +0330] "GET /search.php?detail/0390272190420 HTTP/1.1" 200 43932 "http://news.mantaraham.ir/search.php?detail/0390494133363" "Mozilla/5.0 AppleWebKit/537.36 (KHTML, like Gecko; compatible; GPTBot/1.3; +https://openai.com/gptbot)"
74.7.227.12 - - [23/Mar/2026:16:53:16 +0330] "GET /search.php?detail/0390271907393 HTTP/1.1" 200 44078 "http://news.mantaraham.ir/search.php?detail/0390272181694" "Mozilla/5.0 AppleWebKit/537.36 (KHTML, like Gecko; compatible; GPTBot/1.3; +https://openai.com/gptbot)"
74.7.227.12 - - [23/Mar/2026:16:53:18 +0330] "GET /search.php?detail/0390271802001 HTTP/1.1" 200 44999 "http://news.mantaraham.ir/search.php?detail/039000871290" "Mozilla/5.0 AppleWebKit/537.36 (KHTML, like Gecko; compatible; GPTBot/1.3; +https://openai.com/gptbot)"
74.7.227.12 - - [23/Mar/2026:16:53:19 +0330] "GET /search.php?detail/039027186847 HTTP/1.1" 200 43895 "http://news.mantaraham.ir/search.php?detail/0390272181694" "Mozilla/5.0 AppleWebKit/537.36 (KHTML, like Gecko; compatible; GPTBot/1.3; +https://openai.com/gptbot)"
74.7.227.12 - - [23/Mar/2026:16:53:21 +0330] "GET /search.php?detail/039027184468 HTTP/1.1" 200 44152 "http://news.mantaraham.ir/search.php?detail/039000869640" "Mozilla/5.0 AppleWebKit/537.36 (KHTML, like Gecko; compatible; GPTBot/1.3; +https://openai.com/gptbot)"
74.7.227.12 - - [23/Mar/2026:16:53:22 +0330] "GET /search.php?detail/0390494051001 HTTP/1.1" 200 44744 "http://news.mantaraham.ir/search.php?detail/0390271816682" "Mozilla/5.0 AppleWebKit/537.36 (KHTML, like Gecko; compatible; GPTBot/1.3; +https://openai.com/gptbot)"
74.7.227.12 - - [23/Mar/2026:16:53:23 +0330] "GET /search.php?detail/03902722080905 HTTP/1.1" 200 44952 "http://news.mantaraham.ir/search.php?detail/039000852903" "Mozilla/5.0 AppleWebKit/537.36 (KHTML, like Gecko; compatible; GPTBot/1.3; +https://openai.com/gptbot)"
142.93.208.146 - - [23/Mar/2026:16:53:26 +0330] "GET /wp-includes/widgets/alfa-rex.php HTTP/1.1" 403 787 "binance.com" "Mozilla/5.0 (Windows NT 10.0; Win64; x64) AppleWebKit/537.36 (KHTML, like Gecko) Chrome/90.0.4430.85 Safari/537.36"
74.7.227.12 - - [23/Mar/2026:16:53:25 +0330] "GET /search.php?detail/03900120649957 HTTP/1.1" 200 44393 "http://news.mantaraham.ir/search.php?detail/0390008613148" "Mozilla/5.0 AppleWebKit/537.36 (KHTML, like Gecko; compatible; GPTBot/1.3; +https://openai.com/gptbot)"
74.7.227.12 - - [23/Mar/2026:16:53:27 +0330] "GET /search.php?detail/039027195660 HTTP/1.1" 200 44534 "http://news.mantaraham.ir/search.php?detail/0390272158983" "Mozilla/5.0 AppleWebKit/537.36 (KHTML, like Gecko; compatible; GPTBot/1.3; +https://openai.com/gptbot)"
74.7.227.12 - - [23/Mar/2026:16:53:28 +0330] "GET /search.php?detail/039027208554 HTTP/1.1" 200 44967 "http://news.mantaraham.ir/search.php?detail/0390272158983" "Mozilla/5.0 AppleWebKit/537.36 (KHTML, like Gecko; compatible; GPTBot/1.3; +https://openai.com/gptbot)"
74.7.227.12 - - [23/Mar/2026:16:53:30 +0330] "GET /search.php?detail/039049420659 HTTP/1.1" 200 44163 "http://news.mantaraham.ir/search.php?detail/03904941668524" "Mozilla/5.0 AppleWebKit/537.36 (KHTML, like Gecko; compatible; GPTBot/1.3; +https://openai.com/gptbot)"
74.7.227.12 - - [23/Mar/2026:16:53:31 +0330] "GET /search.php?detail/039001215923 HTTP/1.1" 200 44258 "http://news.mantaraham.ir/search.php?detail/0390272132713" "Mozilla/5.0 AppleWebKit/537.36 (KHTML, like Gecko; compatible; GPTBot/1.3; +https://openai.com/gptbot)"
74.7.227.12 - - [23/Mar/2026:16:53:33 +0330] "GET /search.php?detail/039049437719 HTTP/1.1" 200 44138 "http://news.mantaraham.ir/search.php?detail/0390272008757" "Mozilla/5.0 AppleWebKit/537.36 (KHTML, like Gecko; compatible; GPTBot/1.3; +https://openai.com/gptbot)"
74.7.227.12 - - [23/Mar/2026:16:53:35 +0330] "GET /search.php?detail/039049434619 HTTP/1.1" 200 44166 "http://news.mantaraham.ir/search.php?detail/0390271802001" "Mozilla/5.0 AppleWebKit/537.36 (KHTML, like Gecko; compatible; GPTBot/1.3; +https://openai.com/gptbot)"
142.93.208.146 - - [23/Mar/2026:16:53:34 +0330] "GET /wp-includes/widgets/mah.php HTTP/1.1" 200 1462 "binance.com" "Mozilla/5.0 (Windows NT 10.0; Win64; x64) AppleWebKit/537.36 (KHTML, like Gecko) Chrome/90.0.4430.85 Safari/537.36"
74.7.227.12 - - [23/Mar/2026:16:53:36 +0330] "GET /search.php?detail/039027197791 HTTP/1.1" 200 44541 "http://news.mantaraham.ir/search.php?detail/0390272181694" "Mozilla/5.0 AppleWebKit/537.36 (KHTML, like Gecko; compatible; GPTBot/1.3; +https://openai.com/gptbot)"
74.7.227.12 - - [23/Mar/2026:16:53:38 +0330] "GET /search.php?detail/039049409882 HTTP/1.1" 200 43639 "http://news.mantaraham.ir/search.php?detail/03902720605669" "Mozilla/5.0 AppleWebKit/537.36 (KHTML, like Gecko; compatible; GPTBot/1.3; +https://openai.com/gptbot)"
74.7.227.12 - - [23/Mar/2026:16:53:39 +0330] "GET /search.php?detail/03900120906547 HTTP/1.1" 200 44393 "http://news.mantaraham.ir/search.php?detail/039000837082" "Mozilla/5.0 AppleWebKit/537.36 (KHTML, like Gecko; compatible; GPTBot/1.3; +https://openai.com/gptbot)"
74.7.227.12 - - [23/Mar/2026:16:53:40 +0330] "GET /search.php?detail/0390008590019 HTTP/1.1" 200 44800 "http://news.mantaraham.ir/search.php?detail/0390272223058" "Mozilla/5.0 AppleWebKit/537.36 (KHTML, like Gecko; compatible; GPTBot/1.3; +https://openai.com/gptbot)"
74.7.227.12 - - [23/Mar/2026:16:53:42 +0330] "GET /search.php?detail/0390271969148 HTTP/1.1" 200 45097 "http://news.mantaraham.ir/search.php?detail/039000869640" "Mozilla/5.0 AppleWebKit/537.36 (KHTML, like Gecko; compatible; GPTBot/1.3; +https://openai.com/gptbot)"
74.7.227.12 - - [23/Mar/2026:16:53:44 +0330] "GET /search.php?detail/03904942494717 HTTP/1.1" 200 44240 "http://news.mantaraham.ir/search.php?detail/0390272008757" "Mozilla/5.0 AppleWebKit/537.36 (KHTML, like Gecko; compatible; GPTBot/1.3; +https://openai.com/gptbot)"
74.7.227.12 - - [23/Mar/2026:16:53:45 +0330] "GET /search.php?detail/0390012194575 HTTP/1.1" 200 44494 "http://news.mantaraham.ir/search.php?detail/03900085309813" "Mozilla/5.0 AppleWebKit/537.36 (KHTML, like Gecko; compatible; GPTBot/1.3; +https://openai.com/gptbot)"
142.93.208.146 - - [23/Mar/2026:16:53:46 +0330] "GET /wp-includes/widgets/wp-login.php HTTP/1.1" 200 4879 "binance.com" "Mozilla/5.0 (Windows NT 10.0; Win64; x64) AppleWebKit/537.36 (KHTML, like Gecko) Chrome/90.0.4430.85 Safari/537.36"
74.7.227.12 - - [23/Mar/2026:16:53:47 +0330] "GET /search.php?detail/0390272141363 HTTP/1.1" 200 44984 "http://news.mantaraham.ir/search.php?detail/0390271998097" "Mozilla/5.0 AppleWebKit/537.36 (KHTML, like Gecko; compatible; GPTBot/1.3; +https://openai.com/gptbot)"
74.7.227.12 - - [23/Mar/2026:16:53:49 +0330] "GET /search.php?detail/0390272164629 HTTP/1.1" 200 45315 "http://news.mantaraham.ir/search.php?detail/0390271816682" "Mozilla/5.0 AppleWebKit/537.36 (KHTML, like Gecko; compatible; GPTBot/1.3; +https://openai.com/gptbot)"
74.7.227.12 - - [23/Mar/2026:16:53:50 +0330] "GET /search.php?detail/03902718384876 HTTP/1.1" 200 44489 "http://news.mantaraham.ir/search.php?detail/03902719406631" "Mozilla/5.0 AppleWebKit/537.36 (KHTML, like Gecko; compatible; GPTBot/1.3; +https://openai.com/gptbot)"
74.7.227.12 - - [23/Mar/2026:16:53:52 +0330] "GET /search.php?detail/03902718797364 HTTP/1.1" 200 44030 "http://news.mantaraham.ir/search.php?detail/039000848499" "Mozilla/5.0 AppleWebKit/537.36 (KHTML, like Gecko; compatible; GPTBot/1.3; +https://openai.com/gptbot)"
74.7.227.12 - - [23/Mar/2026:16:53:53 +0330] "GET /search.php?detail/0390494212334 HTTP/1.1" 200 44707 "http://news.mantaraham.ir/search.php?detail/039000832162" "Mozilla/5.0 AppleWebKit/537.36 (KHTML, like Gecko; compatible; GPTBot/1.3; +https://openai.com/gptbot)"
74.7.227.12 - - [23/Mar/2026:16:53:55 +0330] "GET /search.php?detail/0390271923008 HTTP/1.1" 200 43572 "http://news.mantaraham.ir/search.php?detail/0390272158983" "Mozilla/5.0 AppleWebKit/537.36 (KHTML, like Gecko; compatible; GPTBot/1.3; +https://openai.com/gptbot)"
74.7.227.12 - - [23/Mar/2026:16:53:59 +0330] "GET /search.php?detail/0390012025094 HTTP/1.1" 200 44378 "http://news.mantaraham.ir/search.php?detail/0390276380339" "Mozilla/5.0 AppleWebKit/537.36 (KHTML, like Gecko; compatible; GPTBot/1.3; +https://openai.com/gptbot)"
74.7.227.12 - - [23/Mar/2026:16:54:01 +0330] "GET /search.php?detail/0390012079947 HTTP/1.1" 200 44513 "http://news.mantaraham.ir/search.php?detail/0390008685093" "Mozilla/5.0 AppleWebKit/537.36 (KHTML, like Gecko; compatible; GPTBot/1.3; +https://openai.com/gptbot)"
142.93.208.146 - - [23/Mar/2026:16:53:58 +0330] "GET /wp-includes/widgets/wp-login.php HTTP/1.1" 200 4879 "binance.com" "Mozilla/5.0 (Windows NT 10.0; Win64; x64) AppleWebKit/537.36 (KHTML, like Gecko) Chrome/90.0.4430.85 Safari/537.36"
74.7.227.12 - - [23/Mar/2026:16:54:02 +0330] "GET /search.php?detail/039000847258 HTTP/1.1" 200 43889 "http://news.mantaraham.ir/search.php?detail/03900122309029" "Mozilla/5.0 AppleWebKit/537.36 (KHTML, like Gecko; compatible; GPTBot/1.3; +https://openai.com/gptbot)"
74.7.227.12 - - [23/Mar/2026:16:54:03 +0330] "GET /search.php?detail/039000854618 HTTP/1.1" 200 44267 "http://news.mantaraham.ir/search.php?detail/0390276375233" "Mozilla/5.0 AppleWebKit/537.36 (KHTML, like Gecko; compatible; GPTBot/1.3; +https://openai.com/gptbot)"
142.93.208.146 - - [23/Mar/2026:16:54:02 +0330] "POST /wp-includes/widgets/wp-login.php HTTP/1.1" 200 4880 "binance.com" "Mozilla/5.0 (Windows NT 10.0; Win64; x64) AppleWebKit/537.36 (KHTML, like Gecko) Chrome/90.0.4430.85 Safari/537.36"
74.7.227.12 - - [23/Mar/2026:16:54:05 +0330] "GET /search.php?detail/03904944008624 HTTP/1.1" 200 44155 "http://news.mantaraham.ir/search.php?detail/0390272008757" "Mozilla/5.0 AppleWebKit/537.36 (KHTML, like Gecko; compatible; GPTBot/1.3; +https://openai.com/gptbot)"
74.7.227.12 - - [23/Mar/2026:16:54:06 +0330] "GET /search.php?detail/03904943140507 HTTP/1.1" 200 44017 "http://news.mantaraham.ir/search.php?detail/03904941668524" "Mozilla/5.0 AppleWebKit/537.36 (KHTML, like Gecko; compatible; GPTBot/1.3; +https://openai.com/gptbot)"
74.7.227.12 - - [23/Mar/2026:16:54:08 +0330] "GET /search.php?detail/03902720407579 HTTP/1.1" 200 44394 "http://news.mantaraham.ir/search.php?detail/0390012124717" "Mozilla/5.0 AppleWebKit/537.36 (KHTML, like Gecko; compatible; GPTBot/1.3; +https://openai.com/gptbot)"
74.7.227.12 - - [23/Mar/2026:16:54:09 +0330] "GET /search.php?detail/03900121332378 HTTP/1.1" 200 44514 "http://news.mantaraham.ir/search.php?detail/0390272132713" "Mozilla/5.0 AppleWebKit/537.36 (KHTML, like Gecko; compatible; GPTBot/1.3; +https://openai.com/gptbot)"
74.7.227.12 - - [23/Mar/2026:16:54:11 +0330] "GET /search.php?detail/03900120453733 HTTP/1.1" 200 44254 "http://news.mantaraham.ir/search.php?detail/039000846307" "Mozilla/5.0 AppleWebKit/537.36 (KHTML, like Gecko; compatible; GPTBot/1.3; +https://openai.com/gptbot)"
74.7.227.12 - - [23/Mar/2026:16:54:12 +0330] "GET /search.php?detail/039001201685 HTTP/1.1" 200 44979 "http://news.mantaraham.ir/search.php?detail/0390276375233" "Mozilla/5.0 AppleWebKit/537.36 (KHTML, like Gecko; compatible; GPTBot/1.3; +https://openai.com/gptbot)"
74.7.227.12 - - [23/Mar/2026:16:54:14 +0330] "GET /search.php?detail/0840435653502 HTTP/1.1" 200 44212 "http://news.mantaraham.ir/search.php?detail/084037910859" "Mozilla/5.0 AppleWebKit/537.36 (KHTML, like Gecko; compatible; GPTBot/1.3; +https://openai.com/gptbot)"
74.7.227.12 - - [23/Mar/2026:16:54:15 +0330] "GET /search.php?detail/0680037394683 HTTP/1.1" 200 44032 "http://news.mantaraham.ir/search.php?detail/0680105045505" "Mozilla/5.0 AppleWebKit/537.36 (KHTML, like Gecko; compatible; GPTBot/1.3; +https://openai.com/gptbot)"
142.93.208.146 - - [23/Mar/2026:16:54:17 +0330] "GET /wp-includes/widgets/sfgnsnedmn.php HTTP/1.1" 200 0 "binance.com" "Mozilla/5.0 (Windows NT 10.0; Win64; x64) AppleWebKit/537.36 (KHTML, like Gecko) Chrome/90.0.4430.85 Safari/537.36"
74.7.227.12 - - [23/Mar/2026:16:54:17 +0330] "GET /search.php?detail/0680230495050 HTTP/1.1" 200 44306 "http://news.mantaraham.ir/search.php?detail/0680254643026" "Mozilla/5.0 AppleWebKit/537.36 (KHTML, like Gecko; compatible; GPTBot/1.3; +https://openai.com/gptbot)"
74.7.227.12 - - [23/Mar/2026:16:54:18 +0330] "GET /search.php?detail/0650372035993 HTTP/1.1" 200 44405 "http://news.mantaraham.ir/search.php?detail/0650347845997" "Mozilla/5.0 AppleWebKit/537.36 (KHTML, like Gecko; compatible; GPTBot/1.3; +https://openai.com/gptbot)"
74.7.227.12 - - [23/Mar/2026:16:54:20 +0330] "GET /search.php?detail/0150187559929 HTTP/1.1" 200 43859 "http://news.mantaraham.ir/search.php?detail/01501200044492" "Mozilla/5.0 AppleWebKit/537.36 (KHTML, like Gecko; compatible; GPTBot/1.3; +https://openai.com/gptbot)"
74.7.227.12 - - [23/Mar/2026:16:54:21 +0330] "GET /search.php?detail/0680244390432 HTTP/1.1" 200 43943 "http://news.mantaraham.ir/search.php?detail/0680166862809" "Mozilla/5.0 AppleWebKit/537.36 (KHTML, like Gecko; compatible; GPTBot/1.3; +https://openai.com/gptbot)"
74.7.227.12 - - [23/Mar/2026:16:54:22 +0330] "GET /search.php?detail/0680493967868 HTTP/1.1" 200 44134 "http://news.mantaraham.ir/search.php?detail/068002676087" "Mozilla/5.0 AppleWebKit/537.36 (KHTML, like Gecko; compatible; GPTBot/1.3; +https://openai.com/gptbot)"
74.7.227.12 - - [23/Mar/2026:16:54:24 +0330] "GET /search.php?detail/0680095353951 HTTP/1.1" 200 44198 "http://news.mantaraham.ir/search.php?detail/068028194716" "Mozilla/5.0 AppleWebKit/537.36 (KHTML, like Gecko; compatible; GPTBot/1.3; +https://openai.com/gptbot)"
74.7.227.12 - - [23/Mar/2026:16:54:26 +0330] "GET /search.php?detail/0680078499842 HTTP/1.1" 200 43661 "http://news.mantaraham.ir/search.php?detail/068013307666" "Mozilla/5.0 AppleWebKit/537.36 (KHTML, like Gecko; compatible; GPTBot/1.3; +https://openai.com/gptbot)"
74.7.227.12 - - [23/Mar/2026:16:54:27 +0330] "GET /search.php?detail/0150135808176 HTTP/1.1" 200 43776 "http://news.mantaraham.ir/search.php?detail/015011995081" "Mozilla/5.0 AppleWebKit/537.36 (KHTML, like Gecko; compatible; GPTBot/1.3; +https://openai.com/gptbot)"
74.7.227.12 - - [23/Mar/2026:16:54:29 +0330] "GET /search.php?detail/0680217648168 HTTP/1.1" 200 44347 "http://news.mantaraham.ir/search.php?detail/06803139829521" "Mozilla/5.0 AppleWebKit/537.36 (KHTML, like Gecko; compatible; GPTBot/1.3; +https://openai.com/gptbot)"
74.7.227.12 - - [23/Mar/2026:16:54:31 +0330] "GET /search.php?detail/0680133018517 HTTP/1.1" 200 44668 "http://news.mantaraham.ir/search.php?detail/0680158925725" "Mozilla/5.0 AppleWebKit/537.36 (KHTML, like Gecko; compatible; GPTBot/1.3; +https://openai.com/gptbot)"
74.7.227.12 - - [23/Mar/2026:16:54:32 +0330] "GET /search.php?detail/0680218424234 HTTP/1.1" 200 43919 "http://news.mantaraham.ir/search.php?detail/06800598172458" "Mozilla/5.0 AppleWebKit/537.36 (KHTML, like Gecko; compatible; GPTBot/1.3; +https://openai.com/gptbot)"
74.7.227.12 - - [23/Mar/2026:16:54:34 +0330] "GET /search.php?detail/0680138905685 HTTP/1.1" 200 43921 "http://news.mantaraham.ir/search.php?detail/068043068762" "Mozilla/5.0 AppleWebKit/537.36 (KHTML, like Gecko; compatible; GPTBot/1.3; +https://openai.com/gptbot)"
74.7.227.12 - - [23/Mar/2026:16:54:35 +0330] "GET /search.php?detail/0680322633295 HTTP/1.1" 200 44070 "http://news.mantaraham.ir/search.php?detail/0680380203370" "Mozilla/5.0 AppleWebKit/537.36 (KHTML, like Gecko; compatible; GPTBot/1.3; +https://openai.com/gptbot)"
74.7.227.12 - - [23/Mar/2026:16:54:37 +0330] "GET /search.php?detail/0680174644638 HTTP/1.1" 200 43840 "http://news.mantaraham.ir/search.php?detail/06802940813431" "Mozilla/5.0 AppleWebKit/537.36 (KHTML, like Gecko; compatible; GPTBot/1.3; +https://openai.com/gptbot)"
74.7.227.12 - - [23/Mar/2026:16:54:38 +0330] "GET /search.php?detail/0680380191221 HTTP/1.1" 200 43987 "http://news.mantaraham.ir/search.php?detail/06800649833786" "Mozilla/5.0 AppleWebKit/537.36 (KHTML, like Gecko; compatible; GPTBot/1.3; +https://openai.com/gptbot)"
74.7.227.12 - - [23/Mar/2026:16:54:40 +0330] "GET /search.php?detail/0650347732736 HTTP/1.1" 200 44073 "http://news.mantaraham.ir/search.php?detail/06501110800546" "Mozilla/5.0 AppleWebKit/537.36 (KHTML, like Gecko; compatible; GPTBot/1.3; +https://openai.com/gptbot)"
74.7.227.12 - - [23/Mar/2026:16:54:41 +0330] "GET /search.php?detail/0680228478099 HTTP/1.1" 200 44072 "http://news.mantaraham.ir/search.php?detail/06803108328090" "Mozilla/5.0 AppleWebKit/537.36 (KHTML, like Gecko; compatible; GPTBot/1.3; +https://openai.com/gptbot)"
74.7.227.12 - - [23/Mar/2026:16:54:43 +0330] "GET /search.php?detail/0680376976091 HTTP/1.1" 200 44243 "http://news.mantaraham.ir/search.php?detail/06801786919800" "Mozilla/5.0 AppleWebKit/537.36 (KHTML, like Gecko; compatible; GPTBot/1.3; +https://openai.com/gptbot)"
74.7.227.12 - - [23/Mar/2026:16:54:44 +0330] "GET /search.php?detail/0680252330631 HTTP/1.1" 200 43997 "http://news.mantaraham.ir/search.php?detail/0680043848407" "Mozilla/5.0 AppleWebKit/537.36 (KHTML, like Gecko; compatible; GPTBot/1.3; +https://openai.com/gptbot)"
74.7.227.12 - - [23/Mar/2026:16:54:46 +0330] "GET /search.php?detail/0680433706349 HTTP/1.1" 200 44212 "http://news.mantaraham.ir/search.php?detail/068007345119" "Mozilla/5.0 AppleWebKit/537.36 (KHTML, like Gecko; compatible; GPTBot/1.3; +https://openai.com/gptbot)"
74.7.227.12 - - [23/Mar/2026:16:54:47 +0330] "GET /search.php?detail/0680176527206 HTTP/1.1" 200 44289 "http://news.mantaraham.ir/search.php?detail/06801391486642" "Mozilla/5.0 AppleWebKit/537.36 (KHTML, like Gecko; compatible; GPTBot/1.3; +https://openai.com/gptbot)"
74.7.227.12 - - [23/Mar/2026:16:54:49 +0330] "GET /search.php?detail/015000057780 HTTP/1.1" 200 43302 "http://news.mantaraham.ir/search.php?detail/015011995081" "Mozilla/5.0 AppleWebKit/537.36 (KHTML, like Gecko; compatible; GPTBot/1.3; +https://openai.com/gptbot)"
74.7.227.12 - - [23/Mar/2026:16:54:50 +0330] "GET /search.php?detail/015000050331 HTTP/1.1" 200 44413 "http://news.mantaraham.ir/search.php?detail/0150119991222" "Mozilla/5.0 AppleWebKit/537.36 (KHTML, like Gecko; compatible; GPTBot/1.3; +https://openai.com/gptbot)"
74.7.227.12 - - [23/Mar/2026:16:54:51 +0330] "GET /search.php?detail/08600067765941 HTTP/1.1" 200 43956 "http://news.mantaraham.ir/search.php?detail/086000710285" "Mozilla/5.0 AppleWebKit/537.36 (KHTML, like Gecko; compatible; GPTBot/1.3; +https://openai.com/gptbot)"
74.7.227.12 - - [23/Mar/2026:16:54:53 +0330] "GET /search.php?detail/06801222449918 HTTP/1.1" 200 44347 "http://news.mantaraham.ir/search.php?detail/0680311160215" "Mozilla/5.0 AppleWebKit/537.36 (KHTML, like Gecko; compatible; GPTBot/1.3; +https://openai.com/gptbot)"
74.7.227.12 - - [23/Mar/2026:16:54:55 +0330] "GET /search.php?detail/06804968233053 HTTP/1.1" 200 44102 "http://news.mantaraham.ir/search.php?detail/0680380191221" "Mozilla/5.0 AppleWebKit/537.36 (KHTML, like Gecko; compatible; GPTBot/1.3; +https://openai.com/gptbot)"
74.7.227.12 - - [23/Mar/2026:16:54:56 +0330] "GET /search.php?detail/06804970525774 HTTP/1.1" 200 44205 "http://news.mantaraham.ir/search.php?detail/0680380191221" "Mozilla/5.0 AppleWebKit/537.36 (KHTML, like Gecko; compatible; GPTBot/1.3; +https://openai.com/gptbot)"
74.7.227.12 - - [23/Mar/2026:16:54:58 +0330] "GET /search.php?detail/06800076973414 HTTP/1.1" 200 44091 "http://news.mantaraham.ir/search.php?detail/0680135667656" "Mozilla/5.0 AppleWebKit/537.36 (KHTML, like Gecko; compatible; GPTBot/1.3; +https://openai.com/gptbot)"
74.7.227.12 - - [23/Mar/2026:16:54:59 +0330] "GET /search.php?detail/06503413336698 HTTP/1.1" 200 44219 "http://news.mantaraham.ir/search.php?detail/0650169760609" "Mozilla/5.0 AppleWebKit/537.36 (KHTML, like Gecko; compatible; GPTBot/1.3; +https://openai.com/gptbot)"
74.7.227.12 - - [23/Mar/2026:16:55:01 +0330] "GET /search.php?detail/03900122263534 HTTP/1.1" 200 44914 "http://news.mantaraham.ir/search.php?detail/039000869640" "Mozilla/5.0 AppleWebKit/537.36 (KHTML, like Gecko; compatible; GPTBot/1.3; +https://openai.com/gptbot)"
142.93.208.146 - - [23/Mar/2026:16:54:59 +0330] "POST /wp-includes/widgets/wp-login.php HTTP/1.1" 200 22521 "http://news.mantaraham.ir/wp-includes/widgets/wp-login.php" "Mozilla/5.0 (Windows NT 10.0; Win64; x64) AppleWebKit/537.36 (KHTML, like Gecko) Chrome/90.0.4430.85 Safari/537.36"
74.7.227.12 - - [23/Mar/2026:16:55:02 +0330] "GET /search.php?detail/06801033342837 HTTP/1.1" 200 43811 "http://news.mantaraham.ir/search.php?detail/068028194716" "Mozilla/5.0 AppleWebKit/537.36 (KHTML, like Gecko; compatible; GPTBot/1.3; +https://openai.com/gptbot)"
74.7.227.12 - - [23/Mar/2026:16:55:04 +0330] "GET /search.php?detail/06503478977734 HTTP/1.1" 200 44192 "http://news.mantaraham.ir/search.php?detail/065034765822" "Mozilla/5.0 AppleWebKit/537.36 (KHTML, like Gecko; compatible; GPTBot/1.3; +https://openai.com/gptbot)"
74.7.227.12 - - [23/Mar/2026:16:55:05 +0330] "GET /search.php?detail/03900084562832 HTTP/1.1" 200 44823 "http://news.mantaraham.ir/search.php?detail/03900122309029" "Mozilla/5.0 AppleWebKit/537.36 (KHTML, like Gecko; compatible; GPTBot/1.3; +https://openai.com/gptbot)"
74.7.227.12 - - [23/Mar/2026:16:55:06 +0330] "GET /search.php?detail/03900086546462 HTTP/1.1" 200 44445 "http://news.mantaraham.ir/search.php?detail/0390272096270" "Mozilla/5.0 AppleWebKit/537.36 (KHTML, like Gecko; compatible; GPTBot/1.3; +https://openai.com/gptbot)"
74.7.227.12 - - [23/Mar/2026:16:55:08 +0330] "GET /search.php?detail/03900083619423 HTTP/1.1" 200 44098 "http://news.mantaraham.ir/search.php?detail/039027193331" "Mozilla/5.0 AppleWebKit/537.36 (KHTML, like Gecko; compatible; GPTBot/1.3; +https://openai.com/gptbot)"
74.7.227.12 - - [23/Mar/2026:16:55:09 +0330] "GET /search.php?detail/06800071090377 HTTP/1.1" 200 44691 "http://news.mantaraham.ir/search.php?detail/06801222449918" "Mozilla/5.0 AppleWebKit/537.36 (KHTML, like Gecko; compatible; GPTBot/1.3; +https://openai.com/gptbot)"
142.93.208.146 - - [23/Mar/2026:16:55:11 +0330] "GET /wp-includes/widgets/njxvqnsnex.php HTTP/1.1" 200 0 "binance.com" "Mozilla/5.0 (Windows NT 10.0; Win64; x64) AppleWebKit/537.36 (KHTML, like Gecko) Chrome/90.0.4430.85 Safari/537.36"
74.7.227.12 - - [23/Mar/2026:16:55:11 +0330] "GET /search.php?detail/03900085119546 HTTP/1.1" 200 44407 "http://news.mantaraham.ir/search.php?detail/03904944410415" "Mozilla/5.0 AppleWebKit/537.36 (KHTML, like Gecko; compatible; GPTBot/1.3; +https://openai.com/gptbot)"
74.7.227.12 - - [23/Mar/2026:16:55:13 +0330] "GET /search.php?detail/06802734448005 HTTP/1.1" 200 44940 "http://news.mantaraham.ir/search.php?detail/068006106049" "Mozilla/5.0 AppleWebKit/537.36 (KHTML, like Gecko; compatible; GPTBot/1.3; +https://openai.com/gptbot)"
74.7.227.12 - - [23/Mar/2026:16:55:14 +0330] "GET /search.php?detail/06802734833354 HTTP/1.1" 200 44188 "http://news.mantaraham.ir/search.php?detail/06804307559208" "Mozilla/5.0 AppleWebKit/537.36 (KHTML, like Gecko; compatible; GPTBot/1.3; +https://openai.com/gptbot)"
74.7.227.12 - - [23/Mar/2026:16:55:15 +0330] "GET /search.php?detail/06504379529507 HTTP/1.1" 200 43854 "http://news.mantaraham.ir/search.php?detail/06503413336698" "Mozilla/5.0 AppleWebKit/537.36 (KHTML, like Gecko; compatible; GPTBot/1.3; +https://openai.com/gptbot)"
74.7.227.12 - - [23/Mar/2026:16:55:17 +0330] "GET /search.php?detail/03900085518748 HTTP/1.1" 200 44440 "http://news.mantaraham.ir/search.php?detail/0390276380339" "Mozilla/5.0 AppleWebKit/537.36 (KHTML, like Gecko; compatible; GPTBot/1.3; +https://openai.com/gptbot)"
74.7.227.12 - - [23/Mar/2026:16:55:18 +0330] "GET /search.php?detail/06800084612954 HTTP/1.1" 200 44221 "http://news.mantaraham.ir/search.php?detail/06801393924517" "Mozilla/5.0 AppleWebKit/537.36 (KHTML, like Gecko; compatible; GPTBot/1.3; +https://openai.com/gptbot)"
74.7.227.12 - - [23/Mar/2026:16:55:20 +0330] "GET /search.php?detail/06800097714472 HTTP/1.1" 200 43781 "http://news.mantaraham.ir/search.php?detail/06802699957163" "Mozilla/5.0 AppleWebKit/537.36 (KHTML, like Gecko; compatible; GPTBot/1.3; +https://openai.com/gptbot)"
74.7.227.12 - - [23/Mar/2026:16:55:21 +0330] "GET /search.php?detail/08601782511184 HTTP/1.1" 200 43745 "http://news.mantaraham.ir/search.php?detail/0860261917535" "Mozilla/5.0 AppleWebKit/537.36 (KHTML, like Gecko; compatible; GPTBot/1.3; +https://openai.com/gptbot)"
74.7.227.12 - - [23/Mar/2026:16:55:23 +0330] "GET /search.php?detail/06803838123721 HTTP/1.1" 200 44650 "http://news.mantaraham.ir/search.php?detail/06801873699419" "Mozilla/5.0 AppleWebKit/537.36 (KHTML, like Gecko; compatible; GPTBot/1.3; +https://openai.com/gptbot)"
74.7.227.12 - - [23/Mar/2026:16:55:24 +0330] "GET /search.php?detail/06802303327171 HTTP/1.1" 200 44053 "http://news.mantaraham.ir/search.php?detail/068048440550" "Mozilla/5.0 AppleWebKit/537.36 (KHTML, like Gecko; compatible; GPTBot/1.3; +https://openai.com/gptbot)"
74.7.227.12 - - [23/Mar/2026:16:55:26 +0330] "GET /search.php?detail/06803381915515 HTTP/1.1" 200 44953 "http://news.mantaraham.ir/search.php?detail/0680380203370" "Mozilla/5.0 AppleWebKit/537.36 (KHTML, like Gecko; compatible; GPTBot/1.3; +https://openai.com/gptbot)"
74.7.227.12 - - [23/Mar/2026:16:55:27 +0330] "GET /search.php?detail/08602618326342 HTTP/1.1" 200 44665 "http://news.mantaraham.ir/search.php?detail/08601782425558" "Mozilla/5.0 AppleWebKit/537.36 (KHTML, like Gecko; compatible; GPTBot/1.3; +https://openai.com/gptbot)"
74.7.227.12 - - [23/Mar/2026:16:55:29 +0330] "GET /search.php?detail/06803809034120 HTTP/1.1" 200 44887 "http://news.mantaraham.ir/search.php?detail/0680382853860" "Mozilla/5.0 AppleWebKit/537.36 (KHTML, like Gecko; compatible; GPTBot/1.3; +https://openai.com/gptbot)"
74.7.227.12 - - [23/Mar/2026:16:55:31 +0330] "GET /search.php?detail/06804889062972 HTTP/1.1" 200 44141 "http://news.mantaraham.ir/search.php?detail/06801540276874" "Mozilla/5.0 AppleWebKit/537.36 (KHTML, like Gecko; compatible; GPTBot/1.3; +https://openai.com/gptbot)"
74.7.227.12 - - [23/Mar/2026:16:55:32 +0330] "GET /search.php?detail/01501875627257 HTTP/1.1" 200 44363 "http://news.mantaraham.ir/search.php?detail/01501200044492" "Mozilla/5.0 AppleWebKit/537.36 (KHTML, like Gecko; compatible; GPTBot/1.3; +https://openai.com/gptbot)"
142.93.208.146 - - [23/Mar/2026:16:55:34 +0330] "GET /wp-includes/css/ HTTP/1.1" 200 2569 "binance.com" "Mozilla/5.0 (Windows NT 10.0; Win64; x64) AppleWebKit/537.36 (KHTML, like Gecko) Chrome/90.0.4430.85 Safari/537.36"
74.7.227.12 - - [23/Mar/2026:16:55:34 +0330] "GET /search.php?detail/06802183261872 HTTP/1.1" 200 44107 "http://news.mantaraham.ir/search.php?detail/068049388831" "Mozilla/5.0 AppleWebKit/537.36 (KHTML, like Gecko; compatible; GPTBot/1.3; +https://openai.com/gptbot)"
74.7.227.12 - - [23/Mar/2026:16:55:36 +0330] "GET /search.php?detail/03301490456491 HTTP/1.1" 200 43795 "http://news.mantaraham.ir/search.php?detail/0330005589785" "Mozilla/5.0 AppleWebKit/537.36 (KHTML, like Gecko; compatible; GPTBot/1.3; +https://openai.com/gptbot)"
74.7.227.12 - - [23/Mar/2026:16:55:38 +0330] "GET /search.php?detail/08603232776043 HTTP/1.1" 200 44009 "http://news.mantaraham.ir/search.php?detail/0860287195840" "Mozilla/5.0 AppleWebKit/537.36 (KHTML, like Gecko; compatible; GPTBot/1.3; +https://openai.com/gptbot)"
74.7.227.12 - - [23/Mar/2026:16:55:40 +0330] "GET /search.php?detail/0860490789861 HTTP/1.1" 200 44180 "http://news.mantaraham.ir/search.php?detail/08601782511184" "Mozilla/5.0 AppleWebKit/537.36 (KHTML, like Gecko; compatible; GPTBot/1.3; +https://openai.com/gptbot)"
74.7.227.12 - - [23/Mar/2026:16:55:41 +0330] "GET /search.php?detail/06803173407431 HTTP/1.1" 200 44152 "http://news.mantaraham.ir/search.php?detail/06801769811953" "Mozilla/5.0 AppleWebKit/537.36 (KHTML, like Gecko; compatible; GPTBot/1.3; +https://openai.com/gptbot)"
74.7.227.12 - - [23/Mar/2026:16:55:43 +0330] "GET /search.php?detail/06801931983280 HTTP/1.1" 200 43900 "http://news.mantaraham.ir/search.php?detail/0680154915428" "Mozilla/5.0 AppleWebKit/537.36 (KHTML, like Gecko; compatible; GPTBot/1.3; +https://openai.com/gptbot)"
74.7.227.12 - - [23/Mar/2026:16:55:44 +0330] "GET /search.php?detail/06800650023178 HTTP/1.1" 200 44289 "http://news.mantaraham.ir/search.php?detail/0680187475682" "Mozilla/5.0 AppleWebKit/537.36 (KHTML, like Gecko; compatible; GPTBot/1.3; +https://openai.com/gptbot)"
74.7.227.12 - - [23/Mar/2026:16:55:46 +0330] "GET /search.php?detail/06802841436384 HTTP/1.1" 200 44799 "http://news.mantaraham.ir/search.php?detail/06804307559208" "Mozilla/5.0 AppleWebKit/537.36 (KHTML, like Gecko; compatible; GPTBot/1.3; +https://openai.com/gptbot)"
74.7.227.12 - - [23/Mar/2026:16:55:47 +0330] "GET /search.php?detail/06804623768334 HTTP/1.1" 200 45464 "http://news.mantaraham.ir/search.php?detail/0680177107061" "Mozilla/5.0 AppleWebKit/537.36 (KHTML, like Gecko; compatible; GPTBot/1.3; +https://openai.com/gptbot)"
74.7.227.12 - - [23/Mar/2026:16:55:49 +0330] "GET /search.php?detail/06800944238394 HTTP/1.1" 200 44085 "http://news.mantaraham.ir/search.php?detail/0680283910704" "Mozilla/5.0 AppleWebKit/537.36 (KHTML, like Gecko; compatible; GPTBot/1.3; +https://openai.com/gptbot)"
74.7.227.12 - - [23/Mar/2026:16:55:50 +0330] "GET /search.php?detail/06804195684409 HTTP/1.1" 200 44206 "http://news.mantaraham.ir/search.php?detail/06802941224383" "Mozilla/5.0 AppleWebKit/537.36 (KHTML, like Gecko; compatible; GPTBot/1.3; +https://openai.com/gptbot)"
74.7.227.12 - - [23/Mar/2026:16:55:52 +0330] "GET /search.php?detail/06803383942948 HTTP/1.1" 200 44406 "http://news.mantaraham.ir/search.php?detail/068018727983" "Mozilla/5.0 AppleWebKit/537.36 (KHTML, like Gecko; compatible; GPTBot/1.3; +https://openai.com/gptbot)"
74.7.227.12 - - [23/Mar/2026:16:55:53 +0330] "GET /search.php?detail/06802128965265 HTTP/1.1" 200 44203 "http://news.mantaraham.ir/search.php?detail/068011776087" "Mozilla/5.0 AppleWebKit/537.36 (KHTML, like Gecko; compatible; GPTBot/1.3; +https://openai.com/gptbot)"
74.7.227.12 - - [23/Mar/2026:16:55:55 +0330] "GET /search.php?detail/06804356166869 HTTP/1.1" 200 43796 "http://news.mantaraham.ir/search.php?detail/0680064999706" "Mozilla/5.0 AppleWebKit/537.36 (KHTML, like Gecko; compatible; GPTBot/1.3; +https://openai.com/gptbot)"
74.7.227.12 - - [23/Mar/2026:16:55:56 +0330] "GET /search.php?detail/06802634114343 HTTP/1.1" 200 44598 "http://news.mantaraham.ir/search.php?detail/06804355829966" "Mozilla/5.0 AppleWebKit/537.36 (KHTML, like Gecko; compatible; GPTBot/1.3; +https://openai.com/gptbot)"
74.7.227.12 - - [23/Mar/2026:16:55:58 +0330] "GET /search.php?detail/08603431816021 HTTP/1.1" 200 43827 "http://news.mantaraham.ir/search.php?detail/0860358865378" "Mozilla/5.0 AppleWebKit/537.36 (KHTML, like Gecko; compatible; GPTBot/1.3; +https://openai.com/gptbot)"
74.7.227.12 - - [23/Mar/2026:16:55:59 +0330] "GET /search.php?detail/06803801027055 HTTP/1.1" 200 44101 "http://news.mantaraham.ir/search.php?detail/068047006302" "Mozilla/5.0 AppleWebKit/537.36 (KHTML, like Gecko; compatible; GPTBot/1.3; +https://openai.com/gptbot)"
74.7.227.12 - - [23/Mar/2026:16:56:01 +0330] "GET /search.php?detail/0390008391724 HTTP/1.1" 200 43822 "http://news.mantaraham.ir/search.php?detail/03904944410415" "Mozilla/5.0 AppleWebKit/537.36 (KHTML, like Gecko; compatible; GPTBot/1.3; +https://openai.com/gptbot)"
142.93.208.146 - - [23/Mar/2026:16:55:59 +0330] "GET /wp-includes/css/about.php HTTP/1.1" 200 6637 "binance.com" "Mozilla/5.0 (Windows NT 10.0; Win64; x64) AppleWebKit/537.36 (KHTML, like Gecko) Chrome/90.0.4430.85 Safari/537.36"
74.7.227.12 - - [23/Mar/2026:16:56:02 +0330] "GET /search.php?detail/0680009737518 HTTP/1.1" 200 45061 "http://news.mantaraham.ir/search.php?detail/068034060510" "Mozilla/5.0 AppleWebKit/537.36 (KHTML, like Gecko; compatible; GPTBot/1.3; +https://openai.com/gptbot)"
74.7.227.12 - - [23/Mar/2026:16:56:04 +0330] "GET /search.php?detail/0680009742916 HTTP/1.1" 200 45033 "http://news.mantaraham.ir/search.php?jp/068042223.html" "Mozilla/5.0 AppleWebKit/537.36 (KHTML, like Gecko; compatible; GPTBot/1.3; +https://openai.com/gptbot)"
142.93.208.146 - - [23/Mar/2026:16:56:03 +0330] "POST /wp-includes/css/about.php HTTP/1.1" 200 6637 "binance.com" "Mozilla/5.0 (Windows NT 10.0; Win64; x64) AppleWebKit/537.36 (KHTML, like Gecko) Chrome/90.0.4430.85 Safari/537.36"
74.7.227.12 - - [23/Mar/2026:16:56:05 +0330] "GET /search.php?detail/0650004686139 HTTP/1.1" 200 44628 "http://news.mantaraham.ir/search.php?detail/06501110485289" "Mozilla/5.0 AppleWebKit/537.36 (KHTML, like Gecko; compatible; GPTBot/1.3; +https://openai.com/gptbot)"
74.7.227.12 - - [23/Mar/2026:16:56:06 +0330] "GET /search.php?detail/0390008569149 HTTP/1.1" 200 44230 "http://news.mantaraham.ir/search.php?detail/0390276375233" "Mozilla/5.0 AppleWebKit/537.36 (KHTML, like Gecko; compatible; GPTBot/1.3; +https://openai.com/gptbot)"
74.7.227.12 - - [23/Mar/2026:16:56:08 +0330] "GET /search.php?detail/0390008621763 HTTP/1.1" 200 44056 "http://news.mantaraham.ir/search.php?detail/0390272223058" "Mozilla/5.0 AppleWebKit/537.36 (KHTML, like Gecko; compatible; GPTBot/1.3; +https://openai.com/gptbot)"
74.7.227.12 - - [23/Mar/2026:16:56:09 +0330] "GET /search.php?detail/0650347881333 HTTP/1.1" 200 44779 "http://news.mantaraham.ir/search.php?detail/0650004737063" "Mozilla/5.0 AppleWebKit/537.36 (KHTML, like Gecko; compatible; GPTBot/1.3; +https://openai.com/gptbot)"
74.7.227.12 - - [23/Mar/2026:16:56:10 +0330] "GET /search.php?detail/0650347772463 HTTP/1.1" 200 43801 "http://news.mantaraham.ir/search.php?detail/06500047827704" "Mozilla/5.0 AppleWebKit/537.36 (KHTML, like Gecko; compatible; GPTBot/1.3; +https://openai.com/gptbot)"
74.7.227.12 - - [23/Mar/2026:16:56:12 +0330] "GET /search.php?detail/0680074555031 HTTP/1.1" 200 44127 "http://news.mantaraham.ir/search.php?detail/068013307666" "Mozilla/5.0 AppleWebKit/537.36 (KHTML, like Gecko; compatible; GPTBot/1.3; +https://openai.com/gptbot)"
74.7.227.12 - - [23/Mar/2026:16:56:13 +0330] "GET /search.php?detail/0680230666917 HTTP/1.1" 200 43898 "http://news.mantaraham.ir/search.php?detail/068023330434" "Mozilla/5.0 AppleWebKit/537.36 (KHTML, like Gecko; compatible; GPTBot/1.3; +https://openai.com/gptbot)"
74.7.227.12 - - [23/Mar/2026:16:56:15 +0330] "GET /search.php?detail/0680008434127 HTTP/1.1" 200 44266 "http://news.mantaraham.ir/search.php?jp/068015935.html" "Mozilla/5.0 AppleWebKit/537.36 (KHTML, like Gecko; compatible; GPTBot/1.3; +https://openai.com/gptbot)"
74.7.227.12 - - [23/Mar/2026:16:56:16 +0330] "GET /search.php?detail/0650341811169 HTTP/1.1" 200 43953 "http://news.mantaraham.ir/search.php?detail/0650437893748" "Mozilla/5.0 AppleWebKit/537.36 (KHTML, like Gecko; compatible; GPTBot/1.3; +https://openai.com/gptbot)"
74.7.227.12 - - [23/Mar/2026:16:56:18 +0330] "GET /search.php?detail/0150187533399 HTTP/1.1" 200 44087 "http://news.mantaraham.ir/search.php?detail/01501200044492" "Mozilla/5.0 AppleWebKit/537.36 (KHTML, like Gecko; compatible; GPTBot/1.3; +https://openai.com/gptbot)"
74.7.227.12 - - [23/Mar/2026:16:56:19 +0330] "GET /search.php?detail/0680432316669 HTTP/1.1" 200 45254 "http://news.mantaraham.ir/search.php?detail/06803978411673" "Mozilla/5.0 AppleWebKit/537.36 (KHTML, like Gecko; compatible; GPTBot/1.3; +https://openai.com/gptbot)"
74.7.227.12 - - [23/Mar/2026:16:56:21 +0330] "GET /search.php?detail/0330005517498 HTTP/1.1" 200 43782 "http://news.mantaraham.ir/search.php?detail/033000553461" "Mozilla/5.0 AppleWebKit/537.36 (KHTML, like Gecko; compatible; GPTBot/1.3; +https://openai.com/gptbot)"
74.7.227.12 - - [23/Mar/2026:16:56:22 +0330] "GET /search.php?detail/0680133168674 HTTP/1.1" 200 44397 "http://news.mantaraham.ir/search.php?detail/068009096894" "Mozilla/5.0 AppleWebKit/537.36 (KHTML, like Gecko; compatible; GPTBot/1.3; +https://openai.com/gptbot)"
74.7.227.12 - - [23/Mar/2026:16:56:23 +0330] "GET /search.php?detail/0390272103405 HTTP/1.1" 200 44512 "http://news.mantaraham.ir/search.php?detail/0390012124717" "Mozilla/5.0 AppleWebKit/537.36 (KHTML, like Gecko; compatible; GPTBot/1.3; +https://openai.com/gptbot)"
74.7.227.12 - - [23/Mar/2026:16:56:25 +0330] "GET /search.php?detail/0860177919183 HTTP/1.1" 200 44780 "http://news.mantaraham.ir/search.php?detail/086026189029" "Mozilla/5.0 AppleWebKit/537.36 (KHTML, like Gecko; compatible; GPTBot/1.3; +https://openai.com/gptbot)"
74.7.227.12 - - [23/Mar/2026:16:56:27 +0330] "GET /search.php?detail/0680463133128 HTTP/1.1" 200 44052 "http://news.mantaraham.ir/search.php?detail/06802128002669" "Mozilla/5.0 AppleWebKit/537.36 (KHTML, like Gecko; compatible; GPTBot/1.3; +https://openai.com/gptbot)"
74.7.227.12 - - [23/Mar/2026:16:56:28 +0330] "GET /search.php?detail/0680313182768 HTTP/1.1" 200 44423 "http://news.mantaraham.ir/search.php?detail/06801769811953" "Mozilla/5.0 AppleWebKit/537.36 (KHTML, like Gecko; compatible; GPTBot/1.3; +https://openai.com/gptbot)"
74.7.227.12 - - [23/Mar/2026:16:56:30 +0330] "GET /search.php?detail/0680252144251 HTTP/1.1" 200 43742 "http://news.mantaraham.ir/search.php?detail/06804267501214" "Mozilla/5.0 AppleWebKit/537.36 (KHTML, like Gecko; compatible; GPTBot/1.3; +https://openai.com/gptbot)"
74.7.227.12 - - [23/Mar/2026:16:56:32 +0330] "GET /search.php?detail/0150332096296 HTTP/1.1" 200 43730 "http://news.mantaraham.ir/search.php?detail/01500005936105" "Mozilla/5.0 AppleWebKit/537.36 (KHTML, like Gecko; compatible; GPTBot/1.3; +https://openai.com/gptbot)"
