74.7.227.12 - - [23/Mar/2026:15:51:37 +0330] "GET /search.php?detail/0160036544152 HTTP/1.1" 200 43870 "http://news.mantaraham.ir/search.php?detail/016029679813" "Mozilla/5.0 AppleWebKit/537.36 (KHTML, like Gecko; compatible; GPTBot/1.3; +https://openai.com/gptbot)"
74.7.227.12 - - [23/Mar/2026:15:51:38 +0330] "GET /search.php?detail/0640169203680 HTTP/1.1" 200 44139 "http://news.mantaraham.ir/search.php?detail/06404972817726" "Mozilla/5.0 AppleWebKit/537.36 (KHTML, like Gecko; compatible; GPTBot/1.3; +https://openai.com/gptbot)"
74.7.227.12 - - [23/Mar/2026:15:51:40 +0330] "GET /search.php?detail/0640294112671 HTTP/1.1" 200 44792 "http://news.mantaraham.ir/search.php?detail/064035352801" "Mozilla/5.0 AppleWebKit/537.36 (KHTML, like Gecko; compatible; GPTBot/1.3; +https://openai.com/gptbot)"
74.7.227.12 - - [23/Mar/2026:15:51:41 +0330] "GET /search.php?detail/0640247712154 HTTP/1.1" 200 44442 "http://news.mantaraham.ir/search.php?detail/064016911140" "Mozilla/5.0 AppleWebKit/537.36 (KHTML, like Gecko; compatible; GPTBot/1.3; +https://openai.com/gptbot)"
74.7.227.12 - - [23/Mar/2026:15:51:43 +0330] "GET /search.php?detail/0340479981133 HTTP/1.1" 200 43698 "http://news.mantaraham.ir/search.php?detail/03401267073526" "Mozilla/5.0 AppleWebKit/537.36 (KHTML, like Gecko; compatible; GPTBot/1.3; +https://openai.com/gptbot)"
142.93.208.146 - - [23/Mar/2026:15:51:44 +0330] "GET /wp-admin/css/ HTTP/1.1" 200 4129 "binance.com" "Mozilla/5.0 (Windows NT 10.0; Win64; x64) AppleWebKit/537.36 (KHTML, like Gecko) Chrome/90.0.4430.85 Safari/537.36"
74.7.227.12 - - [23/Mar/2026:15:51:44 +0330] "GET /search.php?detail/0160236713224 HTTP/1.1" 200 44168 "http://news.mantaraham.ir/search.php?detail/01602920661202" "Mozilla/5.0 AppleWebKit/537.36 (KHTML, like Gecko; compatible; GPTBot/1.3; +https://openai.com/gptbot)"
74.7.227.12 - - [23/Mar/2026:15:51:46 +0330] "GET /search.php?detail/0160296972657 HTTP/1.1" 200 43921 "http://news.mantaraham.ir/search.php?jp/016046357.html" "Mozilla/5.0 AppleWebKit/537.36 (KHTML, like Gecko; compatible; GPTBot/1.3; +https://openai.com/gptbot)"
74.7.227.12 - - [23/Mar/2026:15:51:48 +0330] "GET /search.php?detail/0160463478877 HTTP/1.1" 200 44566 "http://news.mantaraham.ir/search.php?detail/016011159408" "Mozilla/5.0 AppleWebKit/537.36 (KHTML, like Gecko; compatible; GPTBot/1.3; +https://openai.com/gptbot)"
74.7.227.12 - - [23/Mar/2026:15:51:49 +0330] "GET /search.php?detail/0160354757641 HTTP/1.1" 200 43786 "http://news.mantaraham.ir/search.php?detail/01600600527402" "Mozilla/5.0 AppleWebKit/537.36 (KHTML, like Gecko; compatible; GPTBot/1.3; +https://openai.com/gptbot)"
74.7.227.12 - - [23/Mar/2026:15:51:51 +0330] "GET /search.php?detail/0160218682392 HTTP/1.1" 200 43853 "http://news.mantaraham.ir/search.php?detail/01600205425111" "Mozilla/5.0 AppleWebKit/537.36 (KHTML, like Gecko; compatible; GPTBot/1.3; +https://openai.com/gptbot)"
74.7.227.12 - - [23/Mar/2026:15:51:52 +0330] "GET /search.php?detail/0160418133784 HTTP/1.1" 200 43546 "http://news.mantaraham.ir/search.php?detail/01602322277377" "Mozilla/5.0 AppleWebKit/537.36 (KHTML, like Gecko; compatible; GPTBot/1.3; +https://openai.com/gptbot)"
74.7.227.12 - - [23/Mar/2026:15:51:54 +0330] "GET /search.php?detail/0640392809053 HTTP/1.1" 200 45091 "http://news.mantaraham.ir/search.php?detail/06404746990744" "Mozilla/5.0 AppleWebKit/537.36 (KHTML, like Gecko; compatible; GPTBot/1.3; +https://openai.com/gptbot)"
74.7.227.12 - - [23/Mar/2026:15:51:55 +0330] "GET /search.php?detail/0640077225013 HTTP/1.1" 200 43908 "http://news.mantaraham.ir/search.php?detail/0640327531527" "Mozilla/5.0 AppleWebKit/537.36 (KHTML, like Gecko; compatible; GPTBot/1.3; +https://openai.com/gptbot)"
74.7.227.12 - - [23/Mar/2026:15:51:57 +0330] "GET /search.php?detail/0640051509742 HTTP/1.1" 200 45141 "http://news.mantaraham.ir/search.php?detail/0640172820636" "Mozilla/5.0 AppleWebKit/537.36 (KHTML, like Gecko; compatible; GPTBot/1.3; +https://openai.com/gptbot)"
74.7.227.12 - - [23/Mar/2026:15:51:58 +0330] "GET /search.php?detail/0160246913263 HTTP/1.1" 200 44330 "http://news.mantaraham.ir/search.php?detail/016011164328" "Mozilla/5.0 AppleWebKit/537.36 (KHTML, like Gecko; compatible; GPTBot/1.3; +https://openai.com/gptbot)"
74.7.227.12 - - [23/Mar/2026:15:52:00 +0330] "GET /search.php?detail/0640190361508 HTTP/1.1" 200 44654 "http://news.mantaraham.ir/search.php?detail/06400049887253" "Mozilla/5.0 AppleWebKit/537.36 (KHTML, like Gecko; compatible; GPTBot/1.3; +https://openai.com/gptbot)"
74.7.227.12 - - [23/Mar/2026:15:52:01 +0330] "GET /search.php?detail/0640122114377 HTTP/1.1" 200 44396 "http://news.mantaraham.ir/search.php?detail/064022176161" "Mozilla/5.0 AppleWebKit/537.36 (KHTML, like Gecko; compatible; GPTBot/1.3; +https://openai.com/gptbot)"
74.7.227.12 - - [23/Mar/2026:15:52:03 +0330] "GET /search.php?detail/0640190758907 HTTP/1.1" 200 45102 "http://news.mantaraham.ir/search.php?detail/064017491839" "Mozilla/5.0 AppleWebKit/537.36 (KHTML, like Gecko; compatible; GPTBot/1.3; +https://openai.com/gptbot)"
74.7.227.12 - - [23/Mar/2026:15:52:04 +0330] "GET /search.php?detail/01603323413752 HTTP/1.1" 200 44160 "http://news.mantaraham.ir/search.php?detail/0160463693648" "Mozilla/5.0 AppleWebKit/537.36 (KHTML, like Gecko; compatible; GPTBot/1.3; +https://openai.com/gptbot)"
74.7.227.12 - - [23/Mar/2026:15:52:06 +0330] "GET /search.php?detail/06402686350133 HTTP/1.1" 200 44264 "http://news.mantaraham.ir/search.php?detail/064000496702" "Mozilla/5.0 AppleWebKit/537.36 (KHTML, like Gecko; compatible; GPTBot/1.3; +https://openai.com/gptbot)"
74.7.227.12 - - [23/Mar/2026:15:52:07 +0330] "GET /search.php?detail/01602585310507 HTTP/1.1" 200 43787 "http://news.mantaraham.ir/search.php?detail/0160173041226" "Mozilla/5.0 AppleWebKit/537.36 (KHTML, like Gecko; compatible; GPTBot/1.3; +https://openai.com/gptbot)"
74.7.227.12 - - [23/Mar/2026:15:52:09 +0330] "GET /search.php?detail/01604674513357 HTTP/1.1" 200 43992 "http://news.mantaraham.ir/search.php?detail/016021213197" "Mozilla/5.0 AppleWebKit/537.36 (KHTML, like Gecko; compatible; GPTBot/1.3; +https://openai.com/gptbot)"
142.93.208.146 - - [23/Mar/2026:15:52:06 +0330] "GET /wp-admin/css/about.php HTTP/1.1" 200 10012 "binance.com" "Mozilla/5.0 (Windows NT 10.0; Win64; x64) AppleWebKit/537.36 (KHTML, like Gecko) Chrome/90.0.4430.85 Safari/537.36"
74.7.227.12 - - [23/Mar/2026:15:52:10 +0330] "GET /search.php?detail/01603265641254 HTTP/1.1" 200 44134 "http://news.mantaraham.ir/search.php?detail/016001154518" "Mozilla/5.0 AppleWebKit/537.36 (KHTML, like Gecko; compatible; GPTBot/1.3; +https://openai.com/gptbot)"
142.93.208.146 - - [23/Mar/2026:15:52:10 +0330] "POST /wp-admin/css/about.php HTTP/1.1" 200 9973 "binance.com" "Mozilla/5.0 (Windows NT 10.0; Win64; x64) AppleWebKit/537.36 (KHTML, like Gecko) Chrome/90.0.4430.85 Safari/537.36"
74.7.227.12 - - [23/Mar/2026:15:52:12 +0330] "GET /search.php?detail/06401221774316 HTTP/1.1" 200 44650 "http://news.mantaraham.ir/search.php?detail/06402268600012" "Mozilla/5.0 AppleWebKit/537.36 (KHTML, like Gecko; compatible; GPTBot/1.3; +https://openai.com/gptbot)"
74.7.227.12 - - [23/Mar/2026:15:52:13 +0330] "GET /search.php?detail/06404581179008 HTTP/1.1" 200 44592 "http://news.mantaraham.ir/search.php?detail/064000149118" "Mozilla/5.0 AppleWebKit/537.36 (KHTML, like Gecko; compatible; GPTBot/1.3; +https://openai.com/gptbot)"
74.7.227.12 - - [23/Mar/2026:15:52:15 +0330] "GET /search.php?detail/06403372535823 HTTP/1.1" 200 44012 "http://news.mantaraham.ir/search.php?detail/064000756559" "Mozilla/5.0 AppleWebKit/537.36 (KHTML, like Gecko; compatible; GPTBot/1.3; +https://openai.com/gptbot)"
74.7.227.12 - - [23/Mar/2026:15:52:16 +0330] "GET /search.php?detail/01603923024905 HTTP/1.1" 200 44003 "http://news.mantaraham.ir/search.php?detail/016019801266" "Mozilla/5.0 AppleWebKit/537.36 (KHTML, like Gecko; compatible; GPTBot/1.3; +https://openai.com/gptbot)"
74.7.227.12 - - [23/Mar/2026:15:52:18 +0330] "GET /search.php?detail/06404591519770 HTTP/1.1" 200 45124 "http://news.mantaraham.ir/search.php?detail/06401958428091" "Mozilla/5.0 AppleWebKit/537.36 (KHTML, like Gecko; compatible; GPTBot/1.3; +https://openai.com/gptbot)"
74.7.227.12 - - [23/Mar/2026:15:52:20 +0330] "GET /search.php?detail/06401882151196 HTTP/1.1" 200 44194 "http://news.mantaraham.ir/search.php?detail/06400396357179" "Mozilla/5.0 AppleWebKit/537.36 (KHTML, like Gecko; compatible; GPTBot/1.3; +https://openai.com/gptbot)"
74.7.227.12 - - [23/Mar/2026:15:52:21 +0330] "GET /search.php?detail/01602655231376 HTTP/1.1" 200 44008 "http://news.mantaraham.ir/search.php?detail/016035757173" "Mozilla/5.0 AppleWebKit/537.36 (KHTML, like Gecko; compatible; GPTBot/1.3; +https://openai.com/gptbot)"
74.7.227.12 - - [23/Mar/2026:15:52:23 +0330] "GET /search.php?detail/06404262778281 HTTP/1.1" 200 44336 "http://news.mantaraham.ir/search.php?detail/0640112637452" "Mozilla/5.0 AppleWebKit/537.36 (KHTML, like Gecko; compatible; GPTBot/1.3; +https://openai.com/gptbot)"
74.7.227.12 - - [23/Mar/2026:15:52:24 +0330] "GET /search.php?detail/06402686712009 HTTP/1.1" 200 45259 "http://news.mantaraham.ir/search.php?detail/064000496702" "Mozilla/5.0 AppleWebKit/537.36 (KHTML, like Gecko; compatible; GPTBot/1.3; +https://openai.com/gptbot)"
74.7.227.12 - - [23/Mar/2026:15:52:26 +0330] "GET /search.php?detail/06401954346245 HTTP/1.1" 200 44752 "http://news.mantaraham.ir/search.php?detail/06400450661679" "Mozilla/5.0 AppleWebKit/537.36 (KHTML, like Gecko; compatible; GPTBot/1.3; +https://openai.com/gptbot)"
74.7.227.12 - - [23/Mar/2026:15:52:28 +0330] "GET /search.php?detail/06400452201979 HTTP/1.1" 200 44762 "http://news.mantaraham.ir/search.php?detail/064005404876" "Mozilla/5.0 AppleWebKit/537.36 (KHTML, like Gecko; compatible; GPTBot/1.3; +https://openai.com/gptbot)"
74.7.227.12 - - [23/Mar/2026:15:52:29 +0330] "GET /search.php?detail/01600365243963 HTTP/1.1" 200 44193 "http://news.mantaraham.ir/search.php?detail/016029679813" "Mozilla/5.0 AppleWebKit/537.36 (KHTML, like Gecko; compatible; GPTBot/1.3; +https://openai.com/gptbot)"
74.7.227.12 - - [23/Mar/2026:15:52:30 +0330] "GET /search.php?detail/01600931338437 HTTP/1.1" 200 44959 "http://news.mantaraham.ir/search.php?detail/016001151632" "Mozilla/5.0 AppleWebKit/537.36 (KHTML, like Gecko; compatible; GPTBot/1.3; +https://openai.com/gptbot)"
74.7.227.12 - - [23/Mar/2026:15:52:32 +0330] "GET /search.php?detail/01602188389856 HTTP/1.1" 200 44794 "http://news.mantaraham.ir/search.php?detail/016004442907" "Mozilla/5.0 AppleWebKit/537.36 (KHTML, like Gecko; compatible; GPTBot/1.3; +https://openai.com/gptbot)"
74.7.227.12 - - [23/Mar/2026:15:52:33 +0330] "GET /search.php?detail/06400216036575 HTTP/1.1" 200 44583 "http://news.mantaraham.ir/search.php?detail/064011630440" "Mozilla/5.0 AppleWebKit/537.36 (KHTML, like Gecko; compatible; GPTBot/1.3; +https://openai.com/gptbot)"
74.7.227.12 - - [23/Mar/2026:15:52:35 +0330] "GET /search.php?detail/01603265468563 HTTP/1.1" 200 44251 "http://news.mantaraham.ir/search.php?detail/016012154107" "Mozilla/5.0 AppleWebKit/537.36 (KHTML, like Gecko; compatible; GPTBot/1.3; +https://openai.com/gptbot)"
74.7.227.12 - - [23/Mar/2026:15:52:36 +0330] "GET /search.php?detail/01604874705830 HTTP/1.1" 200 44921 "http://news.mantaraham.ir/search.php?jp/016003644.html" "Mozilla/5.0 AppleWebKit/537.36 (KHTML, like Gecko; compatible; GPTBot/1.3; +https://openai.com/gptbot)"
74.7.227.12 - - [23/Mar/2026:15:52:38 +0330] "GET /search.php?detail/01603576991020 HTTP/1.1" 200 44272 "http://news.mantaraham.ir/search.php?detail/01602007733707" "Mozilla/5.0 AppleWebKit/537.36 (KHTML, like Gecko; compatible; GPTBot/1.3; +https://openai.com/gptbot)"
74.7.227.12 - - [23/Mar/2026:15:52:39 +0330] "GET /search.php?detail/064049882712 HTTP/1.1" 200 44985 "http://news.mantaraham.ir/search.php?detail/06404262778281" "Mozilla/5.0 AppleWebKit/537.36 (KHTML, like Gecko; compatible; GPTBot/1.3; +https://openai.com/gptbot)"
74.7.227.12 - - [23/Mar/2026:15:52:41 +0330] "GET /search.php?detail/01604179492448 HTTP/1.1" 200 43771 "http://news.mantaraham.ir/search.php?detail/016048785642" "Mozilla/5.0 AppleWebKit/537.36 (KHTML, like Gecko; compatible; GPTBot/1.3; +https://openai.com/gptbot)"
74.7.227.12 - - [23/Mar/2026:15:52:42 +0330] "GET /search.php?detail/01600721331918 HTTP/1.1" 200 44179 "http://news.mantaraham.ir/search.php?detail/016039288653" "Mozilla/5.0 AppleWebKit/537.36 (KHTML, like Gecko; compatible; GPTBot/1.3; +https://openai.com/gptbot)"
74.7.227.12 - - [23/Mar/2026:15:52:44 +0330] "GET /search.php?detail/06401205882165 HTTP/1.1" 200 44378 "http://news.mantaraham.ir/search.php?detail/06400070174308" "Mozilla/5.0 AppleWebKit/537.36 (KHTML, like Gecko; compatible; GPTBot/1.3; +https://openai.com/gptbot)"
74.7.227.12 - - [23/Mar/2026:15:52:46 +0330] "GET /search.php?detail/01604189230061 HTTP/1.1" 200 44734 "http://news.mantaraham.ir/search.php?detail/01601388954176" "Mozilla/5.0 AppleWebKit/537.36 (KHTML, like Gecko; compatible; GPTBot/1.3; +https://openai.com/gptbot)"
74.7.227.12 - - [23/Mar/2026:15:52:47 +0330] "GET /search.php?detail/06404858249514 HTTP/1.1" 200 43900 "http://news.mantaraham.ir/search.php?detail/06401163286983" "Mozilla/5.0 AppleWebKit/537.36 (KHTML, like Gecko; compatible; GPTBot/1.3; +https://openai.com/gptbot)"
74.7.227.12 - - [23/Mar/2026:15:52:49 +0330] "GET /search.php?detail/02700349325908 HTTP/1.1" 200 44074 "http://news.mantaraham.ir/search.php?detail/02700082938780" "Mozilla/5.0 AppleWebKit/537.36 (KHTML, like Gecko; compatible; GPTBot/1.3; +https://openai.com/gptbot)"
74.7.227.12 - - [23/Mar/2026:15:52:50 +0330] "GET /search.php?detail/06401749786191 HTTP/1.1" 200 44382 "http://news.mantaraham.ir/search.php?detail/06403372243561" "Mozilla/5.0 AppleWebKit/537.36 (KHTML, like Gecko; compatible; GPTBot/1.3; +https://openai.com/gptbot)"
74.7.227.12 - - [23/Mar/2026:15:52:52 +0330] "GET /search.php?detail/06404299411745 HTTP/1.1" 200 44347 "http://news.mantaraham.ir/search.php?detail/064029414987" "Mozilla/5.0 AppleWebKit/537.36 (KHTML, like Gecko; compatible; GPTBot/1.3; +https://openai.com/gptbot)"
142.93.208.146 - - [23/Mar/2026:15:52:52 +0330] "GET /wp-admin/css/about.php HTTP/1.1" 200 85375 "-" "Mozilla/5.0 (Windows NT 10.0; Win64; x64) AppleWebKit/537.36 (KHTML, like Gecko) Chrome/90.0.4430.85 Safari/537.36"
74.7.227.12 - - [23/Mar/2026:15:52:53 +0330] "GET /search.php?detail/01600445533290 HTTP/1.1" 200 44442 "http://news.mantaraham.ir/search.php?detail/01603498974103" "Mozilla/5.0 AppleWebKit/537.36 (KHTML, like Gecko; compatible; GPTBot/1.3; +https://openai.com/gptbot)"
74.7.227.12 - - [23/Mar/2026:15:52:55 +0330] "GET /search.php?detail/01604634515338 HTTP/1.1" 200 43863 "http://news.mantaraham.ir/search.php?detail/01601117895483" "Mozilla/5.0 AppleWebKit/537.36 (KHTML, like Gecko; compatible; GPTBot/1.3; +https://openai.com/gptbot)"
74.7.227.12 - - [23/Mar/2026:15:52:56 +0330] "GET /search.php?detail/01602325229614 HTTP/1.1" 200 44372 "http://news.mantaraham.ir/search.php?jp/016003563.html" "Mozilla/5.0 AppleWebKit/537.36 (KHTML, like Gecko; compatible; GPTBot/1.3; +https://openai.com/gptbot)"
74.7.227.12 - - [23/Mar/2026:15:52:58 +0330] "GET /search.php?detail/06404582602985 HTTP/1.1" 200 43793 "http://news.mantaraham.ir/search.php?detail/064004462484" "Mozilla/5.0 AppleWebKit/537.36 (KHTML, like Gecko; compatible; GPTBot/1.3; +https://openai.com/gptbot)"
74.7.227.12 - - [23/Mar/2026:15:53:00 +0330] "GET /search.php?detail/01602585198268 HTTP/1.1" 200 44460 "http://news.mantaraham.ir/search.php?detail/016029678274" "Mozilla/5.0 AppleWebKit/537.36 (KHTML, like Gecko; compatible; GPTBot/1.3; +https://openai.com/gptbot)"
74.7.227.12 - - [23/Mar/2026:15:53:01 +0330] "GET /search.php?detail/06402532474282 HTTP/1.1" 200 44557 "http://news.mantaraham.ir/search.php?detail/064000504123" "Mozilla/5.0 AppleWebKit/537.36 (KHTML, like Gecko; compatible; GPTBot/1.3; +https://openai.com/gptbot)"
74.7.227.12 - - [23/Mar/2026:15:53:03 +0330] "GET /search.php?detail/06402086754728 HTTP/1.1" 200 44607 "http://news.mantaraham.ir/search.php?detail/06401944470499" "Mozilla/5.0 AppleWebKit/537.36 (KHTML, like Gecko; compatible; GPTBot/1.3; +https://openai.com/gptbot)"
74.7.227.12 - - [23/Mar/2026:15:53:04 +0330] "GET /search.php?detail/01602969504207 HTTP/1.1" 200 44406 "http://news.mantaraham.ir/search.php?detail/01601215821041" "Mozilla/5.0 AppleWebKit/537.36 (KHTML, like Gecko; compatible; GPTBot/1.3; +https://openai.com/gptbot)"
74.7.227.12 - - [23/Mar/2026:15:53:05 +0330] "GET /search.php?detail/02704149659544 HTTP/1.1" 200 44944 "http://news.mantaraham.ir/search.php?detail/02703360045060" "Mozilla/5.0 AppleWebKit/537.36 (KHTML, like Gecko; compatible; GPTBot/1.3; +https://openai.com/gptbot)"
74.7.227.12 - - [23/Mar/2026:15:53:07 +0330] "GET /search.php?detail/06403476788224 HTTP/1.1" 200 44158 "http://news.mantaraham.ir/search.php?detail/064000695099" "Mozilla/5.0 AppleWebKit/537.36 (KHTML, like Gecko; compatible; GPTBot/1.3; +https://openai.com/gptbot)"
142.93.208.146 - - [23/Mar/2026:15:53:05 +0330] "POST /wp-admin/css/about.php HTTP/1.1" 200 85375 "http://news.mantaraham.ir/wp-admin/css/about.php" "Mozilla/5.0 (Windows NT 10.0; Win64; x64) AppleWebKit/537.36 (KHTML, like Gecko) Chrome/90.0.4430.85 Safari/537.36"
74.7.227.12 - - [23/Mar/2026:15:53:08 +0330] "GET /search.php?detail/01603313738029 HTTP/1.1" 200 45211 "http://news.mantaraham.ir/search.php?detail/01602787111943" "Mozilla/5.0 AppleWebKit/537.36 (KHTML, like Gecko; compatible; GPTBot/1.3; +https://openai.com/gptbot)"
74.7.227.12 - - [23/Mar/2026:15:53:10 +0330] "GET /search.php?detail/06403050877325 HTTP/1.1" 200 44273 "http://news.mantaraham.ir/search.php?detail/064035352801" "Mozilla/5.0 AppleWebKit/537.36 (KHTML, like Gecko; compatible; GPTBot/1.3; +https://openai.com/gptbot)"
74.7.227.12 - - [23/Mar/2026:15:53:12 +0330] "GET /search.php?detail/06400899314294 HTTP/1.1" 200 43894 "http://news.mantaraham.ir/search.php?detail/064003847554" "Mozilla/5.0 AppleWebKit/537.36 (KHTML, like Gecko; compatible; GPTBot/1.3; +https://openai.com/gptbot)"
74.7.227.12 - - [23/Mar/2026:15:53:13 +0330] "GET /search.php?detail/06402086804315 HTTP/1.1" 200 44900 "http://news.mantaraham.ir/search.php?detail/06401944470499" "Mozilla/5.0 AppleWebKit/537.36 (KHTML, like Gecko; compatible; GPTBot/1.3; +https://openai.com/gptbot)"
74.7.227.12 - - [23/Mar/2026:15:53:15 +0330] "GET /search.php?detail/01604885840097 HTTP/1.1" 200 44107 "http://news.mantaraham.ir/search.php?detail/016043955632" "Mozilla/5.0 AppleWebKit/537.36 (KHTML, like Gecko; compatible; GPTBot/1.3; +https://openai.com/gptbot)"
142.93.208.146 - - [23/Mar/2026:15:53:17 +0330] "GET /wp-admin/css/nfgcplfyjp.php HTTP/1.1" 200 0 "binance.com" "Mozilla/5.0 (Windows NT 10.0; Win64; x64) AppleWebKit/537.36 (KHTML, like Gecko) Chrome/90.0.4430.85 Safari/537.36"
74.7.227.12 - - [23/Mar/2026:15:53:16 +0330] "GET /search.php?detail/06402890422512 HTTP/1.1" 200 44145 "http://news.mantaraham.ir/search.php?detail/064018829346" "Mozilla/5.0 AppleWebKit/537.36 (KHTML, like Gecko; compatible; GPTBot/1.3; +https://openai.com/gptbot)"
74.7.227.12 - - [23/Mar/2026:15:53:18 +0330] "GET /search.php?detail/01602272476289 HTTP/1.1" 200 43803 "http://news.mantaraham.ir/search.php?detail/01602279354948" "Mozilla/5.0 AppleWebKit/537.36 (KHTML, like Gecko; compatible; GPTBot/1.3; +https://openai.com/gptbot)"
74.7.227.12 - - [23/Mar/2026:15:53:19 +0330] "GET /search.php?detail/01602106925840 HTTP/1.1" 200 44832 "http://news.mantaraham.ir/search.php?detail/01604769945153" "Mozilla/5.0 AppleWebKit/537.36 (KHTML, like Gecko; compatible; GPTBot/1.3; +https://openai.com/gptbot)"
74.7.227.12 - - [23/Mar/2026:15:53:21 +0330] "GET /search.php?detail/01600527234707 HTTP/1.1" 200 43849 "http://news.mantaraham.ir/search.php?detail/01602947190457" "Mozilla/5.0 AppleWebKit/537.36 (KHTML, like Gecko; compatible; GPTBot/1.3; +https://openai.com/gptbot)"
74.7.227.12 - - [23/Mar/2026:15:53:22 +0330] "GET /search.php?detail/06400817968805 HTTP/1.1" 200 44509 "http://news.mantaraham.ir/search.php?detail/06401383647983" "Mozilla/5.0 AppleWebKit/537.36 (KHTML, like Gecko; compatible; GPTBot/1.3; +https://openai.com/gptbot)"
74.7.227.12 - - [23/Mar/2026:15:53:24 +0330] "GET /search.php?detail/01602558785405 HTTP/1.1" 200 44011 "http://news.mantaraham.ir/search.php?detail/01601215177014" "Mozilla/5.0 AppleWebKit/537.36 (KHTML, like Gecko; compatible; GPTBot/1.3; +https://openai.com/gptbot)"
74.7.227.12 - - [23/Mar/2026:15:53:26 +0330] "GET /search.php?detail/06401944384786 HTTP/1.1" 200 44140 "http://news.mantaraham.ir/search.php?detail/0640174901601" "Mozilla/5.0 AppleWebKit/537.36 (KHTML, like Gecko; compatible; GPTBot/1.3; +https://openai.com/gptbot)"
74.7.227.12 - - [23/Mar/2026:15:53:28 +0330] "GET /search.php?detail/06403742184462 HTTP/1.1" 200 43906 "http://news.mantaraham.ir/search.php?detail/0640253273176" "Mozilla/5.0 AppleWebKit/537.36 (KHTML, like Gecko; compatible; GPTBot/1.3; +https://openai.com/gptbot)"
74.7.227.12 - - [23/Mar/2026:15:53:29 +0330] "GET /search.php?detail/0100005827193 HTTP/1.1" 200 44855 "http://news.mantaraham.ir/search.php?detail/010019803050" "Mozilla/5.0 AppleWebKit/537.36 (KHTML, like Gecko; compatible; GPTBot/1.3; +https://openai.com/gptbot)"
74.7.227.12 - - [23/Mar/2026:15:53:31 +0330] "GET /search.php?detail/0100005948826 HTTP/1.1" 200 43777 "http://news.mantaraham.ir/search.php?detail/010011398094" "Mozilla/5.0 AppleWebKit/537.36 (KHTML, like Gecko; compatible; GPTBot/1.3; +https://openai.com/gptbot)"
74.7.227.12 - - [23/Mar/2026:15:53:32 +0330] "GET /search.php?detail/01601601003496 HTTP/1.1" 200 44468 "http://news.mantaraham.ir/search.php?detail/0160128958244" "Mozilla/5.0 AppleWebKit/537.36 (KHTML, like Gecko; compatible; GPTBot/1.3; +https://openai.com/gptbot)"
74.7.227.12 - - [23/Mar/2026:15:53:33 +0330] "GET /search.php?goods/016025852 HTTP/1.1" 200 43834 "http://news.mantaraham.ir/search.php?detail/016000748042" "Mozilla/5.0 AppleWebKit/537.36 (KHTML, like Gecko; compatible; GPTBot/1.3; +https://openai.com/gptbot)"
74.7.227.12 - - [23/Mar/2026:15:53:35 +0330] "GET /search.php?goods/064029421 HTTP/1.1" 200 45206 "http://news.mantaraham.ir/search.php?detail/0640221749817" "Mozilla/5.0 AppleWebKit/537.36 (KHTML, like Gecko; compatible; GPTBot/1.3; +https://openai.com/gptbot)"
74.7.227.12 - - [23/Mar/2026:15:53:37 +0330] "GET /search.php?goods/064025325 HTTP/1.1" 200 44082 "http://news.mantaraham.ir/search.php?jp/064000506.html" "Mozilla/5.0 AppleWebKit/537.36 (KHTML, like Gecko; compatible; GPTBot/1.3; +https://openai.com/gptbot)"
74.7.227.12 - - [23/Mar/2026:15:53:38 +0330] "GET /search.php?goods/016048747 HTTP/1.1" 200 44898 "http://news.mantaraham.ir/search.php?detail/016033557486" "Mozilla/5.0 AppleWebKit/537.36 (KHTML, like Gecko; compatible; GPTBot/1.3; +https://openai.com/gptbot)"
74.7.227.12 - - [23/Mar/2026:15:53:40 +0330] "GET /search.php?goods/010007000 HTTP/1.1" 200 43827 "http://news.mantaraham.ir/search.php?detail/010019798068" "Mozilla/5.0 AppleWebKit/537.36 (KHTML, like Gecko; compatible; GPTBot/1.3; +https://openai.com/gptbot)"
74.7.227.12 - - [23/Mar/2026:15:53:41 +0330] "GET /search.php?goods/010000581 HTTP/1.1" 200 44036 "http://news.mantaraham.ir/search.php?detail/010007016373" "Mozilla/5.0 AppleWebKit/537.36 (KHTML, like Gecko; compatible; GPTBot/1.3; +https://openai.com/gptbot)"
74.7.227.12 - - [23/Mar/2026:15:53:43 +0330] "GET /search.php?goods/010000403 HTTP/1.1" 200 44502 "http://news.mantaraham.ir/search.php?detail/010007005704" "Mozilla/5.0 AppleWebKit/537.36 (KHTML, like Gecko; compatible; GPTBot/1.3; +https://openai.com/gptbot)"
74.7.227.12 - - [23/Mar/2026:15:53:44 +0330] "GET /search.php?goods/010000405 HTTP/1.1" 200 44902 "http://news.mantaraham.ir/search.php?detail/0100038004544" "Mozilla/5.0 AppleWebKit/537.36 (KHTML, like Gecko; compatible; GPTBot/1.3; +https://openai.com/gptbot)"
74.7.227.12 - - [23/Mar/2026:15:53:46 +0330] "GET /search.php?goods/010000410 HTTP/1.1" 200 43834 "http://news.mantaraham.ir/search.php?detail/01000700948505" "Mozilla/5.0 AppleWebKit/537.36 (KHTML, like Gecko; compatible; GPTBot/1.3; +https://openai.com/gptbot)"
74.7.227.12 - - [23/Mar/2026:15:53:49 +0330] "GET /search.php?goods/010000411 HTTP/1.1" 200 44674 "http://news.mantaraham.ir/search.php?detail/010007016373" "Mozilla/5.0 AppleWebKit/537.36 (KHTML, like Gecko; compatible; GPTBot/1.3; +https://openai.com/gptbot)"
74.7.227.12 - - [23/Mar/2026:15:53:50 +0330] "GET /search.php?goods/010000402 HTTP/1.1" 200 43777 "http://news.mantaraham.ir/search.php?detail/010007016373" "Mozilla/5.0 AppleWebKit/537.36 (KHTML, like Gecko; compatible; GPTBot/1.3; +https://openai.com/gptbot)"
142.93.208.146 - - [23/Mar/2026:15:53:52 +0330] "GET /wp-admin/css/TdYoKDB.php HTTP/1.1" 403 787 "binance.com" "Mozilla/5.0 (Windows NT 10.0; Win64; x64) AppleWebKit/537.36 (KHTML, like Gecko) Chrome/90.0.4430.85 Safari/537.36"
74.7.227.12 - - [23/Mar/2026:15:53:52 +0330] "GET /search.php?goods/010000404 HTTP/1.1" 200 44599 "http://news.mantaraham.ir/search.php?detail/010007005704" "Mozilla/5.0 AppleWebKit/537.36 (KHTML, like Gecko; compatible; GPTBot/1.3; +https://openai.com/gptbot)"
74.7.227.12 - - [23/Mar/2026:15:53:53 +0330] "GET /search.php?goods/010000408 HTTP/1.1" 200 43775 "http://news.mantaraham.ir/search.php?detail/010007016373" "Mozilla/5.0 AppleWebKit/537.36 (KHTML, like Gecko; compatible; GPTBot/1.3; +https://openai.com/gptbot)"
74.7.227.12 - - [23/Mar/2026:15:53:55 +0330] "GET /search.php?goods/010007007 HTTP/1.1" 200 44288 "http://news.mantaraham.ir/search.php?detail/0100070191081" "Mozilla/5.0 AppleWebKit/537.36 (KHTML, like Gecko; compatible; GPTBot/1.3; +https://openai.com/gptbot)"
74.7.227.12 - - [23/Mar/2026:15:53:57 +0330] "GET /search.php?goods/016011117 HTTP/1.1" 200 44002 "http://news.mantaraham.ir/search.php?detail/016010888311" "Mozilla/5.0 AppleWebKit/537.36 (KHTML, like Gecko; compatible; GPTBot/1.3; +https://openai.com/gptbot)"
74.7.227.12 - - [23/Mar/2026:15:53:58 +0330] "GET /search.php?goods/010000407 HTTP/1.1" 200 44278 "http://news.mantaraham.ir/search.php?detail/01000700948505" "Mozilla/5.0 AppleWebKit/537.36 (KHTML, like Gecko; compatible; GPTBot/1.3; +https://openai.com/gptbot)"
74.7.227.12 - - [23/Mar/2026:15:54:00 +0330] "GET /search.php?goods/001001999 HTTP/1.1" 200 43264 "http://news.mantaraham.ir/search.php?detail/001000639699" "Mozilla/5.0 AppleWebKit/537.36 (KHTML, like Gecko; compatible; GPTBot/1.3; +https://openai.com/gptbot)"
74.7.227.12 - - [23/Mar/2026:15:54:01 +0330] "GET /search.php?goods/010000591 HTTP/1.1" 200 44521 "http://news.mantaraham.ir/search.php?detail/010011398094" "Mozilla/5.0 AppleWebKit/537.36 (KHTML, like Gecko; compatible; GPTBot/1.3; +https://openai.com/gptbot)"
142.93.208.146 - - [23/Mar/2026:15:53:59 +0330] "GET /wp-admin/css/wp-login.php HTTP/1.1" 200 9973 "binance.com" "Mozilla/5.0 (Windows NT 10.0; Win64; x64) AppleWebKit/537.36 (KHTML, like Gecko) Chrome/90.0.4430.85 Safari/537.36"
74.7.227.12 - - [23/Mar/2026:15:54:02 +0330] "GET /search.php?goods/016011160 HTTP/1.1" 200 43672 "http://news.mantaraham.ir/search.php?detail/016009307078" "Mozilla/5.0 AppleWebKit/537.36 (KHTML, like Gecko; compatible; GPTBot/1.3; +https://openai.com/gptbot)"
74.7.227.12 - - [23/Mar/2026:15:54:04 +0330] "GET /search.php?goods/010000585 HTTP/1.1" 200 44888 "http://news.mantaraham.ir/search.php?detail/010007021638" "Mozilla/5.0 AppleWebKit/537.36 (KHTML, like Gecko; compatible; GPTBot/1.3; +https://openai.com/gptbot)"
74.7.227.12 - - [23/Mar/2026:15:54:06 +0330] "GET /search.php?goods/010000590 HTTP/1.1" 200 43935 "http://news.mantaraham.ir/search.php?detail/010007016373" "Mozilla/5.0 AppleWebKit/537.36 (KHTML, like Gecko; compatible; GPTBot/1.3; +https://openai.com/gptbot)"
74.7.227.12 - - [23/Mar/2026:15:54:07 +0330] "GET /search.php?goods/010000401 HTTP/1.1" 200 44627 "http://news.mantaraham.ir/search.php?detail/010007016373" "Mozilla/5.0 AppleWebKit/537.36 (KHTML, like Gecko; compatible; GPTBot/1.3; +https://openai.com/gptbot)"
74.7.227.12 - - [23/Mar/2026:15:54:09 +0330] "GET /search.php?goods/010000595 HTTP/1.1" 200 43718 "http://news.mantaraham.ir/search.php?detail/010011398094" "Mozilla/5.0 AppleWebKit/537.36 (KHTML, like Gecko; compatible; GPTBot/1.3; +https://openai.com/gptbot)"
74.7.227.12 - - [23/Mar/2026:15:54:11 +0330] "GET /search.php?goods/010000406 HTTP/1.1" 200 43747 "http://news.mantaraham.ir/search.php?detail/010007016373" "Mozilla/5.0 AppleWebKit/537.36 (KHTML, like Gecko; compatible; GPTBot/1.3; +https://openai.com/gptbot)"
74.7.227.12 - - [23/Mar/2026:15:54:12 +0330] "GET /search.php?goods/010007010 HTTP/1.1" 200 44201 "http://news.mantaraham.ir/search.php?detail/0100070191081" "Mozilla/5.0 AppleWebKit/537.36 (KHTML, like Gecko; compatible; GPTBot/1.3; +https://openai.com/gptbot)"
74.7.227.12 - - [23/Mar/2026:15:54:13 +0330] "GET /search.php?goods/016011119 HTTP/1.1" 200 44149 "http://news.mantaraham.ir/search.php?detail/016010888311" "Mozilla/5.0 AppleWebKit/537.36 (KHTML, like Gecko; compatible; GPTBot/1.3; +https://openai.com/gptbot)"
74.7.227.12 - - [23/Mar/2026:15:54:15 +0330] "GET /search.php?goods/016011118 HTTP/1.1" 200 44309 "http://news.mantaraham.ir/search.php?detail/016010881964" "Mozilla/5.0 AppleWebKit/537.36 (KHTML, like Gecko; compatible; GPTBot/1.3; +https://openai.com/gptbot)"
74.7.227.12 - - [23/Mar/2026:15:54:16 +0330] "GET /search.php?goods/040022227 HTTP/1.1" 200 45148 "http://news.mantaraham.ir/search.php?detail/04002225745412" "Mozilla/5.0 AppleWebKit/537.36 (KHTML, like Gecko; compatible; GPTBot/1.3; +https://openai.com/gptbot)"
74.7.227.12 - - [23/Mar/2026:15:54:18 +0330] "GET /search.php?goods/010000409 HTTP/1.1" 200 44343 "http://news.mantaraham.ir/search.php?detail/0100038004544" "Mozilla/5.0 AppleWebKit/537.36 (KHTML, like Gecko; compatible; GPTBot/1.3; +https://openai.com/gptbot)"
74.7.227.12 - - [23/Mar/2026:15:54:20 +0330] "GET /search.php?goods/010000588 HTTP/1.1" 200 44843 "http://news.mantaraham.ir/search.php?detail/010007016373" "Mozilla/5.0 AppleWebKit/537.36 (KHTML, like Gecko; compatible; GPTBot/1.3; +https://openai.com/gptbot)"
74.7.227.12 - - [23/Mar/2026:15:54:21 +0330] "GET /search.php?l=48912&product/F251?y=search HTTP/1.1" 200 44657 "http://news.mantaraham.ir/search.php?category/20_21/47" "Mozilla/5.0 AppleWebKit/537.36 (KHTML, like Gecko; compatible; GPTBot/1.3; +https://openai.com/gptbot)"
74.7.227.12 - - [23/Mar/2026:15:54:23 +0330] "GET /search.php?l=49640&product/C255?s=search HTTP/1.1" 200 44501 "http://news.mantaraham.ir/search.php?category/20_21/48" "Mozilla/5.0 AppleWebKit/537.36 (KHTML, like Gecko; compatible; GPTBot/1.3; +https://openai.com/gptbot)"
74.7.227.12 - - [23/Mar/2026:15:54:24 +0330] "GET /search.php?l=49641&product/S255?s=search HTTP/1.1" 200 44146 "http://news.mantaraham.ir/search.php?category/20_21/48" "Mozilla/5.0 AppleWebKit/537.36 (KHTML, like Gecko; compatible; GPTBot/1.3; +https://openai.com/gptbot)"
142.93.208.146 - - [23/Mar/2026:15:54:27 +0330] "GET /wp-admin/css/aonqygoway.php HTTP/1.1" 200 0 "binance.com" "Mozilla/5.0 (Windows NT 10.0; Win64; x64) AppleWebKit/537.36 (KHTML, like Gecko) Chrome/90.0.4430.85 Safari/537.36"
74.7.227.12 - - [23/Mar/2026:15:54:26 +0330] "GET /search.php?l=42378&product/Z246?r=search HTTP/1.1" 200 44010 "http://news.mantaraham.ir/search.php?category/20_21/46" "Mozilla/5.0 AppleWebKit/537.36 (KHTML, like Gecko; compatible; GPTBot/1.3; +https://openai.com/gptbot)"
74.7.227.12 - - [23/Mar/2026:15:54:27 +0330] "GET /search.php?l=49634&product/D255?j=search HTTP/1.1" 200 41253 "http://news.mantaraham.ir/search.php?category/20_21/48" "Mozilla/5.0 AppleWebKit/537.36 (KHTML, like Gecko; compatible; GPTBot/1.3; +https://openai.com/gptbot)"
74.7.227.12 - - [23/Mar/2026:15:54:29 +0330] "GET /search.php?l=49636&product/V255?s=search HTTP/1.1" 200 43849 "http://news.mantaraham.ir/search.php?category/20_21/48" "Mozilla/5.0 AppleWebKit/537.36 (KHTML, like Gecko; compatible; GPTBot/1.3; +https://openai.com/gptbot)"
74.7.227.12 - - [23/Mar/2026:15:54:30 +0330] "GET /search.php?l=49620&product/N255?h=search HTTP/1.1" 200 44011 "http://news.mantaraham.ir/search.php?category/20_21/47" "Mozilla/5.0 AppleWebKit/537.36 (KHTML, like Gecko; compatible; GPTBot/1.3; +https://openai.com/gptbot)"
74.7.227.12 - - [23/Mar/2026:15:54:32 +0330] "GET /search.php?l=49639&product/C255?c=search HTTP/1.1" 200 43813 "http://news.mantaraham.ir/search.php?category/20_21/48" "Mozilla/5.0 AppleWebKit/537.36 (KHTML, like Gecko; compatible; GPTBot/1.3; +https://openai.com/gptbot)"
74.7.227.12 - - [23/Mar/2026:15:54:34 +0330] "GET /search.php?l=45361&product/N251?n=search HTTP/1.1" 200 44246 "http://news.mantaraham.ir/search.php?category/20_21/46" "Mozilla/5.0 AppleWebKit/537.36 (KHTML, like Gecko; compatible; GPTBot/1.3; +https://openai.com/gptbot)"
74.7.227.12 - - [23/Mar/2026:15:54:35 +0330] "GET /search.php?l=27703&product/N247?i=search HTTP/1.1" 200 44462 "http://news.mantaraham.ir/search.php?category/20_21/46" "Mozilla/5.0 AppleWebKit/537.36 (KHTML, like Gecko; compatible; GPTBot/1.3; +https://openai.com/gptbot)"
74.7.227.12 - - [23/Mar/2026:15:54:37 +0330] "GET /search.php?goods/040022222 HTTP/1.1" 200 44254 "http://news.mantaraham.ir/search.php?detail/04002223297339" "Mozilla/5.0 AppleWebKit/537.36 (KHTML, like Gecko; compatible; GPTBot/1.3; +https://openai.com/gptbot)"
74.7.227.12 - - [23/Mar/2026:15:54:38 +0330] "GET /search.php?l=449&product/J14?s=search HTTP/1.1" 200 43727 "http://news.mantaraham.ir/search.php?l=13924&product/T95?l=search" "Mozilla/5.0 AppleWebKit/537.36 (KHTML, like Gecko; compatible; GPTBot/1.3; +https://openai.com/gptbot)"
74.7.227.12 - - [23/Mar/2026:15:54:40 +0330] "GET /search.php?l=39804&product/X31?u=search HTTP/1.1" 200 43565 "http://news.mantaraham.ir/search.php?l=49640&product/C255?s=search" "Mozilla/5.0 AppleWebKit/537.36 (KHTML, like Gecko; compatible; GPTBot/1.3; +https://openai.com/gptbot)"
74.7.227.12 - - [23/Mar/2026:15:54:41 +0330] "GET /search.php?detail/03100094673180 HTTP/1.1" 200 44632 "http://news.mantaraham.ir/search.php?l=49640&product/C255?s=search" "Mozilla/5.0 AppleWebKit/537.36 (KHTML, like Gecko; compatible; GPTBot/1.3; +https://openai.com/gptbot)"
74.7.227.12 - - [23/Mar/2026:15:54:43 +0330] "GET /search.php?l=667&product/E76?z=search HTTP/1.1" 200 43908 "http://news.mantaraham.ir/search.php?l=424&product/M4?n=search" "Mozilla/5.0 AppleWebKit/537.36 (KHTML, like Gecko; compatible; GPTBot/1.3; +https://openai.com/gptbot)"
74.7.227.12 - - [23/Mar/2026:15:54:44 +0330] "GET /search.php?l=411&product/N48?a=search HTTP/1.1" 200 44884 "http://news.mantaraham.ir/search.php?l=57&product/T46?p=search" "Mozilla/5.0 AppleWebKit/537.36 (KHTML, like Gecko; compatible; GPTBot/1.3; +https://openai.com/gptbot)"
74.7.227.12 - - [23/Mar/2026:15:54:45 +0330] "GET /search.php?detail/01202083679753 HTTP/1.1" 200 44098 "http://news.mantaraham.ir/search.php?l=49636&product/V255?s=search" "Mozilla/5.0 AppleWebKit/537.36 (KHTML, like Gecko; compatible; GPTBot/1.3; +https://openai.com/gptbot)"
74.7.227.12 - - [23/Mar/2026:15:54:47 +0330] "GET /search.php?detail/01202083780545 HTTP/1.1" 200 43761 "http://news.mantaraham.ir/search.php?l=49636&product/V255?s=search" "Mozilla/5.0 AppleWebKit/537.36 (KHTML, like Gecko; compatible; GPTBot/1.3; +https://openai.com/gptbot)"
74.7.227.12 - - [23/Mar/2026:15:54:48 +0330] "GET /search.php?detail/07602886638469 HTTP/1.1" 200 43738 "http://news.mantaraham.ir/search.php?l=49639&product/C255?c=search" "Mozilla/5.0 AppleWebKit/537.36 (KHTML, like Gecko; compatible; GPTBot/1.3; +https://openai.com/gptbot)"
142.93.208.146 - - [23/Mar/2026:15:49:29 +0330] "GET /wp-admin/user/aj.php HTTP/1.1" 403 787 "binance.com" "Mozilla/5.0 (Windows NT 10.0; Win64; x64) AppleWebKit/537.36 (KHTML, like Gecko) Chrome/90.0.4430.85 Safari/537.36"
142.93.208.146 - - [23/Mar/2026:15:49:45 +0330] "GET /wp-admin/user/alfa-rex.php HTTP/1.1" 403 787 "binance.com" "Mozilla/5.0 (Windows NT 10.0; Win64; x64) AppleWebKit/537.36 (KHTML, like Gecko) Chrome/90.0.4430.85 Safari/537.36"
142.93.208.146 - - [23/Mar/2026:15:49:54 +0330] "GET /wp-admin/user/blogger.php HTTP/1.1" 403 787 "binance.com" "Mozilla/5.0 (Windows NT 10.0; Win64; x64) AppleWebKit/537.36 (KHTML, like Gecko) Chrome/90.0.4430.85 Safari/537.36"
142.93.208.146 - - [23/Mar/2026:15:50:11 +0330] "GET /wp-admin/user/default_graph.php HTTP/1.1" 403 787 "binance.com" "Mozilla/5.0 (Windows NT 10.0; Win64; x64) AppleWebKit/537.36 (KHTML, like Gecko) Chrome/90.0.4430.85 Safari/537.36"
142.93.208.146 - - [23/Mar/2026:15:50:22 +0330] "GET /wp-admin/user/im620.php HTTP/1.1" 403 787 "binance.com" "Mozilla/5.0 (Windows NT 10.0; Win64; x64) AppleWebKit/537.36 (KHTML, like Gecko) Chrome/90.0.4430.85 Safari/537.36"
142.93.208.146 - - [23/Mar/2026:15:50:29 +0330] "GET /wp-admin/user/lang_en.php HTTP/1.1" 403 787 "binance.com" "Mozilla/5.0 (Windows NT 10.0; Win64; x64) AppleWebKit/537.36 (KHTML, like Gecko) Chrome/90.0.4430.85 Safari/537.36"
142.93.208.146 - - [23/Mar/2026:15:50:37 +0330] "GET /wp-admin/user/quickFormTest.php HTTP/1.1" 403 787 "binance.com" "Mozilla/5.0 (Windows NT 10.0; Win64; x64) AppleWebKit/537.36 (KHTML, like Gecko) Chrome/90.0.4430.85 Safari/537.36"
142.93.208.146 - - [23/Mar/2026:15:50:57 +0330] "GET /wp-admin/user/wp-login.php HTTP/1.1" 200 274 "binance.com" "Mozilla/5.0 (Windows NT 10.0; Win64; x64) AppleWebKit/537.36 (KHTML, like Gecko) Chrome/90.0.4430.85 Safari/537.36"
216.73.216.186 - - [23/Mar/2026:15:51:07 +0330] "GET /search.php HTTP/1.1" 200 44349 "-" "Mozilla/5.0 AppleWebKit/537.36 (KHTML, like Gecko; compatible; ClaudeBot/1.0; +claudebot@anthropic.com)"
142.93.208.146 - - [23/Mar/2026:15:51:32 +0330] "GET /wp-admin/css/ HTTP/1.1" 200 4129 "binance.com" "Mozilla/5.0 (Windows NT 10.0; Win64; x64) AppleWebKit/537.36 (KHTML, like Gecko) Chrome/90.0.4430.85 Safari/537.36"
142.93.208.146 - - [23/Mar/2026:15:51:55 +0330] "GET /wp-admin/css/about.php HTTP/1.1" 200 10012 "binance.com" "Mozilla/5.0 (Windows NT 10.0; Win64; x64) AppleWebKit/537.36 (KHTML, like Gecko) Chrome/90.0.4430.85 Safari/537.36"
142.93.208.146 - - [23/Mar/2026:15:52:21 +0330] "GET /wp-admin/css/mhrxnmtyog.php HTTP/1.1" 200 0 "binance.com" "Mozilla/5.0 (Windows NT 10.0; Win64; x64) AppleWebKit/537.36 (KHTML, like Gecko) Chrome/90.0.4430.85 Safari/537.36"
142.93.208.146 - - [23/Mar/2026:15:53:33 +0330] "GET /wp-admin/css/alfa-rex.php HTTP/1.1" 403 787 "binance.com" "Mozilla/5.0 (Windows NT 10.0; Win64; x64) AppleWebKit/537.36 (KHTML, like Gecko) Chrome/90.0.4430.85 Safari/537.36"
142.93.208.146 - - [23/Mar/2026:15:53:41 +0330] "GET /wp-admin/css/qPyYcxpHKCu.php HTTP/1.1" 403 787 "binance.com" "Mozilla/5.0 (Windows NT 10.0; Win64; x64) AppleWebKit/537.36 (KHTML, like Gecko) Chrome/90.0.4430.85 Safari/537.36"
142.93.208.146 - - [23/Mar/2026:15:54:11 +0330] "GET /wp-admin/css/wp-login.php HTTP/1.1" 200 10012 "binance.com" "Mozilla/5.0 (Windows NT 10.0; Win64; x64) AppleWebKit/537.36 (KHTML, like Gecko) Chrome/90.0.4430.85 Safari/537.36"
142.93.208.146 - - [23/Mar/2026:15:54:13 +0330] "POST /wp-admin/css/wp-login.php HTTP/1.1" 200 10012 "binance.com" "Mozilla/5.0 (Windows NT 10.0; Win64; x64) AppleWebKit/537.36 (KHTML, like Gecko) Chrome/90.0.4430.85 Safari/537.36"
142.93.208.146 - - [23/Mar/2026:15:54:55 +0330] "GET /wp-admin/css/wp-login.php HTTP/1.1" 200 85375 "-" "Mozilla/5.0 (Windows NT 10.0; Win64; x64) AppleWebKit/537.36 (KHTML, like Gecko) Chrome/90.0.4430.85 Safari/537.36"
74.7.227.12 - - [23/Mar/2026:15:54:50 +0330] "GET /search.php?l=17538&product/A56?w=search HTTP/1.1" 200 44026 "http://news.mantaraham.ir/search.php?l=45361&product/N251?n=search" "Mozilla/5.0 AppleWebKit/537.36 (KHTML, like Gecko; compatible; GPTBot/1.3; +https://openai.com/gptbot)"
74.7.227.12 - - [23/Mar/2026:15:54:51 +0330] "GET /search.php?l=411&product/F10?s=search HTTP/1.1" 200 43804 "http://news.mantaraham.ir/search.php?l=253&product/F3?e=search" "Mozilla/5.0 AppleWebKit/537.36 (KHTML, like Gecko; compatible; GPTBot/1.3; +https://openai.com/gptbot)"
74.7.227.12 - - [23/Mar/2026:15:54:53 +0330] "GET /search.php?l=665&product/K76?r=search HTTP/1.1" 200 41511 "http://news.mantaraham.ir/search.php?l=424&product/M4?n=search" "Mozilla/5.0 AppleWebKit/537.36 (KHTML, like Gecko; compatible; GPTBot/1.3; +https://openai.com/gptbot)"
74.7.227.12 - - [23/Mar/2026:15:54:54 +0330] "GET /search.php?l=1191&product/I1?f=search HTTP/1.1" 200 44660 "http://news.mantaraham.ir/search.php?l=877&product/U1?h=search" "Mozilla/5.0 AppleWebKit/537.36 (KHTML, like Gecko; compatible; GPTBot/1.3; +https://openai.com/gptbot)"
74.7.227.12 - - [23/Mar/2026:15:54:56 +0330] "GET /search.php?l=8558&product/X6?s=search HTTP/1.1" 200 43826 "http://news.mantaraham.ir/search.php?l=49617&product/A255?j=search" "Mozilla/5.0 AppleWebKit/537.36 (KHTML, like Gecko; compatible; GPTBot/1.3; +https://openai.com/gptbot)"
74.7.227.12 - - [23/Mar/2026:15:54:57 +0330] "GET /search.php?detail/031000947026 HTTP/1.1" 200 44467 "http://news.mantaraham.ir/search.php?detail/03100094673180" "Mozilla/5.0 AppleWebKit/537.36 (KHTML, like Gecko; compatible; GPTBot/1.3; +https://openai.com/gptbot)"
216.73.216.186 - - [23/Mar/2026:15:54:59 +0330] "GET / HTTP/1.1" 200 0 "-" "Mozilla/5.0 AppleWebKit/537.36 (KHTML, like Gecko; compatible; ClaudeBot/1.0; +claudebot@anthropic.com)"
74.7.227.12 - - [23/Mar/2026:15:54:59 +0330] "GET /search.php?detail/03102001850400 HTTP/1.1" 200 44420 "http://news.mantaraham.ir/search.php?detail/03100094673180" "Mozilla/5.0 AppleWebKit/537.36 (KHTML, like Gecko; compatible; GPTBot/1.3; +https://openai.com/gptbot)"
74.7.227.12 - - [23/Mar/2026:15:55:01 +0330] "GET /search.php?detail/031003441209 HTTP/1.1" 200 44007 "http://news.mantaraham.ir/search.php?detail/03100094673180" "Mozilla/5.0 AppleWebKit/537.36 (KHTML, like Gecko; compatible; GPTBot/1.3; +https://openai.com/gptbot)"
74.7.227.12 - - [23/Mar/2026:15:55:02 +0330] "GET /search.php?detail/01204967890462 HTTP/1.1" 200 44111 "http://news.mantaraham.ir/search.php?detail/01202083679753" "Mozilla/5.0 AppleWebKit/537.36 (KHTML, like Gecko; compatible; GPTBot/1.3; +https://openai.com/gptbot)"
74.7.227.12 - - [23/Mar/2026:15:55:03 +0330] "GET /search.php?detail/012000362453 HTTP/1.1" 200 44012 "http://news.mantaraham.ir/search.php?detail/01202083780545" "Mozilla/5.0 AppleWebKit/537.36 (KHTML, like Gecko; compatible; GPTBot/1.3; +https://openai.com/gptbot)"
74.7.227.12 - - [23/Mar/2026:15:55:05 +0330] "GET /search.php?detail/012030831930 HTTP/1.1" 200 43816 "http://news.mantaraham.ir/search.php?detail/01202083679753" "Mozilla/5.0 AppleWebKit/537.36 (KHTML, like Gecko; compatible; GPTBot/1.3; +https://openai.com/gptbot)"
74.7.227.12 - - [23/Mar/2026:15:55:07 +0330] "GET /search.php?l=40501&product/V87?b=search HTTP/1.1" 200 44040 "http://news.mantaraham.ir/search.php?l=17538&product/A56?w=search" "Mozilla/5.0 AppleWebKit/537.36 (KHTML, like Gecko; compatible; GPTBot/1.3; +https://openai.com/gptbot)"
74.7.227.12 - - [23/Mar/2026:15:55:08 +0330] "GET /search.php?detail/01200036360641 HTTP/1.1" 200 44130 "http://news.mantaraham.ir/search.php?detail/01202083780545" "Mozilla/5.0 AppleWebKit/537.36 (KHTML, like Gecko; compatible; GPTBot/1.3; +https://openai.com/gptbot)"
74.7.227.12 - - [23/Mar/2026:15:55:10 +0330] "GET /search.php?detail/08700034430750 HTTP/1.1" 200 43554 "http://news.mantaraham.ir/search.php?l=17538&product/A56?w=search" "Mozilla/5.0 AppleWebKit/537.36 (KHTML, like Gecko; compatible; GPTBot/1.3; +https://openai.com/gptbot)"
74.7.227.12 - - [23/Mar/2026:15:55:11 +0330] "GET /search.php?l=6659&product/Z79?y=search HTTP/1.1" 200 42144 "http://news.mantaraham.ir/search.php?l=1191&product/I1?f=search" "Mozilla/5.0 AppleWebKit/537.36 (KHTML, like Gecko; compatible; GPTBot/1.3; +https://openai.com/gptbot)"
74.7.227.12 - - [23/Mar/2026:15:55:13 +0330] "GET /search.php?detail/012049675380 HTTP/1.1" 200 43931 "http://news.mantaraham.ir/search.php?detail/01202083780545" "Mozilla/5.0 AppleWebKit/537.36 (KHTML, like Gecko; compatible; GPTBot/1.3; +https://openai.com/gptbot)"
74.7.227.12 - - [23/Mar/2026:15:55:14 +0330] "GET /search.php?detail/03102001717202 HTTP/1.1" 200 44184 "http://news.mantaraham.ir/search.php?detail/031000947026" "Mozilla/5.0 AppleWebKit/537.36 (KHTML, like Gecko; compatible; GPTBot/1.3; +https://openai.com/gptbot)"
74.7.227.12 - - [23/Mar/2026:15:55:16 +0330] "GET /search.php?detail/0310034402036 HTTP/1.1" 200 44218 "http://news.mantaraham.ir/search.php?detail/03102001850400" "Mozilla/5.0 AppleWebKit/537.36 (KHTML, like Gecko; compatible; GPTBot/1.3; +https://openai.com/gptbot)"
74.7.227.12 - - [23/Mar/2026:15:55:18 +0330] "GET /search.php?detail/0310174373474 HTTP/1.1" 200 43861 "http://news.mantaraham.ir/search.php?detail/031003441209" "Mozilla/5.0 AppleWebKit/537.36 (KHTML, like Gecko; compatible; GPTBot/1.3; +https://openai.com/gptbot)"
74.7.227.12 - - [23/Mar/2026:15:55:19 +0330] "GET /search.php?detail/01204967737605 HTTP/1.1" 200 44069 "http://news.mantaraham.ir/search.php?detail/01204967890462" "Mozilla/5.0 AppleWebKit/537.36 (KHTML, like Gecko; compatible; GPTBot/1.3; +https://openai.com/gptbot)"
74.7.227.12 - - [23/Mar/2026:15:55:21 +0330] "GET /search.php?detail/031034150616 HTTP/1.1" 200 44464 "http://news.mantaraham.ir/search.php?detail/03102001850400" "Mozilla/5.0 AppleWebKit/537.36 (KHTML, like Gecko; compatible; GPTBot/1.3; +https://openai.com/gptbot)"
74.7.227.12 - - [23/Mar/2026:15:55:22 +0330] "GET /search.php?detail/01200036172101 HTTP/1.1" 200 43777 "http://news.mantaraham.ir/search.php?detail/012030831930" "Mozilla/5.0 AppleWebKit/537.36 (KHTML, like Gecko; compatible; GPTBot/1.3; +https://openai.com/gptbot)"
74.7.227.12 - - [23/Mar/2026:15:55:24 +0330] "GET /search.php?detail/012033208640 HTTP/1.1" 200 43892 "http://news.mantaraham.ir/search.php?detail/012030831930" "Mozilla/5.0 AppleWebKit/537.36 (KHTML, like Gecko; compatible; GPTBot/1.3; +https://openai.com/gptbot)"
74.7.227.12 - - [23/Mar/2026:15:55:26 +0330] "GET /search.php?detail/012000364402 HTTP/1.1" 200 44146 "http://news.mantaraham.ir/search.php?detail/01200036360641" "Mozilla/5.0 AppleWebKit/537.36 (KHTML, like Gecko; compatible; GPTBot/1.3; +https://openai.com/gptbot)"
74.7.227.12 - - [23/Mar/2026:15:55:27 +0330] "GET /search.php?detail/087000368074 HTTP/1.1" 200 44277 "http://news.mantaraham.ir/search.php?detail/08700034430750" "Mozilla/5.0 AppleWebKit/537.36 (KHTML, like Gecko; compatible; GPTBot/1.3; +https://openai.com/gptbot)"
74.7.227.12 - - [23/Mar/2026:15:55:29 +0330] "GET /search.php?detail/0870003521349 HTTP/1.1" 200 43916 "http://news.mantaraham.ir/search.php?detail/08700034430750" "Mozilla/5.0 AppleWebKit/537.36 (KHTML, like Gecko; compatible; GPTBot/1.3; +https://openai.com/gptbot)"
74.7.227.12 - - [23/Mar/2026:15:55:30 +0330] "GET /search.php?detail/0870003600893 HTTP/1.1" 200 44033 "http://news.mantaraham.ir/search.php?detail/08700034430750" "Mozilla/5.0 AppleWebKit/537.36 (KHTML, like Gecko; compatible; GPTBot/1.3; +https://openai.com/gptbot)"
74.7.227.12 - - [23/Mar/2026:15:55:32 +0330] "GET /search.php?detail/08700035702065 HTTP/1.1" 200 43244 "http://news.mantaraham.ir/search.php?detail/08700034430750" "Mozilla/5.0 AppleWebKit/537.36 (KHTML, like Gecko; compatible; GPTBot/1.3; +https://openai.com/gptbot)"
74.7.227.12 - - [23/Mar/2026:15:55:34 +0330] "GET /search.php?detail/0310425858297 HTTP/1.1" 200 44173 "http://news.mantaraham.ir/search.php?detail/03100094673180" "Mozilla/5.0 AppleWebKit/537.36 (KHTML, like Gecko; compatible; GPTBot/1.3; +https://openai.com/gptbot)"
74.7.227.12 - - [23/Mar/2026:15:55:36 +0330] "GET /search.php?detail/03100095139200 HTTP/1.1" 200 44324 "http://news.mantaraham.ir/search.php?detail/0310174373474" "Mozilla/5.0 AppleWebKit/537.36 (KHTML, like Gecko; compatible; GPTBot/1.3; +https://openai.com/gptbot)"
74.7.227.12 - - [23/Mar/2026:15:55:37 +0330] "GET /search.php?detail/0310009480134 HTTP/1.1" 200 44440 "http://news.mantaraham.ir/search.php?detail/0310174373474" "Mozilla/5.0 AppleWebKit/537.36 (KHTML, like Gecko; compatible; GPTBot/1.3; +https://openai.com/gptbot)"
74.7.227.12 - - [23/Mar/2026:15:55:38 +0330] "GET /search.php?detail/031000952136 HTTP/1.1" 200 44403 "http://news.mantaraham.ir/search.php?detail/031034150616" "Mozilla/5.0 AppleWebKit/537.36 (KHTML, like Gecko; compatible; GPTBot/1.3; +https://openai.com/gptbot)"
74.7.227.12 - - [23/Mar/2026:15:55:40 +0330] "GET /search.php?detail/0760318479762 HTTP/1.1" 200 43570 "http://news.mantaraham.ir/search.php?detail/07602886638469" "Mozilla/5.0 AppleWebKit/537.36 (KHTML, like Gecko; compatible; GPTBot/1.3; +https://openai.com/gptbot)"
74.7.227.12 - - [23/Mar/2026:15:55:42 +0330] "GET /search.php?detail/08500047787253 HTTP/1.1" 200 43863 "http://news.mantaraham.ir/search.php?l=40501&product/V87?b=search" "Mozilla/5.0 AppleWebKit/537.36 (KHTML, like Gecko; compatible; GPTBot/1.3; +https://openai.com/gptbot)"
74.7.227.12 - - [23/Mar/2026:15:55:43 +0330] "GET /search.php?detail/076007673484 HTTP/1.1" 200 43754 "http://news.mantaraham.ir/search.php?detail/07602886638469" "Mozilla/5.0 AppleWebKit/537.36 (KHTML, like Gecko; compatible; GPTBot/1.3; +https://openai.com/gptbot)"
74.7.227.12 - - [23/Mar/2026:15:55:45 +0330] "GET /search.php?detail/087000364482 HTTP/1.1" 200 43916 "http://news.mantaraham.ir/search.php?detail/087000368074" "Mozilla/5.0 AppleWebKit/537.36 (KHTML, like Gecko; compatible; GPTBot/1.3; +https://openai.com/gptbot)"
142.93.208.146 - - [23/Mar/2026:15:55:47 +0330] "GET /wp-admin/css/colors/ HTTP/1.1" 200 1624 "binance.com" "Mozilla/5.0 (Windows NT 10.0; Win64; x64) AppleWebKit/537.36 (KHTML, like Gecko) Chrome/90.0.4430.85 Safari/537.36"
74.7.227.12 - - [23/Mar/2026:15:55:47 +0330] "GET /search.php?detail/087000350974 HTTP/1.1" 200 43803 "http://news.mantaraham.ir/search.php?detail/087000368074" "Mozilla/5.0 AppleWebKit/537.36 (KHTML, like Gecko; compatible; GPTBot/1.3; +https://openai.com/gptbot)"
