74.7.227.12 - - [23/Mar/2026:16:30:25 +0330] "GET /search.php?detail/068018720482 HTTP/1.1" 200 43936 "http://news.mantaraham.ir/search.php?detail/068027342553" "Mozilla/5.0 AppleWebKit/537.36 (KHTML, like Gecko; compatible; GPTBot/1.3; +https://openai.com/gptbot)"
74.7.227.12 - - [23/Mar/2026:16:30:27 +0330] "GET /search.php?detail/065040232214 HTTP/1.1" 200 44584 "http://news.mantaraham.ir/search.php?detail/0650402350335" "Mozilla/5.0 AppleWebKit/537.36 (KHTML, like Gecko; compatible; GPTBot/1.3; +https://openai.com/gptbot)"
74.7.227.12 - - [23/Mar/2026:16:30:29 +0330] "GET /search.php?detail/068013920882 HTTP/1.1" 200 44623 "http://news.mantaraham.ir/search.php?detail/0680396813704" "Mozilla/5.0 AppleWebKit/537.36 (KHTML, like Gecko; compatible; GPTBot/1.3; +https://openai.com/gptbot)"
74.7.227.12 - - [23/Mar/2026:16:30:31 +0330] "GET /search.php?detail/068003733518 HTTP/1.1" 200 43866 "http://news.mantaraham.ir/search.php?detail/06801874250654" "Mozilla/5.0 AppleWebKit/537.36 (KHTML, like Gecko; compatible; GPTBot/1.3; +https://openai.com/gptbot)"
74.7.227.12 - - [23/Mar/2026:16:30:32 +0330] "GET /search.php?detail/068028389225 HTTP/1.1" 200 44400 "http://news.mantaraham.ir/search.php?detail/068032113233" "Mozilla/5.0 AppleWebKit/537.36 (KHTML, like Gecko; compatible; GPTBot/1.3; +https://openai.com/gptbot)"
74.7.227.12 - - [23/Mar/2026:16:30:34 +0330] "GET /search.php?detail/068019322026 HTTP/1.1" 200 44182 "http://news.mantaraham.ir/search.php?detail/068025473255" "Mozilla/5.0 AppleWebKit/537.36 (KHTML, like Gecko; compatible; GPTBot/1.3; +https://openai.com/gptbot)"
74.7.227.12 - - [23/Mar/2026:16:30:36 +0330] "GET /search.php?detail/068034117301 HTTP/1.1" 200 43836 "http://news.mantaraham.ir/search.php?detail/06801330001069" "Mozilla/5.0 AppleWebKit/537.36 (KHTML, like Gecko; compatible; GPTBot/1.3; +https://openai.com/gptbot)"
74.7.227.12 - - [23/Mar/2026:16:30:37 +0330] "GET /search.php?detail/068017712507 HTTP/1.1" 200 45196 "http://news.mantaraham.ir/search.php?detail/06802522562098" "Mozilla/5.0 AppleWebKit/537.36 (KHTML, like Gecko; compatible; GPTBot/1.3; +https://openai.com/gptbot)"
74.7.227.12 - - [23/Mar/2026:16:30:38 +0330] "GET /search.php?detail/068029591960 HTTP/1.1" 200 44651 "http://news.mantaraham.ir/search.php?detail/068041711541" "Mozilla/5.0 AppleWebKit/537.36 (KHTML, like Gecko; compatible; GPTBot/1.3; +https://openai.com/gptbot)"
74.7.227.12 - - [23/Mar/2026:16:30:40 +0330] "GET /search.php?detail/068029724770 HTTP/1.1" 200 44868 "http://news.mantaraham.ir/search.php?detail/0680172249203" "Mozilla/5.0 AppleWebKit/537.36 (KHTML, like Gecko; compatible; GPTBot/1.3; +https://openai.com/gptbot)"
142.93.208.146 - - [23/Mar/2026:16:24:23 +0330] "POST /wp-admin/js/widgets/about.php HTTP/1.1" 200 5000 "binance.com" "Mozilla/5.0 (Windows NT 10.0; Win64; x64) AppleWebKit/537.36 (KHTML, like Gecko) Chrome/90.0.4430.85 Safari/537.36"
142.93.208.146 - - [23/Mar/2026:16:25:36 +0330] "GET /wp-admin/js/widgets/alfa-rex.php HTTP/1.1" 403 787 "binance.com" "Mozilla/5.0 (Windows NT 10.0; Win64; x64) AppleWebKit/537.36 (KHTML, like Gecko) Chrome/90.0.4430.85 Safari/537.36"
142.93.208.146 - - [23/Mar/2026:16:25:41 +0330] "GET /wp-admin/js/widgets/wp-login.php HTTP/1.1" 200 5000 "binance.com" "Mozilla/5.0 (Windows NT 10.0; Win64; x64) AppleWebKit/537.36 (KHTML, like Gecko) Chrome/90.0.4430.85 Safari/537.36"
142.93.208.146 - - [23/Mar/2026:16:26:51 +0330] "GET /wp-admin/js/widgets/xdjxbvpkvs.php HTTP/1.1" 200 0 "binance.com" "Mozilla/5.0 (Windows NT 10.0; Win64; x64) AppleWebKit/537.36 (KHTML, like Gecko) Chrome/90.0.4430.85 Safari/537.36"
142.93.208.146 - - [23/Mar/2026:16:27:11 +0330] "GET /wp-includes/ HTTP/1.1" 200 5215 "binance.com" "Mozilla/5.0 (Windows NT 10.0; Win64; x64) AppleWebKit/537.36 (KHTML, like Gecko) Chrome/90.0.4430.85 Safari/537.36"
142.93.208.146 - - [23/Mar/2026:16:27:23 +0330] "GET /wp-includes/admin.php HTTP/1.1" 200 0 "binance.com" "Mozilla/5.0 (Windows NT 10.0; Win64; x64) AppleWebKit/537.36 (KHTML, like Gecko) Chrome/90.0.4430.85 Safari/537.36"
142.93.208.146 - - [23/Mar/2026:16:28:00 +0330] "GET /wp-includes/mah.php HTTP/1.1" 200 248 "binance.com" "Mozilla/5.0 (Windows NT 10.0; Win64; x64) AppleWebKit/537.36 (KHTML, like Gecko) Chrome/90.0.4430.85 Safari/537.36"
142.93.208.146 - - [23/Mar/2026:16:28:10 +0330] "GET /wp-includes/plugins.php HTTP/1.1" 200 248 "binance.com" "Mozilla/5.0 (Windows NT 10.0; Win64; x64) AppleWebKit/537.36 (KHTML, like Gecko) Chrome/90.0.4430.85 Safari/537.36"
142.93.208.146 - - [23/Mar/2026:16:28:29 +0330] "GET /wp-includes/ID3/ HTTP/1.1" 200 1792 "binance.com" "Mozilla/5.0 (Windows NT 10.0; Win64; x64) AppleWebKit/537.36 (KHTML, like Gecko) Chrome/90.0.4430.85 Safari/537.36"
142.93.208.146 - - [23/Mar/2026:16:28:37 +0330] "GET /wp-includes/ID3/about.php HTTP/1.1" 200 4961 "binance.com" "Mozilla/5.0 (Windows NT 10.0; Win64; x64) AppleWebKit/537.36 (KHTML, like Gecko) Chrome/90.0.4430.85 Safari/537.36"
142.93.208.146 - - [23/Mar/2026:16:29:00 +0330] "GET /wp-includes/ID3/aeehtmdgwc.php HTTP/1.1" 200 0 "binance.com" "Mozilla/5.0 (Windows NT 10.0; Win64; x64) AppleWebKit/537.36 (KHTML, like Gecko) Chrome/90.0.4430.85 Safari/537.36"
142.93.208.146 - - [23/Mar/2026:16:30:25 +0330] "GET /wp-includes/ID3/wp-login.php HTTP/1.1" 200 4960 "binance.com" "Mozilla/5.0 (Windows NT 10.0; Win64; x64) AppleWebKit/537.36 (KHTML, like Gecko) Chrome/90.0.4430.85 Safari/537.36"
142.93.208.146 - - [23/Mar/2026:16:30:28 +0330] "POST /wp-includes/ID3/wp-login.php HTTP/1.1" 200 4756 "binance.com" "Mozilla/5.0 (Windows NT 10.0; Win64; x64) AppleWebKit/537.36 (KHTML, like Gecko) Chrome/90.0.4430.85 Safari/537.36"
142.93.208.146 - - [23/Mar/2026:16:30:36 +0330] "GET /wp-includes/ID3/ezemkewpje.php HTTP/1.1" 200 0 "binance.com" "Mozilla/5.0 (Windows NT 10.0; Win64; x64) AppleWebKit/537.36 (KHTML, like Gecko) Chrome/90.0.4430.85 Safari/537.36"
74.7.227.12 - - [23/Mar/2026:16:30:42 +0330] "GET /search.php?detail/065040241184 HTTP/1.1" 200 44879 "http://news.mantaraham.ir/search.php?detail/065034174227" "Mozilla/5.0 AppleWebKit/537.36 (KHTML, like Gecko; compatible; GPTBot/1.3; +https://openai.com/gptbot)"
74.7.227.12 - - [23/Mar/2026:16:30:43 +0330] "GET /search.php?detail/068010559265 HTTP/1.1" 200 44675 "http://news.mantaraham.ir/search.php?detail/06803211635293" "Mozilla/5.0 AppleWebKit/537.36 (KHTML, like Gecko; compatible; GPTBot/1.3; +https://openai.com/gptbot)"
74.7.227.12 - - [23/Mar/2026:16:30:45 +0330] "GET /search.php?detail/068030900425 HTTP/1.1" 200 43843 "http://news.mantaraham.ir/search.php?detail/068002286777" "Mozilla/5.0 AppleWebKit/537.36 (KHTML, like Gecko; compatible; GPTBot/1.3; +https://openai.com/gptbot)"
74.7.227.12 - - [23/Mar/2026:16:30:46 +0330] "GET /search.php?detail/068002671511 HTTP/1.1" 200 44689 "http://news.mantaraham.ir/search.php?jp/068042223.html" "Mozilla/5.0 AppleWebKit/537.36 (KHTML, like Gecko; compatible; GPTBot/1.3; +https://openai.com/gptbot)"
74.7.227.12 - - [23/Mar/2026:16:30:48 +0330] "GET /search.php?detail/068018738305 HTTP/1.1" 200 43979 "http://news.mantaraham.ir/search.php?detail/06800479465185" "Mozilla/5.0 AppleWebKit/537.36 (KHTML, like Gecko; compatible; GPTBot/1.3; +https://openai.com/gptbot)"
74.7.227.12 - - [23/Mar/2026:16:30:49 +0330] "GET /search.php?detail/068040819586 HTTP/1.1" 200 45106 "http://news.mantaraham.ir/search.php?detail/06804171509136" "Mozilla/5.0 AppleWebKit/537.36 (KHTML, like Gecko; compatible; GPTBot/1.3; +https://openai.com/gptbot)"
74.7.227.12 - - [23/Mar/2026:16:30:51 +0330] "GET /search.php?detail/068002724281 HTTP/1.1" 200 44448 "http://news.mantaraham.ir/search.php?detail/0680215441895" "Mozilla/5.0 AppleWebKit/537.36 (KHTML, like Gecko; compatible; GPTBot/1.3; +https://openai.com/gptbot)"
74.7.227.12 - - [23/Mar/2026:16:30:52 +0330] "GET /search.php?detail/068008296148 HTTP/1.1" 200 43991 "http://news.mantaraham.ir/search.php?detail/0680283910704" "Mozilla/5.0 AppleWebKit/537.36 (KHTML, like Gecko; compatible; GPTBot/1.3; +https://openai.com/gptbot)"
74.7.227.12 - - [23/Mar/2026:16:30:54 +0330] "GET /search.php?detail/068001557663 HTTP/1.1" 200 43902 "http://news.mantaraham.ir/search.php?detail/068046788863" "Mozilla/5.0 AppleWebKit/537.36 (KHTML, like Gecko; compatible; GPTBot/1.3; +https://openai.com/gptbot)"
74.7.227.12 - - [23/Mar/2026:16:30:56 +0330] "GET /search.php?detail/068025218287 HTTP/1.1" 200 44592 "http://news.mantaraham.ir/search.php?detail/068011668916" "Mozilla/5.0 AppleWebKit/537.36 (KHTML, like Gecko; compatible; GPTBot/1.3; +https://openai.com/gptbot)"
74.7.227.12 - - [23/Mar/2026:16:30:57 +0330] "GET /search.php?detail/068007349676 HTTP/1.1" 200 43994 "http://news.mantaraham.ir/search.php?detail/068013307666" "Mozilla/5.0 AppleWebKit/537.36 (KHTML, like Gecko; compatible; GPTBot/1.3; +https://openai.com/gptbot)"
74.7.227.12 - - [23/Mar/2026:16:30:59 +0330] "GET /search.php?detail/068043089566 HTTP/1.1" 200 44486 "http://news.mantaraham.ir/search.php?detail/0680294117894" "Mozilla/5.0 AppleWebKit/537.36 (KHTML, like Gecko; compatible; GPTBot/1.3; +https://openai.com/gptbot)"
74.7.227.12 - - [23/Mar/2026:16:31:00 +0330] "GET /search.php?detail/068024479042 HTTP/1.1" 200 44147 "http://news.mantaraham.ir/search.php?detail/0680166862809" "Mozilla/5.0 AppleWebKit/537.36 (KHTML, like Gecko; compatible; GPTBot/1.3; +https://openai.com/gptbot)"
74.7.227.12 - - [23/Mar/2026:16:31:01 +0330] "GET /search.php?detail/065040224829 HTTP/1.1" 200 44087 "http://news.mantaraham.ir/search.php?detail/065043797164" "Mozilla/5.0 AppleWebKit/537.36 (KHTML, like Gecko; compatible; GPTBot/1.3; +https://openai.com/gptbot)"
74.7.227.12 - - [23/Mar/2026:16:31:03 +0330] "GET /search.php?detail/068028392408 HTTP/1.1" 200 44628 "http://news.mantaraham.ir/search.php?detail/0680122293784" "Mozilla/5.0 AppleWebKit/537.36 (KHTML, like Gecko; compatible; GPTBot/1.3; +https://openai.com/gptbot)"
74.7.227.12 - - [23/Mar/2026:16:31:04 +0330] "GET /search.php?detail/06803735744998 HTTP/1.1" 200 43952 "http://news.mantaraham.ir/search.php?detail/068018738305" "Mozilla/5.0 AppleWebKit/537.36 (KHTML, like Gecko; compatible; GPTBot/1.3; +https://openai.com/gptbot)"
74.7.227.12 - - [23/Mar/2026:16:31:06 +0330] "GET /search.php?detail/068046024376 HTTP/1.1" 200 43746 "http://news.mantaraham.ir/search.php?detail/068043072910" "Mozilla/5.0 AppleWebKit/537.36 (KHTML, like Gecko; compatible; GPTBot/1.3; +https://openai.com/gptbot)"
74.7.227.12 - - [23/Mar/2026:16:31:07 +0330] "GET /search.php?detail/068022115172 HTTP/1.1" 200 44122 "http://news.mantaraham.ir/search.php?detail/06803139829521" "Mozilla/5.0 AppleWebKit/537.36 (KHTML, like Gecko; compatible; GPTBot/1.3; +https://openai.com/gptbot)"
74.7.227.12 - - [23/Mar/2026:16:31:09 +0330] "GET /search.php?detail/015028274205 HTTP/1.1" 200 43949 "http://news.mantaraham.ir/search.php?detail/015018747602" "Mozilla/5.0 AppleWebKit/537.36 (KHTML, like Gecko; compatible; GPTBot/1.3; +https://openai.com/gptbot)"
74.7.227.12 - - [23/Mar/2026:16:31:10 +0330] "GET /search.php?detail/068025221310 HTTP/1.1" 200 44761 "http://news.mantaraham.ir/search.php?detail/06804267501214" "Mozilla/5.0 AppleWebKit/537.36 (KHTML, like Gecko; compatible; GPTBot/1.3; +https://openai.com/gptbot)"
74.7.227.12 - - [23/Mar/2026:16:31:11 +0330] "GET /search.php?detail/068031085141 HTTP/1.1" 200 43959 "http://news.mantaraham.ir/search.php?detail/068032261120" "Mozilla/5.0 AppleWebKit/537.36 (KHTML, like Gecko; compatible; GPTBot/1.3; +https://openai.com/gptbot)"
74.7.227.12 - - [23/Mar/2026:16:31:13 +0330] "GET /search.php?detail/068033815462 HTTP/1.1" 200 44485 "http://news.mantaraham.ir/search.php?detail/068007349676" "Mozilla/5.0 AppleWebKit/537.36 (KHTML, like Gecko; compatible; GPTBot/1.3; +https://openai.com/gptbot)"
74.7.227.12 - - [23/Mar/2026:16:31:14 +0330] "GET /search.php?detail/068040873669 HTTP/1.1" 200 44450 "http://news.mantaraham.ir/search.php?detail/068044215323" "Mozilla/5.0 AppleWebKit/537.36 (KHTML, like Gecko; compatible; GPTBot/1.3; +https://openai.com/gptbot)"
74.7.227.12 - - [23/Mar/2026:16:31:16 +0330] "GET /search.php?detail/068010331152 HTTP/1.1" 200 44132 "http://news.mantaraham.ir/search.php?detail/068028194716" "Mozilla/5.0 AppleWebKit/537.36 (KHTML, like Gecko; compatible; GPTBot/1.3; +https://openai.com/gptbot)"
74.7.227.12 - - [23/Mar/2026:16:31:17 +0330] "GET /search.php?detail/068023034494 HTTP/1.1" 200 44089 "http://news.mantaraham.ir/search.php?detail/06804222040133" "Mozilla/5.0 AppleWebKit/537.36 (KHTML, like Gecko; compatible; GPTBot/1.3; +https://openai.com/gptbot)"
74.7.227.12 - - [23/Mar/2026:16:31:19 +0330] "GET /search.php?detail/068004316151 HTTP/1.1" 200 44081 "http://news.mantaraham.ir/search.php?detail/0680064224946" "Mozilla/5.0 AppleWebKit/537.36 (KHTML, like Gecko; compatible; GPTBot/1.3; +https://openai.com/gptbot)"
74.7.227.12 - - [23/Mar/2026:16:31:21 +0330] "GET /search.php?detail/068016051341 HTTP/1.1" 200 44627 "http://news.mantaraham.ir/search.php?detail/068038014784" "Mozilla/5.0 AppleWebKit/537.36 (KHTML, like Gecko; compatible; GPTBot/1.3; +https://openai.com/gptbot)"
74.7.227.12 - - [23/Mar/2026:16:31:22 +0330] "GET /search.php?detail/068049385141 HTTP/1.1" 200 43693 "http://news.mantaraham.ir/search.php?detail/068046024376" "Mozilla/5.0 AppleWebKit/537.36 (KHTML, like Gecko; compatible; GPTBot/1.3; +https://openai.com/gptbot)"
74.7.227.12 - - [23/Mar/2026:16:31:24 +0330] "GET /search.php?detail/068037953355 HTTP/1.1" 200 44319 "http://news.mantaraham.ir/search.php?detail/068031082118" "Mozilla/5.0 AppleWebKit/537.36 (KHTML, like Gecko; compatible; GPTBot/1.3; +https://openai.com/gptbot)"
74.7.227.12 - - [23/Mar/2026:16:31:25 +0330] "GET /search.php?detail/068010875854 HTTP/1.1" 200 45145 "http://news.mantaraham.ir/search.php?detail/06801765694711" "Mozilla/5.0 AppleWebKit/537.36 (KHTML, like Gecko; compatible; GPTBot/1.3; +https://openai.com/gptbot)"
74.7.227.12 - - [23/Mar/2026:16:31:27 +0330] "GET /search.php?detail/068021835608 HTTP/1.1" 200 43957 "http://news.mantaraham.ir/search.php?detail/0680412321764" "Mozilla/5.0 AppleWebKit/537.36 (KHTML, like Gecko; compatible; GPTBot/1.3; +https://openai.com/gptbot)"
74.7.227.12 - - [23/Mar/2026:16:31:28 +0330] "GET /search.php?detail/068045383893 HTTP/1.1" 200 43948 "http://news.mantaraham.ir/search.php?detail/068031085141" "Mozilla/5.0 AppleWebKit/537.36 (KHTML, like Gecko; compatible; GPTBot/1.3; +https://openai.com/gptbot)"
74.7.227.12 - - [23/Mar/2026:16:31:30 +0330] "GET /search.php?detail/068013561609 HTTP/1.1" 200 45132 "http://news.mantaraham.ir/search.php?detail/068009096894" "Mozilla/5.0 AppleWebKit/537.36 (KHTML, like Gecko; compatible; GPTBot/1.3; +https://openai.com/gptbot)"
74.7.227.12 - - [23/Mar/2026:16:31:32 +0330] "GET /search.php?detail/06804308494949 HTTP/1.1" 200 43992 "http://news.mantaraham.ir/search.php?detail/0680423714094" "Mozilla/5.0 AppleWebKit/537.36 (KHTML, like Gecko; compatible; GPTBot/1.3; +https://openai.com/gptbot)"
74.7.227.12 - - [23/Mar/2026:16:31:33 +0330] "GET /search.php?detail/068033843639 HTTP/1.1" 200 44205 "http://news.mantaraham.ir/search.php?detail/0680484006995" "Mozilla/5.0 AppleWebKit/537.36 (KHTML, like Gecko; compatible; GPTBot/1.3; +https://openai.com/gptbot)"
74.7.227.12 - - [23/Mar/2026:16:31:35 +0330] "GET /search.php?detail/068040818503 HTTP/1.1" 200 44622 "http://news.mantaraham.ir/search.php?detail/068005286661" "Mozilla/5.0 AppleWebKit/537.36 (KHTML, like Gecko; compatible; GPTBot/1.3; +https://openai.com/gptbot)"
74.7.227.12 - - [23/Mar/2026:16:31:37 +0330] "GET /search.php?detail/068033813164 HTTP/1.1" 200 44279 "http://news.mantaraham.ir/search.php?detail/0680484006995" "Mozilla/5.0 AppleWebKit/537.36 (KHTML, like Gecko; compatible; GPTBot/1.3; +https://openai.com/gptbot)"
74.7.227.12 - - [23/Mar/2026:16:31:38 +0330] "GET /search.php?detail/068003731201 HTTP/1.1" 200 45182 "http://news.mantaraham.ir/search.php?detail/06802332967074" "Mozilla/5.0 AppleWebKit/537.36 (KHTML, like Gecko; compatible; GPTBot/1.3; +https://openai.com/gptbot)"
74.7.227.12 - - [23/Mar/2026:16:31:40 +0330] "GET /search.php?detail/068009419861 HTTP/1.1" 200 44382 "http://news.mantaraham.ir/search.php?detail/068025228050" "Mozilla/5.0 AppleWebKit/537.36 (KHTML, like Gecko; compatible; GPTBot/1.3; +https://openai.com/gptbot)"
74.7.227.12 - - [23/Mar/2026:16:31:41 +0330] "GET /search.php?detail/084019800234 HTTP/1.1" 200 44991 "http://news.mantaraham.ir/search.php?detail/084037910859" "Mozilla/5.0 AppleWebKit/537.36 (KHTML, like Gecko; compatible; GPTBot/1.3; +https://openai.com/gptbot)"
74.7.227.12 - - [23/Mar/2026:16:31:43 +0330] "GET /search.php?detail/068002721091 HTTP/1.1" 200 44011 "http://news.mantaraham.ir/search.php?detail/068045484835" "Mozilla/5.0 AppleWebKit/537.36 (KHTML, like Gecko; compatible; GPTBot/1.3; +https://openai.com/gptbot)"
74.7.227.12 - - [23/Mar/2026:16:31:44 +0330] "GET /search.php?detail/068043096369 HTTP/1.1" 200 44194 "http://news.mantaraham.ir/search.php?detail/068026951793" "Mozilla/5.0 AppleWebKit/537.36 (KHTML, like Gecko; compatible; GPTBot/1.3; +https://openai.com/gptbot)"
74.7.227.12 - - [23/Mar/2026:16:31:46 +0330] "GET /search.php?detail/068034499700 HTTP/1.1" 200 43880 "http://news.mantaraham.ir/search.php?detail/06801330001069" "Mozilla/5.0 AppleWebKit/537.36 (KHTML, like Gecko; compatible; GPTBot/1.3; +https://openai.com/gptbot)"
74.7.227.12 - - [23/Mar/2026:16:31:47 +0330] "GET /search.php?detail/068003986097 HTTP/1.1" 200 44016 "http://news.mantaraham.ir/search.php?detail/06802332967074" "Mozilla/5.0 AppleWebKit/537.36 (KHTML, like Gecko; compatible; GPTBot/1.3; +https://openai.com/gptbot)"
74.7.227.12 - - [23/Mar/2026:16:31:49 +0330] "GET /search.php?detail/068002675012 HTTP/1.1" 200 44051 "http://news.mantaraham.ir/search.php?detail/06802699957163" "Mozilla/5.0 AppleWebKit/537.36 (KHTML, like Gecko; compatible; GPTBot/1.3; +https://openai.com/gptbot)"
74.7.227.12 - - [23/Mar/2026:16:31:50 +0330] "GET /search.php?detail/068034028505 HTTP/1.1" 200 44348 "http://news.mantaraham.ir/search.php?jp/068024652.html" "Mozilla/5.0 AppleWebKit/537.36 (KHTML, like Gecko; compatible; GPTBot/1.3; +https://openai.com/gptbot)"
74.7.227.12 - - [23/Mar/2026:16:31:52 +0330] "GET /search.php?detail/068004376101 HTTP/1.1" 200 44119 "http://news.mantaraham.ir/search.php?detail/06800610861122" "Mozilla/5.0 AppleWebKit/537.36 (KHTML, like Gecko; compatible; GPTBot/1.3; +https://openai.com/gptbot)"
74.7.227.12 - - [23/Mar/2026:16:31:53 +0330] "GET /search.php?detail/065034135614 HTTP/1.1" 200 44265 "http://news.mantaraham.ir/search.php?detail/06501110800546" "Mozilla/5.0 AppleWebKit/537.36 (KHTML, like Gecko; compatible; GPTBot/1.3; +https://openai.com/gptbot)"
74.7.227.12 - - [23/Mar/2026:16:31:54 +0330] "GET /search.php?detail/068011773300 HTTP/1.1" 200 44548 "http://news.mantaraham.ir/search.php?detail/068022550290" "Mozilla/5.0 AppleWebKit/537.36 (KHTML, like Gecko; compatible; GPTBot/1.3; +https://openai.com/gptbot)"
74.7.227.12 - - [23/Mar/2026:16:31:56 +0330] "GET /search.php?detail/084047027180 HTTP/1.1" 200 44372 "http://news.mantaraham.ir/search.php?detail/08400065379165" "Mozilla/5.0 AppleWebKit/537.36 (KHTML, like Gecko; compatible; GPTBot/1.3; +https://openai.com/gptbot)"
74.7.227.12 - - [23/Mar/2026:16:31:57 +0330] "GET /search.php?detail/068046294366 HTTP/1.1" 200 43831 "http://news.mantaraham.ir/search.php?detail/068043072910" "Mozilla/5.0 AppleWebKit/537.36 (KHTML, like Gecko; compatible; GPTBot/1.3; +https://openai.com/gptbot)"
74.7.227.12 - - [23/Mar/2026:16:31:59 +0330] "GET /search.php?detail/068025096229 HTTP/1.1" 200 44061 "http://news.mantaraham.ir/search.php?detail/06802951772871" "Mozilla/5.0 AppleWebKit/537.36 (KHTML, like Gecko; compatible; GPTBot/1.3; +https://openai.com/gptbot)"
74.7.227.12 - - [23/Mar/2026:16:32:01 +0330] "GET /search.php?detail/084048751009 HTTP/1.1" 200 44217 "http://news.mantaraham.ir/search.php?detail/084012369789" "Mozilla/5.0 AppleWebKit/537.36 (KHTML, like Gecko; compatible; GPTBot/1.3; +https://openai.com/gptbot)"
74.7.227.12 - - [23/Mar/2026:16:32:02 +0330] "GET /search.php?detail/068004383102 HTTP/1.1" 200 44328 "http://news.mantaraham.ir/search.php?detail/0680203362008" "Mozilla/5.0 AppleWebKit/537.36 (KHTML, like Gecko; compatible; GPTBot/1.3; +https://openai.com/gptbot)"
142.93.208.146 - - [23/Mar/2026:16:32:01 +0330] "GET /wp-includes/IXR/about.php HTTP/1.1" 200 4604 "binance.com" "Mozilla/5.0 (Windows NT 10.0; Win64; x64) AppleWebKit/537.36 (KHTML, like Gecko) Chrome/90.0.4430.85 Safari/537.36"
74.7.227.12 - - [23/Mar/2026:16:32:04 +0330] "GET /search.php?detail/068043384811 HTTP/1.1" 200 43925 "http://news.mantaraham.ir/search.php?detail/0680064296664" "Mozilla/5.0 AppleWebKit/537.36 (KHTML, like Gecko; compatible; GPTBot/1.3; +https://openai.com/gptbot)"
74.7.227.12 - - [23/Mar/2026:16:32:05 +0330] "GET /search.php?detail/068004388622 HTTP/1.1" 200 43906 "http://news.mantaraham.ir/search.php?detail/0680203362008" "Mozilla/5.0 AppleWebKit/537.36 (KHTML, like Gecko; compatible; GPTBot/1.3; +https://openai.com/gptbot)"
74.7.227.12 - - [23/Mar/2026:16:32:07 +0330] "GET /search.php?detail/068004171510 HTTP/1.1" 200 43926 "http://news.mantaraham.ir/search.php?detail/068048401009" "Mozilla/5.0 AppleWebKit/537.36 (KHTML, like Gecko; compatible; GPTBot/1.3; +https://openai.com/gptbot)"
74.7.227.12 - - [23/Mar/2026:16:32:08 +0330] "GET /search.php?detail/068017655810 HTTP/1.1" 200 45371 "http://news.mantaraham.ir/search.php?detail/06801589674549" "Mozilla/5.0 AppleWebKit/537.36 (KHTML, like Gecko; compatible; GPTBot/1.3; +https://openai.com/gptbot)"
74.7.227.12 - - [23/Mar/2026:16:32:10 +0330] "GET /search.php?detail/068018966299 HTTP/1.1" 200 44049 "http://news.mantaraham.ir/search.php?detail/068023327680" "Mozilla/5.0 AppleWebKit/537.36 (KHTML, like Gecko; compatible; GPTBot/1.3; +https://openai.com/gptbot)"
74.7.227.12 - - [23/Mar/2026:16:32:11 +0330] "GET /search.php?detail/033022770524 HTTP/1.1" 200 44053 "http://news.mantaraham.ir/search.php?detail/0330005597193" "Mozilla/5.0 AppleWebKit/537.36 (KHTML, like Gecko; compatible; GPTBot/1.3; +https://openai.com/gptbot)"
74.7.227.12 - - [23/Mar/2026:16:32:13 +0330] "GET /search.php?detail/068022552851 HTTP/1.1" 200 43948 "http://news.mantaraham.ir/search.php?detail/068023057399" "Mozilla/5.0 AppleWebKit/537.36 (KHTML, like Gecko; compatible; GPTBot/1.3; +https://openai.com/gptbot)"
74.7.227.12 - - [23/Mar/2026:16:32:14 +0330] "GET /search.php?detail/068004493908 HTTP/1.1" 200 43993 "http://news.mantaraham.ir/search.php?detail/068029413894" "Mozilla/5.0 AppleWebKit/537.36 (KHTML, like Gecko; compatible; GPTBot/1.3; +https://openai.com/gptbot)"
74.7.227.12 - - [23/Mar/2026:16:32:16 +0330] "GET /search.php?detail/068034023700 HTTP/1.1" 200 44420 "http://news.mantaraham.ir/search.php?detail/06804268176530" "Mozilla/5.0 AppleWebKit/537.36 (KHTML, like Gecko; compatible; GPTBot/1.3; +https://openai.com/gptbot)"
74.7.227.12 - - [23/Mar/2026:16:32:18 +0330] "GET /search.php?detail/068004387050 HTTP/1.1" 200 44059 "http://news.mantaraham.ir/search.php?detail/068029413894" "Mozilla/5.0 AppleWebKit/537.36 (KHTML, like Gecko; compatible; GPTBot/1.3; +https://openai.com/gptbot)"
74.7.227.12 - - [23/Mar/2026:16:32:19 +0330] "GET /search.php?detail/068025230509 HTTP/1.1" 200 43931 "http://news.mantaraham.ir/search.php?detail/06802035429398" "Mozilla/5.0 AppleWebKit/537.36 (KHTML, like Gecko; compatible; GPTBot/1.3; +https://openai.com/gptbot)"
74.7.227.12 - - [23/Mar/2026:16:32:21 +0330] "GET /search.php?detail/068007939508 HTTP/1.1" 200 43815 "http://news.mantaraham.ir/search.php?detail/068013307666" "Mozilla/5.0 AppleWebKit/537.36 (KHTML, like Gecko; compatible; GPTBot/1.3; +https://openai.com/gptbot)"
74.7.227.12 - - [23/Mar/2026:16:32:22 +0330] "GET /search.php?detail/068003729220 HTTP/1.1" 200 45052 "http://news.mantaraham.ir/search.php?detail/06801874250654" "Mozilla/5.0 AppleWebKit/537.36 (KHTML, like Gecko; compatible; GPTBot/1.3; +https://openai.com/gptbot)"
74.7.227.12 - - [23/Mar/2026:16:32:24 +0330] "GET /search.php?detail/068043073647 HTTP/1.1" 200 43868 "http://news.mantaraham.ir/search.php?detail/068026951793" "Mozilla/5.0 AppleWebKit/537.36 (KHTML, like Gecko; compatible; GPTBot/1.3; +https://openai.com/gptbot)"
74.7.227.12 - - [23/Mar/2026:16:32:27 +0330] "GET /search.php?detail/068040116436 HTTP/1.1" 200 44130 "http://news.mantaraham.ir/search.php?detail/068005286661" "Mozilla/5.0 AppleWebKit/537.36 (KHTML, like Gecko; compatible; GPTBot/1.3; +https://openai.com/gptbot)"
74.7.227.12 - - [23/Mar/2026:16:32:28 +0330] "GET /search.php?detail/068010876613 HTTP/1.1" 200 44530 "http://news.mantaraham.ir/search.php?detail/06801765694711" "Mozilla/5.0 AppleWebKit/537.36 (KHTML, like Gecko; compatible; GPTBot/1.3; +https://openai.com/gptbot)"
74.7.227.12 - - [23/Mar/2026:16:32:30 +0330] "GET /search.php?detail/068004373079 HTTP/1.1" 200 43966 "http://news.mantaraham.ir/search.php?detail/0680064224946" "Mozilla/5.0 AppleWebKit/537.36 (KHTML, like Gecko; compatible; GPTBot/1.3; +https://openai.com/gptbot)"
74.7.227.12 - - [23/Mar/2026:16:32:31 +0330] "GET /search.php?detail/065040247805 HTTP/1.1" 200 44803 "http://news.mantaraham.ir/search.php?detail/06501978376980" "Mozilla/5.0 AppleWebKit/537.36 (KHTML, like Gecko; compatible; GPTBot/1.3; +https://openai.com/gptbot)"
74.7.227.12 - - [23/Mar/2026:16:32:33 +0330] "GET /search.php?detail/084043748311 HTTP/1.1" 200 44467 "http://news.mantaraham.ir/search.php?detail/08400065379165" "Mozilla/5.0 AppleWebKit/537.36 (KHTML, like Gecko; compatible; GPTBot/1.3; +https://openai.com/gptbot)"
74.7.227.12 - - [23/Mar/2026:16:32:34 +0330] "GET /search.php?detail/068005474485 HTTP/1.1" 200 45125 "http://news.mantaraham.ir/search.php?detail/06802305941866" "Mozilla/5.0 AppleWebKit/537.36 (KHTML, like Gecko; compatible; GPTBot/1.3; +https://openai.com/gptbot)"
74.7.227.12 - - [23/Mar/2026:16:32:36 +0330] "GET /search.php?detail/06804778175289 HTTP/1.1" 200 44819 "http://news.mantaraham.ir/search.php?detail/068004387050" "Mozilla/5.0 AppleWebKit/537.36 (KHTML, like Gecko; compatible; GPTBot/1.3; +https://openai.com/gptbot)"
74.7.227.12 - - [23/Mar/2026:16:32:37 +0330] "GET /search.php?detail/0680470631151 HTTP/1.1" 200 43695 "http://news.mantaraham.ir/search.php?detail/068004387050" "Mozilla/5.0 AppleWebKit/537.36 (KHTML, like Gecko; compatible; GPTBot/1.3; +https://openai.com/gptbot)"
74.7.227.12 - - [23/Mar/2026:16:32:39 +0330] "GET /search.php?detail/068024489454 HTTP/1.1" 200 44197 "http://news.mantaraham.ir/search.php?detail/068047111377" "Mozilla/5.0 AppleWebKit/537.36 (KHTML, like Gecko; compatible; GPTBot/1.3; +https://openai.com/gptbot)"
74.7.227.12 - - [23/Mar/2026:16:32:40 +0330] "GET /search.php?detail/068009443560 HTTP/1.1" 200 44320 "http://news.mantaraham.ir/search.php?detail/0680283910704" "Mozilla/5.0 AppleWebKit/537.36 (KHTML, like Gecko; compatible; GPTBot/1.3; +https://openai.com/gptbot)"
74.7.227.12 - - [23/Mar/2026:16:32:42 +0330] "GET /search.php?detail/068009388446 HTTP/1.1" 200 44317 "http://news.mantaraham.ir/search.php?detail/068046032261" "Mozilla/5.0 AppleWebKit/537.36 (KHTML, like Gecko; compatible; GPTBot/1.3; +https://openai.com/gptbot)"
74.7.227.12 - - [23/Mar/2026:16:32:43 +0330] "GET /search.php?detail/068023328120 HTTP/1.1" 200 43779 "http://news.mantaraham.ir/search.php?detail/0680160041988" "Mozilla/5.0 AppleWebKit/537.36 (KHTML, like Gecko; compatible; GPTBot/1.3; +https://openai.com/gptbot)"
74.7.227.12 - - [23/Mar/2026:16:32:45 +0330] "GET /search.php?detail/068003736483 HTTP/1.1" 200 44042 "http://news.mantaraham.ir/search.php?detail/06802332967074" "Mozilla/5.0 AppleWebKit/537.36 (KHTML, like Gecko; compatible; GPTBot/1.3; +https://openai.com/gptbot)"
74.7.227.12 - - [23/Mar/2026:16:32:47 +0330] "GET /search.php?detail/06804938768524 HTTP/1.1" 200 43970 "http://news.mantaraham.ir/search.php?detail/068004373079" "Mozilla/5.0 AppleWebKit/537.36 (KHTML, like Gecko; compatible; GPTBot/1.3; +https://openai.com/gptbot)"
74.7.227.12 - - [23/Mar/2026:16:32:48 +0330] "GET /search.php?detail/068036460276 HTTP/1.1" 200 45025 "http://news.mantaraham.ir/search.php?detail/0680423617238" "Mozilla/5.0 AppleWebKit/537.36 (KHTML, like Gecko; compatible; GPTBot/1.3; +https://openai.com/gptbot)"
74.7.227.12 - - [23/Mar/2026:16:32:50 +0330] "GET /search.php?detail/068004374634 HTTP/1.1" 200 43757 "http://news.mantaraham.ir/search.php?detail/0680064224946" "Mozilla/5.0 AppleWebKit/537.36 (KHTML, like Gecko; compatible; GPTBot/1.3; +https://openai.com/gptbot)"
74.7.227.12 - - [23/Mar/2026:16:32:51 +0330] "GET /search.php?jp/068049822.html HTTP/1.1" 200 44390 "http://news.mantaraham.ir/search.php?detail/068005474485" "Mozilla/5.0 AppleWebKit/537.36 (KHTML, like Gecko; compatible; GPTBot/1.3; +https://openai.com/gptbot)"
74.7.227.12 - - [23/Mar/2026:16:32:53 +0330] "GET /search.php?detail/0680498219873 HTTP/1.1" 200 44022 "http://news.mantaraham.ir/search.php?detail/068005474485" "Mozilla/5.0 AppleWebKit/537.36 (KHTML, like Gecko; compatible; GPTBot/1.3; +https://openai.com/gptbot)"
74.7.227.12 - - [23/Mar/2026:16:32:54 +0330] "GET /search.php?detail/06804970485988 HTTP/1.1" 200 43664 "http://news.mantaraham.ir/search.php?detail/068005474485" "Mozilla/5.0 AppleWebKit/537.36 (KHTML, like Gecko; compatible; GPTBot/1.3; +https://openai.com/gptbot)"
74.7.227.12 - - [23/Mar/2026:16:32:56 +0330] "GET /search.php?detail/068042678394 HTTP/1.1" 200 44118 "http://news.mantaraham.ir/search.php?detail/068024489454" "Mozilla/5.0 AppleWebKit/537.36 (KHTML, like Gecko; compatible; GPTBot/1.3; +https://openai.com/gptbot)"
74.7.227.12 - - [23/Mar/2026:16:32:57 +0330] "GET /search.php?detail/065011094075 HTTP/1.1" 200 44319 "http://news.mantaraham.ir/search.php?detail/065040222822" "Mozilla/5.0 AppleWebKit/537.36 (KHTML, like Gecko; compatible; GPTBot/1.3; +https://openai.com/gptbot)"
74.7.227.12 - - [23/Mar/2026:16:32:58 +0330] "GET /search.php?detail/068020510813 HTTP/1.1" 200 44426 "http://news.mantaraham.ir/search.php?detail/0680079376790" "Mozilla/5.0 AppleWebKit/537.36 (KHTML, like Gecko; compatible; GPTBot/1.3; +https://openai.com/gptbot)"
142.93.208.146 - - [23/Mar/2026:16:32:58 +0330] "GET /wp-includes/IXR/about.php HTTP/1.1" 200 18854 "-" "Mozilla/5.0 (Windows NT 10.0; Win64; x64) AppleWebKit/537.36 (KHTML, like Gecko) Chrome/90.0.4430.85 Safari/537.36"
74.7.227.12 - - [23/Mar/2026:16:33:00 +0330] "GET /search.php?detail/065007838016 HTTP/1.1" 200 44174 "http://news.mantaraham.ir/search.php?detail/0650347752962" "Mozilla/5.0 AppleWebKit/537.36 (KHTML, like Gecko; compatible; GPTBot/1.3; +https://openai.com/gptbot)"
74.7.227.12 - - [23/Mar/2026:16:33:02 +0330] "GET /search.php?detail/068010335302 HTTP/1.1" 200 44682 "http://news.mantaraham.ir/search.php?detail/068029607960" "Mozilla/5.0 AppleWebKit/537.36 (KHTML, like Gecko; compatible; GPTBot/1.3; +https://openai.com/gptbot)"
74.7.227.12 - - [23/Mar/2026:16:33:03 +0330] "GET /search.php?detail/068004385570 HTTP/1.1" 200 44677 "http://news.mantaraham.ir/search.php?detail/0680203362008" "Mozilla/5.0 AppleWebKit/537.36 (KHTML, like Gecko; compatible; GPTBot/1.3; +https://openai.com/gptbot)"
74.7.227.12 - - [23/Mar/2026:16:33:05 +0330] "GET /search.php?detail/068008403322 HTTP/1.1" 200 44020 "http://news.mantaraham.ir/search.php?detail/06800373726297" "Mozilla/5.0 AppleWebKit/537.36 (KHTML, like Gecko; compatible; GPTBot/1.3; +https://openai.com/gptbot)"
74.7.227.12 - - [23/Mar/2026:16:33:07 +0330] "GET /search.php?detail/065040230051 HTTP/1.1" 200 44165 "http://news.mantaraham.ir/search.php?detail/065043797164" "Mozilla/5.0 AppleWebKit/537.36 (KHTML, like Gecko; compatible; GPTBot/1.3; +https://openai.com/gptbot)"
74.7.227.12 - - [23/Mar/2026:16:33:08 +0330] "GET /search.php?detail/068043070286 HTTP/1.1" 200 44360 "http://news.mantaraham.ir/search.php?detail/0680423714094" "Mozilla/5.0 AppleWebKit/537.36 (KHTML, like Gecko; compatible; GPTBot/1.3; +https://openai.com/gptbot)"
74.7.227.12 - - [23/Mar/2026:16:33:10 +0330] "GET /search.php?detail/084048755795 HTTP/1.1" 200 43933 "http://news.mantaraham.ir/search.php?detail/084012369789" "Mozilla/5.0 AppleWebKit/537.36 (KHTML, like Gecko; compatible; GPTBot/1.3; +https://openai.com/gptbot)"
142.93.208.146 - - [23/Mar/2026:16:33:09 +0330] "POST /wp-includes/IXR/about.php HTTP/1.1" 200 18854 "http://news.mantaraham.ir/wp-includes/IXR/about.php" "Mozilla/5.0 (Windows NT 10.0; Win64; x64) AppleWebKit/537.36 (KHTML, like Gecko) Chrome/90.0.4430.85 Safari/537.36"
74.7.227.12 - - [23/Mar/2026:16:33:12 +0330] "GET /search.php?detail/068030893266 HTTP/1.1" 200 45441 "http://news.mantaraham.ir/search.php?detail/06801222717801" "Mozilla/5.0 AppleWebKit/537.36 (KHTML, like Gecko; compatible; GPTBot/1.3; +https://openai.com/gptbot)"
74.7.227.12 - - [23/Mar/2026:16:33:13 +0330] "GET /search.php?detail/068005332204 HTTP/1.1" 200 44240 "http://news.mantaraham.ir/search.php?detail/068029413894" "Mozilla/5.0 AppleWebKit/537.36 (KHTML, like Gecko; compatible; GPTBot/1.3; +https://openai.com/gptbot)"
74.7.227.12 - - [23/Mar/2026:16:33:14 +0330] "GET /search.php?detail/068046025034 HTTP/1.1" 200 44410 "http://news.mantaraham.ir/search.php?detail/068043072910" "Mozilla/5.0 AppleWebKit/537.36 (KHTML, like Gecko; compatible; GPTBot/1.3; +https://openai.com/gptbot)"
74.7.227.12 - - [23/Mar/2026:16:33:16 +0330] "GET /search.php?detail/068030955910 HTTP/1.1" 200 44200 "http://news.mantaraham.ir/search.php?detail/068002286777" "Mozilla/5.0 AppleWebKit/537.36 (KHTML, like Gecko; compatible; GPTBot/1.3; +https://openai.com/gptbot)"
74.7.227.12 - - [23/Mar/2026:16:33:17 +0330] "GET /search.php?detail/068004318340 HTTP/1.1" 200 43791 "http://news.mantaraham.ir/search.php?detail/068025096229" "Mozilla/5.0 AppleWebKit/537.36 (KHTML, like Gecko; compatible; GPTBot/1.3; +https://openai.com/gptbot)"
74.7.227.12 - - [23/Mar/2026:16:33:19 +0330] "GET /search.php?detail/068025482464 HTTP/1.1" 200 44001 "http://news.mantaraham.ir/search.php?detail/06803849657443" "Mozilla/5.0 AppleWebKit/537.36 (KHTML, like Gecko; compatible; GPTBot/1.3; +https://openai.com/gptbot)"
142.93.208.146 - - [23/Mar/2026:16:33:20 +0330] "GET /wp-includes/IXR/xsggcmfmgg.php HTTP/1.1" 200 0 "binance.com" "Mozilla/5.0 (Windows NT 10.0; Win64; x64) AppleWebKit/537.36 (KHTML, like Gecko) Chrome/90.0.4430.85 Safari/537.36"
74.7.227.12 - - [23/Mar/2026:16:33:21 +0330] "GET /search.php?detail/068038226920 HTTP/1.1" 200 44519 "http://news.mantaraham.ir/search.php?detail/0680187480593" "Mozilla/5.0 AppleWebKit/537.36 (KHTML, like Gecko; compatible; GPTBot/1.3; +https://openai.com/gptbot)"
74.7.227.12 - - [23/Mar/2026:16:33:22 +0330] "GET /search.php?detail/068008295110 HTTP/1.1" 200 43871 "http://news.mantaraham.ir/search.php?detail/06803113765470" "Mozilla/5.0 AppleWebKit/537.36 (KHTML, like Gecko; compatible; GPTBot/1.3; +https://openai.com/gptbot)"
74.7.227.12 - - [23/Mar/2026:16:33:24 +0330] "GET /search.php?detail/068017704109 HTTP/1.1" 200 43895 "http://news.mantaraham.ir/search.php?detail/068017461735" "Mozilla/5.0 AppleWebKit/537.36 (KHTML, like Gecko; compatible; GPTBot/1.3; +https://openai.com/gptbot)"
74.7.227.12 - - [23/Mar/2026:16:33:25 +0330] "GET /search.php?detail/068010328290 HTTP/1.1" 200 44177 "http://news.mantaraham.ir/search.php?detail/068029607960" "Mozilla/5.0 AppleWebKit/537.36 (KHTML, like Gecko; compatible; GPTBot/1.3; +https://openai.com/gptbot)"
74.7.227.12 - - [23/Mar/2026:16:33:27 +0330] "GET /search.php?detail/01501874920989 HTTP/1.1" 200 44904 "http://news.mantaraham.ir/search.php?detail/0150120026373" "Mozilla/5.0 AppleWebKit/537.36 (KHTML, like Gecko; compatible; GPTBot/1.3; +https://openai.com/gptbot)"
74.7.227.12 - - [23/Mar/2026:16:33:29 +0330] "GET /search.php?detail/06802961127023 HTTP/1.1" 200 43709 "http://news.mantaraham.ir/search.php?detail/068023234903" "Mozilla/5.0 AppleWebKit/537.36 (KHTML, like Gecko; compatible; GPTBot/1.3; +https://openai.com/gptbot)"
74.7.227.12 - - [23/Mar/2026:16:33:31 +0330] "GET /search.php?detail/06801612468159 HTTP/1.1" 200 44623 "http://news.mantaraham.ir/search.php?detail/0680135391259" "Mozilla/5.0 AppleWebKit/537.36 (KHTML, like Gecko; compatible; GPTBot/1.3; +https://openai.com/gptbot)"
74.7.227.12 - - [23/Mar/2026:16:33:32 +0330] "GET /search.php?detail/06504023655128 HTTP/1.1" 200 43942 "http://news.mantaraham.ir/search.php?detail/06504379357729" "Mozilla/5.0 AppleWebKit/537.36 (KHTML, like Gecko; compatible; GPTBot/1.3; +https://openai.com/gptbot)"
74.7.227.12 - - [23/Mar/2026:16:33:34 +0330] "GET /search.php?detail/06802331720246 HTTP/1.1" 200 43763 "http://news.mantaraham.ir/search.php?detail/068017802537" "Mozilla/5.0 AppleWebKit/537.36 (KHTML, like Gecko; compatible; GPTBot/1.3; +https://openai.com/gptbot)"
74.7.227.12 - - [23/Mar/2026:16:33:35 +0330] "GET /search.php?detail/06804970678831 HTTP/1.1" 200 44300 "http://news.mantaraham.ir/search.php?detail/068002676087" "Mozilla/5.0 AppleWebKit/537.36 (KHTML, like Gecko; compatible; GPTBot/1.3; +https://openai.com/gptbot)"
74.7.227.12 - - [23/Mar/2026:16:33:36 +0330] "GET /search.php?detail/06804336377928 HTTP/1.1" 200 44094 "http://news.mantaraham.ir/search.php?detail/068025482464" "Mozilla/5.0 AppleWebKit/537.36 (KHTML, like Gecko; compatible; GPTBot/1.3; +https://openai.com/gptbot)"
74.7.227.12 - - [23/Mar/2026:16:33:38 +0330] "GET /search.php?detail/06802523102486 HTTP/1.1" 200 43765 "http://news.mantaraham.ir/search.php?detail/0680043848407" "Mozilla/5.0 AppleWebKit/537.36 (KHTML, like Gecko; compatible; GPTBot/1.3; +https://openai.com/gptbot)"
74.7.227.12 - - [23/Mar/2026:16:33:39 +0330] "GET /search.php?detail/06803403945136 HTTP/1.1" 200 44799 "http://news.mantaraham.ir/search.php?jp/068024652.html" "Mozilla/5.0 AppleWebKit/537.36 (KHTML, like Gecko; compatible; GPTBot/1.3; +https://openai.com/gptbot)"
74.7.227.12 - - [23/Mar/2026:16:33:41 +0330] "GET /search.php?detail/0680159402596 HTTP/1.1" 200 44851 "http://news.mantaraham.ir/search.php?detail/068017704109" "Mozilla/5.0 AppleWebKit/537.36 (KHTML, like Gecko; compatible; GPTBot/1.3; +https://openai.com/gptbot)"
74.7.227.12 - - [23/Mar/2026:16:33:43 +0330] "GET /search.php?detail/068015942504 HTTP/1.1" 200 44328 "http://news.mantaraham.ir/search.php?detail/068017704109" "Mozilla/5.0 AppleWebKit/537.36 (KHTML, like Gecko; compatible; GPTBot/1.3; +https://openai.com/gptbot)"
74.7.227.12 - - [23/Mar/2026:16:33:44 +0330] "GET /search.php?detail/06803384052968 HTTP/1.1" 200 44121 "http://news.mantaraham.ir/search.php?detail/068046235347" "Mozilla/5.0 AppleWebKit/537.36 (KHTML, like Gecko; compatible; GPTBot/1.3; +https://openai.com/gptbot)"
74.7.227.12 - - [23/Mar/2026:16:33:45 +0330] "GET /search.php?detail/02503656571430 HTTP/1.1" 200 44145 "http://news.mantaraham.ir/search.php?detail/025000408081" "Mozilla/5.0 AppleWebKit/537.36 (KHTML, like Gecko; compatible; GPTBot/1.3; +https://openai.com/gptbot)"
142.93.208.146 - - [23/Mar/2026:16:33:47 +0330] "GET /wp-includes/IXR/alfa-rex.php HTTP/1.1" 403 787 "binance.com" "Mozilla/5.0 (Windows NT 10.0; Win64; x64) AppleWebKit/537.36 (KHTML, like Gecko) Chrome/90.0.4430.85 Safari/537.36"
74.7.227.12 - - [23/Mar/2026:16:33:47 +0330] "GET /search.php?detail/06801331751379 HTTP/1.1" 200 44874 "http://news.mantaraham.ir/search.php?detail/068009096894" "Mozilla/5.0 AppleWebKit/537.36 (KHTML, like Gecko; compatible; GPTBot/1.3; +https://openai.com/gptbot)"
74.7.227.12 - - [23/Mar/2026:16:33:48 +0330] "GET /search.php?detail/06801874980736 HTTP/1.1" 200 43528 "http://news.mantaraham.ir/search.php?detail/068027000964" "Mozilla/5.0 AppleWebKit/537.36 (KHTML, like Gecko; compatible; GPTBot/1.3; +https://openai.com/gptbot)"
74.7.227.12 - - [23/Mar/2026:16:33:50 +0330] "GET /search.php?detail/06804939322395 HTTP/1.1" 200 44169 "http://news.mantaraham.ir/search.php?detail/06802034646759" "Mozilla/5.0 AppleWebKit/537.36 (KHTML, like Gecko; compatible; GPTBot/1.3; +https://openai.com/gptbot)"
74.7.227.12 - - [23/Mar/2026:16:33:52 +0330] "GET /search.php?detail/06804235836183 HTTP/1.1" 200 44696 "http://news.mantaraham.ir/search.php?detail/068000972350" "Mozilla/5.0 AppleWebKit/537.36 (KHTML, like Gecko; compatible; GPTBot/1.3; +https://openai.com/gptbot)"
74.7.227.12 - - [23/Mar/2026:16:33:53 +0330] "GET /search.php?detail/068016116937 HTTP/1.1" 200 44995 "http://news.mantaraham.ir/search.php?detail/06804336377928" "Mozilla/5.0 AppleWebKit/537.36 (KHTML, like Gecko; compatible; GPTBot/1.3; +https://openai.com/gptbot)"
142.93.208.146 - - [23/Mar/2026:16:33:54 +0330] "GET /wp-includes/IXR/header.php HTTP/1.1" 403 787 "binance.com" "Mozilla/5.0 (Windows NT 10.0; Win64; x64) AppleWebKit/537.36 (KHTML, like Gecko) Chrome/90.0.4430.85 Safari/537.36"
74.7.227.12 - - [23/Mar/2026:16:33:55 +0330] "GET /search.php?detail/06804162878779 HTTP/1.1" 200 44133 "http://news.mantaraham.ir/search.php?detail/06803957857322" "Mozilla/5.0 AppleWebKit/537.36 (KHTML, like Gecko; compatible; GPTBot/1.3; +https://openai.com/gptbot)"
74.7.227.12 - - [23/Mar/2026:16:33:56 +0330] "GET /search.php?detail/06803211931807 HTTP/1.1" 200 44838 "http://news.mantaraham.ir/search.php?detail/0680115492685" "Mozilla/5.0 AppleWebKit/537.36 (KHTML, like Gecko; compatible; GPTBot/1.3; +https://openai.com/gptbot)"
74.7.227.12 - - [23/Mar/2026:16:33:58 +0330] "GET /search.php?detail/06803406922124 HTTP/1.1" 200 43977 "http://news.mantaraham.ir/search.php?detail/06804374221167" "Mozilla/5.0 AppleWebKit/537.36 (KHTML, like Gecko; compatible; GPTBot/1.3; +https://openai.com/gptbot)"
74.7.227.12 - - [23/Mar/2026:16:34:00 +0330] "GET /search.php?detail/06802694309687 HTTP/1.1" 200 43987 "http://news.mantaraham.ir/search.php?detail/0680153186234" "Mozilla/5.0 AppleWebKit/537.36 (KHTML, like Gecko; compatible; GPTBot/1.3; +https://openai.com/gptbot)"
74.7.227.12 - - [23/Mar/2026:16:34:01 +0330] "GET /search.php?detail/01501357529318 HTTP/1.1" 200 44314 "http://news.mantaraham.ir/search.php?detail/0150120026373" "Mozilla/5.0 AppleWebKit/537.36 (KHTML, like Gecko; compatible; GPTBot/1.3; +https://openai.com/gptbot)"
142.93.208.146 - - [23/Mar/2026:16:34:03 +0330] "GET /wp-includes/IXR/register4.php HTTP/1.1" 403 787 "binance.com" "Mozilla/5.0 (Windows NT 10.0; Win64; x64) AppleWebKit/537.36 (KHTML, like Gecko) Chrome/90.0.4430.85 Safari/537.36"
74.7.227.12 - - [23/Mar/2026:16:34:02 +0330] "GET /search.php?detail/06802547552803 HTTP/1.1" 200 43886 "http://news.mantaraham.ir/search.php?detail/068013306511" "Mozilla/5.0 AppleWebKit/537.36 (KHTML, like Gecko; compatible; GPTBot/1.3; +https://openai.com/gptbot)"
74.7.227.12 - - [23/Mar/2026:16:34:04 +0330] "GET /search.php?detail/06801666222127 HTTP/1.1" 200 44098 "http://news.mantaraham.ir/search.php?detail/06801331751379" "Mozilla/5.0 AppleWebKit/537.36 (KHTML, like Gecko; compatible; GPTBot/1.3; +https://openai.com/gptbot)"
74.7.227.12 - - [23/Mar/2026:16:34:05 +0330] "GET /search.php?detail/0680166856503 HTTP/1.1" 200 44032 "http://news.mantaraham.ir/search.php?detail/06801331751379" "Mozilla/5.0 AppleWebKit/537.36 (KHTML, like Gecko; compatible; GPTBot/1.3; +https://openai.com/gptbot)"
74.7.227.12 - - [23/Mar/2026:16:34:07 +0330] "GET /search.php?detail/068016690674 HTTP/1.1" 200 44007 "http://news.mantaraham.ir/search.php?detail/06801331751379" "Mozilla/5.0 AppleWebKit/537.36 (KHTML, like Gecko; compatible; GPTBot/1.3; +https://openai.com/gptbot)"
74.7.227.12 - - [23/Mar/2026:16:34:10 +0330] "GET /search.php?detail/06803139390751 HTTP/1.1" 200 44639 "http://news.mantaraham.ir/search.php?detail/06801769811953" "Mozilla/5.0 AppleWebKit/537.36 (KHTML, like Gecko; compatible; GPTBot/1.3; +https://openai.com/gptbot)"
74.7.227.12 - - [23/Mar/2026:16:34:12 +0330] "GET /search.php?detail/06501396250825 HTTP/1.1" 200 44156 "http://news.mantaraham.ir/search.php?detail/065034791397" "Mozilla/5.0 AppleWebKit/537.36 (KHTML, like Gecko; compatible; GPTBot/1.3; +https://openai.com/gptbot)"
74.7.227.12 - - [23/Mar/2026:16:34:13 +0330] "GET /search.php?detail/06801273127894 HTTP/1.1" 200 43832 "http://news.mantaraham.ir/search.php?detail/06804267235503" "Mozilla/5.0 AppleWebKit/537.36 (KHTML, like Gecko; compatible; GPTBot/1.3; +https://openai.com/gptbot)"
74.7.227.12 - - [23/Mar/2026:16:34:14 +0330] "GET /search.php?detail/0680340366333 HTTP/1.1" 200 44847 "http://news.mantaraham.ir/search.php?jp/068024652.html" "Mozilla/5.0 AppleWebKit/537.36 (KHTML, like Gecko; compatible; GPTBot/1.3; +https://openai.com/gptbot)"
74.7.227.12 - - [23/Mar/2026:16:34:16 +0330] "GET /search.php?detail/06804086737787 HTTP/1.1" 200 43928 "http://news.mantaraham.ir/search.php?detail/068025478632" "Mozilla/5.0 AppleWebKit/537.36 (KHTML, like Gecko; compatible; GPTBot/1.3; +https://openai.com/gptbot)"
74.7.227.12 - - [23/Mar/2026:16:34:18 +0330] "GET /search.php?detail/06800266928722 HTTP/1.1" 200 44697 "http://news.mantaraham.ir/search.php?detail/0680215441895" "Mozilla/5.0 AppleWebKit/537.36 (KHTML, like Gecko; compatible; GPTBot/1.3; +https://openai.com/gptbot)"
74.7.227.12 - - [23/Mar/2026:16:34:19 +0330] "GET /search.php?detail/06800584885954 HTTP/1.1" 200 43977 "http://news.mantaraham.ir/search.php?detail/068036466420" "Mozilla/5.0 AppleWebKit/537.36 (KHTML, like Gecko; compatible; GPTBot/1.3; +https://openai.com/gptbot)"
74.7.227.12 - - [23/Mar/2026:16:34:21 +0330] "GET /search.php?detail/06804548330860 HTTP/1.1" 200 44044 "http://news.mantaraham.ir/search.php?detail/0680277944119" "Mozilla/5.0 AppleWebKit/537.36 (KHTML, like Gecko; compatible; GPTBot/1.3; +https://openai.com/gptbot)"
74.7.227.12 - - [23/Mar/2026:16:34:22 +0330] "GET /search.php?detail/02500899660565 HTTP/1.1" 200 42814 "http://news.mantaraham.ir/search.php?detail/025008998505" "Mozilla/5.0 AppleWebKit/537.36 (KHTML, like Gecko; compatible; GPTBot/1.3; +https://openai.com/gptbot)"
74.7.227.12 - - [23/Mar/2026:16:34:24 +0330] "GET /search.php?detail/06804623840033 HTTP/1.1" 200 44483 "http://news.mantaraham.ir/search.php?detail/068026952178" "Mozilla/5.0 AppleWebKit/537.36 (KHTML, like Gecko; compatible; GPTBot/1.3; +https://openai.com/gptbot)"
74.7.227.12 - - [23/Mar/2026:16:34:25 +0330] "GET /search.php?detail/068040269671 HTTP/1.1" 200 44876 "http://news.mantaraham.ir/search.php?detail/068003731201" "Mozilla/5.0 AppleWebKit/537.36 (KHTML, like Gecko; compatible; GPTBot/1.3; +https://openai.com/gptbot)"
142.93.208.146 - - [23/Mar/2026:16:34:19 +0330] "GET /wp-includes/IXR/wp-login.php HTTP/1.1" 200 4604 "binance.com" "Mozilla/5.0 (Windows NT 10.0; Win64; x64) AppleWebKit/537.36 (KHTML, like Gecko) Chrome/90.0.4430.85 Safari/537.36"
74.7.227.12 - - [23/Mar/2026:16:34:27 +0330] "GET /search.php?detail/068034072588 HTTP/1.1" 200 43700 "http://news.mantaraham.ir/search.php?detail/06801600065929" "Mozilla/5.0 AppleWebKit/537.36 (KHTML, like Gecko; compatible; GPTBot/1.3; +https://openai.com/gptbot)"
74.7.227.12 - - [23/Mar/2026:16:34:28 +0330] "GET /search.php?detail/065037205549 HTTP/1.1" 200 45069 "http://news.mantaraham.ir/search.php?detail/065040221505" "Mozilla/5.0 AppleWebKit/537.36 (KHTML, like Gecko; compatible; GPTBot/1.3; +https://openai.com/gptbot)"
142.93.208.146 - - [23/Mar/2026:16:34:28 +0330] "POST /wp-includes/IXR/wp-login.php HTTP/1.1" 200 4603 "binance.com" "Mozilla/5.0 (Windows NT 10.0; Win64; x64) AppleWebKit/537.36 (KHTML, like Gecko) Chrome/90.0.4430.85 Safari/537.36"
74.7.227.12 - - [23/Mar/2026:16:34:30 +0330] "GET /search.php?detail/068010334532 HTTP/1.1" 200 44893 "http://news.mantaraham.ir/search.php?detail/068029607960" "Mozilla/5.0 AppleWebKit/537.36 (KHTML, like Gecko; compatible; GPTBot/1.3; +https://openai.com/gptbot)"
74.7.227.12 - - [23/Mar/2026:16:34:32 +0330] "GET /search.php?detail/068009534515 HTTP/1.1" 200 45328 "http://news.mantaraham.ir/search.php?jp/068009530.html" "Mozilla/5.0 AppleWebKit/537.36 (KHTML, like Gecko; compatible; GPTBot/1.3; +https://openai.com/gptbot)"
74.7.227.12 - - [23/Mar/2026:16:34:33 +0330] "GET /search.php?detail/068046023576 HTTP/1.1" 200 44257 "http://news.mantaraham.ir/search.php?detail/068004390907" "Mozilla/5.0 AppleWebKit/537.36 (KHTML, like Gecko; compatible; GPTBot/1.3; +https://openai.com/gptbot)"
74.7.227.12 - - [23/Mar/2026:16:34:35 +0330] "GET /search.php?detail/068003988417 HTTP/1.1" 200 44003 "http://news.mantaraham.ir/search.php?detail/0680177000875" "Mozilla/5.0 AppleWebKit/537.36 (KHTML, like Gecko; compatible; GPTBot/1.3; +https://openai.com/gptbot)"
74.7.227.12 - - [23/Mar/2026:16:34:36 +0330] "GET /search.php?detail/0680111103621 HTTP/1.1" 200 44410 "http://news.mantaraham.ir/search.php?detail/06801765694711" "Mozilla/5.0 AppleWebKit/537.36 (KHTML, like Gecko; compatible; GPTBot/1.3; +https://openai.com/gptbot)"
74.7.227.12 - - [23/Mar/2026:16:34:38 +0330] "GET /search.php?detail/0150000461353 HTTP/1.1" 200 44003 "http://news.mantaraham.ir/search.php?detail/0150119991222" "Mozilla/5.0 AppleWebKit/537.36 (KHTML, like Gecko; compatible; GPTBot/1.3; +https://openai.com/gptbot)"
74.7.227.12 - - [23/Mar/2026:16:34:39 +0330] "GET /search.php?detail/0150000427705 HTTP/1.1" 200 44496 "http://news.mantaraham.ir/search.php?detail/01501874691306" "Mozilla/5.0 AppleWebKit/537.36 (KHTML, like Gecko; compatible; GPTBot/1.3; +https://openai.com/gptbot)"
74.7.227.12 - - [23/Mar/2026:16:34:41 +0330] "GET /search.php?detail/068013315213 HTTP/1.1" 200 44853 "http://news.mantaraham.ir/search.php?detail/06804623840033" "Mozilla/5.0 AppleWebKit/537.36 (KHTML, like Gecko; compatible; GPTBot/1.3; +https://openai.com/gptbot)"
74.7.227.12 - - [23/Mar/2026:16:34:42 +0330] "GET /search.php?detail/0150000515226 HTTP/1.1" 200 43884 "http://news.mantaraham.ir/search.php?detail/015018750615" "Mozilla/5.0 AppleWebKit/537.36 (KHTML, like Gecko; compatible; GPTBot/1.3; +https://openai.com/gptbot)"
74.7.227.12 - - [23/Mar/2026:16:34:44 +0330] "GET /search.php?detail/068011117663 HTTP/1.1" 200 44329 "http://news.mantaraham.ir/search.php?detail/0680254848840" "Mozilla/5.0 AppleWebKit/537.36 (KHTML, like Gecko; compatible; GPTBot/1.3; +https://openai.com/gptbot)"
