74.7.227.12 - - [23/Mar/2026:17:14:04 +0330] "GET /search.php?detail/0650355805145 HTTP/1.1" 200 43810 "http://news.mantaraham.ir/search.php?detail/065041278482" "Mozilla/5.0 AppleWebKit/537.36 (KHTML, like Gecko; compatible; GPTBot/1.3; +https://openai.com/gptbot)"
74.7.227.12 - - [23/Mar/2026:17:14:06 +0330] "GET /search.php?detail/0950080630486 HTTP/1.1" 200 44444 "http://news.mantaraham.ir/search.php?detail/095029920162" "Mozilla/5.0 AppleWebKit/537.36 (KHTML, like Gecko; compatible; GPTBot/1.3; +https://openai.com/gptbot)"
74.7.227.12 - - [23/Mar/2026:17:14:07 +0330] "GET /search.php?detail/0950299069344 HTTP/1.1" 200 43995 "http://news.mantaraham.ir/search.php?detail/09503275850154" "Mozilla/5.0 AppleWebKit/537.36 (KHTML, like Gecko; compatible; GPTBot/1.3; +https://openai.com/gptbot)"
74.7.227.12 - - [23/Mar/2026:17:14:09 +0330] "GET /search.php?detail/0650366494093 HTTP/1.1" 200 43583 "http://news.mantaraham.ir/search.php?detail/06504786596412" "Mozilla/5.0 AppleWebKit/537.36 (KHTML, like Gecko; compatible; GPTBot/1.3; +https://openai.com/gptbot)"
74.7.227.12 - - [23/Mar/2026:17:14:10 +0330] "GET /search.php?detail/0950299010682 HTTP/1.1" 200 44048 "http://news.mantaraham.ir/search.php?detail/095029905651" "Mozilla/5.0 AppleWebKit/537.36 (KHTML, like Gecko; compatible; GPTBot/1.3; +https://openai.com/gptbot)"
74.7.227.12 - - [23/Mar/2026:17:14:12 +0330] "GET /search.php?detail/0650090564216 HTTP/1.1" 200 43751 "http://news.mantaraham.ir/search.php?detail/0650260820065" "Mozilla/5.0 AppleWebKit/537.36 (KHTML, like Gecko; compatible; GPTBot/1.3; +https://openai.com/gptbot)"
74.7.227.12 - - [23/Mar/2026:17:14:13 +0330] "GET /search.php?detail/0650458851892 HTTP/1.1" 200 44042 "http://news.mantaraham.ir/search.php?detail/06504634907859" "Mozilla/5.0 AppleWebKit/537.36 (KHTML, like Gecko; compatible; GPTBot/1.3; +https://openai.com/gptbot)"
74.7.227.12 - - [23/Mar/2026:17:14:15 +0330] "GET /search.php?detail/0650412772237 HTTP/1.1" 200 43809 "http://news.mantaraham.ir/search.php?detail/065031257129" "Mozilla/5.0 AppleWebKit/537.36 (KHTML, like Gecko; compatible; GPTBot/1.3; +https://openai.com/gptbot)"
74.7.227.12 - - [23/Mar/2026:17:14:17 +0330] "GET /search.php?detail/0650312633970 HTTP/1.1" 200 43818 "http://news.mantaraham.ir/search.php?detail/065032487655" "Mozilla/5.0 AppleWebKit/537.36 (KHTML, like Gecko; compatible; GPTBot/1.3; +https://openai.com/gptbot)"
74.7.227.12 - - [23/Mar/2026:17:14:18 +0330] "GET /search.php?detail/0950299034162 HTTP/1.1" 200 44254 "http://news.mantaraham.ir/search.php?detail/095008074505" "Mozilla/5.0 AppleWebKit/537.36 (KHTML, like Gecko; compatible; GPTBot/1.3; +https://openai.com/gptbot)"
74.7.227.12 - - [23/Mar/2026:17:14:20 +0330] "GET /search.php?detail/09502982066076 HTTP/1.1" 200 43664 "http://news.mantaraham.ir/search.php?detail/0950006567096" "Mozilla/5.0 AppleWebKit/537.36 (KHTML, like Gecko; compatible; GPTBot/1.3; +https://openai.com/gptbot)"
74.7.227.12 - - [23/Mar/2026:17:14:21 +0330] "GET /search.php?detail/09503315513752 HTTP/1.1" 200 44009 "http://news.mantaraham.ir/search.php?detail/09500807621386" "Mozilla/5.0 AppleWebKit/537.36 (KHTML, like Gecko; compatible; GPTBot/1.3; +https://openai.com/gptbot)"
74.7.227.12 - - [23/Mar/2026:17:14:22 +0330] "GET /search.php?detail/06503557902532 HTTP/1.1" 200 43961 "http://news.mantaraham.ir/search.php?detail/065041278482" "Mozilla/5.0 AppleWebKit/537.36 (KHTML, like Gecko; compatible; GPTBot/1.3; +https://openai.com/gptbot)"
142.93.208.146 - - [23/Mar/2026:17:14:21 +0330] "GET /wp-includes/images/wlw/about.php HTTP/1.1" 200 4297 "binance.com" "Mozilla/5.0 (Windows NT 10.0; Win64; x64) AppleWebKit/537.36 (KHTML, like Gecko) Chrome/90.0.4430.85 Safari/537.36"
74.7.227.12 - - [23/Mar/2026:17:14:24 +0330] "GET /search.php?detail/06503248899580 HTTP/1.1" 200 44431 "http://news.mantaraham.ir/search.php?detail/0650009973760" "Mozilla/5.0 AppleWebKit/537.36 (KHTML, like Gecko; compatible; GPTBot/1.3; +https://openai.com/gptbot)"
74.7.227.12 - - [23/Mar/2026:17:14:28 +0330] "GET /search.php?detail/09503275930149 HTTP/1.1" 200 43632 "http://news.mantaraham.ir/search.php?detail/0950099927663" "Mozilla/5.0 AppleWebKit/537.36 (KHTML, like Gecko; compatible; GPTBot/1.3; +https://openai.com/gptbot)"
74.7.227.12 - - [23/Mar/2026:17:14:30 +0330] "GET /search.php?detail/09502989374255 HTTP/1.1" 200 43880 "http://news.mantaraham.ir/search.php?detail/095029905651" "Mozilla/5.0 AppleWebKit/537.36 (KHTML, like Gecko; compatible; GPTBot/1.3; +https://openai.com/gptbot)"
74.7.227.12 - - [23/Mar/2026:17:14:31 +0330] "GET /search.php?detail/06500040510211 HTTP/1.1" 200 45025 "http://news.mantaraham.ir/search.php?detail/0650090564216" "Mozilla/5.0 AppleWebKit/537.36 (KHTML, like Gecko; compatible; GPTBot/1.3; +https://openai.com/gptbot)"
74.7.227.12 - - [23/Mar/2026:17:14:33 +0330] "GET /search.php?detail/0650004060399 HTTP/1.1" 200 44004 "http://news.mantaraham.ir/search.php?detail/0650090564216" "Mozilla/5.0 AppleWebKit/537.36 (KHTML, like Gecko; compatible; GPTBot/1.3; +https://openai.com/gptbot)"
74.7.227.12 - - [23/Mar/2026:17:14:34 +0330] "GET /search.php?detail/0650009688600 HTTP/1.1" 200 45124 "http://news.mantaraham.ir/search.php?detail/065008044208" "Mozilla/5.0 AppleWebKit/537.36 (KHTML, like Gecko; compatible; GPTBot/1.3; +https://openai.com/gptbot)"
74.7.227.12 - - [23/Mar/2026:17:14:36 +0330] "GET /search.php?detail/0950080690058 HTTP/1.1" 200 43888 "http://news.mantaraham.ir/search.php?detail/09502981984453" "Mozilla/5.0 AppleWebKit/537.36 (KHTML, like Gecko; compatible; GPTBot/1.3; +https://openai.com/gptbot)"
74.7.227.12 - - [23/Mar/2026:17:14:38 +0330] "GET /search.php?detail/043030997624 HTTP/1.1" 200 43819 "http://news.mantaraham.ir/search.php?detail/0430145931262" "Mozilla/5.0 AppleWebKit/537.36 (KHTML, like Gecko; compatible; GPTBot/1.3; +https://openai.com/gptbot)"
74.7.227.12 - - [23/Mar/2026:17:14:39 +0330] "GET /search.php?detail/065034312424 HTTP/1.1" 200 44286 "http://news.mantaraham.ir/search.php?detail/0650080308069" "Mozilla/5.0 AppleWebKit/537.36 (KHTML, like Gecko; compatible; GPTBot/1.3; +https://openai.com/gptbot)"
74.7.227.12 - - [23/Mar/2026:17:14:41 +0330] "GET /search.php?detail/065036652844 HTTP/1.1" 200 44667 "http://news.mantaraham.ir/search.php?detail/0650004119106" "Mozilla/5.0 AppleWebKit/537.36 (KHTML, like Gecko; compatible; GPTBot/1.3; +https://openai.com/gptbot)"
74.7.227.12 - - [23/Mar/2026:17:14:42 +0330] "GET /search.php?detail/043014592530 HTTP/1.1" 200 44442 "http://news.mantaraham.ir/search.php?detail/043011259130" "Mozilla/5.0 AppleWebKit/537.36 (KHTML, like Gecko; compatible; GPTBot/1.3; +https://openai.com/gptbot)"
74.7.227.12 - - [23/Mar/2026:17:14:44 +0330] "GET /search.php?detail/09500808557700 HTTP/1.1" 200 43853 "http://news.mantaraham.ir/search.php?detail/09500806557999" "Mozilla/5.0 AppleWebKit/537.36 (KHTML, like Gecko; compatible; GPTBot/1.3; +https://openai.com/gptbot)"
74.7.227.12 - - [23/Mar/2026:17:14:45 +0330] "GET /search.php?detail/04300440419403 HTTP/1.1" 200 44048 "http://news.mantaraham.ir/search.php?detail/0430129900212" "Mozilla/5.0 AppleWebKit/537.36 (KHTML, like Gecko; compatible; GPTBot/1.3; +https://openai.com/gptbot)"
74.7.227.12 - - [23/Mar/2026:17:14:47 +0330] "GET /search.php?detail/06500098814310 HTTP/1.1" 200 43485 "http://news.mantaraham.ir/search.php?detail/065012655531" "Mozilla/5.0 AppleWebKit/537.36 (KHTML, like Gecko; compatible; GPTBot/1.3; +https://openai.com/gptbot)"
142.93.208.146 - - [23/Mar/2026:17:14:48 +0330] "GET /wp-includes/images/wlw/wowmeolaqi.php HTTP/1.1" 200 0 "binance.com" "Mozilla/5.0 (Windows NT 10.0; Win64; x64) AppleWebKit/537.36 (KHTML, like Gecko) Chrome/90.0.4430.85 Safari/537.36"
74.7.227.12 - - [23/Mar/2026:17:14:48 +0330] "GET /search.php?detail/0430002207958 HTTP/1.1" 200 44027 "http://news.mantaraham.ir/search.php?detail/0430129900212" "Mozilla/5.0 AppleWebKit/537.36 (KHTML, like Gecko; compatible; GPTBot/1.3; +https://openai.com/gptbot)"
74.7.227.12 - - [23/Mar/2026:17:14:50 +0330] "GET /search.php?detail/0430340328797 HTTP/1.1" 200 44041 "http://news.mantaraham.ir/search.php?detail/04301126074331" "Mozilla/5.0 AppleWebKit/537.36 (KHTML, like Gecko; compatible; GPTBot/1.3; +https://openai.com/gptbot)"
74.7.227.12 - - [23/Mar/2026:17:14:51 +0330] "GET /search.php?detail/0950327557278 HTTP/1.1" 200 44380 "http://news.mantaraham.ir/search.php?detail/095008067999" "Mozilla/5.0 AppleWebKit/537.36 (KHTML, like Gecko; compatible; GPTBot/1.3; +https://openai.com/gptbot)"
74.7.227.12 - - [23/Mar/2026:17:14:53 +0330] "GET /search.php?detail/04303403104353 HTTP/1.1" 200 44009 "http://news.mantaraham.ir/search.php?detail/0430145931262" "Mozilla/5.0 AppleWebKit/537.36 (KHTML, like Gecko; compatible; GPTBot/1.3; +https://openai.com/gptbot)"
74.7.227.12 - - [23/Mar/2026:17:14:55 +0330] "GET /search.php?detail/09500064781741 HTTP/1.1" 200 43835 "http://news.mantaraham.ir/search.php?detail/095008084390" "Mozilla/5.0 AppleWebKit/537.36 (KHTML, like Gecko; compatible; GPTBot/1.3; +https://openai.com/gptbot)"
74.7.227.12 - - [23/Mar/2026:17:14:56 +0330] "GET /search.php?detail/09500065162973 HTTP/1.1" 200 43777 "http://news.mantaraham.ir/search.php?detail/095008084390" "Mozilla/5.0 AppleWebKit/537.36 (KHTML, like Gecko; compatible; GPTBot/1.3; +https://openai.com/gptbot)"
74.7.227.12 - - [23/Mar/2026:17:14:57 +0330] "GET /search.php?detail/09500064384611 HTTP/1.1" 200 44548 "http://news.mantaraham.ir/search.php?jp/095008068.html" "Mozilla/5.0 AppleWebKit/537.36 (KHTML, like Gecko; compatible; GPTBot/1.3; +https://openai.com/gptbot)"
74.7.227.12 - - [23/Mar/2026:17:14:59 +0330] "GET /search.php?detail/09500064133295 HTTP/1.1" 200 44124 "http://news.mantaraham.ir/search.php?jp/095008068.html" "Mozilla/5.0 AppleWebKit/537.36 (KHTML, like Gecko; compatible; GPTBot/1.3; +https://openai.com/gptbot)"
74.7.227.12 - - [23/Mar/2026:17:15:01 +0330] "GET /search.php?detail/08400069359183 HTTP/1.1" 200 43966 "http://news.mantaraham.ir/search.php?l=299&product/A99?j=search" "Mozilla/5.0 AppleWebKit/537.36 (KHTML, like Gecko; compatible; GPTBot/1.3; +https://openai.com/gptbot)"
74.7.227.12 - - [23/Mar/2026:17:15:02 +0330] "GET /search.php?detail/09500064279165 HTTP/1.1" 200 44170 "http://news.mantaraham.ir/search.php?detail/095029897114" "Mozilla/5.0 AppleWebKit/537.36 (KHTML, like Gecko; compatible; GPTBot/1.3; +https://openai.com/gptbot)"
74.7.227.12 - - [23/Mar/2026:17:15:04 +0330] "GET /search.php?detail/0430191632291 HTTP/1.1" 200 45211 "http://news.mantaraham.ir/search.php?detail/043011259130" "Mozilla/5.0 AppleWebKit/537.36 (KHTML, like Gecko; compatible; GPTBot/1.3; +https://openai.com/gptbot)"
74.7.227.12 - - [23/Mar/2026:17:15:05 +0330] "GET /search.php?detail/0650264858181 HTTP/1.1" 200 44164 "http://news.mantaraham.ir/search.php?detail/065008036069" "Mozilla/5.0 AppleWebKit/537.36 (KHTML, like Gecko; compatible; GPTBot/1.3; +https://openai.com/gptbot)"
74.7.227.12 - - [23/Mar/2026:17:15:07 +0330] "GET /search.php?detail/0950331568096 HTTP/1.1" 200 44551 "http://news.mantaraham.ir/search.php?detail/0950006541287" "Mozilla/5.0 AppleWebKit/537.36 (KHTML, like Gecko; compatible; GPTBot/1.3; +https://openai.com/gptbot)"
74.7.227.12 - - [23/Mar/2026:17:15:09 +0330] "GET /search.php?detail/065001139225 HTTP/1.1" 200 43681 "http://news.mantaraham.ir/search.php?detail/065008044208" "Mozilla/5.0 AppleWebKit/537.36 (KHTML, like Gecko; compatible; GPTBot/1.3; +https://openai.com/gptbot)"
74.7.227.12 - - [23/Mar/2026:17:15:10 +0330] "GET /search.php?detail/095029921341 HTTP/1.1" 200 44821 "http://news.mantaraham.ir/search.php?detail/09503276018058" "Mozilla/5.0 AppleWebKit/537.36 (KHTML, like Gecko; compatible; GPTBot/1.3; +https://openai.com/gptbot)"
74.7.227.12 - - [23/Mar/2026:17:15:12 +0330] "GET /search.php?detail/095029916426 HTTP/1.1" 200 43833 "http://news.mantaraham.ir/search.php?detail/09503275850154" "Mozilla/5.0 AppleWebKit/537.36 (KHTML, like Gecko; compatible; GPTBot/1.3; +https://openai.com/gptbot)"
74.7.227.12 - - [23/Mar/2026:17:15:13 +0330] "GET /search.php?detail/065047861054 HTTP/1.1" 200 44075 "http://news.mantaraham.ir/search.php?detail/06500114290122" "Mozilla/5.0 AppleWebKit/537.36 (KHTML, like Gecko; compatible; GPTBot/1.3; +https://openai.com/gptbot)"
74.7.227.12 - - [23/Mar/2026:17:15:14 +0330] "GET /search.php?detail/095029926351 HTTP/1.1" 200 43812 "http://news.mantaraham.ir/search.php?detail/09503275850154" "Mozilla/5.0 AppleWebKit/537.36 (KHTML, like Gecko; compatible; GPTBot/1.3; +https://openai.com/gptbot)"
74.7.227.12 - - [23/Mar/2026:17:15:16 +0330] "GET /search.php?detail/095029815391 HTTP/1.1" 200 44048 "http://news.mantaraham.ir/search.php?detail/0950299289988" "Mozilla/5.0 AppleWebKit/537.36 (KHTML, like Gecko; compatible; GPTBot/1.3; +https://openai.com/gptbot)"
74.7.227.12 - - [23/Mar/2026:17:15:17 +0330] "GET /search.php?detail/084000685782 HTTP/1.1" 200 42930 "http://news.mantaraham.ir/search.php?detail/08400069359183" "Mozilla/5.0 AppleWebKit/537.36 (KHTML, like Gecko; compatible; GPTBot/1.3; +https://openai.com/gptbot)"
74.7.227.12 - - [23/Mar/2026:17:15:18 +0330] "GET /search.php?detail/08400068419010 HTTP/1.1" 200 43473 "http://news.mantaraham.ir/search.php?detail/08400069359183" "Mozilla/5.0 AppleWebKit/537.36 (KHTML, like Gecko; compatible; GPTBot/1.3; +https://openai.com/gptbot)"
74.7.227.12 - - [23/Mar/2026:17:15:20 +0330] "GET /search.php?detail/08403058040994 HTTP/1.1" 200 43158 "http://news.mantaraham.ir/search.php?detail/08400069359183" "Mozilla/5.0 AppleWebKit/537.36 (KHTML, like Gecko; compatible; GPTBot/1.3; +https://openai.com/gptbot)"
74.7.227.12 - - [23/Mar/2026:17:15:22 +0330] "GET /search.php?detail/084040994352 HTTP/1.1" 200 42907 "http://news.mantaraham.ir/search.php?detail/08400069359183" "Mozilla/5.0 AppleWebKit/537.36 (KHTML, like Gecko; compatible; GPTBot/1.3; +https://openai.com/gptbot)"
74.7.227.12 - - [23/Mar/2026:17:15:23 +0330] "GET /search.php?detail/0840006874161 HTTP/1.1" 200 43386 "http://news.mantaraham.ir/search.php?detail/08400069359183" "Mozilla/5.0 AppleWebKit/537.36 (KHTML, like Gecko; compatible; GPTBot/1.3; +https://openai.com/gptbot)"
74.7.227.12 - - [23/Mar/2026:17:15:25 +0330] "GET /search.php?detail/0840079745959 HTTP/1.1" 200 42707 "http://news.mantaraham.ir/search.php?detail/08400069359183" "Mozilla/5.0 AppleWebKit/537.36 (KHTML, like Gecko; compatible; GPTBot/1.3; +https://openai.com/gptbot)"
74.7.227.12 - - [23/Mar/2026:17:15:26 +0330] "GET /search.php?detail/0840006888180 HTTP/1.1" 200 43722 "http://news.mantaraham.ir/search.php?detail/08400069359183" "Mozilla/5.0 AppleWebKit/537.36 (KHTML, like Gecko; compatible; GPTBot/1.3; +https://openai.com/gptbot)"
74.7.227.12 - - [23/Mar/2026:17:15:28 +0330] "GET /search.php?detail/08400068319429 HTTP/1.1" 200 43033 "http://news.mantaraham.ir/search.php?detail/08400069359183" "Mozilla/5.0 AppleWebKit/537.36 (KHTML, like Gecko; compatible; GPTBot/1.3; +https://openai.com/gptbot)"
74.7.227.12 - - [23/Mar/2026:17:15:31 +0330] "GET /search.php?detail/065000408667 HTTP/1.1" 200 44872 "http://news.mantaraham.ir/search.php?detail/065047861054" "Mozilla/5.0 AppleWebKit/537.36 (KHTML, like Gecko; compatible; GPTBot/1.3; +https://openai.com/gptbot)"
74.7.227.12 - - [23/Mar/2026:17:15:32 +0330] "GET /search.php?detail/065047868851 HTTP/1.1" 200 44244 "http://news.mantaraham.ir/search.php?detail/065002375439" "Mozilla/5.0 AppleWebKit/537.36 (KHTML, like Gecko; compatible; GPTBot/1.3; +https://openai.com/gptbot)"
74.7.227.12 - - [23/Mar/2026:17:15:34 +0330] "GET /search.php?detail/043014595481 HTTP/1.1" 200 43948 "http://news.mantaraham.ir/search.php?detail/0430145931262" "Mozilla/5.0 AppleWebKit/537.36 (KHTML, like Gecko; compatible; GPTBot/1.3; +https://openai.com/gptbot)"
74.7.227.12 - - [23/Mar/2026:17:15:36 +0330] "GET /search.php?detail/08400068174308 HTTP/1.1" 200 42924 "http://news.mantaraham.ir/search.php?detail/084000685782" "Mozilla/5.0 AppleWebKit/537.36 (KHTML, like Gecko; compatible; GPTBot/1.3; +https://openai.com/gptbot)"
74.7.227.12 - - [23/Mar/2026:17:15:38 +0330] "GET /search.php?detail/084000691811 HTTP/1.1" 200 42801 "http://news.mantaraham.ir/search.php?detail/08400068419010" "Mozilla/5.0 AppleWebKit/537.36 (KHTML, like Gecko; compatible; GPTBot/1.3; +https://openai.com/gptbot)"
74.7.227.12 - - [23/Mar/2026:17:15:39 +0330] "GET /search.php?detail/08400068624232 HTTP/1.1" 200 42725 "http://news.mantaraham.ir/search.php?detail/08400068419010" "Mozilla/5.0 AppleWebKit/537.36 (KHTML, like Gecko; compatible; GPTBot/1.3; +https://openai.com/gptbot)"
74.7.227.12 - - [23/Mar/2026:17:15:40 +0330] "GET /search.php?detail/08400068247362 HTTP/1.1" 200 42826 "http://news.mantaraham.ir/search.php?detail/084000685782" "Mozilla/5.0 AppleWebKit/537.36 (KHTML, like Gecko; compatible; GPTBot/1.3; +https://openai.com/gptbot)"
74.7.227.12 - - [23/Mar/2026:17:15:42 +0330] "GET /search.php?detail/08400068945966 HTTP/1.1" 200 43858 "http://news.mantaraham.ir/search.php?detail/0840006874161" "Mozilla/5.0 AppleWebKit/537.36 (KHTML, like Gecko; compatible; GPTBot/1.3; +https://openai.com/gptbot)"
142.93.208.146 - - [23/Mar/2026:17:15:44 +0330] "GET /wp-includes/images/wlw/vgefebhbvp.php HTTP/1.1" 200 0 "binance.com" "Mozilla/5.0 (Windows NT 10.0; Win64; x64) AppleWebKit/537.36 (KHTML, like Gecko) Chrome/90.0.4430.85 Safari/537.36"
74.7.227.12 - - [23/Mar/2026:17:15:43 +0330] "GET /search.php?detail/0840006902600 HTTP/1.1" 200 42998 "http://news.mantaraham.ir/search.php?detail/08400068419010" "Mozilla/5.0 AppleWebKit/537.36 (KHTML, like Gecko; compatible; GPTBot/1.3; +https://openai.com/gptbot)"
74.7.227.12 - - [23/Mar/2026:17:15:45 +0330] "GET /search.php?detail/065036647758 HTTP/1.1" 200 43976 "http://news.mantaraham.ir/search.php?detail/0650080279276" "Mozilla/5.0 AppleWebKit/537.36 (KHTML, like Gecko; compatible; GPTBot/1.3; +https://openai.com/gptbot)"
74.7.227.12 - - [23/Mar/2026:17:15:47 +0330] "GET /search.php?detail/084000692113 HTTP/1.1" 200 42701 "http://news.mantaraham.ir/search.php?detail/08400068319429" "Mozilla/5.0 AppleWebKit/537.36 (KHTML, like Gecko; compatible; GPTBot/1.3; +https://openai.com/gptbot)"
74.7.227.12 - - [23/Mar/2026:17:15:48 +0330] "GET /search.php?detail/043013629346 HTTP/1.1" 200 44019 "http://news.mantaraham.ir/search.php?detail/04303556664897" "Mozilla/5.0 AppleWebKit/537.36 (KHTML, like Gecko; compatible; GPTBot/1.3; +https://openai.com/gptbot)"
74.7.227.12 - - [23/Mar/2026:17:15:50 +0330] "GET /search.php?detail/065034278300 HTTP/1.1" 200 44702 "http://news.mantaraham.ir/search.php?detail/0650009973760" "Mozilla/5.0 AppleWebKit/537.36 (KHTML, like Gecko; compatible; GPTBot/1.3; +https://openai.com/gptbot)"
74.7.227.12 - - [23/Mar/2026:17:15:51 +0330] "GET /search.php?detail/095029832778 HTTP/1.1" 200 44321 "http://news.mantaraham.ir/search.php?detail/0950299076993" "Mozilla/5.0 AppleWebKit/537.36 (KHTML, like Gecko; compatible; GPTBot/1.3; +https://openai.com/gptbot)"
74.7.227.12 - - [23/Mar/2026:17:15:53 +0330] "GET /search.php?detail/095008071254 HTTP/1.1" 200 44071 "http://news.mantaraham.ir/search.php?detail/095029920162" "Mozilla/5.0 AppleWebKit/537.36 (KHTML, like Gecko; compatible; GPTBot/1.3; +https://openai.com/gptbot)"
74.7.227.12 - - [23/Mar/2026:17:15:54 +0330] "GET /search.php?detail/0430129913935 HTTP/1.1" 200 44031 "http://news.mantaraham.ir/search.php?detail/04303556664897" "Mozilla/5.0 AppleWebKit/537.36 (KHTML, like Gecko; compatible; GPTBot/1.3; +https://openai.com/gptbot)"
74.7.227.12 - - [23/Mar/2026:17:15:56 +0330] "GET /search.php?detail/0650312596095 HTTP/1.1" 200 44045 "http://news.mantaraham.ir/search.php?detail/0650080308069" "Mozilla/5.0 AppleWebKit/537.36 (KHTML, like Gecko; compatible; GPTBot/1.3; +https://openai.com/gptbot)"
74.7.227.12 - - [23/Mar/2026:17:15:57 +0330] "GET /search.php?detail/0650269822846 HTTP/1.1" 200 43995 "http://news.mantaraham.ir/search.php?detail/065008036069" "Mozilla/5.0 AppleWebKit/537.36 (KHTML, like Gecko; compatible; GPTBot/1.3; +https://openai.com/gptbot)"
74.7.227.12 - - [23/Mar/2026:17:15:59 +0330] "GET /search.php?detail/0650478595609 HTTP/1.1" 200 44094 "http://news.mantaraham.ir/search.php?detail/065031257129" "Mozilla/5.0 AppleWebKit/537.36 (KHTML, like Gecko; compatible; GPTBot/1.3; +https://openai.com/gptbot)"
142.93.208.146 - - [23/Mar/2026:17:16:01 +0330] "GET /wp-includes/images/wlw/alfa-rex.php HTTP/1.1" 403 787 "binance.com" "Mozilla/5.0 (Windows NT 10.0; Win64; x64) AppleWebKit/537.36 (KHTML, like Gecko) Chrome/90.0.4430.85 Safari/537.36"
74.7.227.12 - - [23/Mar/2026:17:16:01 +0330] "GET /search.php?detail/0950299226388 HTTP/1.1" 200 43705 "http://news.mantaraham.ir/search.php?detail/09500807837937" "Mozilla/5.0 AppleWebKit/537.36 (KHTML, like Gecko; compatible; GPTBot/1.3; +https://openai.com/gptbot)"
74.7.227.12 - - [23/Mar/2026:17:16:02 +0330] "GET /search.php?detail/0650458860915 HTTP/1.1" 200 43953 "http://news.mantaraham.ir/search.php?detail/06500114290122" "Mozilla/5.0 AppleWebKit/537.36 (KHTML, like Gecko; compatible; GPTBot/1.3; +https://openai.com/gptbot)"
74.7.227.12 - - [23/Mar/2026:17:16:04 +0330] "GET /search.php?detail/09502992411704 HTTP/1.1" 200 44180 "http://news.mantaraham.ir/search.php?detail/09503275850154" "Mozilla/5.0 AppleWebKit/537.36 (KHTML, like Gecko; compatible; GPTBot/1.3; +https://openai.com/gptbot)"
74.7.227.12 - - [23/Mar/2026:17:16:05 +0330] "GET /search.php?detail/09502982589735 HTTP/1.1" 200 43662 "http://news.mantaraham.ir/search.php?detail/095029905651" "Mozilla/5.0 AppleWebKit/537.36 (KHTML, like Gecko; compatible; GPTBot/1.3; +https://openai.com/gptbot)"
74.7.227.12 - - [23/Mar/2026:17:16:07 +0330] "GET /search.php?detail/04301459640569 HTTP/1.1" 200 44001 "http://news.mantaraham.ir/search.php?detail/0430145931262" "Mozilla/5.0 AppleWebKit/537.36 (KHTML, like Gecko; compatible; GPTBot/1.3; +https://openai.com/gptbot)"
74.7.227.12 - - [23/Mar/2026:17:16:08 +0330] "GET /search.php?detail/04301916469861 HTTP/1.1" 200 45314 "http://news.mantaraham.ir/search.php?detail/0430145931262" "Mozilla/5.0 AppleWebKit/537.36 (KHTML, like Gecko; compatible; GPTBot/1.3; +https://openai.com/gptbot)"
74.7.227.12 - - [23/Mar/2026:17:16:10 +0330] "GET /search.php?detail/09503315712746 HTTP/1.1" 200 44068 "http://news.mantaraham.ir/search.php?detail/095008071254" "Mozilla/5.0 AppleWebKit/537.36 (KHTML, like Gecko; compatible; GPTBot/1.3; +https://openai.com/gptbot)"
74.7.227.12 - - [23/Mar/2026:17:16:11 +0330] "GET /search.php?detail/09502982253848 HTTP/1.1" 200 43771 "http://news.mantaraham.ir/search.php?detail/095029923300" "Mozilla/5.0 AppleWebKit/537.36 (KHTML, like Gecko; compatible; GPTBot/1.3; +https://openai.com/gptbot)"
74.7.227.12 - - [23/Mar/2026:17:16:13 +0330] "GET /search.php?detail/0650366486819 HTTP/1.1" 200 43647 "http://news.mantaraham.ir/search.php?detail/0650080279276" "Mozilla/5.0 AppleWebKit/537.36 (KHTML, like Gecko; compatible; GPTBot/1.3; +https://openai.com/gptbot)"
142.93.208.146 - - [23/Mar/2026:17:16:14 +0330] "GET /wp-includes/js/codemirror/ HTTP/1.1" 200 1658 "binance.com" "Mozilla/5.0 (Windows NT 10.0; Win64; x64) AppleWebKit/537.36 (KHTML, like Gecko) Chrome/90.0.4430.85 Safari/537.36"
74.7.227.12 - - [23/Mar/2026:17:16:14 +0330] "GET /search.php?detail/0650478640895 HTTP/1.1" 200 43406 "http://news.mantaraham.ir/search.php?detail/065031257129" "Mozilla/5.0 AppleWebKit/537.36 (KHTML, like Gecko; compatible; GPTBot/1.3; +https://openai.com/gptbot)"
74.7.227.12 - - [23/Mar/2026:17:16:15 +0330] "GET /search.php?detail/0950298271422 HTTP/1.1" 200 43848 "http://news.mantaraham.ir/search.php?detail/0950299076993" "Mozilla/5.0 AppleWebKit/537.36 (KHTML, like Gecko; compatible; GPTBot/1.3; +https://openai.com/gptbot)"
74.7.227.12 - - [23/Mar/2026:17:16:17 +0330] "GET /search.php?detail/0650011463949 HTTP/1.1" 200 43501 "http://news.mantaraham.ir/search.php?detail/065012655531" "Mozilla/5.0 AppleWebKit/537.36 (KHTML, like Gecko; compatible; GPTBot/1.3; +https://openai.com/gptbot)"
74.7.227.12 - - [23/Mar/2026:17:16:18 +0330] "GET /search.php?detail/0650287783305 HTTP/1.1" 200 44552 "http://news.mantaraham.ir/search.php?detail/0650009973760" "Mozilla/5.0 AppleWebKit/537.36 (KHTML, like Gecko; compatible; GPTBot/1.3; +https://openai.com/gptbot)"
74.7.227.12 - - [23/Mar/2026:17:16:20 +0330] "GET /search.php?detail/0950080727362 HTTP/1.1" 200 43530 "http://news.mantaraham.ir/search.php?detail/09502981984453" "Mozilla/5.0 AppleWebKit/537.36 (KHTML, like Gecko; compatible; GPTBot/1.3; +https://openai.com/gptbot)"
74.7.227.12 - - [23/Mar/2026:17:16:22 +0330] "GET /search.php?detail/0650011435499 HTTP/1.1" 200 44129 "http://news.mantaraham.ir/search.php?detail/065005275252" "Mozilla/5.0 AppleWebKit/537.36 (KHTML, like Gecko; compatible; GPTBot/1.3; +https://openai.com/gptbot)"
74.7.227.12 - - [23/Mar/2026:17:16:23 +0330] "GET /search.php?detail/0650170446759 HTTP/1.1" 200 44043 "http://news.mantaraham.ir/search.php?detail/0650260820065" "Mozilla/5.0 AppleWebKit/537.36 (KHTML, like Gecko; compatible; GPTBot/1.3; +https://openai.com/gptbot)"
74.7.227.12 - - [23/Mar/2026:17:16:25 +0330] "GET /search.php?detail/0950298235606 HTTP/1.1" 200 44622 "http://news.mantaraham.ir/search.php?detail/0950299289988" "Mozilla/5.0 AppleWebKit/537.36 (KHTML, like Gecko; compatible; GPTBot/1.3; +https://openai.com/gptbot)"
74.7.227.12 - - [23/Mar/2026:17:16:27 +0330] "GET /search.php?detail/0950080645183 HTTP/1.1" 200 44784 "http://news.mantaraham.ir/search.php?detail/095029920162" "Mozilla/5.0 AppleWebKit/537.36 (KHTML, like Gecko; compatible; GPTBot/1.3; +https://openai.com/gptbot)"
74.7.227.12 - - [23/Mar/2026:17:16:28 +0330] "GET /search.php?detail/095032765104 HTTP/1.1" 200 43662 "http://news.mantaraham.ir/search.php?detail/09502982253848" "Mozilla/5.0 AppleWebKit/537.36 (KHTML, like Gecko; compatible; GPTBot/1.3; +https://openai.com/gptbot)"
74.7.227.12 - - [23/Mar/2026:17:16:30 +0330] "GET /search.php?detail/0650090542186 HTTP/1.1" 200 43879 "http://news.mantaraham.ir/search.php?detail/0650260820065" "Mozilla/5.0 AppleWebKit/537.36 (KHTML, like Gecko; compatible; GPTBot/1.3; +https://openai.com/gptbot)"
74.7.227.12 - - [23/Mar/2026:17:16:31 +0330] "GET /search.php?detail/0950299175828 HTTP/1.1" 200 43992 "http://news.mantaraham.ir/search.php?detail/0950099927663" "Mozilla/5.0 AppleWebKit/537.36 (KHTML, like Gecko; compatible; GPTBot/1.3; +https://openai.com/gptbot)"
74.7.227.12 - - [23/Mar/2026:17:16:33 +0330] "GET /search.php?detail/0650011370288 HTTP/1.1" 200 43914 "http://news.mantaraham.ir/search.php?detail/065012655531" "Mozilla/5.0 AppleWebKit/537.36 (KHTML, like Gecko; compatible; GPTBot/1.3; +https://openai.com/gptbot)"
142.93.208.146 - - [23/Mar/2026:17:16:33 +0330] "GET /wp-includes/js/codemirror/about.php HTTP/1.1" 200 4779 "binance.com" "Mozilla/5.0 (Windows NT 10.0; Win64; x64) AppleWebKit/537.36 (KHTML, like Gecko) Chrome/90.0.4430.85 Safari/537.36"
74.7.227.12 - - [23/Mar/2026:17:16:34 +0330] "GET /search.php?detail/0650478586481 HTTP/1.1" 200 43824 "http://news.mantaraham.ir/search.php?detail/065047862473" "Mozilla/5.0 AppleWebKit/537.36 (KHTML, like Gecko; compatible; GPTBot/1.3; +https://openai.com/gptbot)"
74.7.227.12 - - [23/Mar/2026:17:16:36 +0330] "GET /search.php?detail/0950080774182 HTTP/1.1" 200 43777 "http://news.mantaraham.ir/search.php?detail/095008060407" "Mozilla/5.0 AppleWebKit/537.36 (KHTML, like Gecko; compatible; GPTBot/1.3; +https://openai.com/gptbot)"
74.7.227.12 - - [23/Mar/2026:17:16:38 +0330] "GET /search.php?detail/0430145971950 HTTP/1.1" 200 44042 "http://news.mantaraham.ir/search.php?detail/0430145931262" "Mozilla/5.0 AppleWebKit/537.36 (KHTML, like Gecko; compatible; GPTBot/1.3; +https://openai.com/gptbot)"
74.7.227.12 - - [23/Mar/2026:17:16:39 +0330] "GET /search.php?detail/0950298210630 HTTP/1.1" 200 43797 "http://news.mantaraham.ir/search.php?detail/0950298956999" "Mozilla/5.0 AppleWebKit/537.36 (KHTML, like Gecko; compatible; GPTBot/1.3; +https://openai.com/gptbot)"
74.7.227.12 - - [23/Mar/2026:17:16:40 +0330] "GET /search.php?detail/09501904323412 HTTP/1.1" 200 43719 "http://news.mantaraham.ir/search.php?detail/095029923300" "Mozilla/5.0 AppleWebKit/537.36 (KHTML, like Gecko; compatible; GPTBot/1.3; +https://openai.com/gptbot)"
142.93.208.146 - - [23/Mar/2026:17:10:50 +0330] "GET /wp-includes/images/media/wp-login.php HTTP/1.1" 200 4800 "binance.com" "Mozilla/5.0 (Windows NT 10.0; Win64; x64) AppleWebKit/537.36 (KHTML, like Gecko) Chrome/90.0.4430.85 Safari/537.36"
142.93.208.146 - - [23/Mar/2026:17:11:32 +0330] "GET /wp-includes/images/media/tfeluiompf.php HTTP/1.1" 200 0 "binance.com" "Mozilla/5.0 (Windows NT 10.0; Win64; x64) AppleWebKit/537.36 (KHTML, like Gecko) Chrome/90.0.4430.85 Safari/537.36"
142.93.208.146 - - [23/Mar/2026:17:12:28 +0330] "POST /wp-includes/images/media/wp-login.php HTTP/1.1" 200 21660 "http://news.mantaraham.ir/wp-includes/images/media/wp-login.php" "Mozilla/5.0 (Windows NT 10.0; Win64; x64) AppleWebKit/537.36 (KHTML, like Gecko) Chrome/90.0.4430.85 Safari/537.36"
142.93.208.146 - - [23/Mar/2026:17:12:37 +0330] "GET /wp-includes/images/media/jzvivkkred.php HTTP/1.1" 200 0 "binance.com" "Mozilla/5.0 (Windows NT 10.0; Win64; x64) AppleWebKit/537.36 (KHTML, like Gecko) Chrome/90.0.4430.85 Safari/537.36"
142.93.208.146 - - [23/Mar/2026:17:13:00 +0330] "GET /wp-includes/images/smilies/ HTTP/1.1" 200 2013 "binance.com" "Mozilla/5.0 (Windows NT 10.0; Win64; x64) AppleWebKit/537.36 (KHTML, like Gecko) Chrome/90.0.4430.85 Safari/537.36"
142.93.208.146 - - [23/Mar/2026:17:13:19 +0330] "GET /wp-includes/images/smilies/about.php HTTP/1.1" 200 274 "binance.com" "Mozilla/5.0 (Windows NT 10.0; Win64; x64) AppleWebKit/537.36 (KHTML, like Gecko) Chrome/90.0.4430.85 Safari/537.36"
142.93.208.146 - - [23/Mar/2026:17:13:37 +0330] "GET /wp-includes/images/smilies/alfa-rex.php HTTP/1.1" 403 787 "binance.com" "Mozilla/5.0 (Windows NT 10.0; Win64; x64) AppleWebKit/537.36 (KHTML, like Gecko) Chrome/90.0.4430.85 Safari/537.36"
142.93.208.146 - - [23/Mar/2026:17:14:11 +0330] "GET /wp-includes/images/wlw/ HTTP/1.1" 200 1380 "binance.com" "Mozilla/5.0 (Windows NT 10.0; Win64; x64) AppleWebKit/537.36 (KHTML, like Gecko) Chrome/90.0.4430.85 Safari/537.36"
142.93.208.146 - - [23/Mar/2026:17:14:30 +0330] "GET /wp-includes/images/wlw/about.php HTTP/1.1" 200 4297 "binance.com" "Mozilla/5.0 (Windows NT 10.0; Win64; x64) AppleWebKit/537.36 (KHTML, like Gecko) Chrome/90.0.4430.85 Safari/537.36"
142.93.208.146 - - [23/Mar/2026:17:14:32 +0330] "POST /wp-includes/images/wlw/about.php HTTP/1.1" 200 4297 "binance.com" "Mozilla/5.0 (Windows NT 10.0; Win64; x64) AppleWebKit/537.36 (KHTML, like Gecko) Chrome/90.0.4430.85 Safari/537.36"
142.93.208.146 - - [23/Mar/2026:17:15:16 +0330] "GET /wp-includes/images/wlw/about.php HTTP/1.1" 200 16388 "-" "Mozilla/5.0 (Windows NT 10.0; Win64; x64) AppleWebKit/537.36 (KHTML, like Gecko) Chrome/90.0.4430.85 Safari/537.36"
142.93.208.146 - - [23/Mar/2026:17:15:28 +0330] "POST /wp-includes/images/wlw/about.php HTTP/1.1" 200 16388 "http://news.mantaraham.ir/wp-includes/images/wlw/about.php" "Mozilla/5.0 (Windows NT 10.0; Win64; x64) AppleWebKit/537.36 (KHTML, like Gecko) Chrome/90.0.4430.85 Safari/537.36"
17.246.15.254 - - [23/Mar/2026:17:15:34 +0330] "GET /27lmbqz8565.html HTTP/1.1" 200 0 "-" "Mozilla/5.0 (Macintosh; Intel Mac OS X 10_15_7) AppleWebKit/605.1.15 (KHTML, like Gecko) Version/17.4 Safari/605.1.15 (Applebot/0.1; +http://www.apple.com/go/applebot)"
142.93.208.146 - - [23/Mar/2026:17:16:09 +0330] "GET /wp-includes/js/%20 HTTP/1.1" 200 0 "binance.com" "Mozilla/5.0 (Windows NT 10.0; Win64; x64) AppleWebKit/537.36 (KHTML, like Gecko) Chrome/90.0.4430.85 Safari/537.36"
142.93.208.146 - - [23/Mar/2026:17:16:24 +0330] "GET /wp-includes/js/codemirror/ HTTP/1.1" 200 1658 "binance.com" "Mozilla/5.0 (Windows NT 10.0; Win64; x64) AppleWebKit/537.36 (KHTML, like Gecko) Chrome/90.0.4430.85 Safari/537.36"
142.93.208.146 - - [23/Mar/2026:17:16:43 +0330] "GET /wp-includes/js/codemirror/about.php HTTP/1.1" 200 4779 "binance.com" "Mozilla/5.0 (Windows NT 10.0; Win64; x64) AppleWebKit/537.36 (KHTML, like Gecko) Chrome/90.0.4430.85 Safari/537.36"
74.7.227.12 - - [23/Mar/2026:17:16:42 +0330] "GET /search.php?detail/06500801143421 HTTP/1.1" 200 43958 "http://news.mantaraham.ir/search.php?detail/065005275252" "Mozilla/5.0 AppleWebKit/537.36 (KHTML, like Gecko; compatible; GPTBot/1.3; +https://openai.com/gptbot)"
74.7.227.12 - - [23/Mar/2026:17:16:43 +0330] "GET /search.php?detail/09503276406049 HTTP/1.1" 200 44026 "http://news.mantaraham.ir/search.php?detail/09503275850154" "Mozilla/5.0 AppleWebKit/537.36 (KHTML, like Gecko; compatible; GPTBot/1.3; +https://openai.com/gptbot)"
74.7.227.12 - - [23/Mar/2026:17:16:44 +0330] "GET /search.php?detail/09502981369932 HTTP/1.1" 200 43931 "http://news.mantaraham.ir/search.php?detail/095000652756" "Mozilla/5.0 AppleWebKit/537.36 (KHTML, like Gecko; compatible; GPTBot/1.3; +https://openai.com/gptbot)"
74.7.227.12 - - [23/Mar/2026:17:16:46 +0330] "GET /search.php?goods/095029821 HTTP/1.1" 200 43831 "http://news.mantaraham.ir/search.php?detail/095000640744" "Mozilla/5.0 AppleWebKit/537.36 (KHTML, like Gecko; compatible; GPTBot/1.3; +https://openai.com/gptbot)"
74.7.227.12 - - [23/Mar/2026:17:16:48 +0330] "GET /search.php?category/20_21/52 HTTP/1.1" 200 68699 "http://news.mantaraham.ir/search.php?category/20_21/51" "Mozilla/5.0 AppleWebKit/537.36 (KHTML, like Gecko; compatible; GPTBot/1.3; +https://openai.com/gptbot)"
74.7.227.12 - - [23/Mar/2026:17:16:49 +0330] "GET /search.php?category/20_21/53 HTTP/1.1" 200 68987 "http://news.mantaraham.ir/search.php?category/20_21/51" "Mozilla/5.0 AppleWebKit/537.36 (KHTML, like Gecko; compatible; GPTBot/1.3; +https://openai.com/gptbot)"
74.7.227.12 - - [23/Mar/2026:17:16:51 +0330] "GET /search.php?category/88_235/6 HTTP/1.1" 200 68783 "http://news.mantaraham.ir/search.php?category/88_235/3" "Mozilla/5.0 AppleWebKit/537.36 (KHTML, like Gecko; compatible; GPTBot/1.3; +https://openai.com/gptbot)"
74.7.227.12 - - [23/Mar/2026:17:16:53 +0330] "GET /search.php?category/88_235/2 HTTP/1.1" 200 68862 "http://news.mantaraham.ir/search.php?category/88_235/1" "Mozilla/5.0 AppleWebKit/537.36 (KHTML, like Gecko; compatible; GPTBot/1.3; +https://openai.com/gptbot)"
74.7.227.12 - - [23/Mar/2026:17:16:54 +0330] "GET /search.php?category/20_21/54 HTTP/1.1" 200 68687 "http://news.mantaraham.ir/search.php?category/20_21/51" "Mozilla/5.0 AppleWebKit/537.36 (KHTML, like Gecko; compatible; GPTBot/1.3; +https://openai.com/gptbot)"
142.93.208.146 - - [23/Mar/2026:17:16:56 +0330] "GET /wp-includes/js/codemirror/wbcnndihic.php HTTP/1.1" 200 0 "binance.com" "Mozilla/5.0 (Windows NT 10.0; Win64; x64) AppleWebKit/537.36 (KHTML, like Gecko) Chrome/90.0.4430.85 Safari/537.36"
74.7.227.12 - - [23/Mar/2026:17:16:56 +0330] "GET /search.php?category/88_235/7 HTTP/1.1" 200 68580 "http://news.mantaraham.ir/search.php?category/88_235/4" "Mozilla/5.0 AppleWebKit/537.36 (KHTML, like Gecko; compatible; GPTBot/1.3; +https://openai.com/gptbot)"
74.7.227.12 - - [23/Mar/2026:17:16:57 +0330] "GET /search.php?category/88_235/5 HTTP/1.1" 200 68788 "http://news.mantaraham.ir/search.php?category/88_235/3" "Mozilla/5.0 AppleWebKit/537.36 (KHTML, like Gecko; compatible; GPTBot/1.3; +https://openai.com/gptbot)"
74.7.227.12 - - [23/Mar/2026:17:16:59 +0330] "GET /search.php?category/20_21/50 HTTP/1.1" 200 68859 "http://news.mantaraham.ir/search.php?category/20_21/47" "Mozilla/5.0 AppleWebKit/537.36 (KHTML, like Gecko; compatible; GPTBot/1.3; +https://openai.com/gptbot)"
74.7.227.12 - - [23/Mar/2026:17:17:01 +0330] "GET /search.php?category/20_21/49 HTTP/1.1" 200 68692 "http://news.mantaraham.ir/search.php?category/20_21/47" "Mozilla/5.0 AppleWebKit/537.36 (KHTML, like Gecko; compatible; GPTBot/1.3; +https://openai.com/gptbot)"
74.7.227.12 - - [23/Mar/2026:17:17:02 +0330] "GET /search.php?l=29666&product/V66?v=search HTTP/1.1" 200 43948 "http://news.mantaraham.ir/search.php?l=49632&product/S255?k=search" "Mozilla/5.0 AppleWebKit/537.36 (KHTML, like Gecko; compatible; GPTBot/1.3; +https://openai.com/gptbot)"
74.7.227.12 - - [23/Mar/2026:17:17:04 +0330] "GET /search.php?l=22298&product/W99?h=search HTTP/1.1" 200 44345 "http://news.mantaraham.ir/search.php?l=18057&product/O274?s=search" "Mozilla/5.0 AppleWebKit/537.36 (KHTML, like Gecko; compatible; GPTBot/1.3; +https://openai.com/gptbot)"
74.7.227.12 - - [23/Mar/2026:17:17:05 +0330] "GET /search.php?l=15423&product/C278?z=search HTTP/1.1" 200 42999 "http://news.mantaraham.ir/search.php?category/20_21/52" "Mozilla/5.0 AppleWebKit/537.36 (KHTML, like Gecko; compatible; GPTBot/1.3; +https://openai.com/gptbot)"
74.7.227.12 - - [23/Mar/2026:17:17:07 +0330] "GET /search.php?l=34869&product/S278?f=search HTTP/1.1" 200 44741 "http://news.mantaraham.ir/search.php?category/20_21/53" "Mozilla/5.0 AppleWebKit/537.36 (KHTML, like Gecko; compatible; GPTBot/1.3; +https://openai.com/gptbot)"
74.7.227.12 - - [23/Mar/2026:17:17:08 +0330] "GET /search.php?l=15429&product/H278?f=search HTTP/1.1" 200 44657 "http://news.mantaraham.ir/search.php?category/20_21/53" "Mozilla/5.0 AppleWebKit/537.36 (KHTML, like Gecko; compatible; GPTBot/1.3; +https://openai.com/gptbot)"
74.7.227.12 - - [23/Mar/2026:17:17:10 +0330] "GET /search.php?l=49429&product/R283?a=search HTTP/1.1" 200 44102 "http://news.mantaraham.ir/search.php?category/20_21/53" "Mozilla/5.0 AppleWebKit/537.36 (KHTML, like Gecko; compatible; GPTBot/1.3; +https://openai.com/gptbot)"
74.7.227.12 - - [23/Mar/2026:17:17:11 +0330] "GET /search.php?l=10603&product/R287?v=search HTTP/1.1" 200 45008 "http://news.mantaraham.ir/search.php?category/20_21/54" "Mozilla/5.0 AppleWebKit/537.36 (KHTML, like Gecko; compatible; GPTBot/1.3; +https://openai.com/gptbot)"
74.7.227.12 - - [23/Mar/2026:17:17:13 +0330] "GET /search.php?l=32094&product/T286?z=search HTTP/1.1" 200 44401 "http://news.mantaraham.ir/search.php?category/20_21/54" "Mozilla/5.0 AppleWebKit/537.36 (KHTML, like Gecko; compatible; GPTBot/1.3; +https://openai.com/gptbot)"
74.7.227.12 - - [23/Mar/2026:17:17:14 +0330] "GET /search.php?l=12425&product/X9?l=search HTTP/1.1" 200 44795 "http://news.mantaraham.ir/search.php?category/88_235/5" "Mozilla/5.0 AppleWebKit/537.36 (KHTML, like Gecko; compatible; GPTBot/1.3; +https://openai.com/gptbot)"
74.7.227.12 - - [23/Mar/2026:17:17:15 +0330] "GET /search.php?l=34797&product/H268?b=search HTTP/1.1" 200 44562 "http://news.mantaraham.ir/search.php?category/20_21/50" "Mozilla/5.0 AppleWebKit/537.36 (KHTML, like Gecko; compatible; GPTBot/1.3; +https://openai.com/gptbot)"
74.7.227.12 - - [23/Mar/2026:17:17:17 +0330] "GET /search.php?l=17410&product/M285?x=search HTTP/1.1" 200 44179 "http://news.mantaraham.ir/search.php?category/20_21/54" "Mozilla/5.0 AppleWebKit/537.36 (KHTML, like Gecko; compatible; GPTBot/1.3; +https://openai.com/gptbot)"
74.7.227.12 - - [23/Mar/2026:17:17:18 +0330] "GET /search.php?l=32095&product/Z286?i=search HTTP/1.1" 200 44122 "http://news.mantaraham.ir/search.php?category/20_21/54" "Mozilla/5.0 AppleWebKit/537.36 (KHTML, like Gecko; compatible; GPTBot/1.3; +https://openai.com/gptbot)"
74.7.227.12 - - [23/Mar/2026:17:17:20 +0330] "GET /search.php?l=36678&product/J51?z=search HTTP/1.1" 200 43727 "http://news.mantaraham.ir/search.php?l=22298&product/W99?h=search" "Mozilla/5.0 AppleWebKit/537.36 (KHTML, like Gecko; compatible; GPTBot/1.3; +https://openai.com/gptbot)"
74.7.227.12 - - [23/Mar/2026:17:17:21 +0330] "GET /search.php?l=28264&product/R67?b=search HTTP/1.1" 200 44510 "http://news.mantaraham.ir/search.php?l=15423&product/C278?z=search" "Mozilla/5.0 AppleWebKit/537.36 (KHTML, like Gecko; compatible; GPTBot/1.3; +https://openai.com/gptbot)"
74.7.227.12 - - [23/Mar/2026:17:17:23 +0330] "GET /search.php?detail/067007033499 HTTP/1.1" 200 42738 "http://news.mantaraham.ir/search.php?l=15423&product/C278?z=search" "Mozilla/5.0 AppleWebKit/537.36 (KHTML, like Gecko; compatible; GPTBot/1.3; +https://openai.com/gptbot)"
74.7.227.12 - - [23/Mar/2026:17:17:24 +0330] "GET /search.php?l=44631&product/Z266?l=search HTTP/1.1" 200 44067 "http://news.mantaraham.ir/search.php?category/20_21/50" "Mozilla/5.0 AppleWebKit/537.36 (KHTML, like Gecko; compatible; GPTBot/1.3; +https://openai.com/gptbot)"
74.7.227.12 - - [23/Mar/2026:17:17:26 +0330] "GET /search.php?l=44243&product/M263?g=search HTTP/1.1" 200 44005 "http://news.mantaraham.ir/search.php?category/20_21/49" "Mozilla/5.0 AppleWebKit/537.36 (KHTML, like Gecko; compatible; GPTBot/1.3; +https://openai.com/gptbot)"
74.7.227.12 - - [23/Mar/2026:17:17:27 +0330] "GET /search.php?l=4554&product/A35?m=search HTTP/1.1" 200 44758 "http://news.mantaraham.ir/search.php?l=10603&product/R287?v=search" "Mozilla/5.0 AppleWebKit/537.36 (KHTML, like Gecko; compatible; GPTBot/1.3; +https://openai.com/gptbot)"
74.7.227.12 - - [23/Mar/2026:17:17:29 +0330] "GET /search.php?l=41719&product/Z274?r=search HTTP/1.1" 200 43570 "http://news.mantaraham.ir/search.php?category/20_21/52" "Mozilla/5.0 AppleWebKit/537.36 (KHTML, like Gecko; compatible; GPTBot/1.3; +https://openai.com/gptbot)"
74.7.227.12 - - [23/Mar/2026:17:17:31 +0330] "GET /search.php?l=17409&product/I285?m=search HTTP/1.1" 200 43976 "http://news.mantaraham.ir/search.php?category/20_21/53" "Mozilla/5.0 AppleWebKit/537.36 (KHTML, like Gecko; compatible; GPTBot/1.3; +https://openai.com/gptbot)"
74.7.227.12 - - [23/Mar/2026:17:17:32 +0330] "GET /search.php?l=48724&product/B26?z=search HTTP/1.1" 200 44388 "http://news.mantaraham.ir/search.php?l=34797&product/H268?b=search" "Mozilla/5.0 AppleWebKit/537.36 (KHTML, like Gecko; compatible; GPTBot/1.3; +https://openai.com/gptbot)"
142.93.208.146 - - [23/Mar/2026:17:17:30 +0330] "GET /wp-includes/js/codemirror/about.php HTTP/1.1" 200 21125 "-" "Mozilla/5.0 (Windows NT 10.0; Win64; x64) AppleWebKit/537.36 (KHTML, like Gecko) Chrome/90.0.4430.85 Safari/537.36"
74.7.227.12 - - [23/Mar/2026:17:17:34 +0330] "GET /search.php?l=15430&product/F278?m=search HTTP/1.1" 200 41874 "http://news.mantaraham.ir/search.php?category/20_21/53" "Mozilla/5.0 AppleWebKit/537.36 (KHTML, like Gecko; compatible; GPTBot/1.3; +https://openai.com/gptbot)"
74.7.227.12 - - [23/Mar/2026:17:17:35 +0330] "GET /search.php?l=23892&product/Z70?n=search HTTP/1.1" 200 44080 "http://news.mantaraham.ir/search.php?l=32095&product/Z286?i=search" "Mozilla/5.0 AppleWebKit/537.36 (KHTML, like Gecko; compatible; GPTBot/1.3; +https://openai.com/gptbot)"
74.7.227.12 - - [23/Mar/2026:17:17:37 +0330] "GET /search.php?detail/017046766450 HTTP/1.1" 200 44205 "http://news.mantaraham.ir/search.php?l=36678&product/J51?z=search" "Mozilla/5.0 AppleWebKit/537.36 (KHTML, like Gecko; compatible; GPTBot/1.3; +https://openai.com/gptbot)"
74.7.227.12 - - [23/Mar/2026:17:17:38 +0330] "GET /search.php?l=11511&product/F55?t=search HTTP/1.1" 200 43816 "http://news.mantaraham.ir/search.php?l=34869&product/S278?f=search" "Mozilla/5.0 AppleWebKit/537.36 (KHTML, like Gecko; compatible; GPTBot/1.3; +https://openai.com/gptbot)"
74.7.227.12 - - [23/Mar/2026:17:17:40 +0330] "GET /search.php?detail/06700036430750 HTTP/1.1" 200 43056 "http://news.mantaraham.ir/search.php?detail/067007033499" "Mozilla/5.0 AppleWebKit/537.36 (KHTML, like Gecko; compatible; GPTBot/1.3; +https://openai.com/gptbot)"
74.7.227.12 - - [23/Mar/2026:17:17:41 +0330] "GET /search.php?detail/0670106579845 HTTP/1.1" 200 43061 "http://news.mantaraham.ir/search.php?detail/067007033499" "Mozilla/5.0 AppleWebKit/537.36 (KHTML, like Gecko; compatible; GPTBot/1.3; +https://openai.com/gptbot)"
74.7.227.12 - - [23/Mar/2026:17:17:43 +0330] "GET /search.php?detail/0670038703141 HTTP/1.1" 200 42125 "http://news.mantaraham.ir/search.php?detail/067007033499" "Mozilla/5.0 AppleWebKit/537.36 (KHTML, like Gecko; compatible; GPTBot/1.3; +https://openai.com/gptbot)"
142.93.208.146 - - [23/Mar/2026:17:17:40 +0330] "POST /wp-includes/js/codemirror/about.php HTTP/1.1" 200 21125 "http://news.mantaraham.ir/wp-includes/js/codemirror/about.php" "Mozilla/5.0 (Windows NT 10.0; Win64; x64) AppleWebKit/537.36 (KHTML, like Gecko) Chrome/90.0.4430.85 Safari/537.36"
74.7.227.12 - - [23/Mar/2026:17:17:44 +0330] "GET /search.php?detail/06702826400170 HTTP/1.1" 200 42671 "http://news.mantaraham.ir/search.php?detail/067007033499" "Mozilla/5.0 AppleWebKit/537.36 (KHTML, like Gecko; compatible; GPTBot/1.3; +https://openai.com/gptbot)"
74.7.227.12 - - [23/Mar/2026:17:17:46 +0330] "GET /search.php?detail/0330172293573 HTTP/1.1" 200 43558 "http://news.mantaraham.ir/search.php?l=41719&product/Z274?r=search" "Mozilla/5.0 AppleWebKit/537.36 (KHTML, like Gecko; compatible; GPTBot/1.3; +https://openai.com/gptbot)"
74.7.227.12 - - [23/Mar/2026:17:17:47 +0330] "GET /search.php?l=26966&product/E62?r=search HTTP/1.1" 200 43996 "http://news.mantaraham.ir/search.php?l=17409&product/I285?m=search" "Mozilla/5.0 AppleWebKit/537.36 (KHTML, like Gecko; compatible; GPTBot/1.3; +https://openai.com/gptbot)"
74.7.227.12 - - [23/Mar/2026:17:17:48 +0330] "GET /search.php?l=26714&product/K62?z=search HTTP/1.1" 200 43667 "http://news.mantaraham.ir/search.php?l=17409&product/I285?m=search" "Mozilla/5.0 AppleWebKit/537.36 (KHTML, like Gecko; compatible; GPTBot/1.3; +https://openai.com/gptbot)"
74.7.227.12 - - [23/Mar/2026:17:17:50 +0330] "GET /search.php?detail/054000815760 HTTP/1.1" 200 41836 "http://news.mantaraham.ir/search.php?l=15430&product/F278?m=search" "Mozilla/5.0 AppleWebKit/537.36 (KHTML, like Gecko; compatible; GPTBot/1.3; +https://openai.com/gptbot)"
74.7.227.12 - - [23/Mar/2026:17:17:51 +0330] "GET /search.php?l=15422&product/C278?c=search HTTP/1.1" 200 42444 "http://news.mantaraham.ir/search.php?category/20_21/52" "Mozilla/5.0 AppleWebKit/537.36 (KHTML, like Gecko; compatible; GPTBot/1.3; +https://openai.com/gptbot)"
74.7.227.12 - - [23/Mar/2026:17:17:52 +0330] "GET /search.php?detail/0170079360755 HTTP/1.1" 200 44036 "http://news.mantaraham.ir/search.php?detail/017046766450" "Mozilla/5.0 AppleWebKit/537.36 (KHTML, like Gecko; compatible; GPTBot/1.3; +https://openai.com/gptbot)"
74.7.227.12 - - [23/Mar/2026:17:17:54 +0330] "GET /search.php?detail/0590005337193 HTTP/1.1" 200 43350 "http://news.mantaraham.ir/search.php?l=11511&product/F55?t=search" "Mozilla/5.0 AppleWebKit/537.36 (KHTML, like Gecko; compatible; GPTBot/1.3; +https://openai.com/gptbot)"
74.7.227.12 - - [23/Mar/2026:17:17:55 +0330] "GET /search.php?detail/06700077582930 HTTP/1.1" 200 42657 "http://news.mantaraham.ir/search.php?detail/06700036430750" "Mozilla/5.0 AppleWebKit/537.36 (KHTML, like Gecko; compatible; GPTBot/1.3; +https://openai.com/gptbot)"
74.7.227.12 - - [23/Mar/2026:17:17:57 +0330] "GET /search.php?detail/0590005329785 HTTP/1.1" 200 43389 "http://news.mantaraham.ir/search.php?l=11511&product/F55?t=search" "Mozilla/5.0 AppleWebKit/537.36 (KHTML, like Gecko; compatible; GPTBot/1.3; +https://openai.com/gptbot)"
74.7.227.12 - - [23/Mar/2026:17:17:58 +0330] "GET /search.php?detail/067007042856 HTTP/1.1" 200 42666 "http://news.mantaraham.ir/search.php?detail/0670038703141" "Mozilla/5.0 AppleWebKit/537.36 (KHTML, like Gecko; compatible; GPTBot/1.3; +https://openai.com/gptbot)"
74.7.227.12 - - [23/Mar/2026:17:18:00 +0330] "GET /search.php?detail/0170079390977 HTTP/1.1" 200 43855 "http://news.mantaraham.ir/search.php?detail/017046766450" "Mozilla/5.0 AppleWebKit/537.36 (KHTML, like Gecko; compatible; GPTBot/1.3; +https://openai.com/gptbot)"
74.7.227.12 - - [23/Mar/2026:17:18:01 +0330] "GET /search.php?detail/033000850524 HTTP/1.1" 200 43395 "http://news.mantaraham.ir/search.php?detail/0330172293573" "Mozilla/5.0 AppleWebKit/537.36 (KHTML, like Gecko; compatible; GPTBot/1.3; +https://openai.com/gptbot)"
74.7.227.12 - - [23/Mar/2026:17:18:03 +0330] "GET /search.php?detail/033031006659 HTTP/1.1" 200 43538 "http://news.mantaraham.ir/search.php?detail/0330172293573" "Mozilla/5.0 AppleWebKit/537.36 (KHTML, like Gecko; compatible; GPTBot/1.3; +https://openai.com/gptbot)"
74.7.227.12 - - [23/Mar/2026:17:18:04 +0330] "GET /search.php?detail/0560155355866 HTTP/1.1" 200 43861 "http://news.mantaraham.ir/search.php?l=26966&product/E62?r=search" "Mozilla/5.0 AppleWebKit/537.36 (KHTML, like Gecko; compatible; GPTBot/1.3; +https://openai.com/gptbot)"
74.7.227.12 - - [23/Mar/2026:17:18:06 +0330] "GET /search.php?detail/054000813235 HTTP/1.1" 200 41985 "http://news.mantaraham.ir/search.php?detail/054000815760" "Mozilla/5.0 AppleWebKit/537.36 (KHTML, like Gecko; compatible; GPTBot/1.3; +https://openai.com/gptbot)"
74.7.227.12 - - [23/Mar/2026:17:18:07 +0330] "GET /search.php?detail/033031007624 HTTP/1.1" 200 43812 "http://news.mantaraham.ir/search.php?detail/0330172293573" "Mozilla/5.0 AppleWebKit/537.36 (KHTML, like Gecko; compatible; GPTBot/1.3; +https://openai.com/gptbot)"
74.7.227.12 - - [23/Mar/2026:17:18:09 +0330] "GET /search.php?detail/0170008027660 HTTP/1.1" 200 43543 "http://news.mantaraham.ir/search.php?detail/0170079360755" "Mozilla/5.0 AppleWebKit/537.36 (KHTML, like Gecko; compatible; GPTBot/1.3; +https://openai.com/gptbot)"
74.7.227.12 - - [23/Mar/2026:17:18:10 +0330] "GET /search.php?detail/0170080027510 HTTP/1.1" 200 43945 "http://news.mantaraham.ir/search.php?detail/0170079360755" "Mozilla/5.0 AppleWebKit/537.36 (KHTML, like Gecko; compatible; GPTBot/1.3; +https://openai.com/gptbot)"
142.93.208.146 - - [23/Mar/2026:17:18:11 +0330] "GET /wp-includes/js/codemirror/alfa-rex.php HTTP/1.1" 403 787 "binance.com" "Mozilla/5.0 (Windows NT 10.0; Win64; x64) AppleWebKit/537.36 (KHTML, like Gecko) Chrome/90.0.4430.85 Safari/537.36"
74.7.227.12 - - [23/Mar/2026:17:18:11 +0330] "GET /search.php?detail/01700887300570 HTTP/1.1" 200 43722 "http://news.mantaraham.ir/search.php?detail/0170079360755" "Mozilla/5.0 AppleWebKit/537.36 (KHTML, like Gecko; compatible; GPTBot/1.3; +https://openai.com/gptbot)"
