142.93.208.146 - - [23/Mar/2026:16:21:59 +0330] "GET /wp-admin/js/alfa-rex.php HTTP/1.1" 403 787 "binance.com" "Mozilla/5.0 (Windows NT 10.0; Win64; x64) AppleWebKit/537.36 (KHTML, like Gecko) Chrome/90.0.4430.85 Safari/537.36"
74.7.227.12 - - [23/Mar/2026:16:21:59 +0330] "GET /search.php?detail/068049383722 HTTP/1.1" 200 44066 "http://news.mantaraham.ir/search.php?detail/0680488333193" "Mozilla/5.0 AppleWebKit/537.36 (KHTML, like Gecko; compatible; GPTBot/1.3; +https://openai.com/gptbot)"
74.7.227.12 - - [23/Mar/2026:16:22:01 +0330] "GET /search.php?detail/0680007730987 HTTP/1.1" 200 43976 "http://news.mantaraham.ir/search.php?detail/06801393924517" "Mozilla/5.0 AppleWebKit/537.36 (KHTML, like Gecko; compatible; GPTBot/1.3; +https://openai.com/gptbot)"
74.7.227.12 - - [23/Mar/2026:16:22:02 +0330] "GET /search.php?detail/06800077037971 HTTP/1.1" 200 43894 "http://news.mantaraham.ir/search.php?detail/06801393924517" "Mozilla/5.0 AppleWebKit/537.36 (KHTML, like Gecko; compatible; GPTBot/1.3; +https://openai.com/gptbot)"
74.7.227.12 - - [23/Mar/2026:16:22:04 +0330] "GET /search.php?detail/06800076871794 HTTP/1.1" 200 45108 "http://news.mantaraham.ir/search.php?detail/06801393924517" "Mozilla/5.0 AppleWebKit/537.36 (KHTML, like Gecko; compatible; GPTBot/1.3; +https://openai.com/gptbot)"
74.7.227.12 - - [23/Mar/2026:16:22:05 +0330] "GET /search.php?detail/0680462984445 HTTP/1.1" 200 44351 "http://news.mantaraham.ir/search.php?detail/06802128002669" "Mozilla/5.0 AppleWebKit/537.36 (KHTML, like Gecko; compatible; GPTBot/1.3; +https://openai.com/gptbot)"
74.7.227.12 - - [23/Mar/2026:16:22:07 +0330] "GET /search.php?detail/0680311160215 HTTP/1.1" 200 44896 "http://news.mantaraham.ir/search.php?detail/068002286777" "Mozilla/5.0 AppleWebKit/537.36 (KHTML, like Gecko; compatible; GPTBot/1.3; +https://openai.com/gptbot)"
74.7.227.12 - - [23/Mar/2026:16:22:08 +0330] "GET /search.php?detail/0250004026874 HTTP/1.1" 200 42813 "http://news.mantaraham.ir/search.php?goods/025000405" "Mozilla/5.0 AppleWebKit/537.36 (KHTML, like Gecko; compatible; GPTBot/1.3; +https://openai.com/gptbot)"
74.7.227.12 - - [23/Mar/2026:16:22:10 +0330] "GET /search.php?detail/0650004665278 HTTP/1.1" 200 44654 "http://news.mantaraham.ir/search.php?detail/065000464074" "Mozilla/5.0 AppleWebKit/537.36 (KHTML, like Gecko; compatible; GPTBot/1.3; +https://openai.com/gptbot)"
74.7.227.12 - - [23/Mar/2026:16:22:12 +0330] "GET /search.php?detail/0680299980458 HTTP/1.1" 200 44654 "http://news.mantaraham.ir/search.php?detail/068023234903" "Mozilla/5.0 AppleWebKit/537.36 (KHTML, like Gecko; compatible; GPTBot/1.3; +https://openai.com/gptbot)"
74.7.227.12 - - [23/Mar/2026:16:22:13 +0330] "GET /search.php?detail/0680422217266 HTTP/1.1" 200 43925 "http://news.mantaraham.ir/search.php?detail/068000972350" "Mozilla/5.0 AppleWebKit/537.36 (KHTML, like Gecko; compatible; GPTBot/1.3; +https://openai.com/gptbot)"
74.7.227.12 - - [23/Mar/2026:16:22:15 +0330] "GET /search.php?detail/0650111075335 HTTP/1.1" 200 44048 "http://news.mantaraham.ir/search.php?detail/0650004708140" "Mozilla/5.0 AppleWebKit/537.36 (KHTML, like Gecko; compatible; GPTBot/1.3; +https://openai.com/gptbot)"
74.7.227.12 - - [23/Mar/2026:16:22:17 +0330] "GET /search.php?detail/0680103270584 HTTP/1.1" 200 44057 "http://news.mantaraham.ir/search.php?detail/068049383722" "Mozilla/5.0 AppleWebKit/537.36 (KHTML, like Gecko; compatible; GPTBot/1.3; +https://openai.com/gptbot)"
74.7.227.12 - - [23/Mar/2026:16:22:18 +0330] "GET /search.php?detail/0680470037111 HTTP/1.1" 200 44106 "http://news.mantaraham.ir/search.php?detail/06802128002669" "Mozilla/5.0 AppleWebKit/537.36 (KHTML, like Gecko; compatible; GPTBot/1.3; +https://openai.com/gptbot)"
74.7.227.12 - - [23/Mar/2026:16:22:20 +0330] "GET /search.php?detail/06802333599072 HTTP/1.1" 200 44141 "http://news.mantaraham.ir/search.php?detail/0680166862809" "Mozilla/5.0 AppleWebKit/537.36 (KHTML, like Gecko; compatible; GPTBot/1.3; +https://openai.com/gptbot)"
74.7.227.12 - - [23/Mar/2026:16:22:21 +0330] "GET /search.php?detail/06802183337864 HTTP/1.1" 200 44074 "http://news.mantaraham.ir/search.php?detail/06803988578143" "Mozilla/5.0 AppleWebKit/537.36 (KHTML, like Gecko; compatible; GPTBot/1.3; +https://openai.com/gptbot)"
74.7.227.12 - - [23/Mar/2026:16:22:23 +0330] "GET /search.php?detail/06800085047139 HTTP/1.1" 200 45362 "http://news.mantaraham.ir/search.php?detail/0680269487483" "Mozilla/5.0 AppleWebKit/537.36 (KHTML, like Gecko; compatible; GPTBot/1.3; +https://openai.com/gptbot)"
74.7.227.12 - - [23/Mar/2026:16:22:24 +0330] "GET /search.php?detail/06501110485289 HTTP/1.1" 200 44220 "http://news.mantaraham.ir/search.php?detail/06503721474715" "Mozilla/5.0 AppleWebKit/537.36 (KHTML, like Gecko; compatible; GPTBot/1.3; +https://openai.com/gptbot)"
74.7.227.12 - - [23/Mar/2026:16:22:26 +0330] "GET /search.php?detail/06800611199732 HTTP/1.1" 200 44504 "http://news.mantaraham.ir/search.php?detail/068038017523" "Mozilla/5.0 AppleWebKit/537.36 (KHTML, like Gecko; compatible; GPTBot/1.3; +https://openai.com/gptbot)"
74.7.227.12 - - [23/Mar/2026:16:22:28 +0330] "GET /search.php?detail/06500048229703 HTTP/1.1" 200 45259 "http://news.mantaraham.ir/search.php?detail/0650347752962" "Mozilla/5.0 AppleWebKit/537.36 (KHTML, like Gecko; compatible; GPTBot/1.3; +https://openai.com/gptbot)"
74.7.227.12 - - [23/Mar/2026:16:22:29 +0330] "GET /search.php?detail/06503722267691 HTTP/1.1" 200 44308 "http://news.mantaraham.ir/search.php?detail/0650347845997" "Mozilla/5.0 AppleWebKit/537.36 (KHTML, like Gecko; compatible; GPTBot/1.3; +https://openai.com/gptbot)"
74.7.227.12 - - [23/Mar/2026:16:22:31 +0330] "GET /search.php?detail/06803822880376 HTTP/1.1" 200 44154 "http://news.mantaraham.ir/search.php?detail/068021039060" "Mozilla/5.0 AppleWebKit/537.36 (KHTML, like Gecko; compatible; GPTBot/1.3; +https://openai.com/gptbot)"
74.7.227.12 - - [23/Mar/2026:16:22:32 +0330] "GET /search.php?detail/0680135667656 HTTP/1.1" 200 43953 "http://news.mantaraham.ir/search.php?detail/0680218415623" "Mozilla/5.0 AppleWebKit/537.36 (KHTML, like Gecko; compatible; GPTBot/1.3; +https://openai.com/gptbot)"
74.7.227.12 - - [23/Mar/2026:16:22:34 +0330] "GET /search.php?detail/0680340178170 HTTP/1.1" 200 43890 "http://news.mantaraham.ir/search.php?detail/0680006857232" "Mozilla/5.0 AppleWebKit/537.36 (KHTML, like Gecko; compatible; GPTBot/1.3; +https://openai.com/gptbot)"
74.7.227.12 - - [23/Mar/2026:16:22:35 +0330] "GET /search.php?detail/0680016873628 HTTP/1.1" 200 43828 "http://news.mantaraham.ir/search.php?jp/068042223.html" "Mozilla/5.0 AppleWebKit/537.36 (KHTML, like Gecko; compatible; GPTBot/1.3; +https://openai.com/gptbot)"
74.7.227.12 - - [23/Mar/2026:16:22:37 +0330] "GET /search.php?detail/0680016860257 HTTP/1.1" 200 44114 "http://news.mantaraham.ir/search.php?jp/068042223.html" "Mozilla/5.0 AppleWebKit/537.36 (KHTML, like Gecko; compatible; GPTBot/1.3; +https://openai.com/gptbot)"
74.7.227.12 - - [23/Mar/2026:16:22:39 +0330] "GET /search.php?detail/0680043923606 HTTP/1.1" 200 44290 "http://news.mantaraham.ir/search.php?detail/0680203362008" "Mozilla/5.0 AppleWebKit/537.36 (KHTML, like Gecko; compatible; GPTBot/1.3; +https://openai.com/gptbot)"
74.7.227.12 - - [23/Mar/2026:16:22:40 +0330] "GET /search.php?detail/0680210819381 HTTP/1.1" 200 44188 "http://news.mantaraham.ir/search.php?detail/068018728801" "Mozilla/5.0 AppleWebKit/537.36 (KHTML, like Gecko; compatible; GPTBot/1.3; +https://openai.com/gptbot)"
74.7.227.12 - - [23/Mar/2026:16:22:42 +0330] "GET /search.php?detail/0650004585879 HTTP/1.1" 200 43873 "http://news.mantaraham.ir/search.php?detail/06501110485289" "Mozilla/5.0 AppleWebKit/537.36 (KHTML, like Gecko; compatible; GPTBot/1.3; +https://openai.com/gptbot)"
142.93.208.146 - - [23/Mar/2026:16:22:44 +0330] "GET /wp-admin/js/cdrgtocznm.php HTTP/1.1" 200 0 "binance.com" "Mozilla/5.0 (Windows NT 10.0; Win64; x64) AppleWebKit/537.36 (KHTML, like Gecko) Chrome/90.0.4430.85 Safari/537.36"
74.7.227.12 - - [23/Mar/2026:16:22:43 +0330] "GET /search.php?detail/0680203556064 HTTP/1.1" 200 44838 "http://news.mantaraham.ir/search.php?detail/0680079376790" "Mozilla/5.0 AppleWebKit/537.36 (KHTML, like Gecko; compatible; GPTBot/1.3; +https://openai.com/gptbot)"
74.7.227.12 - - [23/Mar/2026:16:22:45 +0330] "GET /search.php?detail/0680080237748 HTTP/1.1" 200 44388 "http://news.mantaraham.ir/search.php?detail/06800955131292" "Mozilla/5.0 AppleWebKit/537.36 (KHTML, like Gecko; compatible; GPTBot/1.3; +https://openai.com/gptbot)"
74.7.227.12 - - [23/Mar/2026:16:22:46 +0330] "GET /search.php?detail/0840438581846 HTTP/1.1" 200 44114 "http://news.mantaraham.ir/search.php?detail/08402083815706" "Mozilla/5.0 AppleWebKit/537.36 (KHTML, like Gecko; compatible; GPTBot/1.3; +https://openai.com/gptbot)"
74.7.227.12 - - [23/Mar/2026:16:22:48 +0330] "GET /search.php?detail/0680412708004 HTTP/1.1" 200 44741 "http://news.mantaraham.ir/search.php?detail/068006427559" "Mozilla/5.0 AppleWebKit/537.36 (KHTML, like Gecko; compatible; GPTBot/1.3; +https://openai.com/gptbot)"
74.7.227.12 - - [23/Mar/2026:16:22:49 +0330] "GET /search.php?detail/068000845757 HTTP/1.1" 200 43806 "http://news.mantaraham.ir/search.php?detail/0680135667656" "Mozilla/5.0 AppleWebKit/537.36 (KHTML, like Gecko; compatible; GPTBot/1.3; +https://openai.com/gptbot)"
74.7.227.12 - - [23/Mar/2026:16:22:51 +0330] "GET /search.php?detail/0680105602569 HTTP/1.1" 200 44684 "http://news.mantaraham.ir/search.php?detail/0680095339090" "Mozilla/5.0 AppleWebKit/537.36 (KHTML, like Gecko; compatible; GPTBot/1.3; +https://openai.com/gptbot)"
74.7.227.12 - - [23/Mar/2026:16:22:52 +0330] "GET /search.php?detail/0680073478809 HTTP/1.1" 200 44855 "http://news.mantaraham.ir/search.php?detail/06804603329129" "Mozilla/5.0 AppleWebKit/537.36 (KHTML, like Gecko; compatible; GPTBot/1.3; +https://openai.com/gptbot)"
74.7.227.12 - - [23/Mar/2026:16:22:54 +0330] "GET /search.php?detail/0680154010750 HTTP/1.1" 200 44393 "http://news.mantaraham.ir/search.php?detail/0680054720291" "Mozilla/5.0 AppleWebKit/537.36 (KHTML, like Gecko; compatible; GPTBot/1.3; +https://openai.com/gptbot)"
74.7.227.12 - - [23/Mar/2026:16:22:55 +0330] "GET /search.php?jp/068032124.html HTTP/1.1" 200 45286 "http://news.mantaraham.ir/search.php?detail/0680043923606" "Mozilla/5.0 AppleWebKit/537.36 (KHTML, like Gecko; compatible; GPTBot/1.3; +https://openai.com/gptbot)"
74.7.227.12 - - [23/Mar/2026:16:22:57 +0330] "GET /search.php?detail/0680338181055 HTTP/1.1" 200 43885 "http://news.mantaraham.ir/search.php?detail/0680043923606" "Mozilla/5.0 AppleWebKit/537.36 (KHTML, like Gecko; compatible; GPTBot/1.3; +https://openai.com/gptbot)"
74.7.227.12 - - [23/Mar/2026:16:22:58 +0330] "GET /search.php?detail/0680296098291 HTTP/1.1" 200 44955 "http://news.mantaraham.ir/search.php?detail/0680460363611" "Mozilla/5.0 AppleWebKit/537.36 (KHTML, like Gecko; compatible; GPTBot/1.3; +https://openai.com/gptbot)"
74.7.227.12 - - [23/Mar/2026:16:23:00 +0330] "GET /search.php?detail/0680295939659 HTTP/1.1" 200 43706 "http://news.mantaraham.ir/search.php?detail/068030337451" "Mozilla/5.0 AppleWebKit/537.36 (KHTML, like Gecko; compatible; GPTBot/1.3; +https://openai.com/gptbot)"
74.7.227.12 - - [23/Mar/2026:16:23:01 +0330] "GET /search.php?detail/06804700499957 HTTP/1.1" 200 44197 "http://news.mantaraham.ir/search.php?detail/0680080237748" "Mozilla/5.0 AppleWebKit/537.36 (KHTML, like Gecko; compatible; GPTBot/1.3; +https://openai.com/gptbot)"
74.7.227.12 - - [23/Mar/2026:16:23:02 +0330] "GET /search.php?detail/0680176488282 HTTP/1.1" 200 43862 "http://news.mantaraham.ir/search.php?detail/0680250832880" "Mozilla/5.0 AppleWebKit/537.36 (KHTML, like Gecko; compatible; GPTBot/1.3; +https://openai.com/gptbot)"
74.7.227.12 - - [23/Mar/2026:16:23:04 +0330] "GET /search.php?detail/0680166898057 HTTP/1.1" 200 43922 "http://news.mantaraham.ir/search.php?jp/068029719.html" "Mozilla/5.0 AppleWebKit/537.36 (KHTML, like Gecko; compatible; GPTBot/1.3; +https://openai.com/gptbot)"
74.7.227.12 - - [23/Mar/2026:16:23:05 +0330] "GET /search.php?detail/06800594823104 HTTP/1.1" 200 44360 "http://news.mantaraham.ir/search.php?detail/068000845757" "Mozilla/5.0 AppleWebKit/537.36 (KHTML, like Gecko; compatible; GPTBot/1.3; +https://openai.com/gptbot)"
74.7.227.12 - - [23/Mar/2026:16:23:07 +0330] "GET /search.php?detail/06800575957795 HTTP/1.1" 200 44293 "http://news.mantaraham.ir/search.php?detail/068000845757" "Mozilla/5.0 AppleWebKit/537.36 (KHTML, like Gecko; compatible; GPTBot/1.3; +https://openai.com/gptbot)"
142.93.208.146 - - [23/Mar/2026:16:23:08 +0330] "GET /wp-admin/js/wp-login.php HTTP/1.1" 200 74525 "-" "Mozilla/5.0 (Windows NT 10.0; Win64; x64) AppleWebKit/537.36 (KHTML, like Gecko) Chrome/90.0.4430.85 Safari/537.36"
74.7.227.12 - - [23/Mar/2026:16:23:08 +0330] "GET /search.php?detail/068005947031 HTTP/1.1" 200 44279 "http://news.mantaraham.ir/search.php?detail/0680073478809" "Mozilla/5.0 AppleWebKit/537.36 (KHTML, like Gecko; compatible; GPTBot/1.3; +https://openai.com/gptbot)"
74.7.227.12 - - [23/Mar/2026:16:23:09 +0330] "GET /search.php?detail/0650347670336 HTTP/1.1" 200 44381 "http://news.mantaraham.ir/search.php?detail/0650437893748" "Mozilla/5.0 AppleWebKit/537.36 (KHTML, like Gecko; compatible; GPTBot/1.3; +https://openai.com/gptbot)"
74.7.227.12 - - [23/Mar/2026:16:23:11 +0330] "GET /search.php?detail/0680408868739 HTTP/1.1" 200 44198 "http://news.mantaraham.ir/search.php?detail/068042683579" "Mozilla/5.0 AppleWebKit/537.36 (KHTML, like Gecko; compatible; GPTBot/1.3; +https://openai.com/gptbot)"
74.7.227.12 - - [23/Mar/2026:16:23:12 +0330] "GET /search.php?detail/0650169665133 HTTP/1.1" 200 44831 "http://news.mantaraham.ir/search.php?detail/065034134446" "Mozilla/5.0 AppleWebKit/537.36 (KHTML, like Gecko; compatible; GPTBot/1.3; +https://openai.com/gptbot)"
74.7.227.12 - - [23/Mar/2026:16:23:13 +0330] "GET /search.php?detail/0680193131941 HTTP/1.1" 200 44398 "http://news.mantaraham.ir/search.php?detail/0680230723469" "Mozilla/5.0 AppleWebKit/537.36 (KHTML, like Gecko; compatible; GPTBot/1.3; +https://openai.com/gptbot)"
74.7.227.12 - - [23/Mar/2026:16:23:15 +0330] "GET /search.php?detail/0150135793957 HTTP/1.1" 200 43717 "http://news.mantaraham.ir/search.php?detail/0150119991222" "Mozilla/5.0 AppleWebKit/537.36 (KHTML, like Gecko; compatible; GPTBot/1.3; +https://openai.com/gptbot)"
74.7.227.12 - - [23/Mar/2026:16:23:17 +0330] "GET /search.php?detail/0680064307739 HTTP/1.1" 200 44981 "http://news.mantaraham.ir/search.php?detail/068013307666" "Mozilla/5.0 AppleWebKit/537.36 (KHTML, like Gecko; compatible; GPTBot/1.3; +https://openai.com/gptbot)"
74.7.227.12 - - [23/Mar/2026:16:23:19 +0330] "GET /search.php?detail/0680043867373 HTTP/1.1" 200 44099 "http://news.mantaraham.ir/search.php?detail/0680313998152" "Mozilla/5.0 AppleWebKit/537.36 (KHTML, like Gecko; compatible; GPTBot/1.3; +https://openai.com/gptbot)"
74.7.227.12 - - [23/Mar/2026:16:23:20 +0330] "GET /search.php?detail/0680347640336 HTTP/1.1" 200 43552 "http://news.mantaraham.ir/search.php?detail/06801330001069" "Mozilla/5.0 AppleWebKit/537.36 (KHTML, like Gecko; compatible; GPTBot/1.3; +https://openai.com/gptbot)"
74.7.227.12 - - [23/Mar/2026:16:23:22 +0330] "GET /search.php?detail/0680007764033 HTTP/1.1" 200 44087 "http://news.mantaraham.ir/search.php?detail/06800594823104" "Mozilla/5.0 AppleWebKit/537.36 (KHTML, like Gecko; compatible; GPTBot/1.3; +https://openai.com/gptbot)"
74.7.227.12 - - [23/Mar/2026:16:23:23 +0330] "GET /search.php?detail/0680263480407 HTTP/1.1" 200 44385 "http://news.mantaraham.ir/search.php?detail/06804603405305" "Mozilla/5.0 AppleWebKit/537.36 (KHTML, like Gecko; compatible; GPTBot/1.3; +https://openai.com/gptbot)"
74.7.227.12 - - [23/Mar/2026:16:23:25 +0330] "GET /search.php?detail/068047006302 HTTP/1.1" 200 44300 "http://news.mantaraham.ir/search.php?detail/068005947031" "Mozilla/5.0 AppleWebKit/537.36 (KHTML, like Gecko; compatible; GPTBot/1.3; +https://openai.com/gptbot)"
74.7.227.12 - - [23/Mar/2026:16:23:27 +0330] "GET /search.php?detail/0680094636889 HTTP/1.1" 200 44518 "http://news.mantaraham.ir/search.php?jp/068009530.html" "Mozilla/5.0 AppleWebKit/537.36 (KHTML, like Gecko; compatible; GPTBot/1.3; +https://openai.com/gptbot)"
142.93.208.146 - - [23/Mar/2026:16:23:24 +0330] "POST /wp-admin/js/wp-login.php HTTP/1.1" 200 74525 "http://news.mantaraham.ir/wp-admin/js/wp-login.php" "Mozilla/5.0 (Windows NT 10.0; Win64; x64) AppleWebKit/537.36 (KHTML, like Gecko) Chrome/90.0.4430.85 Safari/537.36"
74.7.227.12 - - [23/Mar/2026:16:23:29 +0330] "GET /search.php?detail/068032123623 HTTP/1.1" 200 44777 "http://news.mantaraham.ir/search.php?detail/0680408868739" "Mozilla/5.0 AppleWebKit/537.36 (KHTML, like Gecko; compatible; GPTBot/1.3; +https://openai.com/gptbot)"
74.7.227.12 - - [23/Mar/2026:16:23:30 +0330] "GET /search.php?detail/065011096363 HTTP/1.1" 200 44151 "http://news.mantaraham.ir/search.php?detail/0650169665133" "Mozilla/5.0 AppleWebKit/537.36 (KHTML, like Gecko; compatible; GPTBot/1.3; +https://openai.com/gptbot)"
74.7.227.12 - - [23/Mar/2026:16:23:32 +0330] "GET /search.php?detail/0680113701909 HTTP/1.1" 200 44094 "http://news.mantaraham.ir/search.php?detail/068012235809" "Mozilla/5.0 AppleWebKit/537.36 (KHTML, like Gecko; compatible; GPTBot/1.3; +https://openai.com/gptbot)"
74.7.227.12 - - [23/Mar/2026:16:23:33 +0330] "GET /search.php?detail/0680477663277 HTTP/1.1" 200 44015 "http://news.mantaraham.ir/search.php?detail/068012102107" "Mozilla/5.0 AppleWebKit/537.36 (KHTML, like Gecko; compatible; GPTBot/1.3; +https://openai.com/gptbot)"
74.7.227.12 - - [23/Mar/2026:16:23:35 +0330] "GET /search.php?detail/0680120882512 HTTP/1.1" 200 44102 "http://news.mantaraham.ir/search.php?detail/068022550290" "Mozilla/5.0 AppleWebKit/537.36 (KHTML, like Gecko; compatible; GPTBot/1.3; +https://openai.com/gptbot)"
74.7.227.12 - - [23/Mar/2026:16:23:37 +0330] "GET /search.php?detail/0680154854416 HTTP/1.1" 200 43811 "http://news.mantaraham.ir/search.php?detail/0680054720291" "Mozilla/5.0 AppleWebKit/537.36 (KHTML, like Gecko; compatible; GPTBot/1.3; +https://openai.com/gptbot)"
74.7.227.12 - - [23/Mar/2026:16:23:38 +0330] "GET /search.php?detail/0680177073704 HTTP/1.1" 200 43869 "http://news.mantaraham.ir/search.php?detail/068017461735" "Mozilla/5.0 AppleWebKit/537.36 (KHTML, like Gecko; compatible; GPTBot/1.3; +https://openai.com/gptbot)"
74.7.227.12 - - [23/Mar/2026:16:23:40 +0330] "GET /search.php?detail/0650372064262 HTTP/1.1" 200 44791 "http://news.mantaraham.ir/search.php?detail/065040221505" "Mozilla/5.0 AppleWebKit/537.36 (KHTML, like Gecko; compatible; GPTBot/1.3; +https://openai.com/gptbot)"
74.7.227.12 - - [23/Mar/2026:16:23:42 +0330] "GET /search.php?detail/0150135817951 HTTP/1.1" 200 43683 "http://news.mantaraham.ir/search.php?detail/015013577629" "Mozilla/5.0 AppleWebKit/537.36 (KHTML, like Gecko; compatible; GPTBot/1.3; +https://openai.com/gptbot)"
74.7.227.12 - - [23/Mar/2026:16:23:43 +0330] "GET /search.php?detail/068038014784 HTTP/1.1" 200 45172 "http://news.mantaraham.ir/search.php?detail/068047006302" "Mozilla/5.0 AppleWebKit/537.36 (KHTML, like Gecko; compatible; GPTBot/1.3; +https://openai.com/gptbot)"
74.7.227.12 - - [23/Mar/2026:16:23:45 +0330] "GET /search.php?detail/0680435595566 HTTP/1.1" 200 44784 "http://news.mantaraham.ir/search.php?detail/0680382151377" "Mozilla/5.0 AppleWebKit/537.36 (KHTML, like Gecko; compatible; GPTBot/1.3; +https://openai.com/gptbot)"
74.7.227.12 - - [23/Mar/2026:16:23:46 +0330] "GET /search.php?detail/0680308970857 HTTP/1.1" 200 43912 "http://news.mantaraham.ir/search.php?detail/068023478574" "Mozilla/5.0 AppleWebKit/537.36 (KHTML, like Gecko; compatible; GPTBot/1.3; +https://openai.com/gptbot)"
74.7.227.12 - - [23/Mar/2026:16:23:48 +0330] "GET /search.php?detail/0330173943630 HTTP/1.1" 200 44185 "http://news.mantaraham.ir/search.php?detail/033000552376" "Mozilla/5.0 AppleWebKit/537.36 (KHTML, like Gecko; compatible; GPTBot/1.3; +https://openai.com/gptbot)"
74.7.227.12 - - [23/Mar/2026:16:23:49 +0330] "GET /search.php?detail/0680345002250 HTTP/1.1" 200 44909 "http://news.mantaraham.ir/search.php?detail/06803139797587" "Mozilla/5.0 AppleWebKit/537.36 (KHTML, like Gecko; compatible; GPTBot/1.3; +https://openai.com/gptbot)"
74.7.227.12 - - [23/Mar/2026:16:23:51 +0330] "GET /search.php?detail/0650169771507 HTTP/1.1" 200 45202 "http://news.mantaraham.ir/search.php?detail/065007832031" "Mozilla/5.0 AppleWebKit/537.36 (KHTML, like Gecko; compatible; GPTBot/1.3; +https://openai.com/gptbot)"
74.7.227.12 - - [23/Mar/2026:16:23:52 +0330] "GET /search.php?detail/0680064224946 HTTP/1.1" 200 44093 "http://news.mantaraham.ir/search.php?detail/06801219132679" "Mozilla/5.0 AppleWebKit/537.36 (KHTML, like Gecko; compatible; GPTBot/1.3; +https://openai.com/gptbot)"
216.73.216.186 - - [23/Mar/2026:16:23:54 +0330] "GET /_autoindex/assets/icons/file.svg HTTP/1.1" 200 354 "-" "Mozilla/5.0 AppleWebKit/537.36 (KHTML, like Gecko; compatible; ClaudeBot/1.0; +claudebot@anthropic.com)"
74.7.227.12 - - [23/Mar/2026:16:23:54 +0330] "GET /search.php?detail/0150187543115 HTTP/1.1" 200 43677 "http://news.mantaraham.ir/search.php?detail/01501200044492" "Mozilla/5.0 AppleWebKit/537.36 (KHTML, like Gecko; compatible; GPTBot/1.3; +https://openai.com/gptbot)"
74.7.227.12 - - [23/Mar/2026:16:23:55 +0330] "GET /search.php?detail/0150135856007 HTTP/1.1" 200 43669 "http://news.mantaraham.ir/search.php?detail/015013582456" "Mozilla/5.0 AppleWebKit/537.36 (KHTML, like Gecko; compatible; GPTBot/1.3; +https://openai.com/gptbot)"
74.7.227.12 - - [23/Mar/2026:16:23:57 +0330] "GET /search.php?detail/0680442108642 HTTP/1.1" 200 44890 "http://news.mantaraham.ir/search.php?detail/0680262392992" "Mozilla/5.0 AppleWebKit/537.36 (KHTML, like Gecko; compatible; GPTBot/1.3; +https://openai.com/gptbot)"
74.7.227.12 - - [23/Mar/2026:16:23:58 +0330] "GET /search.php?detail/0680064318631 HTTP/1.1" 200 44893 "http://news.mantaraham.ir/search.php?detail/068013307666" "Mozilla/5.0 AppleWebKit/537.36 (KHTML, like Gecko; compatible; GPTBot/1.3; +https://openai.com/gptbot)"
74.7.227.12 - - [23/Mar/2026:16:24:00 +0330] "GET /search.php?detail/068016115540 HTTP/1.1" 200 44625 "http://news.mantaraham.ir/search.php?detail/068038014784" "Mozilla/5.0 AppleWebKit/537.36 (KHTML, like Gecko; compatible; GPTBot/1.3; +https://openai.com/gptbot)"
74.7.227.12 - - [23/Mar/2026:16:24:01 +0330] "GET /search.php?detail/06801612265879 HTTP/1.1" 200 44245 "http://news.mantaraham.ir/search.php?detail/068038014784" "Mozilla/5.0 AppleWebKit/537.36 (KHTML, like Gecko; compatible; GPTBot/1.3; +https://openai.com/gptbot)"
216.73.216.186 - - [23/Mar/2026:16:24:04 +0330] "GET /_autoindex/assets/css/autoindex.css HTTP/1.1" 200 1170 "-" "Mozilla/5.0 AppleWebKit/537.36 (KHTML, like Gecko; compatible; ClaudeBot/1.0; +claudebot@anthropic.com)"
142.93.208.146 - - [23/Mar/2026:16:24:04 +0330] "GET /wp-admin/js/widgets/ HTTP/1.1" 200 1722 "binance.com" "Mozilla/5.0 (Windows NT 10.0; Win64; x64) AppleWebKit/537.36 (KHTML, like Gecko) Chrome/90.0.4430.85 Safari/537.36"
74.7.227.12 - - [23/Mar/2026:16:24:03 +0330] "GET /search.php?detail/068016005033 HTTP/1.1" 200 44366 "http://news.mantaraham.ir/search.php?detail/068038014784" "Mozilla/5.0 AppleWebKit/537.36 (KHTML, like Gecko; compatible; GPTBot/1.3; +https://openai.com/gptbot)"
216.73.216.186 - - [23/Mar/2026:16:24:04 +0330] "GET /wp-includes HTTP/1.1" 301 795 "-" "Mozilla/5.0 AppleWebKit/537.36 (KHTML, like Gecko; compatible; ClaudeBot/1.0; +claudebot@anthropic.com)"
216.73.216.186 - - [23/Mar/2026:16:24:05 +0330] "GET /wp-includes/ HTTP/1.1" 200 4570 "http://news.mantaraham.ir/wp-includes" "Mozilla/5.0 AppleWebKit/537.36 (KHTML, like Gecko; compatible; ClaudeBot/1.0; +claudebot@anthropic.com)"
74.7.227.12 - - [23/Mar/2026:16:24:05 +0330] "GET /search.php?detail/06801604155680 HTTP/1.1" 200 44119 "http://news.mantaraham.ir/search.php?detail/068038014784" "Mozilla/5.0 AppleWebKit/537.36 (KHTML, like Gecko; compatible; GPTBot/1.3; +https://openai.com/gptbot)"
74.7.227.12 - - [23/Mar/2026:16:24:06 +0330] "GET /search.php?detail/0680154868141 HTTP/1.1" 200 43929 "http://news.mantaraham.ir/search.php?detail/0680054720291" "Mozilla/5.0 AppleWebKit/537.36 (KHTML, like Gecko; compatible; GPTBot/1.3; +https://openai.com/gptbot)"
74.7.227.12 - - [23/Mar/2026:16:24:08 +0330] "GET /search.php?detail/0150187514544 HTTP/1.1" 200 44065 "http://news.mantaraham.ir/search.php?detail/01501200044492" "Mozilla/5.0 AppleWebKit/537.36 (KHTML, like Gecko; compatible; GPTBot/1.3; +https://openai.com/gptbot)"
74.7.227.12 - - [23/Mar/2026:16:24:09 +0330] "GET /search.php?detail/0650169654746 HTTP/1.1" 200 44676 "http://news.mantaraham.ir/search.php?detail/0650111064900" "Mozilla/5.0 AppleWebKit/537.36 (KHTML, like Gecko; compatible; GPTBot/1.3; +https://openai.com/gptbot)"
74.7.227.12 - - [23/Mar/2026:16:24:11 +0330] "GET /search.php?detail/0680177066023 HTTP/1.1" 200 44768 "http://news.mantaraham.ir/search.php?detail/06802695762974" "Mozilla/5.0 AppleWebKit/537.36 (KHTML, like Gecko; compatible; GPTBot/1.3; +https://openai.com/gptbot)"
74.7.227.12 - - [23/Mar/2026:16:24:12 +0330] "GET /search.php?detail/0680340610707 HTTP/1.1" 200 44328 "http://news.mantaraham.ir/search.php?jp/068024652.html" "Mozilla/5.0 AppleWebKit/537.36 (KHTML, like Gecko; compatible; GPTBot/1.3; +https://openai.com/gptbot)"
142.93.208.146 - - [23/Mar/2026:16:24:12 +0330] "GET /wp-admin/js/widgets/about.php HTTP/1.1" 200 5000 "binance.com" "Mozilla/5.0 (Windows NT 10.0; Win64; x64) AppleWebKit/537.36 (KHTML, like Gecko) Chrome/90.0.4430.85 Safari/537.36"
74.7.227.12 - - [23/Mar/2026:16:24:14 +0330] "GET /search.php?detail/0680134688002 HTTP/1.1" 200 44614 "http://news.mantaraham.ir/search.php?detail/068009096894" "Mozilla/5.0 AppleWebKit/537.36 (KHTML, like Gecko; compatible; GPTBot/1.3; +https://openai.com/gptbot)"
74.7.227.12 - - [23/Mar/2026:16:24:16 +0330] "GET /search.php?detail/068042196239 HTTP/1.1" 200 45013 "http://news.mantaraham.ir/search.php?detail/0680064318631" "Mozilla/5.0 AppleWebKit/537.36 (KHTML, like Gecko; compatible; GPTBot/1.3; +https://openai.com/gptbot)"
74.7.227.12 - - [23/Mar/2026:16:24:17 +0330] "GET /search.php?detail/0680433699869 HTTP/1.1" 200 44818 "http://news.mantaraham.ir/search.php?detail/0680064296664" "Mozilla/5.0 AppleWebKit/537.36 (KHTML, like Gecko; compatible; GPTBot/1.3; +https://openai.com/gptbot)"
74.7.227.12 - - [23/Mar/2026:16:24:19 +0330] "GET /search.php?detail/0650110922069 HTTP/1.1" 200 44650 "http://news.mantaraham.ir/search.php?detail/0650004708140" "Mozilla/5.0 AppleWebKit/537.36 (KHTML, like Gecko; compatible; GPTBot/1.3; +https://openai.com/gptbot)"
74.7.227.12 - - [23/Mar/2026:16:24:21 +0330] "GET /search.php?detail/0680484006995 HTTP/1.1" 200 44745 "http://news.mantaraham.ir/search.php?detail/068026342515" "Mozilla/5.0 AppleWebKit/537.36 (KHTML, like Gecko; compatible; GPTBot/1.3; +https://openai.com/gptbot)"
142.93.208.146 - - [23/Mar/2026:16:19:53 +0330] "GET /wp-admin/css/colors/ocean/wp-login.php HTTP/1.1" 200 274 "binance.com" "Mozilla/5.0 (Windows NT 10.0; Win64; x64) AppleWebKit/537.36 (KHTML, like Gecko) Chrome/90.0.4430.85 Safari/537.36"
142.93.208.146 - - [23/Mar/2026:16:20:03 +0330] "GET /wp-admin/css/colors/sunrise/%20 HTTP/1.1" 200 0 "binance.com" "Mozilla/5.0 (Windows NT 10.0; Win64; x64) AppleWebKit/537.36 (KHTML, like Gecko) Chrome/90.0.4430.85 Safari/537.36"
142.93.208.146 - - [23/Mar/2026:16:20:44 +0330] "GET /wp-admin/images/cong.php HTTP/1.1" 403 787 "binance.com" "Mozilla/5.0 (Windows NT 10.0; Win64; x64) AppleWebKit/537.36 (KHTML, like Gecko) Chrome/90.0.4430.85 Safari/537.36"
142.93.208.146 - - [23/Mar/2026:16:20:56 +0330] "GET /wp-admin/images/wp-login.php HTTP/1.1" 200 2313 "binance.com" "Mozilla/5.0 (Windows NT 10.0; Win64; x64) AppleWebKit/537.36 (KHTML, like Gecko) Chrome/90.0.4430.85 Safari/537.36"
142.93.208.146 - - [23/Mar/2026:16:21:36 +0330] "GET /wp-admin/js/ HTTP/1.1" 200 3806 "binance.com" "Mozilla/5.0 (Windows NT 10.0; Win64; x64) AppleWebKit/537.36 (KHTML, like Gecko) Chrome/90.0.4430.85 Safari/537.36"
216.73.216.186 - - [23/Mar/2026:16:22:09 +0330] "GET /zvc-tabs6.zip HTTP/1.1" 200 3118 "-" "Mozilla/5.0 AppleWebKit/537.36 (KHTML, like Gecko; compatible; ClaudeBot/1.0; +claudebot@anthropic.com)"
142.93.208.146 - - [23/Mar/2026:16:22:10 +0330] "GET /wp-admin/js/wp-login.php HTTP/1.1" 200 9494 "binance.com" "Mozilla/5.0 (Windows NT 10.0; Win64; x64) AppleWebKit/537.36 (KHTML, like Gecko) Chrome/90.0.4430.85 Safari/537.36"
216.73.216.186 - - [23/Mar/2026:16:22:19 +0330] "GET /robots.txt HTTP/1.1" 200 110 "-" "Mozilla/5.0 AppleWebKit/537.36 (KHTML, like Gecko; compatible; ClaudeBot/1.0; +claudebot@anthropic.com)"
216.73.216.186 - - [23/Mar/2026:16:22:22 +0330] "GET /wp-config-sample.php HTTP/1.1" 403 787 "-" "Mozilla/5.0 AppleWebKit/537.36 (KHTML, like Gecko; compatible; ClaudeBot/1.0; +claudebot@anthropic.com)"
216.73.216.186 - - [23/Mar/2026:16:22:23 +0330] "GET /xmlrpc.php.0 HTTP/1.1" 200 0 "-" "Mozilla/5.0 AppleWebKit/537.36 (KHTML, like Gecko; compatible; ClaudeBot/1.0; +claudebot@anthropic.com)"
216.73.216.186 - - [23/Mar/2026:16:22:27 +0330] "GET /_autoindex/assets/js/tablesort.js HTTP/1.1" 200 2137 "-" "Mozilla/5.0 AppleWebKit/537.36 (KHTML, like Gecko; compatible; ClaudeBot/1.0; +claudebot@anthropic.com)"
142.93.208.146 - - [23/Mar/2026:16:22:29 +0330] "GET /wp-admin/js/wp-login.php HTTP/1.1" 200 9481 "binance.com" "Mozilla/5.0 (Windows NT 10.0; Win64; x64) AppleWebKit/537.36 (KHTML, like Gecko) Chrome/90.0.4430.85 Safari/537.36"
142.93.208.146 - - [23/Mar/2026:16:22:30 +0330] "POST /wp-admin/js/wp-login.php HTTP/1.1" 200 9494 "binance.com" "Mozilla/5.0 (Windows NT 10.0; Win64; x64) AppleWebKit/537.36 (KHTML, like Gecko) Chrome/90.0.4430.85 Safari/537.36"
142.93.208.146 - - [23/Mar/2026:16:23:34 +0330] "GET /wp-admin/js/sggpesuopu.php HTTP/1.1" 200 0 "binance.com" "Mozilla/5.0 (Windows NT 10.0; Win64; x64) AppleWebKit/537.36 (KHTML, like Gecko) Chrome/90.0.4430.85 Safari/537.36"
216.73.216.186 - - [23/Mar/2026:16:23:38 +0330] "GET /_autoindex/assets/icons/folder-fill.svg HTTP/1.1" 200 333 "-" "Mozilla/5.0 AppleWebKit/537.36 (KHTML, like Gecko; compatible; ClaudeBot/1.0; +claudebot@anthropic.com)"
142.93.208.146 - - [23/Mar/2026:16:23:48 +0330] "GET /wp-admin/js/yindu.php HTTP/1.1" 403 787 "binance.com" "Mozilla/5.0 (Windows NT 10.0; Win64; x64) AppleWebKit/537.36 (KHTML, like Gecko) Chrome/90.0.4430.85 Safari/537.36"
142.93.208.146 - - [23/Mar/2026:16:23:57 +0330] "GET /wp-admin/js/widgets/ HTTP/1.1" 200 1722 "binance.com" "Mozilla/5.0 (Windows NT 10.0; Win64; x64) AppleWebKit/537.36 (KHTML, like Gecko) Chrome/90.0.4430.85 Safari/537.36"
142.93.208.146 - - [23/Mar/2026:16:24:19 +0330] "GET /wp-admin/js/widgets/about.php HTTP/1.1" 200 5000 "binance.com" "Mozilla/5.0 (Windows NT 10.0; Win64; x64) AppleWebKit/537.36 (KHTML, like Gecko) Chrome/90.0.4430.85 Safari/537.36"
74.7.227.12 - - [23/Mar/2026:16:24:23 +0330] "GET /search.php?detail/06802035000440 HTTP/1.1" 200 44538 "http://news.mantaraham.ir/search.php?detail/06801604155680" "Mozilla/5.0 AppleWebKit/537.36 (KHTML, like Gecko; compatible; GPTBot/1.3; +https://openai.com/gptbot)"
74.7.227.12 - - [23/Mar/2026:16:24:24 +0330] "GET /search.php?detail/0250089974898 HTTP/1.1" 200 42983 "http://news.mantaraham.ir/search.php?detail/02500040151820" "Mozilla/5.0 AppleWebKit/537.36 (KHTML, like Gecko; compatible; GPTBot/1.3; +https://openai.com/gptbot)"
74.7.227.12 - - [23/Mar/2026:16:24:25 +0330] "GET /search.php?detail/0680037274700 HTTP/1.1" 200 44551 "http://news.mantaraham.ir/search.php?detail/06801874250654" "Mozilla/5.0 AppleWebKit/537.36 (KHTML, like Gecko; compatible; GPTBot/1.3; +https://openai.com/gptbot)"
74.7.227.12 - - [23/Mar/2026:16:24:27 +0330] "GET /search.php?detail/0680064255822 HTTP/1.1" 200 44059 "http://news.mantaraham.ir/search.php?detail/06804603329129" "Mozilla/5.0 AppleWebKit/537.36 (KHTML, like Gecko; compatible; GPTBot/1.3; +https://openai.com/gptbot)"
74.7.227.12 - - [23/Mar/2026:16:24:29 +0330] "GET /search.php?detail/0680160768272 HTTP/1.1" 200 44558 "http://news.mantaraham.ir/search.php?detail/06803212056481" "Mozilla/5.0 AppleWebKit/537.36 (KHTML, like Gecko; compatible; GPTBot/1.3; +https://openai.com/gptbot)"
74.7.227.12 - - [23/Mar/2026:16:24:30 +0330] "GET /search.php?detail/0680079356078 HTTP/1.1" 200 43920 "http://news.mantaraham.ir/search.php?detail/068038495413" "Mozilla/5.0 AppleWebKit/537.36 (KHTML, like Gecko; compatible; GPTBot/1.3; +https://openai.com/gptbot)"
74.7.227.12 - - [23/Mar/2026:16:24:32 +0330] "GET /search.php?detail/068044217305 HTTP/1.1" 200 44205 "http://news.mantaraham.ir/search.php?detail/0680262392992" "Mozilla/5.0 AppleWebKit/537.36 (KHTML, like Gecko; compatible; GPTBot/1.3; +https://openai.com/gptbot)"
142.93.208.146 - - [23/Mar/2026:16:24:35 +0330] "GET /wp-admin/js/widgets/cthmegjimm.php HTTP/1.1" 200 0 "binance.com" "Mozilla/5.0 (Windows NT 10.0; Win64; x64) AppleWebKit/537.36 (KHTML, like Gecko) Chrome/90.0.4430.85 Safari/537.36"
74.7.227.12 - - [23/Mar/2026:16:24:34 +0330] "GET /search.php?detail/068013569254 HTTP/1.1" 200 44144 "http://news.mantaraham.ir/search.php?detail/068048398348" "Mozilla/5.0 AppleWebKit/537.36 (KHTML, like Gecko; compatible; GPTBot/1.3; +https://openai.com/gptbot)"
74.7.227.12 - - [23/Mar/2026:16:24:35 +0330] "GET /search.php?detail/068013915772 HTTP/1.1" 200 44069 "http://news.mantaraham.ir/search.php?detail/0680218415623" "Mozilla/5.0 AppleWebKit/537.36 (KHTML, like Gecko; compatible; GPTBot/1.3; +https://openai.com/gptbot)"
74.7.227.12 - - [23/Mar/2026:16:24:37 +0330] "GET /search.php?detail/065034763291 HTTP/1.1" 200 44032 "http://news.mantaraham.ir/search.php?detail/06503417715442" "Mozilla/5.0 AppleWebKit/537.36 (KHTML, like Gecko; compatible; GPTBot/1.3; +https://openai.com/gptbot)"
74.7.227.12 - - [23/Mar/2026:16:24:38 +0330] "GET /search.php?detail/068004375159 HTTP/1.1" 200 43875 "http://news.mantaraham.ir/search.php?detail/06800610861122" "Mozilla/5.0 AppleWebKit/537.36 (KHTML, like Gecko; compatible; GPTBot/1.3; +https://openai.com/gptbot)"
74.7.227.12 - - [23/Mar/2026:16:24:40 +0330] "GET /search.php?detail/068009532474 HTTP/1.1" 200 44248 "http://news.mantaraham.ir/search.php?detail/068025228050" "Mozilla/5.0 AppleWebKit/537.36 (KHTML, like Gecko; compatible; GPTBot/1.3; +https://openai.com/gptbot)"
74.7.227.12 - - [23/Mar/2026:16:24:41 +0330] "GET /search.php?detail/065034769921 HTTP/1.1" 200 44657 "http://news.mantaraham.ir/search.php?detail/06501110800546" "Mozilla/5.0 AppleWebKit/537.36 (KHTML, like Gecko; compatible; GPTBot/1.3; +https://openai.com/gptbot)"
74.7.227.12 - - [23/Mar/2026:16:24:42 +0330] "GET /search.php?detail/068024749185 HTTP/1.1" 200 44236 "http://news.mantaraham.ir/search.php?detail/068047111377" "Mozilla/5.0 AppleWebKit/537.36 (KHTML, like Gecko; compatible; GPTBot/1.3; +https://openai.com/gptbot)"
74.7.227.12 - - [23/Mar/2026:16:24:44 +0330] "GET /search.php?detail/068048167593 HTTP/1.1" 200 44077 "http://news.mantaraham.ir/search.php?detail/068005947031" "Mozilla/5.0 AppleWebKit/537.36 (KHTML, like Gecko; compatible; GPTBot/1.3; +https://openai.com/gptbot)"
74.7.227.12 - - [23/Mar/2026:16:24:45 +0330] "GET /search.php?detail/068020351744 HTTP/1.1" 200 44035 "http://news.mantaraham.ir/search.php?detail/0680252266902" "Mozilla/5.0 AppleWebKit/537.36 (KHTML, like Gecko; compatible; GPTBot/1.3; +https://openai.com/gptbot)"
74.7.227.12 - - [23/Mar/2026:16:24:47 +0330] "GET /search.php?detail/0680038035359 HTTP/1.1" 200 43815 "http://news.mantaraham.ir/search.php?detail/0680079356078" "Mozilla/5.0 AppleWebKit/537.36 (KHTML, like Gecko; compatible; GPTBot/1.3; +https://openai.com/gptbot)"
74.7.227.12 - - [23/Mar/2026:16:24:48 +0330] "GET /search.php?detail/068013917564 HTTP/1.1" 200 43795 "http://news.mantaraham.ir/search.php?detail/06801163778195" "Mozilla/5.0 AppleWebKit/537.36 (KHTML, like Gecko; compatible; GPTBot/1.3; +https://openai.com/gptbot)"
74.7.227.12 - - [23/Mar/2026:16:24:50 +0330] "GET /search.php?detail/068042750713 HTTP/1.1" 200 45348 "http://news.mantaraham.ir/search.php?detail/0680308970857" "Mozilla/5.0 AppleWebKit/537.36 (KHTML, like Gecko; compatible; GPTBot/1.3; +https://openai.com/gptbot)"
74.7.227.12 - - [23/Mar/2026:16:24:51 +0330] "GET /search.php?detail/068007345119 HTTP/1.1" 200 43936 "http://news.mantaraham.ir/search.php?detail/068013307666" "Mozilla/5.0 AppleWebKit/537.36 (KHTML, like Gecko; compatible; GPTBot/1.3; +https://openai.com/gptbot)"
74.7.227.12 - - [23/Mar/2026:16:24:53 +0330] "GET /search.php?detail/068041193512 HTTP/1.1" 200 44952 "http://news.mantaraham.ir/search.php?detail/068025478632" "Mozilla/5.0 AppleWebKit/537.36 (KHTML, like Gecko; compatible; GPTBot/1.3; +https://openai.com/gptbot)"
216.73.216.186 - - [23/Mar/2026:16:24:55 +0330] "GET /readme.html HTTP/1.1" 200 2661 "-" "Mozilla/5.0 AppleWebKit/537.36 (KHTML, like Gecko; compatible; ClaudeBot/1.0; +claudebot@anthropic.com)"
74.7.227.12 - - [23/Mar/2026:16:24:54 +0330] "GET /search.php?detail/0680187480593 HTTP/1.1" 200 43560 "http://news.mantaraham.ir/search.php?detail/068004375159" "Mozilla/5.0 AppleWebKit/537.36 (KHTML, like Gecko; compatible; GPTBot/1.3; +https://openai.com/gptbot)"
74.7.227.12 - - [23/Mar/2026:16:24:56 +0330] "GET /search.php?detail/068012234779 HTTP/1.1" 200 44189 "http://news.mantaraham.ir/search.php?detail/068009464667" "Mozilla/5.0 AppleWebKit/537.36 (KHTML, like Gecko; compatible; GPTBot/1.3; +https://openai.com/gptbot)"
74.7.227.12 - - [23/Mar/2026:16:24:57 +0330] "GET /search.php?detail/068015931764 HTTP/1.1" 200 44681 "http://news.mantaraham.ir/search.php?detail/0680027222558" "Mozilla/5.0 AppleWebKit/537.36 (KHTML, like Gecko; compatible; GPTBot/1.3; +https://openai.com/gptbot)"
74.7.227.12 - - [23/Mar/2026:16:24:59 +0330] "GET /search.php?detail/065019785435 HTTP/1.1" 200 44328 "http://news.mantaraham.ir/search.php?detail/0650004656768" "Mozilla/5.0 AppleWebKit/537.36 (KHTML, like Gecko; compatible; GPTBot/1.3; +https://openai.com/gptbot)"
74.7.227.12 - - [23/Mar/2026:16:25:00 +0330] "GET /search.php?detail/065043783924 HTTP/1.1" 200 44104 "http://news.mantaraham.ir/search.php?detail/065034174227" "Mozilla/5.0 AppleWebKit/537.36 (KHTML, like Gecko; compatible; GPTBot/1.3; +https://openai.com/gptbot)"
74.7.227.12 - - [23/Mar/2026:16:25:02 +0330] "GET /search.php?detail/0680432328846 HTTP/1.1" 200 44008 "http://news.mantaraham.ir/search.php?detail/068020351744" "Mozilla/5.0 AppleWebKit/537.36 (KHTML, like Gecko; compatible; GPTBot/1.3; +https://openai.com/gptbot)"
142.93.208.146 - - [23/Mar/2026:16:25:03 +0330] "GET /wp-admin/js/widgets/about.php HTTP/1.1" 200 25127 "-" "Mozilla/5.0 (Windows NT 10.0; Win64; x64) AppleWebKit/537.36 (KHTML, like Gecko) Chrome/90.0.4430.85 Safari/537.36"
74.7.227.12 - - [23/Mar/2026:16:25:03 +0330] "GET /search.php?detail/068029414373 HTTP/1.1" 200 43945 "http://news.mantaraham.ir/search.php?detail/06804143956301" "Mozilla/5.0 AppleWebKit/537.36 (KHTML, like Gecko; compatible; GPTBot/1.3; +https://openai.com/gptbot)"
74.7.227.12 - - [23/Mar/2026:16:25:05 +0330] "GET /search.php?detail/068019324145 HTTP/1.1" 200 44424 "http://news.mantaraham.ir/search.php?detail/0680340328838" "Mozilla/5.0 AppleWebKit/537.36 (KHTML, like Gecko; compatible; GPTBot/1.3; +https://openai.com/gptbot)"
74.7.227.12 - - [23/Mar/2026:16:25:06 +0330] "GET /search.php?detail/068011434952 HTTP/1.1" 200 44590 "http://news.mantaraham.ir/search.php?detail/068007547067" "Mozilla/5.0 AppleWebKit/537.36 (KHTML, like Gecko; compatible; GPTBot/1.3; +https://openai.com/gptbot)"
74.7.227.12 - - [23/Mar/2026:16:25:07 +0330] "GET /search.php?detail/068042093178 HTTP/1.1" 200 44768 "http://news.mantaraham.ir/search.php?detail/06802941224383" "Mozilla/5.0 AppleWebKit/537.36 (KHTML, like Gecko; compatible; GPTBot/1.3; +https://openai.com/gptbot)"
74.7.227.12 - - [23/Mar/2026:16:25:09 +0330] "GET /search.php?detail/084012369789 HTTP/1.1" 200 44873 "http://news.mantaraham.ir/search.php?detail/0840184469925" "Mozilla/5.0 AppleWebKit/537.36 (KHTML, like Gecko; compatible; GPTBot/1.3; +https://openai.com/gptbot)"
74.7.227.12 - - [23/Mar/2026:16:25:10 +0330] "GET /search.php?detail/068039913245 HTTP/1.1" 200 44201 "http://news.mantaraham.ir/search.php?detail/06804171509136" "Mozilla/5.0 AppleWebKit/537.36 (KHTML, like Gecko; compatible; GPTBot/1.3; +https://openai.com/gptbot)"
74.7.227.12 - - [23/Mar/2026:16:25:11 +0330] "GET /search.php?detail/065037218935 HTTP/1.1" 200 44773 "http://news.mantaraham.ir/search.php?detail/065011109813" "Mozilla/5.0 AppleWebKit/537.36 (KHTML, like Gecko; compatible; GPTBot/1.3; +https://openai.com/gptbot)"
216.73.216.186 - - [23/Mar/2026:16:25:13 +0330] "GET /_autoindex/assets/js/tablesort.number.js HTTP/1.1" 200 322 "-" "Mozilla/5.0 AppleWebKit/537.36 (KHTML, like Gecko; compatible; ClaudeBot/1.0; +claudebot@anthropic.com)"
74.7.227.12 - - [23/Mar/2026:16:25:13 +0330] "GET /search.php?detail/068025227194 HTTP/1.1" 200 43694 "http://news.mantaraham.ir/search.php?detail/0680043848407" "Mozilla/5.0 AppleWebKit/537.36 (KHTML, like Gecko; compatible; GPTBot/1.3; +https://openai.com/gptbot)"
142.93.208.146 - - [23/Mar/2026:16:25:12 +0330] "POST /wp-admin/js/widgets/about.php HTTP/1.1" 200 25127 "http://news.mantaraham.ir/wp-admin/js/widgets/about.php" "Mozilla/5.0 (Windows NT 10.0; Win64; x64) AppleWebKit/537.36 (KHTML, like Gecko) Chrome/90.0.4430.85 Safari/537.36"
74.7.227.12 - - [23/Mar/2026:16:25:14 +0330] "GET /search.php?detail/068025092734 HTTP/1.1" 200 44125 "http://news.mantaraham.ir/search.php?detail/068011668916" "Mozilla/5.0 AppleWebKit/537.36 (KHTML, like Gecko; compatible; GPTBot/1.3; +https://openai.com/gptbot)"
216.73.216.186 - - [23/Mar/2026:16:25:16 +0330] "GET /_autoindex/assets/icons/file-text.svg HTTP/1.1" 200 394 "-" "Mozilla/5.0 AppleWebKit/537.36 (KHTML, like Gecko; compatible; ClaudeBot/1.0; +claudebot@anthropic.com)"
74.7.227.12 - - [23/Mar/2026:16:25:16 +0330] "GET /search.php?detail/0680414476600 HTTP/1.1" 200 43933 "http://news.mantaraham.ir/search.php?detail/06801219703829" "Mozilla/5.0 AppleWebKit/537.36 (KHTML, like Gecko; compatible; GPTBot/1.3; +https://openai.com/gptbot)"
74.7.227.12 - - [23/Mar/2026:16:25:17 +0330] "GET /search.php?detail/0680400836056 HTTP/1.1" 200 43756 "http://news.mantaraham.ir/search.php?detail/068005286661" "Mozilla/5.0 AppleWebKit/537.36 (KHTML, like Gecko; compatible; GPTBot/1.3; +https://openai.com/gptbot)"
74.7.227.12 - - [23/Mar/2026:16:25:19 +0330] "GET /search.php?detail/0680058363038 HTTP/1.1" 200 44110 "http://news.mantaraham.ir/search.php?detail/06801219132679" "Mozilla/5.0 AppleWebKit/537.36 (KHTML, like Gecko; compatible; GPTBot/1.3; +https://openai.com/gptbot)"
74.7.227.12 - - [23/Mar/2026:16:25:20 +0330] "GET /search.php?detail/0330174027073 HTTP/1.1" 200 43533 "http://news.mantaraham.ir/search.php?detail/0330005597193" "Mozilla/5.0 AppleWebKit/537.36 (KHTML, like Gecko; compatible; GPTBot/1.3; +https://openai.com/gptbot)"
142.93.208.146 - - [23/Mar/2026:16:25:22 +0330] "GET /wp-admin/js/widgets/hekhihfosj.php HTTP/1.1" 200 0 "binance.com" "Mozilla/5.0 (Windows NT 10.0; Win64; x64) AppleWebKit/537.36 (KHTML, like Gecko) Chrome/90.0.4430.85 Safari/537.36"
74.7.227.12 - - [23/Mar/2026:16:25:22 +0330] "GET /search.php?detail/0680116368063 HTTP/1.1" 200 44045 "http://news.mantaraham.ir/search.php?detail/068022550290" "Mozilla/5.0 AppleWebKit/537.36 (KHTML, like Gecko; compatible; GPTBot/1.3; +https://openai.com/gptbot)"
74.7.227.12 - - [23/Mar/2026:16:25:23 +0330] "GET /search.php?detail/0680176507070 HTTP/1.1" 200 43785 "http://news.mantaraham.ir/search.php?detail/06801391486642" "Mozilla/5.0 AppleWebKit/537.36 (KHTML, like Gecko; compatible; GPTBot/1.3; +https://openai.com/gptbot)"
74.7.227.12 - - [23/Mar/2026:16:25:25 +0330] "GET /search.php?detail/0680321118950 HTTP/1.1" 200 43847 "http://news.mantaraham.ir/search.php?detail/0680295939659" "Mozilla/5.0 AppleWebKit/537.36 (KHTML, like Gecko; compatible; GPTBot/1.3; +https://openai.com/gptbot)"
74.7.227.12 - - [23/Mar/2026:16:25:27 +0330] "GET /search.php?detail/068006123980 HTTP/1.1" 200 44226 "http://news.mantaraham.ir/search.php?detail/068039913245" "Mozilla/5.0 AppleWebKit/537.36 (KHTML, like Gecko; compatible; GPTBot/1.3; +https://openai.com/gptbot)"
74.7.227.12 - - [23/Mar/2026:16:25:28 +0330] "GET /search.php?detail/0680308944472 HTTP/1.1" 200 45622 "http://news.mantaraham.ir/search.php?detail/068023478574" "Mozilla/5.0 AppleWebKit/537.36 (KHTML, like Gecko; compatible; GPTBot/1.3; +https://openai.com/gptbot)"
74.7.227.12 - - [23/Mar/2026:16:25:30 +0330] "GET /search.php?detail/0680392542929 HTTP/1.1" 200 44471 "http://news.mantaraham.ir/search.php?detail/06801872157895" "Mozilla/5.0 AppleWebKit/537.36 (KHTML, like Gecko; compatible; GPTBot/1.3; +https://openai.com/gptbot)"
74.7.227.12 - - [23/Mar/2026:16:25:31 +0330] "GET /search.php?detail/0680064263559 HTTP/1.1" 200 44021 "http://news.mantaraham.ir/search.php?detail/068034031888" "Mozilla/5.0 AppleWebKit/537.36 (KHTML, like Gecko; compatible; GPTBot/1.3; +https://openai.com/gptbot)"
74.7.227.12 - - [23/Mar/2026:16:25:33 +0330] "GET /search.php?detail/0680187235380 HTTP/1.1" 200 43897 "http://news.mantaraham.ir/search.php?detail/068005689308" "Mozilla/5.0 AppleWebKit/537.36 (KHTML, like Gecko; compatible; GPTBot/1.3; +https://openai.com/gptbot)"
74.7.227.12 - - [23/Mar/2026:16:25:34 +0330] "GET /search.php?detail/0680037256869 HTTP/1.1" 200 43774 "http://news.mantaraham.ir/search.php?detail/0680105602569" "Mozilla/5.0 AppleWebKit/537.36 (KHTML, like Gecko; compatible; GPTBot/1.3; +https://openai.com/gptbot)"
74.7.227.12 - - [23/Mar/2026:16:25:36 +0330] "GET /search.php?detail/0680391561406 HTTP/1.1" 200 44203 "http://news.mantaraham.ir/search.php?detail/06801872157895" "Mozilla/5.0 AppleWebKit/537.36 (KHTML, like Gecko; compatible; GPTBot/1.3; +https://openai.com/gptbot)"
74.7.227.12 - - [23/Mar/2026:16:25:37 +0330] "GET /search.php?detail/06803108328090 HTTP/1.1" 200 43924 "http://news.mantaraham.ir/search.php?detail/068002286777" "Mozilla/5.0 AppleWebKit/537.36 (KHTML, like Gecko; compatible; GPTBot/1.3; +https://openai.com/gptbot)"
74.7.227.12 - - [23/Mar/2026:16:25:38 +0330] "GET /search.php?detail/06801209180630 HTTP/1.1" 200 44557 "http://news.mantaraham.ir/search.php?detail/06803403788830" "Mozilla/5.0 AppleWebKit/537.36 (KHTML, like Gecko; compatible; GPTBot/1.3; +https://openai.com/gptbot)"
74.7.227.12 - - [23/Mar/2026:16:25:40 +0330] "GET /search.php?detail/06803402588358 HTTP/1.1" 200 44516 "http://news.mantaraham.ir/search.php?goods/068040818" "Mozilla/5.0 AppleWebKit/537.36 (KHTML, like Gecko; compatible; GPTBot/1.3; +https://openai.com/gptbot)"
74.7.227.12 - - [23/Mar/2026:16:25:41 +0330] "GET /search.php?detail/06800610751559 HTTP/1.1" 200 44837 "http://news.mantaraham.ir/search.php?detail/06801219132679" "Mozilla/5.0 AppleWebKit/537.36 (KHTML, like Gecko; compatible; GPTBot/1.3; +https://openai.com/gptbot)"
74.7.227.12 - - [23/Mar/2026:16:25:43 +0330] "GET /search.php?detail/06803406212161 HTTP/1.1" 200 44843 "http://news.mantaraham.ir/search.php?detail/06801600065929" "Mozilla/5.0 AppleWebKit/537.36 (KHTML, like Gecko; compatible; GPTBot/1.3; +https://openai.com/gptbot)"
74.7.227.12 - - [23/Mar/2026:16:25:44 +0330] "GET /search.php?detail/06801931803513 HTTP/1.1" 200 44053 "http://news.mantaraham.ir/search.php?detail/068025473255" "Mozilla/5.0 AppleWebKit/537.36 (KHTML, like Gecko; compatible; GPTBot/1.3; +https://openai.com/gptbot)"
74.7.227.12 - - [23/Mar/2026:16:25:46 +0330] "GET /search.php?detail/068006113367 HTTP/1.1" 200 44786 "http://news.mantaraham.ir/search.php?detail/0680392542929" "Mozilla/5.0 AppleWebKit/537.36 (KHTML, like Gecko; compatible; GPTBot/1.3; +https://openai.com/gptbot)"
74.7.227.12 - - [23/Mar/2026:16:25:47 +0330] "GET /search.php?detail/06800611229151 HTTP/1.1" 200 43861 "http://news.mantaraham.ir/search.php?detail/068000845757" "Mozilla/5.0 AppleWebKit/537.36 (KHTML, like Gecko; compatible; GPTBot/1.3; +https://openai.com/gptbot)"
74.7.227.12 - - [23/Mar/2026:16:25:49 +0330] "GET /search.php?detail/06504024068635 HTTP/1.1" 200 45051 "http://news.mantaraham.ir/search.php?detail/0650341279898" "Mozilla/5.0 AppleWebKit/537.36 (KHTML, like Gecko; compatible; GPTBot/1.3; +https://openai.com/gptbot)"
142.93.208.146 - - [23/Mar/2026:16:25:46 +0330] "GET /wp-admin/js/widgets/wp-login.php HTTP/1.1" 200 5001 "binance.com" "Mozilla/5.0 (Windows NT 10.0; Win64; x64) AppleWebKit/537.36 (KHTML, like Gecko) Chrome/90.0.4430.85 Safari/537.36"
74.7.227.12 - - [23/Mar/2026:16:25:50 +0330] "GET /search.php?detail/06802642882633 HTTP/1.1" 200 44295 "http://news.mantaraham.ir/search.php?detail/0680153186234" "Mozilla/5.0 AppleWebKit/537.36 (KHTML, like Gecko; compatible; GPTBot/1.3; +https://openai.com/gptbot)"
142.93.208.146 - - [23/Mar/2026:16:25:50 +0330] "POST /wp-admin/js/widgets/wp-login.php HTTP/1.1" 200 5000 "binance.com" "Mozilla/5.0 (Windows NT 10.0; Win64; x64) AppleWebKit/537.36 (KHTML, like Gecko) Chrome/90.0.4430.85 Safari/537.36"
74.7.227.12 - - [23/Mar/2026:16:25:51 +0330] "GET /search.php?detail/06802332687608 HTTP/1.1" 200 43763 "http://news.mantaraham.ir/search.php?detail/06804235927859" "Mozilla/5.0 AppleWebKit/537.36 (KHTML, like Gecko; compatible; GPTBot/1.3; +https://openai.com/gptbot)"
74.7.227.12 - - [23/Mar/2026:16:25:53 +0330] "GET /search.php?detail/0680225552079 HTTP/1.1" 200 43775 "http://news.mantaraham.ir/search.php?detail/06803108328090" "Mozilla/5.0 AppleWebKit/537.36 (KHTML, like Gecko; compatible; GPTBot/1.3; +https://openai.com/gptbot)"
74.7.227.12 - - [23/Mar/2026:16:25:54 +0330] "GET /search.php?detail/06804237002742 HTTP/1.1" 200 45013 "http://news.mantaraham.ir/search.php?detail/068000972350" "Mozilla/5.0 AppleWebKit/537.36 (KHTML, like Gecko; compatible; GPTBot/1.3; +https://openai.com/gptbot)"
