74.7.227.12 - - [23/Mar/2026:17:00:41 +0330] "GET /search.php?detail/065040220731 HTTP/1.1" 200 44008 "http://news.mantaraham.ir/search.php?detail/065040221505" "Mozilla/5.0 AppleWebKit/537.36 (KHTML, like Gecko; compatible; GPTBot/1.3; +https://openai.com/gptbot)"
74.7.227.12 - - [23/Mar/2026:17:00:42 +0330] "GET /search.php?detail/033017393824 HTTP/1.1" 200 44070 "http://news.mantaraham.ir/search.php?detail/033000552376" "Mozilla/5.0 AppleWebKit/537.36 (KHTML, like Gecko; compatible; GPTBot/1.3; +https://openai.com/gptbot)"
74.7.227.12 - - [23/Mar/2026:17:00:44 +0330] "GET /search.php?detail/068038221776 HTTP/1.1" 200 44160 "http://news.mantaraham.ir/search.php?detail/06804938218447" "Mozilla/5.0 AppleWebKit/537.36 (KHTML, like Gecko; compatible; GPTBot/1.3; +https://openai.com/gptbot)"
74.7.227.12 - - [23/Mar/2026:17:00:45 +0330] "GET /search.php?detail/068037812716 HTTP/1.1" 200 43783 "http://news.mantaraham.ir/search.php?detail/068031082118" "Mozilla/5.0 AppleWebKit/537.36 (KHTML, like Gecko; compatible; GPTBot/1.3; +https://openai.com/gptbot)"
74.7.227.12 - - [23/Mar/2026:17:00:46 +0330] "GET /search.php?detail/068033051042 HTTP/1.1" 200 44558 "http://news.mantaraham.ir/search.php?detail/068046235347" "Mozilla/5.0 AppleWebKit/537.36 (KHTML, like Gecko; compatible; GPTBot/1.3; +https://openai.com/gptbot)"
74.7.227.12 - - [23/Mar/2026:17:00:48 +0330] "GET /search.php?detail/068033817651 HTTP/1.1" 200 43480 "http://news.mantaraham.ir/search.php?detail/0680380203370" "Mozilla/5.0 AppleWebKit/537.36 (KHTML, like Gecko; compatible; GPTBot/1.3; +https://openai.com/gptbot)"
74.7.227.12 - - [23/Mar/2026:17:00:49 +0330] "GET /search.php?detail/068004156702 HTTP/1.1" 200 44196 "http://news.mantaraham.ir/search.php?detail/06802332967074" "Mozilla/5.0 AppleWebKit/537.36 (KHTML, like Gecko; compatible; GPTBot/1.3; +https://openai.com/gptbot)"
74.7.227.12 - - [23/Mar/2026:17:00:51 +0330] "GET /search.php?detail/065007921089 HTTP/1.1" 200 43949 "http://news.mantaraham.ir/search.php?detail/0650347752962" "Mozilla/5.0 AppleWebKit/537.36 (KHTML, like Gecko; compatible; GPTBot/1.3; +https://openai.com/gptbot)"
74.7.227.12 - - [23/Mar/2026:17:00:53 +0330] "GET /search.php?detail/068005946023 HTTP/1.1" 200 44677 "http://news.mantaraham.ir/search.php?detail/068012733487" "Mozilla/5.0 AppleWebKit/537.36 (KHTML, like Gecko; compatible; GPTBot/1.3; +https://openai.com/gptbot)"
74.7.227.12 - - [23/Mar/2026:17:00:54 +0330] "GET /search.php?detail/068011775563 HTTP/1.1" 200 44680 "http://news.mantaraham.ir/search.php?detail/068022550290" "Mozilla/5.0 AppleWebKit/537.36 (KHTML, like Gecko; compatible; GPTBot/1.3; +https://openai.com/gptbot)"
74.7.227.12 - - [23/Mar/2026:17:00:56 +0330] "GET /search.php?detail/068031128327 HTTP/1.1" 200 44296 "http://news.mantaraham.ir/search.php?detail/068038241267" "Mozilla/5.0 AppleWebKit/537.36 (KHTML, like Gecko; compatible; GPTBot/1.3; +https://openai.com/gptbot)"
74.7.227.12 - - [23/Mar/2026:17:00:57 +0330] "GET /search.php?detail/068046233854 HTTP/1.1" 200 44475 "http://news.mantaraham.ir/search.php?detail/0680177107061" "Mozilla/5.0 AppleWebKit/537.36 (KHTML, like Gecko; compatible; GPTBot/1.3; +https://openai.com/gptbot)"
74.7.227.12 - - [23/Mar/2026:17:00:58 +0330] "GET /search.php?detail/068026349984 HTTP/1.1" 200 43756 "http://news.mantaraham.ir/search.php?detail/0680254724533" "Mozilla/5.0 AppleWebKit/537.36 (KHTML, like Gecko; compatible; GPTBot/1.3; +https://openai.com/gptbot)"
74.7.227.12 - - [23/Mar/2026:17:01:00 +0330] "GET /search.php?detail/068016774282 HTTP/1.1" 200 45177 "http://news.mantaraham.ir/search.php?detail/06804548693309" "Mozilla/5.0 AppleWebKit/537.36 (KHTML, like Gecko; compatible; GPTBot/1.3; +https://openai.com/gptbot)"
74.7.227.12 - - [23/Mar/2026:17:01:02 +0330] "GET /search.php?detail/068021079015 HTTP/1.1" 200 44138 "http://news.mantaraham.ir/search.php?detail/068011432934" "Mozilla/5.0 AppleWebKit/537.36 (KHTML, like Gecko; compatible; GPTBot/1.3; +https://openai.com/gptbot)"
74.7.227.12 - - [23/Mar/2026:17:01:03 +0330] "GET /search.php?detail/068042679782 HTTP/1.1" 200 43985 "http://news.mantaraham.ir/search.php?detail/06800642890002" "Mozilla/5.0 AppleWebKit/537.36 (KHTML, like Gecko; compatible; GPTBot/1.3; +https://openai.com/gptbot)"
74.7.227.12 - - [23/Mar/2026:17:01:04 +0330] "GET /search.php?detail/068026995382 HTTP/1.1" 200 44343 "http://news.mantaraham.ir/search.php?detail/06802547012069" "Mozilla/5.0 AppleWebKit/537.36 (KHTML, like Gecko; compatible; GPTBot/1.3; +https://openai.com/gptbot)"
74.7.227.12 - - [23/Mar/2026:17:01:06 +0330] "GET /search.php?detail/068046236691 HTTP/1.1" 200 45315 "http://news.mantaraham.ir/search.php?detail/068043072910" "Mozilla/5.0 AppleWebKit/537.36 (KHTML, like Gecko; compatible; GPTBot/1.3; +https://openai.com/gptbot)"
74.7.227.12 - - [23/Mar/2026:17:01:07 +0330] "GET /search.php?detail/068042979599 HTTP/1.1" 200 43727 "http://news.mantaraham.ir/search.php?detail/0680340592510" "Mozilla/5.0 AppleWebKit/537.36 (KHTML, like Gecko; compatible; GPTBot/1.3; +https://openai.com/gptbot)"
74.7.227.12 - - [23/Mar/2026:17:01:09 +0330] "GET /search.php?detail/086032318156 HTTP/1.1" 200 44823 "http://news.mantaraham.ir/search.php?detail/08603589870429" "Mozilla/5.0 AppleWebKit/537.36 (KHTML, like Gecko; compatible; GPTBot/1.3; +https://openai.com/gptbot)"
74.7.227.12 - - [23/Mar/2026:17:01:11 +0330] "GET /search.php?detail/068004312205 HTTP/1.1" 200 45081 "http://news.mantaraham.ir/search.php?detail/0680177000875" "Mozilla/5.0 AppleWebKit/537.36 (KHTML, like Gecko; compatible; GPTBot/1.3; +https://openai.com/gptbot)"
74.7.227.12 - - [23/Mar/2026:17:01:12 +0330] "GET /search.php?detail/08604904912142 HTTP/1.1" 200 44508 "http://news.mantaraham.ir/search.php?detail/086034301447" "Mozilla/5.0 AppleWebKit/537.36 (KHTML, like Gecko; compatible; GPTBot/1.3; +https://openai.com/gptbot)"
74.7.227.12 - - [23/Mar/2026:17:01:13 +0330] "GET /search.php?detail/06800561561277 HTTP/1.1" 200 45068 "http://news.mantaraham.ir/search.php?detail/06802305941866" "Mozilla/5.0 AppleWebKit/537.36 (KHTML, like Gecko; compatible; GPTBot/1.3; +https://openai.com/gptbot)"
74.7.227.12 - - [23/Mar/2026:17:01:15 +0330] "GET /search.php?detail/0680498175167 HTTP/1.1" 200 44273 "http://news.mantaraham.ir/search.php?detail/068026349984" "Mozilla/5.0 AppleWebKit/537.36 (KHTML, like Gecko; compatible; GPTBot/1.3; +https://openai.com/gptbot)"
74.7.227.12 - - [23/Mar/2026:17:01:18 +0330] "GET /search.php?detail/0680498183793 HTTP/1.1" 200 45060 "http://news.mantaraham.ir/search.php?detail/068026349984" "Mozilla/5.0 AppleWebKit/537.36 (KHTML, like Gecko; compatible; GPTBot/1.3; +https://openai.com/gptbot)"
74.7.227.12 - - [23/Mar/2026:17:01:19 +0330] "GET /search.php?detail/0860006882600 HTTP/1.1" 200 44703 "http://news.mantaraham.ir/search.php?detail/086000710285" "Mozilla/5.0 AppleWebKit/537.36 (KHTML, like Gecko; compatible; GPTBot/1.3; +https://openai.com/gptbot)"
74.7.227.12 - - [23/Mar/2026:17:01:21 +0330] "GET /search.php?detail/0150000485600 HTTP/1.1" 200 44155 "http://news.mantaraham.ir/search.php?detail/0150119991222" "Mozilla/5.0 AppleWebKit/537.36 (KHTML, like Gecko; compatible; GPTBot/1.3; +https://openai.com/gptbot)"
74.7.227.12 - - [23/Mar/2026:17:01:23 +0330] "GET /search.php?detail/0150000540280 HTTP/1.1" 200 44717 "http://news.mantaraham.ir/search.php?detail/0150119991222" "Mozilla/5.0 AppleWebKit/537.36 (KHTML, like Gecko; compatible; GPTBot/1.3; +https://openai.com/gptbot)"
74.7.227.12 - - [23/Mar/2026:17:01:24 +0330] "GET /search.php?detail/01500004500696 HTTP/1.1" 200 44358 "http://news.mantaraham.ir/search.php?detail/01501874691306" "Mozilla/5.0 AppleWebKit/537.36 (KHTML, like Gecko; compatible; GPTBot/1.3; +https://openai.com/gptbot)"
74.7.227.12 - - [23/Mar/2026:17:01:25 +0330] "GET /search.php?detail/0680255126627 HTTP/1.1" 200 44484 "http://news.mantaraham.ir/search.php?detail/0680391859414" "Mozilla/5.0 AppleWebKit/537.36 (KHTML, like Gecko; compatible; GPTBot/1.3; +https://openai.com/gptbot)"
74.7.227.12 - - [23/Mar/2026:17:01:27 +0330] "GET /search.php?detail/0840471221103 HTTP/1.1" 200 44251 "http://news.mantaraham.ir/search.php?detail/0840086608130" "Mozilla/5.0 AppleWebKit/537.36 (KHTML, like Gecko; compatible; GPTBot/1.3; +https://openai.com/gptbot)"
74.7.227.12 - - [23/Mar/2026:17:01:28 +0330] "GET /search.php?detail/0840470732133 HTTP/1.1" 200 44045 "http://news.mantaraham.ir/search.php?detail/08400065379165" "Mozilla/5.0 AppleWebKit/537.36 (KHTML, like Gecko; compatible; GPTBot/1.3; +https://openai.com/gptbot)"
74.7.227.12 - - [23/Mar/2026:17:01:30 +0330] "GET /search.php?detail/0680133097378 HTTP/1.1" 200 44549 "http://news.mantaraham.ir/search.php?detail/0680252228638" "Mozilla/5.0 AppleWebKit/537.36 (KHTML, like Gecko; compatible; GPTBot/1.3; +https://openai.com/gptbot)"
74.7.227.12 - - [23/Mar/2026:17:01:32 +0330] "GET /search.php?detail/0680322620143 HTTP/1.1" 200 45006 "http://news.mantaraham.ir/search.php?detail/06804629689999" "Mozilla/5.0 AppleWebKit/537.36 (KHTML, like Gecko; compatible; GPTBot/1.3; +https://openai.com/gptbot)"
74.7.227.12 - - [23/Mar/2026:17:01:33 +0330] "GET /search.php?detail/0680382835705 HTTP/1.1" 200 44141 "http://news.mantaraham.ir/search.php?detail/068034035608" "Mozilla/5.0 AppleWebKit/537.36 (KHTML, like Gecko; compatible; GPTBot/1.3; +https://openai.com/gptbot)"
74.7.227.12 - - [23/Mar/2026:17:01:35 +0330] "GET /search.php?detail/0680477820273 HTTP/1.1" 200 44182 "http://news.mantaraham.ir/search.php?detail/0680080237748" "Mozilla/5.0 AppleWebKit/537.36 (KHTML, like Gecko; compatible; GPTBot/1.3; +https://openai.com/gptbot)"
74.7.227.12 - - [23/Mar/2026:17:01:36 +0330] "GET /search.php?detail/0680167728587 HTTP/1.1" 200 44091 "http://news.mantaraham.ir/search.php?jp/068029719.html" "Mozilla/5.0 AppleWebKit/537.36 (KHTML, like Gecko; compatible; GPTBot/1.3; +https://openai.com/gptbot)"
74.7.227.12 - - [23/Mar/2026:17:01:38 +0330] "GET /search.php?detail/0680250905403 HTTP/1.1" 200 43871 "http://news.mantaraham.ir/search.php?detail/068047111377" "Mozilla/5.0 AppleWebKit/537.36 (KHTML, like Gecko; compatible; GPTBot/1.3; +https://openai.com/gptbot)"
74.7.227.12 - - [23/Mar/2026:17:01:40 +0330] "GET /search.php?detail/0680079383289 HTTP/1.1" 200 44504 "http://news.mantaraham.ir/search.php?detail/068013307666" "Mozilla/5.0 AppleWebKit/537.36 (KHTML, like Gecko; compatible; GPTBot/1.3; +https://openai.com/gptbot)"
74.7.227.12 - - [23/Mar/2026:17:01:41 +0330] "GET /search.php?detail/0680054701503 HTTP/1.1" 200 44009 "http://news.mantaraham.ir/search.php?detail/068029413894" "Mozilla/5.0 AppleWebKit/537.36 (KHTML, like Gecko; compatible; GPTBot/1.3; +https://openai.com/gptbot)"
74.7.227.12 - - [23/Mar/2026:17:01:43 +0330] "GET /search.php?detail/0680193160367 HTTP/1.1" 200 44245 "http://news.mantaraham.ir/search.php?detail/068027000964" "Mozilla/5.0 AppleWebKit/537.36 (KHTML, like Gecko; compatible; GPTBot/1.3; +https://openai.com/gptbot)"
74.7.227.12 - - [23/Mar/2026:17:01:44 +0330] "GET /search.php?detail/0680041826289 HTTP/1.1" 200 44036 "http://news.mantaraham.ir/search.php?detail/068037953355" "Mozilla/5.0 AppleWebKit/537.36 (KHTML, like Gecko; compatible; GPTBot/1.3; +https://openai.com/gptbot)"
74.7.227.12 - - [23/Mar/2026:17:01:46 +0330] "GET /search.php?detail/0680414498817 HTTP/1.1" 200 43521 "http://news.mantaraham.ir/search.php?detail/06801219703829" "Mozilla/5.0 AppleWebKit/537.36 (KHTML, like Gecko; compatible; GPTBot/1.3; +https://openai.com/gptbot)"
142.93.208.146 - - [23/Mar/2026:17:01:46 +0330] "GET /wp-includes/css/dist/wp-login.php HTTP/1.1" 200 4609 "binance.com" "Mozilla/5.0 (Windows NT 10.0; Win64; x64) AppleWebKit/537.36 (KHTML, like Gecko) Chrome/90.0.4430.85 Safari/537.36"
74.7.227.12 - - [23/Mar/2026:17:01:48 +0330] "GET /search.php?detail/0680037405970 HTTP/1.1" 200 44980 "http://news.mantaraham.ir/search.php?detail/06802332967074" "Mozilla/5.0 AppleWebKit/537.36 (KHTML, like Gecko; compatible; GPTBot/1.3; +https://openai.com/gptbot)"
142.93.208.146 - - [23/Mar/2026:17:01:47 +0330] "POST /wp-includes/css/dist/wp-login.php HTTP/1.1" 200 4612 "binance.com" "Mozilla/5.0 (Windows NT 10.0; Win64; x64) AppleWebKit/537.36 (KHTML, like Gecko) Chrome/90.0.4430.85 Safari/537.36"
74.7.227.12 - - [23/Mar/2026:17:01:49 +0330] "GET /search.php?detail/0680201469188 HTTP/1.1" 200 44151 "http://news.mantaraham.ir/search.php?detail/06804968172298" "Mozilla/5.0 AppleWebKit/537.36 (KHTML, like Gecko; compatible; GPTBot/1.3; +https://openai.com/gptbot)"
74.7.227.12 - - [23/Mar/2026:17:01:50 +0330] "GET /search.php?detail/0680322658627 HTTP/1.1" 200 43888 "http://news.mantaraham.ir/search.php?detail/068046235347" "Mozilla/5.0 AppleWebKit/537.36 (KHTML, like Gecko; compatible; GPTBot/1.3; +https://openai.com/gptbot)"
74.7.227.12 - - [23/Mar/2026:17:01:52 +0330] "GET /search.php?detail/0680462302536 HTTP/1.1" 200 44257 "http://news.mantaraham.ir/search.php?detail/068043072910" "Mozilla/5.0 AppleWebKit/537.36 (KHTML, like Gecko; compatible; GPTBot/1.3; +https://openai.com/gptbot)"
74.7.227.12 - - [23/Mar/2026:17:01:53 +0330] "GET /search.php?detail/0680115482210 HTTP/1.1" 200 44754 "http://news.mantaraham.ir/search.php?detail/068022550290" "Mozilla/5.0 AppleWebKit/537.36 (KHTML, like Gecko; compatible; GPTBot/1.3; +https://openai.com/gptbot)"
74.7.227.12 - - [23/Mar/2026:17:01:55 +0330] "GET /search.php?detail/0650110897198 HTTP/1.1" 200 44192 "http://news.mantaraham.ir/search.php?detail/0650347752962" "Mozilla/5.0 AppleWebKit/537.36 (KHTML, like Gecko; compatible; GPTBot/1.3; +https://openai.com/gptbot)"
74.7.227.12 - - [23/Mar/2026:17:01:56 +0330] "GET /search.php?detail/0680129102884 HTTP/1.1" 200 44896 "http://news.mantaraham.ir/search.php?detail/06804267235503" "Mozilla/5.0 AppleWebKit/537.36 (KHTML, like Gecko; compatible; GPTBot/1.3; +https://openai.com/gptbot)"
74.7.227.12 - - [23/Mar/2026:17:01:57 +0330] "GET /search.php?detail/0680332723550 HTTP/1.1" 200 43974 "http://news.mantaraham.ir/search.php?detail/06804629689999" "Mozilla/5.0 AppleWebKit/537.36 (KHTML, like Gecko; compatible; GPTBot/1.3; +https://openai.com/gptbot)"
74.7.227.12 - - [23/Mar/2026:17:01:59 +0330] "GET /search.php?detail/0680230534655 HTTP/1.1" 200 44175 "http://news.mantaraham.ir/search.php?detail/0680254643026" "Mozilla/5.0 AppleWebKit/537.36 (KHTML, like Gecko; compatible; GPTBot/1.3; +https://openai.com/gptbot)"
74.7.227.12 - - [23/Mar/2026:17:02:01 +0330] "GET /search.php?detail/0680341094439 HTTP/1.1" 200 44720 "http://news.mantaraham.ir/search.php?detail/06803139797587" "Mozilla/5.0 AppleWebKit/537.36 (KHTML, like Gecko; compatible; GPTBot/1.3; +https://openai.com/gptbot)"
74.7.227.12 - - [23/Mar/2026:17:02:02 +0330] "GET /search.php?detail/0860177961165 HTTP/1.1" 200 44337 "http://news.mantaraham.ir/search.php?detail/08602617463147" "Mozilla/5.0 AppleWebKit/537.36 (KHTML, like Gecko; compatible; GPTBot/1.3; +https://openai.com/gptbot)"
74.7.227.12 - - [23/Mar/2026:17:02:04 +0330] "GET /search.php?detail/0680110849662 HTTP/1.1" 200 44710 "http://news.mantaraham.ir/search.php?detail/06801765694711" "Mozilla/5.0 AppleWebKit/537.36 (KHTML, like Gecko; compatible; GPTBot/1.3; +https://openai.com/gptbot)"
74.7.227.12 - - [23/Mar/2026:17:02:05 +0330] "GET /search.php?detail/0680269961227 HTTP/1.1" 200 44402 "http://news.mantaraham.ir/search.php?detail/06802547012069" "Mozilla/5.0 AppleWebKit/537.36 (KHTML, like Gecko; compatible; GPTBot/1.3; +https://openai.com/gptbot)"
74.7.227.12 - - [23/Mar/2026:17:02:07 +0330] "GET /search.php?detail/0680361087797 HTTP/1.1" 200 44500 "http://news.mantaraham.ir/search.php?detail/06801786919800" "Mozilla/5.0 AppleWebKit/537.36 (KHTML, like Gecko; compatible; GPTBot/1.3; +https://openai.com/gptbot)"
74.7.227.12 - - [23/Mar/2026:17:02:08 +0330] "GET /search.php?detail/0680230473224 HTTP/1.1" 200 44187 "http://news.mantaraham.ir/search.php?detail/0680254643026" "Mozilla/5.0 AppleWebKit/537.36 (KHTML, like Gecko; compatible; GPTBot/1.3; +https://openai.com/gptbot)"
74.7.227.12 - - [23/Mar/2026:17:02:10 +0330] "GET /search.php?detail/0680037344645 HTTP/1.1" 200 44186 "http://news.mantaraham.ir/search.php?detail/06800290938088" "Mozilla/5.0 AppleWebKit/537.36 (KHTML, like Gecko; compatible; GPTBot/1.3; +https://openai.com/gptbot)"
74.7.227.12 - - [23/Mar/2026:17:02:12 +0330] "GET /search.php?detail/0680201429289 HTTP/1.1" 200 44226 "http://news.mantaraham.ir/search.php?detail/06801604155680" "Mozilla/5.0 AppleWebKit/537.36 (KHTML, like Gecko; compatible; GPTBot/1.3; +https://openai.com/gptbot)"
74.7.227.12 - - [23/Mar/2026:17:02:13 +0330] "GET /search.php?detail/0650169744047 HTTP/1.1" 200 44285 "http://news.mantaraham.ir/search.php?detail/065034134446" "Mozilla/5.0 AppleWebKit/537.36 (KHTML, like Gecko; compatible; GPTBot/1.3; +https://openai.com/gptbot)"
74.7.227.12 - - [23/Mar/2026:17:02:14 +0330] "GET /search.php?detail/0680340264814 HTTP/1.1" 200 44646 "http://news.mantaraham.ir/search.php?detail/06804268176530" "Mozilla/5.0 AppleWebKit/537.36 (KHTML, like Gecko; compatible; GPTBot/1.3; +https://openai.com/gptbot)"
74.7.227.12 - - [23/Mar/2026:17:02:16 +0330] "GET /search.php?detail/0650402334694 HTTP/1.1" 200 45183 "http://news.mantaraham.ir/search.php?detail/06501697034038" "Mozilla/5.0 AppleWebKit/537.36 (KHTML, like Gecko; compatible; GPTBot/1.3; +https://openai.com/gptbot)"
74.7.227.12 - - [23/Mar/2026:17:02:18 +0330] "GET /search.php?detail/0680483890954 HTTP/1.1" 200 44204 "http://news.mantaraham.ir/search.php?detail/0680419526366" "Mozilla/5.0 AppleWebKit/537.36 (KHTML, like Gecko; compatible; GPTBot/1.3; +https://openai.com/gptbot)"
74.7.227.12 - - [23/Mar/2026:17:02:19 +0330] "GET /search.php?detail/0680310849363 HTTP/1.1" 200 44399 "http://news.mantaraham.ir/search.php?detail/068002286777" "Mozilla/5.0 AppleWebKit/537.36 (KHTML, like Gecko; compatible; GPTBot/1.3; +https://openai.com/gptbot)"
74.7.227.12 - - [23/Mar/2026:17:02:21 +0330] "GET /search.php?detail/0680455890754 HTTP/1.1" 200 44029 "http://news.mantaraham.ir/search.php?detail/068004318340" "Mozilla/5.0 AppleWebKit/537.36 (KHTML, like Gecko; compatible; GPTBot/1.3; +https://openai.com/gptbot)"
74.7.227.12 - - [23/Mar/2026:17:02:22 +0330] "GET /search.php?detail/0680133089979 HTTP/1.1" 200 44612 "http://news.mantaraham.ir/search.php?detail/06804938124933" "Mozilla/5.0 AppleWebKit/537.36 (KHTML, like Gecko; compatible; GPTBot/1.3; +https://openai.com/gptbot)"
74.7.227.12 - - [23/Mar/2026:17:02:24 +0330] "GET /search.php?detail/0680233248309 HTTP/1.1" 200 44293 "http://news.mantaraham.ir/search.php?detail/06802842639254" "Mozilla/5.0 AppleWebKit/537.36 (KHTML, like Gecko; compatible; GPTBot/1.3; +https://openai.com/gptbot)"
74.7.227.12 - - [23/Mar/2026:17:02:25 +0330] "GET /search.php?detail/0680230489969 HTTP/1.1" 200 43927 "http://news.mantaraham.ir/search.php?detail/068048440550" "Mozilla/5.0 AppleWebKit/537.36 (KHTML, like Gecko; compatible; GPTBot/1.3; +https://openai.com/gptbot)"
74.7.227.12 - - [23/Mar/2026:17:02:27 +0330] "GET /search.php?detail/0650169758707 HTTP/1.1" 200 45735 "http://news.mantaraham.ir/search.php?detail/0650347828846" "Mozilla/5.0 AppleWebKit/537.36 (KHTML, like Gecko; compatible; GPTBot/1.3; +https://openai.com/gptbot)"
74.7.227.12 - - [23/Mar/2026:17:02:29 +0330] "GET /search.php?detail/0650169602253 HTTP/1.1" 200 44420 "http://news.mantaraham.ir/search.php?detail/0650111064900" "Mozilla/5.0 AppleWebKit/537.36 (KHTML, like Gecko; compatible; GPTBot/1.3; +https://openai.com/gptbot)"
74.7.227.12 - - [23/Mar/2026:17:02:30 +0330] "GET /search.php?detail/0860178068927 HTTP/1.1" 200 44150 "http://news.mantaraham.ir/search.php?detail/086026189029" "Mozilla/5.0 AppleWebKit/537.36 (KHTML, like Gecko; compatible; GPTBot/1.3; +https://openai.com/gptbot)"
74.7.227.12 - - [23/Mar/2026:17:02:32 +0330] "GET /search.php?detail/0680283904292 HTTP/1.1" 200 44280 "http://news.mantaraham.ir/search.php?detail/068032113233" "Mozilla/5.0 AppleWebKit/537.36 (KHTML, like Gecko; compatible; GPTBot/1.3; +https://openai.com/gptbot)"
74.7.227.12 - - [23/Mar/2026:17:02:33 +0330] "GET /search.php?detail/0680241911898 HTTP/1.1" 200 44125 "http://news.mantaraham.ir/search.php?detail/068013541303" "Mozilla/5.0 AppleWebKit/537.36 (KHTML, like Gecko; compatible; GPTBot/1.3; +https://openai.com/gptbot)"
142.93.208.146 - - [23/Mar/2026:17:02:34 +0330] "GET /wp-includes/css/dist/wp-login.php HTTP/1.1" 200 19734 "-" "Mozilla/5.0 (Windows NT 10.0; Win64; x64) AppleWebKit/537.36 (KHTML, like Gecko) Chrome/90.0.4430.85 Safari/537.36"
74.7.227.12 - - [23/Mar/2026:17:02:35 +0330] "GET /search.php?detail/0680133118548 HTTP/1.1" 200 43852 "http://news.mantaraham.ir/search.php?detail/0680252228638" "Mozilla/5.0 AppleWebKit/537.36 (KHTML, like Gecko; compatible; GPTBot/1.3; +https://openai.com/gptbot)"
74.7.227.12 - - [23/Mar/2026:17:02:37 +0330] "GET /search.php?detail/0860178228303 HTTP/1.1" 200 44151 "http://news.mantaraham.ir/search.php?detail/086026179482" "Mozilla/5.0 AppleWebKit/537.36 (KHTML, like Gecko; compatible; GPTBot/1.3; +https://openai.com/gptbot)"
74.7.227.12 - - [23/Mar/2026:17:02:38 +0330] "GET /search.php?detail/0680135388670 HTTP/1.1" 200 43978 "http://news.mantaraham.ir/search.php?detail/068009096894" "Mozilla/5.0 AppleWebKit/537.36 (KHTML, like Gecko; compatible; GPTBot/1.3; +https://openai.com/gptbot)"
74.7.227.12 - - [23/Mar/2026:17:02:40 +0330] "GET /search.php?detail/0680043813485 HTTP/1.1" 200 44105 "http://news.mantaraham.ir/search.php?detail/06800610861122" "Mozilla/5.0 AppleWebKit/537.36 (KHTML, like Gecko; compatible; GPTBot/1.3; +https://openai.com/gptbot)"
74.7.227.12 - - [23/Mar/2026:17:02:42 +0330] "GET /search.php?detail/0650372232604 HTTP/1.1" 200 45060 "http://news.mantaraham.ir/search.php?detail/065000461427" "Mozilla/5.0 AppleWebKit/537.36 (KHTML, like Gecko; compatible; GPTBot/1.3; +https://openai.com/gptbot)"
74.7.227.12 - - [23/Mar/2026:17:02:43 +0330] "GET /search.php?detail/0680044791814 HTTP/1.1" 200 44566 "http://news.mantaraham.ir/search.php?detail/0680203362008" "Mozilla/5.0 AppleWebKit/537.36 (KHTML, like Gecko; compatible; GPTBot/1.3; +https://openai.com/gptbot)"
74.7.227.12 - - [23/Mar/2026:17:02:45 +0330] "GET /search.php?detail/0680252151230 HTTP/1.1" 200 43961 "http://news.mantaraham.ir/search.php?detail/06802951772871" "Mozilla/5.0 AppleWebKit/537.36 (KHTML, like Gecko; compatible; GPTBot/1.3; +https://openai.com/gptbot)"
74.7.227.12 - - [23/Mar/2026:17:02:47 +0330] "GET /search.php?detail/0840076174789 HTTP/1.1" 200 44138 "http://news.mantaraham.ir/search.php?detail/0840123705374" "Mozilla/5.0 AppleWebKit/537.36 (KHTML, like Gecko; compatible; GPTBot/1.3; +https://openai.com/gptbot)"
74.7.227.12 - - [23/Mar/2026:17:02:49 +0330] "GET /search.php?detail/0680053309470 HTTP/1.1" 200 43953 "http://news.mantaraham.ir/search.php?detail/068029413894" "Mozilla/5.0 AppleWebKit/537.36 (KHTML, like Gecko; compatible; GPTBot/1.3; +https://openai.com/gptbot)"
74.7.227.12 - - [23/Mar/2026:17:02:50 +0330] "GET /search.php?detail/0860177876938 HTTP/1.1" 200 44350 "http://news.mantaraham.ir/search.php?detail/08602617463147" "Mozilla/5.0 AppleWebKit/537.36 (KHTML, like Gecko; compatible; GPTBot/1.3; +https://openai.com/gptbot)"
142.93.208.146 - - [23/Mar/2026:17:02:51 +0330] "GET /wp-includes/css/dist/abteqbklts.php HTTP/1.1" 200 0 "binance.com" "Mozilla/5.0 (Windows NT 10.0; Win64; x64) AppleWebKit/537.36 (KHTML, like Gecko) Chrome/90.0.4430.85 Safari/537.36"
74.7.227.12 - - [23/Mar/2026:17:02:51 +0330] "GET /search.php?detail/0680203447843 HTTP/1.1" 200 44823 "http://news.mantaraham.ir/search.php?detail/0680079376790" "Mozilla/5.0 AppleWebKit/537.36 (KHTML, like Gecko; compatible; GPTBot/1.3; +https://openai.com/gptbot)"
74.7.227.12 - - [23/Mar/2026:17:02:53 +0330] "GET /search.php?detail/0150282729881 HTTP/1.1" 200 43477 "http://news.mantaraham.ir/search.php?detail/0150135793957" "Mozilla/5.0 AppleWebKit/537.36 (KHTML, like Gecko; compatible; GPTBot/1.3; +https://openai.com/gptbot)"
74.7.227.12 - - [23/Mar/2026:17:02:54 +0330] "GET /search.php?detail/0680059517116 HTTP/1.1" 200 44120 "http://news.mantaraham.ir/search.php?detail/068036466420" "Mozilla/5.0 AppleWebKit/537.36 (KHTML, like Gecko; compatible; GPTBot/1.3; +https://openai.com/gptbot)"
74.7.227.12 - - [23/Mar/2026:17:02:55 +0330] "GET /search.php?detail/0680094411545 HTTP/1.1" 200 44153 "http://news.mantaraham.ir/search.php?detail/0680283910704" "Mozilla/5.0 AppleWebKit/537.36 (KHTML, like Gecko; compatible; GPTBot/1.3; +https://openai.com/gptbot)"
74.7.227.12 - - [23/Mar/2026:17:02:57 +0330] "GET /search.php?detail/0650372076162 HTTP/1.1" 200 44267 "http://news.mantaraham.ir/search.php?detail/065040221505" "Mozilla/5.0 AppleWebKit/537.36 (KHTML, like Gecko; compatible; GPTBot/1.3; +https://openai.com/gptbot)"
74.7.227.12 - - [23/Mar/2026:17:02:59 +0330] "GET /search.php?detail/0680103261531 HTTP/1.1" 200 43794 "http://news.mantaraham.ir/search.php?detail/0680095339090" "Mozilla/5.0 AppleWebKit/537.36 (KHTML, like Gecko; compatible; GPTBot/1.3; +https://openai.com/gptbot)"
74.7.227.12 - - [23/Mar/2026:17:03:00 +0330] "GET /search.php?detail/0680419498902 HTTP/1.1" 200 44376 "http://news.mantaraham.ir/search.php?detail/06802941224383" "Mozilla/5.0 AppleWebKit/537.36 (KHTML, like Gecko; compatible; GPTBot/1.3; +https://openai.com/gptbot)"
74.7.227.12 - - [23/Mar/2026:17:03:01 +0330] "GET /search.php?detail/0680379610796 HTTP/1.1" 200 44412 "http://news.mantaraham.ir/search.php?detail/0680380851150" "Mozilla/5.0 AppleWebKit/537.36 (KHTML, like Gecko; compatible; GPTBot/1.3; +https://openai.com/gptbot)"
74.7.227.12 - - [23/Mar/2026:17:03:03 +0330] "GET /search.php?detail/06804307430139 HTTP/1.1" 200 44293 "http://news.mantaraham.ir/search.php?detail/068026951793" "Mozilla/5.0 AppleWebKit/537.36 (KHTML, like Gecko; compatible; GPTBot/1.3; +https://openai.com/gptbot)"
74.7.227.12 - - [23/Mar/2026:17:03:04 +0330] "GET /search.php?detail/06803402150344 HTTP/1.1" 200 43889 "http://news.mantaraham.ir/search.php?detail/06802508700074" "Mozilla/5.0 AppleWebKit/537.36 (KHTML, like Gecko; compatible; GPTBot/1.3; +https://openai.com/gptbot)"
74.7.227.12 - - [23/Mar/2026:17:03:06 +0330] "GET /search.php?detail/01501874220187 HTTP/1.1" 200 43729 "http://news.mantaraham.ir/search.php?detail/015013582456" "Mozilla/5.0 AppleWebKit/537.36 (KHTML, like Gecko; compatible; GPTBot/1.3; +https://openai.com/gptbot)"
142.93.208.146 - - [23/Mar/2026:17:03:11 +0330] "GET /wp-includes/fonts/ HTTP/1.1" 200 1494 "binance.com" "Mozilla/5.0 (Windows NT 10.0; Win64; x64) AppleWebKit/537.36 (KHTML, like Gecko) Chrome/90.0.4430.85 Safari/537.36"
74.7.227.12 - - [23/Mar/2026:17:03:07 +0330] "GET /search.php?detail/06503477046963 HTTP/1.1" 200 43937 "http://news.mantaraham.ir/search.php?detail/06501110800546" "Mozilla/5.0 AppleWebKit/537.36 (KHTML, like Gecko; compatible; GPTBot/1.3; +https://openai.com/gptbot)"
74.7.227.12 - - [23/Mar/2026:17:03:11 +0330] "GET /search.php?detail/06804337840966 HTTP/1.1" 200 44054 "http://news.mantaraham.ir/search.php?detail/0680160061129" "Mozilla/5.0 AppleWebKit/537.36 (KHTML, like Gecko; compatible; GPTBot/1.3; +https://openai.com/gptbot)"
74.7.227.12 - - [23/Mar/2026:17:03:13 +0330] "GET /search.php?detail/06801677584057 HTTP/1.1" 200 43912 "http://news.mantaraham.ir/search.php?jp/068029719.html" "Mozilla/5.0 AppleWebKit/537.36 (KHTML, like Gecko; compatible; GPTBot/1.3; +https://openai.com/gptbot)"
142.93.208.146 - - [23/Mar/2026:17:03:15 +0330] "GET /wp-includes/fonts/ HTTP/1.1" 200 1494 "binance.com" "Mozilla/5.0 (Windows NT 10.0; Win64; x64) AppleWebKit/537.36 (KHTML, like Gecko) Chrome/90.0.4430.85 Safari/537.36"
74.7.227.12 - - [23/Mar/2026:17:03:14 +0330] "GET /search.php?detail/06802509405110 HTTP/1.1" 200 44018 "http://news.mantaraham.ir/search.php?jp/068043229.html" "Mozilla/5.0 AppleWebKit/537.36 (KHTML, like Gecko; compatible; GPTBot/1.3; +https://openai.com/gptbot)"
74.7.227.12 - - [23/Mar/2026:17:03:16 +0330] "GET /search.php?detail/06504022589856 HTTP/1.1" 200 43880 "http://news.mantaraham.ir/search.php?detail/06504379357729" "Mozilla/5.0 AppleWebKit/537.36 (KHTML, like Gecko; compatible; GPTBot/1.3; +https://openai.com/gptbot)"
74.7.227.12 - - [23/Mar/2026:17:03:17 +0330] "GET /search.php?detail/06802176711692 HTTP/1.1" 200 44225 "http://news.mantaraham.ir/search.php?detail/068049388831" "Mozilla/5.0 AppleWebKit/537.36 (KHTML, like Gecko; compatible; GPTBot/1.3; +https://openai.com/gptbot)"
74.7.227.12 - - [23/Mar/2026:17:03:18 +0330] "GET /search.php?detail/06803188416914 HTTP/1.1" 200 44974 "http://news.mantaraham.ir/search.php?detail/0680295939659" "Mozilla/5.0 AppleWebKit/537.36 (KHTML, like Gecko; compatible; GPTBot/1.3; +https://openai.com/gptbot)"
74.7.227.12 - - [23/Mar/2026:17:03:20 +0330] "GET /search.php?detail/06800794496982 HTTP/1.1" 200 44856 "http://news.mantaraham.ir/search.php?detail/06800955131292" "Mozilla/5.0 AppleWebKit/537.36 (KHTML, like Gecko; compatible; GPTBot/1.3; +https://openai.com/gptbot)"
74.7.227.12 - - [23/Mar/2026:17:03:21 +0330] "GET /search.php?detail/06800381071490 HTTP/1.1" 200 43562 "http://news.mantaraham.ir/search.php?detail/06802332967074" "Mozilla/5.0 AppleWebKit/537.36 (KHTML, like Gecko; compatible; GPTBot/1.3; +https://openai.com/gptbot)"
142.93.208.146 - - [23/Mar/2026:17:03:19 +0330] "GET /wp-includes/fonts/about.php HTTP/1.1" 200 274 "binance.com" "Mozilla/5.0 (Windows NT 10.0; Win64; x64) AppleWebKit/537.36 (KHTML, like Gecko) Chrome/90.0.4430.85 Safari/537.36"
74.7.227.12 - - [23/Mar/2026:17:03:22 +0330] "GET /search.php?detail/06802255828967 HTTP/1.1" 200 44696 "http://news.mantaraham.ir/search.php?detail/06804222040133" "Mozilla/5.0 AppleWebKit/537.36 (KHTML, like Gecko; compatible; GPTBot/1.3; +https://openai.com/gptbot)"
74.7.227.12 - - [23/Mar/2026:17:03:24 +0330] "GET /search.php?detail/06503722443255 HTTP/1.1" 200 43943 "http://news.mantaraham.ir/search.php?detail/0650402350335" "Mozilla/5.0 AppleWebKit/537.36 (KHTML, like Gecko; compatible; GPTBot/1.3; +https://openai.com/gptbot)"
74.7.227.12 - - [23/Mar/2026:17:03:25 +0330] "GET /search.php?detail/06804027246554 HTTP/1.1" 200 44034 "http://news.mantaraham.ir/search.php?detail/0680346379174" "Mozilla/5.0 AppleWebKit/537.36 (KHTML, like Gecko; compatible; GPTBot/1.3; +https://openai.com/gptbot)"
74.7.227.12 - - [23/Mar/2026:17:03:27 +0330] "GET /search.php?detail/06801155266192 HTTP/1.1" 200 43795 "http://news.mantaraham.ir/search.php?detail/068022550290" "Mozilla/5.0 AppleWebKit/537.36 (KHTML, like Gecko; compatible; GPTBot/1.3; +https://openai.com/gptbot)"
74.7.227.12 - - [23/Mar/2026:17:03:29 +0330] "GET /search.php?detail/06803647087814 HTTP/1.1" 200 44054 "http://news.mantaraham.ir/search.php?detail/068031082118" "Mozilla/5.0 AppleWebKit/537.36 (KHTML, like Gecko; compatible; GPTBot/1.3; +https://openai.com/gptbot)"
74.7.227.12 - - [23/Mar/2026:17:03:31 +0330] "GET /search.php?detail/08601782130737 HTTP/1.1" 200 44339 "http://news.mantaraham.ir/search.php?detail/08600070498338" "Mozilla/5.0 AppleWebKit/537.36 (KHTML, like Gecko; compatible; GPTBot/1.3; +https://openai.com/gptbot)"
74.7.227.12 - - [23/Mar/2026:17:03:32 +0330] "GET /search.php?detail/06500783538872 HTTP/1.1" 200 44194 "http://news.mantaraham.ir/search.php?detail/0650347752962" "Mozilla/5.0 AppleWebKit/537.36 (KHTML, like Gecko; compatible; GPTBot/1.3; +https://openai.com/gptbot)"
74.7.227.12 - - [23/Mar/2026:17:03:34 +0330] "GET /search.php?detail/06801611758747 HTTP/1.1" 200 44199 "http://news.mantaraham.ir/search.php?detail/06803212056481" "Mozilla/5.0 AppleWebKit/537.36 (KHTML, like Gecko; compatible; GPTBot/1.3; +https://openai.com/gptbot)"
74.7.227.12 - - [23/Mar/2026:17:03:36 +0330] "GET /search.php?detail/08601781377691 HTTP/1.1" 200 44408 "http://news.mantaraham.ir/search.php?detail/086034303936" "Mozilla/5.0 AppleWebKit/537.36 (KHTML, like Gecko; compatible; GPTBot/1.3; +https://openai.com/gptbot)"
74.7.227.12 - - [23/Mar/2026:17:03:37 +0330] "GET /search.php?detail/06804144821165 HTTP/1.1" 200 44068 "http://news.mantaraham.ir/search.php?detail/06803957857322" "Mozilla/5.0 AppleWebKit/537.36 (KHTML, like Gecko; compatible; GPTBot/1.3; +https://openai.com/gptbot)"
74.7.227.12 - - [23/Mar/2026:17:03:39 +0330] "GET /search.php?detail/06803645785867 HTTP/1.1" 200 45011 "http://news.mantaraham.ir/search.php?detail/06802183803683" "Mozilla/5.0 AppleWebKit/537.36 (KHTML, like Gecko; compatible; GPTBot/1.3; +https://openai.com/gptbot)"
17.22.253.11 - - [23/Mar/2026:16:57:12 +0330] "GET /7aafwv40838.html HTTP/1.1" 200 0 "-" "Mozilla/5.0 (Macintosh; Intel Mac OS X 10_15_7) AppleWebKit/605.1.15 (KHTML, like Gecko) Version/17.4 Safari/605.1.15 (Applebot/0.1; +http://www.apple.com/go/applebot)"
142.93.208.146 - - [23/Mar/2026:16:57:28 +0330] "GET /wp-includes/css/alfa-rex.php HTTP/1.1" 403 787 "binance.com" "Mozilla/5.0 (Windows NT 10.0; Win64; x64) AppleWebKit/537.36 (KHTML, like Gecko) Chrome/90.0.4430.85 Safari/537.36"
142.93.208.146 - - [23/Mar/2026:16:57:47 +0330] "GET /wp-includes/css/wp-login.php HTTP/1.1" 200 6676 "binance.com" "Mozilla/5.0 (Windows NT 10.0; Win64; x64) AppleWebKit/537.36 (KHTML, like Gecko) Chrome/90.0.4430.85 Safari/537.36"
142.93.208.146 - - [23/Mar/2026:16:58:56 +0330] "POST /wp-includes/css/wp-login.php HTTP/1.1" 200 42731 "http://news.mantaraham.ir/wp-includes/css/wp-login.php" "Mozilla/5.0 (Windows NT 10.0; Win64; x64) AppleWebKit/537.36 (KHTML, like Gecko) Chrome/90.0.4430.85 Safari/537.36"
142.93.208.146 - - [23/Mar/2026:16:59:12 +0330] "GET /wp-includes/css/zjklxesyyh.php HTTP/1.1" 200 0 "binance.com" "Mozilla/5.0 (Windows NT 10.0; Win64; x64) AppleWebKit/537.36 (KHTML, like Gecko) Chrome/90.0.4430.85 Safari/537.36"
142.93.208.146 - - [23/Mar/2026:16:59:34 +0330] "GET /wp-includes/css/dist/ HTTP/1.1" 200 1557 "binance.com" "Mozilla/5.0 (Windows NT 10.0; Win64; x64) AppleWebKit/537.36 (KHTML, like Gecko) Chrome/90.0.4430.85 Safari/537.36"
142.93.208.146 - - [23/Mar/2026:17:00:45 +0330] "POST /wp-includes/css/dist/about.php HTTP/1.1" 200 19734 "http://news.mantaraham.ir/wp-includes/css/dist/about.php" "Mozilla/5.0 (Windows NT 10.0; Win64; x64) AppleWebKit/537.36 (KHTML, like Gecko) Chrome/90.0.4430.85 Safari/537.36"
17.22.237.63 - - [23/Mar/2026:17:00:54 +0330] "GET /147pfyus43035.html HTTP/1.1" 200 0 "-" "Mozilla/5.0 (Macintosh; Intel Mac OS X 10_15_7) AppleWebKit/605.1.15 (KHTML, like Gecko) Version/17.4 Safari/605.1.15 (Applebot/0.1; +http://www.apple.com/go/applebot)"
142.93.208.146 - - [23/Mar/2026:17:01:00 +0330] "GET /wp-includes/css/dist/kyezcxmjxg.php HTTP/1.1" 200 0 "binance.com" "Mozilla/5.0 (Windows NT 10.0; Win64; x64) AppleWebKit/537.36 (KHTML, like Gecko) Chrome/90.0.4430.85 Safari/537.36"
142.93.208.146 - - [23/Mar/2026:17:01:15 +0330] "GET /wp-includes/css/dist/alfa-rex.php HTTP/1.1" 403 787 "binance.com" "Mozilla/5.0 (Windows NT 10.0; Win64; x64) AppleWebKit/537.36 (KHTML, like Gecko) Chrome/90.0.4430.85 Safari/537.36"
142.93.208.146 - - [23/Mar/2026:17:01:35 +0330] "GET /wp-includes/css/dist/wp-login.php HTTP/1.1" 200 4611 "binance.com" "Mozilla/5.0 (Windows NT 10.0; Win64; x64) AppleWebKit/537.36 (KHTML, like Gecko) Chrome/90.0.4430.85 Safari/537.36"
142.93.208.146 - - [23/Mar/2026:17:02:00 +0330] "GET /wp-includes/css/dist/ytbvmdifhc.php HTTP/1.1" 200 0 "binance.com" "Mozilla/5.0 (Windows NT 10.0; Win64; x64) AppleWebKit/537.36 (KHTML, like Gecko) Chrome/90.0.4430.85 Safari/537.36"
142.93.208.146 - - [23/Mar/2026:17:02:41 +0330] "POST /wp-includes/css/dist/wp-login.php HTTP/1.1" 200 19734 "http://news.mantaraham.ir/wp-includes/css/dist/wp-login.php" "Mozilla/5.0 (Windows NT 10.0; Win64; x64) AppleWebKit/537.36 (KHTML, like Gecko) Chrome/90.0.4430.85 Safari/537.36"
17.246.23.94 - - [23/Mar/2026:17:02:53 +0330] "GET /55hrzlf32228.html HTTP/1.1" 200 0 "-" "Mozilla/5.0 (Macintosh; Intel Mac OS X 10_15_7) AppleWebKit/605.1.15 (KHTML, like Gecko) Version/17.4 Safari/605.1.15 (Applebot/0.1; +http://www.apple.com/go/applebot)"
142.93.208.146 - - [23/Mar/2026:17:03:32 +0330] "GET /wp-includes/fonts/alfa-rex.php HTTP/1.1" 403 787 "binance.com" "Mozilla/5.0 (Windows NT 10.0; Win64; x64) AppleWebKit/537.36 (KHTML, like Gecko) Chrome/90.0.4430.85 Safari/537.36"
142.93.208.146 - - [23/Mar/2026:17:03:50 +0330] "GET /wp-includes/fonts/wp-login.php HTTP/1.1" 200 274 "binance.com" "Mozilla/5.0 (Windows NT 10.0; Win64; x64) AppleWebKit/537.36 (KHTML, like Gecko) Chrome/90.0.4430.85 Safari/537.36"
142.93.208.146 - - [23/Mar/2026:17:03:40 +0330] "GET /wp-includes/fonts/fond.php HTTP/1.1" 403 787 "binance.com" "Mozilla/5.0 (Windows NT 10.0; Win64; x64) AppleWebKit/537.36 (KHTML, like Gecko) Chrome/90.0.4430.85 Safari/537.36"
74.7.227.12 - - [23/Mar/2026:17:03:40 +0330] "GET /search.php?detail/03900120807153 HTTP/1.1" 200 44409 "http://news.mantaraham.ir/search.php?detail/039000848499" "Mozilla/5.0 AppleWebKit/537.36 (KHTML, like Gecko; compatible; GPTBot/1.3; +https://openai.com/gptbot)"
74.7.227.12 - - [23/Mar/2026:17:03:41 +0330] "GET /search.php?detail/08602872181642 HTTP/1.1" 200 43974 "http://news.mantaraham.ir/search.php?detail/086017831107" "Mozilla/5.0 AppleWebKit/537.36 (KHTML, like Gecko; compatible; GPTBot/1.3; +https://openai.com/gptbot)"
74.7.227.12 - - [23/Mar/2026:17:03:43 +0330] "GET /search.php?detail/06804889782817 HTTP/1.1" 200 44829 "http://news.mantaraham.ir/search.php?detail/068037065672" "Mozilla/5.0 AppleWebKit/537.36 (KHTML, like Gecko; compatible; GPTBot/1.3; +https://openai.com/gptbot)"
74.7.227.12 - - [23/Mar/2026:17:03:45 +0330] "GET /search.php?detail/06801669841034 HTTP/1.1" 200 44012 "http://news.mantaraham.ir/search.php?jp/068029719.html" "Mozilla/5.0 AppleWebKit/537.36 (KHTML, like Gecko; compatible; GPTBot/1.3; +https://openai.com/gptbot)"
74.7.227.12 - - [23/Mar/2026:17:03:46 +0330] "GET /search.php?detail/06802522460385 HTTP/1.1" 200 43753 "http://news.mantaraham.ir/search.php?detail/068040820435" "Mozilla/5.0 AppleWebKit/537.36 (KHTML, like Gecko; compatible; GPTBot/1.3; +https://openai.com/gptbot)"
74.7.227.12 - - [23/Mar/2026:17:03:48 +0330] "GET /search.php?detail/06801548840519 HTTP/1.1" 200 44096 "http://news.mantaraham.ir/search.php?detail/068023070657" "Mozilla/5.0 AppleWebKit/537.36 (KHTML, like Gecko; compatible; GPTBot/1.3; +https://openai.com/gptbot)"
74.7.227.12 - - [23/Mar/2026:17:03:49 +0330] "GET /search.php?detail/06800953076101 HTTP/1.1" 200 44890 "http://news.mantaraham.ir/search.php?jp/068009530.html" "Mozilla/5.0 AppleWebKit/537.36 (KHTML, like Gecko; compatible; GPTBot/1.3; +https://openai.com/gptbot)"
74.7.227.12 - - [23/Mar/2026:17:03:51 +0330] "GET /search.php?detail/06802838649788 HTTP/1.1" 200 44010 "http://news.mantaraham.ir/search.php?detail/06804307559208" "Mozilla/5.0 AppleWebKit/537.36 (KHTML, like Gecko; compatible; GPTBot/1.3; +https://openai.com/gptbot)"
74.7.227.12 - - [23/Mar/2026:17:03:53 +0330] "GET /search.php?detail/06800995513315 HTTP/1.1" 200 43995 "http://news.mantaraham.ir/search.php?detail/068029607960" "Mozilla/5.0 AppleWebKit/537.36 (KHTML, like Gecko; compatible; GPTBot/1.3; +https://openai.com/gptbot)"
74.7.227.12 - - [23/Mar/2026:17:03:55 +0330] "GET /search.php?detail/06802819530050 HTTP/1.1" 200 44300 "http://news.mantaraham.ir/search.php?detail/06804307559208" "Mozilla/5.0 AppleWebKit/537.36 (KHTML, like Gecko; compatible; GPTBot/1.3; +https://openai.com/gptbot)"
74.7.227.12 - - [23/Mar/2026:17:03:56 +0330] "GET /search.php?detail/06803853722860 HTTP/1.1" 200 43899 "http://news.mantaraham.ir/search.php?detail/068034035608" "Mozilla/5.0 AppleWebKit/537.36 (KHTML, like Gecko; compatible; GPTBot/1.3; +https://openai.com/gptbot)"
74.7.227.12 - - [23/Mar/2026:17:03:58 +0330] "GET /search.php?detail/06804623445032 HTTP/1.1" 200 43922 "http://news.mantaraham.ir/search.php?detail/0680361091010" "Mozilla/5.0 AppleWebKit/537.36 (KHTML, like Gecko; compatible; GPTBot/1.3; +https://openai.com/gptbot)"
74.7.227.12 - - [23/Mar/2026:17:04:00 +0330] "GET /search.php?detail/0680395044693 HTTP/1.1" 200 44199 "http://news.mantaraham.ir/search.php?detail/06803174145647" "Mozilla/5.0 AppleWebKit/537.36 (KHTML, like Gecko; compatible; GPTBot/1.3; +https://openai.com/gptbot)"
74.7.227.12 - - [23/Mar/2026:17:04:01 +0330] "GET /search.php?detail/0680432296700 HTTP/1.1" 200 44153 "http://news.mantaraham.ir/search.php?detail/068026951793" "Mozilla/5.0 AppleWebKit/537.36 (KHTML, like Gecko; compatible; GPTBot/1.3; +https://openai.com/gptbot)"
142.93.208.146 - - [23/Mar/2026:17:04:02 +0330] "GET /wp-includes/images/ HTTP/1.1" 200 2296 "binance.com" "Mozilla/5.0 (Windows NT 10.0; Win64; x64) AppleWebKit/537.36 (KHTML, like Gecko) Chrome/90.0.4430.85 Safari/537.36"
74.7.227.12 - - [23/Mar/2026:17:04:05 +0330] "GET /search.php?detail/0680264274830 HTTP/1.1" 200 44589 "http://news.mantaraham.ir/search.php?detail/0680153186234" "Mozilla/5.0 AppleWebKit/537.36 (KHTML, like Gecko; compatible; GPTBot/1.3; +https://openai.com/gptbot)"
74.7.227.12 - - [23/Mar/2026:17:04:07 +0330] "GET /search.php?detail/0680483961301 HTTP/1.1" 200 43977 "http://news.mantaraham.ir/search.php?detail/068026342515" "Mozilla/5.0 AppleWebKit/537.36 (KHTML, like Gecko; compatible; GPTBot/1.3; +https://openai.com/gptbot)"
74.7.227.12 - - [23/Mar/2026:17:04:08 +0330] "GET /search.php?detail/0680042305945 HTTP/1.1" 200 43981 "http://news.mantaraham.ir/search.php?detail/06802332967074" "Mozilla/5.0 AppleWebKit/537.36 (KHTML, like Gecko; compatible; GPTBot/1.3; +https://openai.com/gptbot)"
74.7.227.12 - - [23/Mar/2026:17:04:10 +0330] "GET /search.php?detail/0390494413617 HTTP/1.1" 200 43726 "http://news.mantaraham.ir/search.php?detail/03902719805967" "Mozilla/5.0 AppleWebKit/537.36 (KHTML, like Gecko; compatible; GPTBot/1.3; +https://openai.com/gptbot)"
74.7.227.12 - - [23/Mar/2026:17:04:11 +0330] "GET /search.php?detail/0680230710437 HTTP/1.1" 200 44199 "http://news.mantaraham.ir/search.php?detail/06802842639254" "Mozilla/5.0 AppleWebKit/537.36 (KHTML, like Gecko; compatible; GPTBot/1.3; +https://openai.com/gptbot)"
74.7.227.12 - - [23/Mar/2026:17:04:13 +0330] "GET /search.php?detail/0330174072882 HTTP/1.1" 200 44038 "http://news.mantaraham.ir/search.php?detail/0330005589785" "Mozilla/5.0 AppleWebKit/537.36 (KHTML, like Gecko; compatible; GPTBot/1.3; +https://openai.com/gptbot)"
74.7.227.12 - - [23/Mar/2026:17:04:14 +0330] "GET /search.php?detail/0680054750243 HTTP/1.1" 200 44410 "http://news.mantaraham.ir/search.php?detail/068036466420" "Mozilla/5.0 AppleWebKit/537.36 (KHTML, like Gecko; compatible; GPTBot/1.3; +https://openai.com/gptbot)"
74.7.227.12 - - [23/Mar/2026:17:04:16 +0330] "GET /search.php?detail/0680167733575 HTTP/1.1" 200 43791 "http://news.mantaraham.ir/search.php?detail/0680250832880" "Mozilla/5.0 AppleWebKit/537.36 (KHTML, like Gecko; compatible; GPTBot/1.3; +https://openai.com/gptbot)"
74.7.227.12 - - [23/Mar/2026:17:04:18 +0330] "GET /search.php?detail/0680403279609 HTTP/1.1" 200 44361 "http://news.mantaraham.ir/search.php?detail/068046314829" "Mozilla/5.0 AppleWebKit/537.36 (KHTML, like Gecko; compatible; GPTBot/1.3; +https://openai.com/gptbot)"
74.7.227.12 - - [23/Mar/2026:17:04:19 +0330] "GET /search.php?detail/068000771232 HTTP/1.1" 200 43848 "http://news.mantaraham.ir/search.php?detail/0680395044693" "Mozilla/5.0 AppleWebKit/537.36 (KHTML, like Gecko; compatible; GPTBot/1.3; +https://openai.com/gptbot)"
74.7.227.12 - - [23/Mar/2026:17:04:21 +0330] "GET /search.php?detail/0680347656697 HTTP/1.1" 200 43945 "http://news.mantaraham.ir/search.php?detail/06803139797587" "Mozilla/5.0 AppleWebKit/537.36 (KHTML, like Gecko; compatible; GPTBot/1.3; +https://openai.com/gptbot)"
74.7.227.12 - - [23/Mar/2026:17:04:22 +0330] "GET /search.php?detail/0680037223847 HTTP/1.1" 200 43945 "http://news.mantaraham.ir/search.php?detail/068045484835" "Mozilla/5.0 AppleWebKit/537.36 (KHTML, like Gecko; compatible; GPTBot/1.3; +https://openai.com/gptbot)"
74.7.227.12 - - [23/Mar/2026:17:04:24 +0330] "GET /search.php?detail/0680423647028 HTTP/1.1" 200 45164 "http://news.mantaraham.ir/search.php?detail/06803802142570" "Mozilla/5.0 AppleWebKit/537.36 (KHTML, like Gecko; compatible; GPTBot/1.3; +https://openai.com/gptbot)"
74.7.227.12 - - [23/Mar/2026:17:04:26 +0330] "GET /search.php?detail/0860343095548 HTTP/1.1" 200 44184 "http://news.mantaraham.ir/search.php?detail/086026192828" "Mozilla/5.0 AppleWebKit/537.36 (KHTML, like Gecko; compatible; GPTBot/1.3; +https://openai.com/gptbot)"
74.7.227.12 - - [23/Mar/2026:17:04:27 +0330] "GET /search.php?detail/0680079451058 HTTP/1.1" 200 43904 "http://news.mantaraham.ir/search.php?detail/06800955131292" "Mozilla/5.0 AppleWebKit/537.36 (KHTML, like Gecko; compatible; GPTBot/1.3; +https://openai.com/gptbot)"
142.93.208.146 - - [23/Mar/2026:17:04:28 +0330] "GET /wp-includes/images/about.php HTTP/1.1" 200 5827 "binance.com" "Mozilla/5.0 (Windows NT 10.0; Win64; x64) AppleWebKit/537.36 (KHTML, like Gecko) Chrome/90.0.4430.85 Safari/537.36"
74.7.227.12 - - [23/Mar/2026:17:04:29 +0330] "GET /search.php?detail/0840142651524 HTTP/1.1" 200 43967 "http://news.mantaraham.ir/search.php?detail/0840377763852" "Mozilla/5.0 AppleWebKit/537.36 (KHTML, like Gecko; compatible; GPTBot/1.3; +https://openai.com/gptbot)"
74.7.227.12 - - [23/Mar/2026:17:04:31 +0330] "GET /search.php?detail/0680332029849 HTTP/1.1" 200 44756 "http://news.mantaraham.ir/search.php?detail/0680484006995" "Mozilla/5.0 AppleWebKit/537.36 (KHTML, like Gecko; compatible; GPTBot/1.3; +https://openai.com/gptbot)"
74.7.227.12 - - [23/Mar/2026:17:04:33 +0330] "GET /search.php?detail/0680120875562 HTTP/1.1" 200 44470 "http://news.mantaraham.ir/search.php?detail/06803403788830" "Mozilla/5.0 AppleWebKit/537.36 (KHTML, like Gecko; compatible; GPTBot/1.3; +https://openai.com/gptbot)"
74.7.227.12 - - [23/Mar/2026:17:04:34 +0330] "GET /search.php?detail/0680114338624 HTTP/1.1" 200 44361 "http://news.mantaraham.ir/search.php?detail/0680254848840" "Mozilla/5.0 AppleWebKit/537.36 (KHTML, like Gecko; compatible; GPTBot/1.3; +https://openai.com/gptbot)"
74.7.227.12 - - [23/Mar/2026:17:04:36 +0330] "GET /search.php?detail/0860178168553 HTTP/1.1" 200 44102 "http://news.mantaraham.ir/search.php?detail/08600068119429" "Mozilla/5.0 AppleWebKit/537.36 (KHTML, like Gecko; compatible; GPTBot/1.3; +https://openai.com/gptbot)"
74.7.227.12 - - [23/Mar/2026:17:04:38 +0330] "GET /search.php?detail/0680154005243 HTTP/1.1" 200 43736 "http://news.mantaraham.ir/search.php?detail/0680218415623" "Mozilla/5.0 AppleWebKit/537.36 (KHTML, like Gecko; compatible; GPTBot/1.3; +https://openai.com/gptbot)"
74.7.227.12 - - [23/Mar/2026:17:04:40 +0330] "GET /search.php?detail/0680324018231 HTTP/1.1" 200 44945 "http://news.mantaraham.ir/search.php?detail/0680380203370" "Mozilla/5.0 AppleWebKit/537.36 (KHTML, like Gecko; compatible; GPTBot/1.3; +https://openai.com/gptbot)"
74.7.227.12 - - [23/Mar/2026:17:04:41 +0330] "GET /search.php?detail/0680382244164 HTTP/1.1" 200 44538 "http://news.mantaraham.ir/search.php?detail/068034035608" "Mozilla/5.0 AppleWebKit/537.36 (KHTML, like Gecko; compatible; GPTBot/1.3; +https://openai.com/gptbot)"
74.7.227.12 - - [23/Mar/2026:17:04:43 +0330] "GET /search.php?detail/0680027204983 HTTP/1.1" 200 44111 "http://news.mantaraham.ir/search.php?detail/0680215441895" "Mozilla/5.0 AppleWebKit/537.36 (KHTML, like Gecko; compatible; GPTBot/1.3; +https://openai.com/gptbot)"
74.7.227.12 - - [23/Mar/2026:17:04:45 +0330] "GET /search.php?detail/0680139194663 HTTP/1.1" 200 43762 "http://news.mantaraham.ir/search.php?detail/0680218415623" "Mozilla/5.0 AppleWebKit/537.36 (KHTML, like Gecko; compatible; GPTBot/1.3; +https://openai.com/gptbot)"
74.7.227.12 - - [23/Mar/2026:17:04:47 +0330] "GET /search.php?detail/0680454875562 HTTP/1.1" 200 44641 "http://news.mantaraham.ir/search.php?detail/0680056839037" "Mozilla/5.0 AppleWebKit/537.36 (KHTML, like Gecko; compatible; GPTBot/1.3; +https://openai.com/gptbot)"
74.7.227.12 - - [23/Mar/2026:17:04:48 +0330] "GET /search.php?detail/0680213190305 HTTP/1.1" 200 44012 "http://news.mantaraham.ir/search.php?detail/068011432934" "Mozilla/5.0 AppleWebKit/537.36 (KHTML, like Gecko; compatible; GPTBot/1.3; +https://openai.com/gptbot)"
74.7.227.12 - - [23/Mar/2026:17:04:50 +0330] "GET /search.php?detail/0680262324355 HTTP/1.1" 200 44545 "http://news.mantaraham.ir/search.php?detail/06803849657443" "Mozilla/5.0 AppleWebKit/537.36 (KHTML, like Gecko; compatible; GPTBot/1.3; +https://openai.com/gptbot)"
74.7.227.12 - - [23/Mar/2026:17:04:51 +0330] "GET /search.php?detail/0650197870856 HTTP/1.1" 200 45070 "http://news.mantaraham.ir/search.php?detail/065040244066" "Mozilla/5.0 AppleWebKit/537.36 (KHTML, like Gecko; compatible; GPTBot/1.3; +https://openai.com/gptbot)"
74.7.227.12 - - [23/Mar/2026:17:04:53 +0330] "GET /search.php?detail/0680117726388 HTTP/1.1" 200 44469 "http://news.mantaraham.ir/search.php?detail/06803403788830" "Mozilla/5.0 AppleWebKit/537.36 (KHTML, like Gecko; compatible; GPTBot/1.3; +https://openai.com/gptbot)"
74.7.227.12 - - [23/Mar/2026:17:04:54 +0330] "GET /search.php?detail/0680090148397 HTTP/1.1" 200 44404 "http://news.mantaraham.ir/search.php?detail/068003724910" "Mozilla/5.0 AppleWebKit/537.36 (KHTML, like Gecko; compatible; GPTBot/1.3; +https://openai.com/gptbot)"
74.7.227.12 - - [23/Mar/2026:17:04:56 +0330] "GET /search.php?detail/0650402279370 HTTP/1.1" 200 44421 "http://news.mantaraham.ir/search.php?detail/06503476688224" "Mozilla/5.0 AppleWebKit/537.36 (KHTML, like Gecko; compatible; GPTBot/1.3; +https://openai.com/gptbot)"
74.7.227.12 - - [23/Mar/2026:17:04:57 +0330] "GET /search.php?detail/0680167761382 HTTP/1.1" 200 44684 "http://news.mantaraham.ir/search.php?detail/06804548693309" "Mozilla/5.0 AppleWebKit/537.36 (KHTML, like Gecko; compatible; GPTBot/1.3; +https://openai.com/gptbot)"
74.7.227.12 - - [23/Mar/2026:17:04:59 +0330] "GET /search.php?detail/0650139608198 HTTP/1.1" 200 44205 "http://news.mantaraham.ir/search.php?detail/0650111064900" "Mozilla/5.0 AppleWebKit/537.36 (KHTML, like Gecko; compatible; GPTBot/1.3; +https://openai.com/gptbot)"
