74.7.227.12 - - [23/Mar/2026:16:56:33 +0330] "GET /search.php?detail/0650372099508 HTTP/1.1" 200 44062 "http://news.mantaraham.ir/search.php?detail/065000461427" "Mozilla/5.0 AppleWebKit/537.36 (KHTML, like Gecko; compatible; GPTBot/1.3; +https://openai.com/gptbot)"
74.7.227.12 - - [23/Mar/2026:16:56:35 +0330] "GET /search.php?detail/0680203455209 HTTP/1.1" 200 44286 "http://news.mantaraham.ir/search.php?detail/0680154915428" "Mozilla/5.0 AppleWebKit/537.36 (KHTML, like Gecko; compatible; GPTBot/1.3; +https://openai.com/gptbot)"
74.7.227.12 - - [23/Mar/2026:16:56:36 +0330] "GET /search.php?detail/0680297239778 HTTP/1.1" 200 45086 "http://news.mantaraham.ir/search.php?detail/0680172249203" "Mozilla/5.0 AppleWebKit/537.36 (KHTML, like Gecko; compatible; GPTBot/1.3; +https://openai.com/gptbot)"
74.7.227.12 - - [23/Mar/2026:16:56:38 +0330] "GET /search.php?detail/0680135352168 HTTP/1.1" 200 44968 "http://news.mantaraham.ir/search.php?detail/068009096894" "Mozilla/5.0 AppleWebKit/537.36 (KHTML, like Gecko; compatible; GPTBot/1.3; +https://openai.com/gptbot)"
74.7.227.12 - - [23/Mar/2026:16:56:39 +0330] "GET /search.php?detail/0680244309368 HTTP/1.1" 200 43871 "http://news.mantaraham.ir/search.php?detail/0680166862809" "Mozilla/5.0 AppleWebKit/537.36 (KHTML, like Gecko; compatible; GPTBot/1.3; +https://openai.com/gptbot)"
74.7.227.12 - - [23/Mar/2026:16:56:40 +0330] "GET /search.php?detail/0680454741413 HTTP/1.1" 200 44753 "http://news.mantaraham.ir/search.php?detail/0680277944119" "Mozilla/5.0 AppleWebKit/537.36 (KHTML, like Gecko; compatible; GPTBot/1.3; +https://openai.com/gptbot)"
74.7.227.12 - - [23/Mar/2026:16:56:42 +0330] "GET /search.php?detail/0860343119696 HTTP/1.1" 200 44145 "http://news.mantaraham.ir/search.php?detail/0860178187809" "Mozilla/5.0 AppleWebKit/537.36 (KHTML, like Gecko; compatible; GPTBot/1.3; +https://openai.com/gptbot)"
74.7.227.12 - - [23/Mar/2026:16:56:43 +0330] "GET /search.php?detail/0680043190719 HTTP/1.1" 200 44238 "http://news.mantaraham.ir/search.php?detail/068048401009" "Mozilla/5.0 AppleWebKit/537.36 (KHTML, like Gecko; compatible; GPTBot/1.3; +https://openai.com/gptbot)"
142.93.208.146 - - [23/Mar/2026:16:56:43 +0330] "GET /wp-includes/css/about.php HTTP/1.1" 200 42731 "-" "Mozilla/5.0 (Windows NT 10.0; Win64; x64) AppleWebKit/537.36 (KHTML, like Gecko) Chrome/90.0.4430.85 Safari/537.36"
74.7.227.12 - - [23/Mar/2026:16:56:45 +0330] "GET /search.php?detail/0680354355677 HTTP/1.1" 200 44075 "http://news.mantaraham.ir/search.php?detail/06804307750295" "Mozilla/5.0 AppleWebKit/537.36 (KHTML, like Gecko; compatible; GPTBot/1.3; +https://openai.com/gptbot)"
74.7.227.12 - - [23/Mar/2026:16:56:46 +0330] "GET /search.php?detail/0680093105431 HTTP/1.1" 200 43756 "http://news.mantaraham.ir/search.php?detail/068023060674" "Mozilla/5.0 AppleWebKit/537.36 (KHTML, like Gecko; compatible; GPTBot/1.3; +https://openai.com/gptbot)"
74.7.227.12 - - [23/Mar/2026:16:56:48 +0330] "GET /search.php?detail/0680340381162 HTTP/1.1" 200 44573 "http://news.mantaraham.ir/search.php?jp/068024652.html" "Mozilla/5.0 AppleWebKit/537.36 (KHTML, like Gecko; compatible; GPTBot/1.3; +https://openai.com/gptbot)"
74.7.227.12 - - [23/Mar/2026:16:56:50 +0330] "GET /search.php?detail/0680193255060 HTTP/1.1" 200 43852 "http://news.mantaraham.ir/search.php?detail/0680154915428" "Mozilla/5.0 AppleWebKit/537.36 (KHTML, like Gecko; compatible; GPTBot/1.3; +https://openai.com/gptbot)"
74.7.227.12 - - [23/Mar/2026:16:56:51 +0330] "GET /search.php?detail/0680284219846 HTTP/1.1" 200 44803 "http://news.mantaraham.ir/search.php?detail/068030337451" "Mozilla/5.0 AppleWebKit/537.36 (KHTML, like Gecko; compatible; GPTBot/1.3; +https://openai.com/gptbot)"
74.7.227.12 - - [23/Mar/2026:16:56:53 +0330] "GET /search.php?detail/0680247500479 HTTP/1.1" 200 43863 "http://news.mantaraham.ir/search.php?detail/0680166862809" "Mozilla/5.0 AppleWebKit/537.36 (KHTML, like Gecko; compatible; GPTBot/1.3; +https://openai.com/gptbot)"
74.7.227.12 - - [23/Mar/2026:16:56:54 +0330] "GET /search.php?detail/0680230305919 HTTP/1.1" 200 44031 "http://news.mantaraham.ir/search.php?detail/068043228691" "Mozilla/5.0 AppleWebKit/537.36 (KHTML, like Gecko; compatible; GPTBot/1.3; +https://openai.com/gptbot)"
74.7.227.12 - - [23/Mar/2026:16:56:56 +0330] "GET /search.php?detail/0680442138426 HTTP/1.1" 200 43831 "http://news.mantaraham.ir/search.php?detail/068021763972" "Mozilla/5.0 AppleWebKit/537.36 (KHTML, like Gecko; compatible; GPTBot/1.3; +https://openai.com/gptbot)"
74.7.227.12 - - [23/Mar/2026:16:56:57 +0330] "GET /search.php?detail/0680218369393 HTTP/1.1" 200 43872 "http://news.mantaraham.ir/search.php?detail/06803988578143" "Mozilla/5.0 AppleWebKit/537.36 (KHTML, like Gecko; compatible; GPTBot/1.3; +https://openai.com/gptbot)"
74.7.227.12 - - [23/Mar/2026:16:56:58 +0330] "GET /search.php?detail/0680354328325 HTTP/1.1" 200 43986 "http://news.mantaraham.ir/search.php?detail/06802183803683" "Mozilla/5.0 AppleWebKit/537.36 (KHTML, like Gecko; compatible; GPTBot/1.3; +https://openai.com/gptbot)"
74.7.227.12 - - [23/Mar/2026:16:57:00 +0330] "GET /search.php?detail/0330213587721 HTTP/1.1" 200 44053 "http://news.mantaraham.ir/search.php?detail/033010187665" "Mozilla/5.0 AppleWebKit/537.36 (KHTML, like Gecko; compatible; GPTBot/1.3; +https://openai.com/gptbot)"
74.7.227.12 - - [23/Mar/2026:16:57:02 +0330] "GET /search.php?detail/0680153979700 HTTP/1.1" 200 44523 "http://news.mantaraham.ir/search.php?detail/068038008864" "Mozilla/5.0 AppleWebKit/537.36 (KHTML, like Gecko; compatible; GPTBot/1.3; +https://openai.com/gptbot)"
74.7.227.12 - - [23/Mar/2026:16:57:03 +0330] "GET /search.php?detail/0860177869851 HTTP/1.1" 200 43803 "http://news.mantaraham.ir/search.php?detail/08602617463147" "Mozilla/5.0 AppleWebKit/537.36 (KHTML, like Gecko; compatible; GPTBot/1.3; +https://openai.com/gptbot)"
74.7.227.12 - - [23/Mar/2026:16:57:05 +0330] "GET /search.php?detail/0680203478012 HTTP/1.1" 200 43960 "http://news.mantaraham.ir/search.php?detail/06804968172298" "Mozilla/5.0 AppleWebKit/537.36 (KHTML, like Gecko; compatible; GPTBot/1.3; +https://openai.com/gptbot)"
74.7.227.12 - - [23/Mar/2026:16:57:06 +0330] "GET /search.php?detail/068016119343 HTTP/1.1" 200 44979 "http://news.mantaraham.ir/search.php?detail/06803212056481" "Mozilla/5.0 AppleWebKit/537.36 (KHTML, like Gecko; compatible; GPTBot/1.3; +https://openai.com/gptbot)"
74.7.227.12 - - [23/Mar/2026:16:57:07 +0330] "GET /search.php?detail/068010416272 HTTP/1.1" 200 44745 "http://news.mantaraham.ir/search.php?detail/068029607960" "Mozilla/5.0 AppleWebKit/537.36 (KHTML, like Gecko; compatible; GPTBot/1.3; +https://openai.com/gptbot)"
74.7.227.12 - - [23/Mar/2026:16:57:09 +0330] "GET /search.php?detail/065011099878 HTTP/1.1" 200 44230 "http://news.mantaraham.ir/search.php?detail/065040222822" "Mozilla/5.0 AppleWebKit/537.36 (KHTML, like Gecko; compatible; GPTBot/1.3; +https://openai.com/gptbot)"
142.93.208.146 - - [23/Mar/2026:16:47:45 +0330] "GET /wp-includes/pomo/about.php HTTP/1.1" 200 4558 "binance.com" "Mozilla/5.0 (Windows NT 10.0; Win64; x64) AppleWebKit/537.36 (KHTML, like Gecko) Chrome/90.0.4430.85 Safari/537.36"
142.93.208.146 - - [23/Mar/2026:16:47:56 +0330] "POST /wp-includes/pomo/about.php HTTP/1.1" 200 4577 "binance.com" "Mozilla/5.0 (Windows NT 10.0; Win64; x64) AppleWebKit/537.36 (KHTML, like Gecko) Chrome/90.0.4430.85 Safari/537.36"
17.22.245.171 - - [23/Mar/2026:16:48:28 +0330] "GET /99oopbl22098.html HTTP/1.1" 200 0 "-" "Mozilla/5.0 (Macintosh; Intel Mac OS X 10_15_7) AppleWebKit/605.1.15 (KHTML, like Gecko) Version/17.4 Safari/605.1.15 (Applebot/0.1; +http://www.apple.com/go/applebot)"
142.93.208.146 - - [23/Mar/2026:16:48:48 +0330] "POST /wp-includes/pomo/about.php HTTP/1.1" 200 18946 "http://news.mantaraham.ir/wp-includes/pomo/about.php" "Mozilla/5.0 (Windows NT 10.0; Win64; x64) AppleWebKit/537.36 (KHTML, like Gecko) Chrome/90.0.4430.85 Safari/537.36"
142.93.208.146 - - [23/Mar/2026:16:50:19 +0330] "GET /wp-includes/pomo/wp-login.php HTTP/1.1" 200 18946 "-" "Mozilla/5.0 (Windows NT 10.0; Win64; x64) AppleWebKit/537.36 (KHTML, like Gecko) Chrome/90.0.4430.85 Safari/537.36"
142.93.208.146 - - [23/Mar/2026:16:50:27 +0330] "POST /wp-includes/pomo/wp-login.php HTTP/1.1" 200 18946 "http://news.mantaraham.ir/wp-includes/pomo/wp-login.php" "Mozilla/5.0 (Windows NT 10.0; Win64; x64) AppleWebKit/537.36 (KHTML, like Gecko) Chrome/90.0.4430.85 Safari/537.36"
142.93.208.146 - - [23/Mar/2026:16:50:38 +0330] "GET /wp-includes/pomo/bnzpghuwxk.php HTTP/1.1" 200 0 "binance.com" "Mozilla/5.0 (Windows NT 10.0; Win64; x64) AppleWebKit/537.36 (KHTML, like Gecko) Chrome/90.0.4430.85 Safari/537.36"
142.93.208.146 - - [23/Mar/2026:16:52:12 +0330] "GET /wp-includes/widgets/ycvfnidklw.php HTTP/1.1" 200 0 "binance.com" "Mozilla/5.0 (Windows NT 10.0; Win64; x64) AppleWebKit/537.36 (KHTML, like Gecko) Chrome/90.0.4430.85 Safari/537.36"
142.93.208.146 - - [23/Mar/2026:16:52:35 +0330] "GET /wp-includes/widgets/about.php HTTP/1.1" 200 22521 "-" "Mozilla/5.0 (Windows NT 10.0; Win64; x64) AppleWebKit/537.36 (KHTML, like Gecko) Chrome/90.0.4430.85 Safari/537.36"
142.93.208.146 - - [23/Mar/2026:16:52:59 +0330] "GET /wp-includes/widgets/uzfhcgwvmd.php HTTP/1.1" 200 0 "binance.com" "Mozilla/5.0 (Windows NT 10.0; Win64; x64) AppleWebKit/537.36 (KHTML, like Gecko) Chrome/90.0.4430.85 Safari/537.36"
142.93.208.146 - - [23/Mar/2026:16:54:46 +0330] "GET /wp-includes/widgets/wp-login.php HTTP/1.1" 200 22521 "-" "Mozilla/5.0 (Windows NT 10.0; Win64; x64) AppleWebKit/537.36 (KHTML, like Gecko) Chrome/90.0.4430.85 Safari/537.36"
142.93.208.146 - - [23/Mar/2026:16:55:46 +0330] "GET /wp-includes/css/ HTTP/1.1" 200 2569 "binance.com" "Mozilla/5.0 (Windows NT 10.0; Win64; x64) AppleWebKit/537.36 (KHTML, like Gecko) Chrome/90.0.4430.85 Safari/537.36"
142.93.208.146 - - [23/Mar/2026:16:55:51 +0330] "GET /wp-includes/css/about.php HTTP/1.1" 200 6677 "binance.com" "Mozilla/5.0 (Windows NT 10.0; Win64; x64) AppleWebKit/537.36 (KHTML, like Gecko) Chrome/90.0.4430.85 Safari/537.36"
142.93.208.146 - - [23/Mar/2026:16:56:12 +0330] "GET /wp-includes/css/okhtagnoeh.php HTTP/1.1" 200 0 "binance.com" "Mozilla/5.0 (Windows NT 10.0; Win64; x64) AppleWebKit/537.36 (KHTML, like Gecko) Chrome/90.0.4430.85 Safari/537.36"
142.93.208.146 - - [23/Mar/2026:16:56:56 +0330] "POST /wp-includes/css/about.php HTTP/1.1" 200 42731 "http://news.mantaraham.ir/wp-includes/css/about.php" "Mozilla/5.0 (Windows NT 10.0; Win64; x64) AppleWebKit/537.36 (KHTML, like Gecko) Chrome/90.0.4430.85 Safari/537.36"
142.93.208.146 - - [23/Mar/2026:16:57:10 +0330] "GET /wp-includes/css/lphnqlxdsl.php HTTP/1.1" 200 0 "binance.com" "Mozilla/5.0 (Windows NT 10.0; Win64; x64) AppleWebKit/537.36 (KHTML, like Gecko) Chrome/90.0.4430.85 Safari/537.36"
74.7.227.12 - - [23/Mar/2026:16:57:11 +0330] "GET /search.php?detail/068048399184 HTTP/1.1" 200 44511 "http://news.mantaraham.ir/search.php?detail/0680419526366" "Mozilla/5.0 AppleWebKit/537.36 (KHTML, like Gecko; compatible; GPTBot/1.3; +https://openai.com/gptbot)"
74.7.227.12 - - [23/Mar/2026:16:57:12 +0330] "GET /search.php?detail/086034324766 HTTP/1.1" 200 44141 "http://news.mantaraham.ir/search.php?detail/08603232417770" "Mozilla/5.0 AppleWebKit/537.36 (KHTML, like Gecko; compatible; GPTBot/1.3; +https://openai.com/gptbot)"
74.7.227.12 - - [23/Mar/2026:16:57:14 +0330] "GET /search.php?detail/068046784196 HTTP/1.1" 200 45077 "http://news.mantaraham.ir/search.php?detail/068012102107" "Mozilla/5.0 AppleWebKit/537.36 (KHTML, like Gecko; compatible; GPTBot/1.3; +https://openai.com/gptbot)"
74.7.227.12 - - [23/Mar/2026:16:57:15 +0330] "GET /search.php?detail/068004793634 HTTP/1.1" 200 43979 "http://news.mantaraham.ir/search.php?jp/068037357.html" "Mozilla/5.0 AppleWebKit/537.36 (KHTML, like Gecko; compatible; GPTBot/1.3; +https://openai.com/gptbot)"
74.7.227.12 - - [23/Mar/2026:16:57:17 +0330] "GET /search.php?detail/068028424130 HTTP/1.1" 200 44563 "http://news.mantaraham.ir/search.php?detail/068021666461" "Mozilla/5.0 AppleWebKit/537.36 (KHTML, like Gecko; compatible; GPTBot/1.3; +https://openai.com/gptbot)"
74.7.227.12 - - [23/Mar/2026:16:57:18 +0330] "GET /search.php?detail/086017798468 HTTP/1.1" 200 44102 "http://news.mantaraham.ir/search.php?detail/086026189029" "Mozilla/5.0 AppleWebKit/537.36 (KHTML, like Gecko; compatible; GPTBot/1.3; +https://openai.com/gptbot)"
74.7.227.12 - - [23/Mar/2026:16:57:20 +0330] "GET /search.php?detail/068018741721 HTTP/1.1" 200 43895 "http://news.mantaraham.ir/search.php?detail/06802997940669" "Mozilla/5.0 AppleWebKit/537.36 (KHTML, like Gecko; compatible; GPTBot/1.3; +https://openai.com/gptbot)"
74.7.227.12 - - [23/Mar/2026:16:57:21 +0330] "GET /search.php?detail/086026173628 HTTP/1.1" 200 44458 "http://news.mantaraham.ir/search.php?detail/08601782425558" "Mozilla/5.0 AppleWebKit/537.36 (KHTML, like Gecko; compatible; GPTBot/1.3; +https://openai.com/gptbot)"
74.7.227.12 - - [23/Mar/2026:16:57:22 +0330] "GET /search.php?detail/068045381856 HTTP/1.1" 200 44849 "http://news.mantaraham.ir/search.php?detail/0680262392992" "Mozilla/5.0 AppleWebKit/537.36 (KHTML, like Gecko; compatible; GPTBot/1.3; +https://openai.com/gptbot)"
74.7.227.12 - - [23/Mar/2026:16:57:24 +0330] "GET /search.php?detail/068026991846 HTTP/1.1" 200 44313 "http://news.mantaraham.ir/search.php?detail/068006106049" "Mozilla/5.0 AppleWebKit/537.36 (KHTML, like Gecko; compatible; GPTBot/1.3; +https://openai.com/gptbot)"
74.7.227.12 - - [23/Mar/2026:16:57:25 +0330] "GET /search.php?detail/068018746037 HTTP/1.1" 200 43625 "http://news.mantaraham.ir/search.php?detail/068031254129" "Mozilla/5.0 AppleWebKit/537.36 (KHTML, like Gecko; compatible; GPTBot/1.3; +https://openai.com/gptbot)"
74.7.227.12 - - [23/Mar/2026:16:57:27 +0330] "GET /search.php?detail/068045472467 HTTP/1.1" 200 44245 "http://news.mantaraham.ir/search.php?detail/0680262392992" "Mozilla/5.0 AppleWebKit/537.36 (KHTML, like Gecko; compatible; GPTBot/1.3; +https://openai.com/gptbot)"
74.7.227.12 - - [23/Mar/2026:16:57:28 +0330] "GET /search.php?detail/086017826338 HTTP/1.1" 200 43671 "http://news.mantaraham.ir/search.php?detail/086026179482" "Mozilla/5.0 AppleWebKit/537.36 (KHTML, like Gecko; compatible; GPTBot/1.3; +https://openai.com/gptbot)"
74.7.227.12 - - [23/Mar/2026:16:57:30 +0330] "GET /search.php?detail/068041954889 HTTP/1.1" 200 44456 "http://news.mantaraham.ir/search.php?detail/068036576587" "Mozilla/5.0 AppleWebKit/537.36 (KHTML, like Gecko; compatible; GPTBot/1.3; +https://openai.com/gptbot)"
74.7.227.12 - - [23/Mar/2026:16:57:32 +0330] "GET /search.php?detail/068019314961 HTTP/1.1" 200 44047 "http://news.mantaraham.ir/search.php?detail/068027000964" "Mozilla/5.0 AppleWebKit/537.36 (KHTML, like Gecko; compatible; GPTBot/1.3; +https://openai.com/gptbot)"
74.7.227.12 - - [23/Mar/2026:16:57:33 +0330] "GET /search.php?detail/039049407123 HTTP/1.1" 200 43653 "http://news.mantaraham.ir/search.php?detail/0390272008757" "Mozilla/5.0 AppleWebKit/537.36 (KHTML, like Gecko; compatible; GPTBot/1.3; +https://openai.com/gptbot)"
74.7.227.12 - - [23/Mar/2026:16:57:35 +0330] "GET /search.php?detail/068042367087 HTTP/1.1" 200 44185 "http://news.mantaraham.ir/search.php?detail/068000972350" "Mozilla/5.0 AppleWebKit/537.36 (KHTML, like Gecko; compatible; GPTBot/1.3; +https://openai.com/gptbot)"
74.7.227.12 - - [23/Mar/2026:16:57:36 +0330] "GET /search.php?detail/068045477949 HTTP/1.1" 200 44119 "http://news.mantaraham.ir/search.php?detail/068037714139" "Mozilla/5.0 AppleWebKit/537.36 (KHTML, like Gecko; compatible; GPTBot/1.3; +https://openai.com/gptbot)"
142.93.208.146 - - [23/Mar/2026:16:57:38 +0330] "GET /wp-includes/css/bxo.php HTTP/1.1" 403 787 "binance.com" "Mozilla/5.0 (Windows NT 10.0; Win64; x64) AppleWebKit/537.36 (KHTML, like Gecko) Chrome/90.0.4430.85 Safari/537.36"
74.7.227.12 - - [23/Mar/2026:16:57:38 +0330] "GET /search.php?detail/086000683782 HTTP/1.1" 200 44323 "http://news.mantaraham.ir/search.php?detail/086026173628" "Mozilla/5.0 AppleWebKit/537.36 (KHTML, like Gecko; compatible; GPTBot/1.3; +https://openai.com/gptbot)"
74.7.227.12 - - [23/Mar/2026:16:57:39 +0330] "GET /search.php?detail/068021741664 HTTP/1.1" 200 44433 "http://news.mantaraham.ir/search.php?detail/068011432934" "Mozilla/5.0 AppleWebKit/537.36 (KHTML, like Gecko; compatible; GPTBot/1.3; +https://openai.com/gptbot)"
74.7.227.12 - - [23/Mar/2026:16:57:40 +0330] "GET /search.php?detail/068031738797 HTTP/1.1" 200 44388 "http://news.mantaraham.ir/search.php?detail/06801769811953" "Mozilla/5.0 AppleWebKit/537.36 (KHTML, like Gecko; compatible; GPTBot/1.3; +https://openai.com/gptbot)"
74.7.227.12 - - [23/Mar/2026:16:57:42 +0330] "GET /search.php?detail/068040296421 HTTP/1.1" 200 44065 "http://news.mantaraham.ir/search.php?detail/0680346379174" "Mozilla/5.0 AppleWebKit/537.36 (KHTML, like Gecko; compatible; GPTBot/1.3; +https://openai.com/gptbot)"
74.7.227.12 - - [23/Mar/2026:16:57:44 +0330] "GET /search.php?detail/068023318104 HTTP/1.1" 200 43898 "http://news.mantaraham.ir/search.php?detail/068040871140" "Mozilla/5.0 AppleWebKit/537.36 (KHTML, like Gecko; compatible; GPTBot/1.3; +https://openai.com/gptbot)"
74.7.227.12 - - [23/Mar/2026:16:57:45 +0330] "GET /search.php?detail/068043560399 HTTP/1.1" 200 44391 "http://news.mantaraham.ir/search.php?detail/068023064092" "Mozilla/5.0 AppleWebKit/537.36 (KHTML, like Gecko; compatible; GPTBot/1.3; +https://openai.com/gptbot)"
74.7.227.12 - - [23/Mar/2026:16:57:47 +0330] "GET /search.php?detail/039001214593 HTTP/1.1" 200 44919 "http://news.mantaraham.ir/search.php?detail/0390272132713" "Mozilla/5.0 AppleWebKit/537.36 (KHTML, like Gecko; compatible; GPTBot/1.3; +https://openai.com/gptbot)"
74.7.227.12 - - [23/Mar/2026:16:57:48 +0330] "GET /search.php?detail/039049406118 HTTP/1.1" 200 44442 "http://news.mantaraham.ir/search.php?detail/03902720605669" "Mozilla/5.0 AppleWebKit/537.36 (KHTML, like Gecko; compatible; GPTBot/1.3; +https://openai.com/gptbot)"
74.7.227.12 - - [23/Mar/2026:16:57:50 +0330] "GET /search.php?detail/068031079783 HTTP/1.1" 200 44003 "http://news.mantaraham.ir/search.php?detail/0680474147714" "Mozilla/5.0 AppleWebKit/537.36 (KHTML, like Gecko; compatible; GPTBot/1.3; +https://openai.com/gptbot)"
74.7.227.12 - - [23/Mar/2026:16:57:52 +0330] "GET /search.php?detail/068004317138 HTTP/1.1" 200 44706 "http://news.mantaraham.ir/search.php?detail/0680177000875" "Mozilla/5.0 AppleWebKit/537.36 (KHTML, like Gecko; compatible; GPTBot/1.3; +https://openai.com/gptbot)"
74.7.227.12 - - [23/Mar/2026:16:57:53 +0330] "GET /search.php?detail/068002723447 HTTP/1.1" 200 44830 "http://news.mantaraham.ir/search.php?detail/06801874250654" "Mozilla/5.0 AppleWebKit/537.36 (KHTML, like Gecko; compatible; GPTBot/1.3; +https://openai.com/gptbot)"
74.7.227.12 - - [23/Mar/2026:16:57:54 +0330] "GET /search.php?detail/068024826251 HTTP/1.1" 200 44931 "http://news.mantaraham.ir/search.php?detail/068047111377" "Mozilla/5.0 AppleWebKit/537.36 (KHTML, like Gecko; compatible; GPTBot/1.3; +https://openai.com/gptbot)"
74.7.227.12 - - [23/Mar/2026:16:57:56 +0330] "GET /search.php?detail/068020337997 HTTP/1.1" 200 43945 "http://news.mantaraham.ir/search.php?detail/0680154915428" "Mozilla/5.0 AppleWebKit/537.36 (KHTML, like Gecko; compatible; GPTBot/1.3; +https://openai.com/gptbot)"
142.93.208.146 - - [23/Mar/2026:16:57:54 +0330] "GET /wp-includes/css/wp-login.php HTTP/1.1" 200 6695 "binance.com" "Mozilla/5.0 (Windows NT 10.0; Win64; x64) AppleWebKit/537.36 (KHTML, like Gecko) Chrome/90.0.4430.85 Safari/537.36"
74.7.227.12 - - [23/Mar/2026:16:57:57 +0330] "GET /search.php?detail/068022911959 HTTP/1.1" 200 43714 "http://news.mantaraham.ir/search.php?detail/068003730838" "Mozilla/5.0 AppleWebKit/537.36 (KHTML, like Gecko; compatible; GPTBot/1.3; +https://openai.com/gptbot)"
74.7.227.12 - - [23/Mar/2026:16:57:59 +0330] "GET /search.php?detail/033017397261 HTTP/1.1" 200 44275 "http://news.mantaraham.ir/search.php?detail/033010178893" "Mozilla/5.0 AppleWebKit/537.36 (KHTML, like Gecko; compatible; GPTBot/1.3; +https://openai.com/gptbot)"
74.7.227.12 - - [23/Mar/2026:16:58:00 +0330] "GET /search.php?detail/068045485918 HTTP/1.1" 200 43615 "http://news.mantaraham.ir/search.php?detail/068037714139" "Mozilla/5.0 AppleWebKit/537.36 (KHTML, like Gecko; compatible; GPTBot/1.3; +https://openai.com/gptbot)"
74.7.227.12 - - [23/Mar/2026:16:58:02 +0330] "GET /search.php?detail/068043078693 HTTP/1.1" 200 44347 "http://news.mantaraham.ir/search.php?detail/068026951793" "Mozilla/5.0 AppleWebKit/537.36 (KHTML, like Gecko; compatible; GPTBot/1.3; +https://openai.com/gptbot)"
74.7.227.12 - - [23/Mar/2026:16:58:03 +0330] "GET /search.php?detail/039049408755 HTTP/1.1" 200 43982 "http://news.mantaraham.ir/search.php?detail/03902720605669" "Mozilla/5.0 AppleWebKit/537.36 (KHTML, like Gecko; compatible; GPTBot/1.3; +https://openai.com/gptbot)"
74.7.227.12 - - [23/Mar/2026:16:58:04 +0330] "GET /search.php?detail/068048390234 HTTP/1.1" 200 44264 "http://news.mantaraham.ir/search.php?detail/068037065672" "Mozilla/5.0 AppleWebKit/537.36 (KHTML, like Gecko; compatible; GPTBot/1.3; +https://openai.com/gptbot)"
74.7.227.12 - - [23/Mar/2026:16:58:06 +0330] "GET /search.php?detail/039027217741 HTTP/1.1" 200 45054 "http://news.mantaraham.ir/search.php?detail/0390012124717" "Mozilla/5.0 AppleWebKit/537.36 (KHTML, like Gecko; compatible; GPTBot/1.3; +https://openai.com/gptbot)"
74.7.227.12 - - [23/Mar/2026:16:58:08 +0330] "GET /search.php?detail/068046255363 HTTP/1.1" 200 43587 "http://news.mantaraham.ir/search.php?detail/0680177107061" "Mozilla/5.0 AppleWebKit/537.36 (KHTML, like Gecko; compatible; GPTBot/1.3; +https://openai.com/gptbot)"
142.93.208.146 - - [23/Mar/2026:16:57:58 +0330] "POST /wp-includes/css/wp-login.php HTTP/1.1" 200 6677 "binance.com" "Mozilla/5.0 (Windows NT 10.0; Win64; x64) AppleWebKit/537.36 (KHTML, like Gecko) Chrome/90.0.4430.85 Safari/537.36"
74.7.227.12 - - [23/Mar/2026:16:58:09 +0330] "GET /search.php?detail/086026180932 HTTP/1.1" 200 44128 "http://news.mantaraham.ir/search.php?detail/08601782425558" "Mozilla/5.0 AppleWebKit/537.36 (KHTML, like Gecko; compatible; GPTBot/1.3; +https://openai.com/gptbot)"
74.7.227.12 - - [23/Mar/2026:16:58:10 +0330] "GET /search.php?detail/039027182097 HTTP/1.1" 200 43867 "http://news.mantaraham.ir/search.php?detail/0390271907393" "Mozilla/5.0 AppleWebKit/537.36 (KHTML, like Gecko; compatible; GPTBot/1.3; +https://openai.com/gptbot)"
74.7.227.12 - - [23/Mar/2026:16:58:12 +0330] "GET /search.php?detail/068013314218 HTTP/1.1" 200 44856 "http://news.mantaraham.ir/search.php?detail/06802128137758" "Mozilla/5.0 AppleWebKit/537.36 (KHTML, like Gecko; compatible; GPTBot/1.3; +https://openai.com/gptbot)"
142.93.208.146 - - [23/Mar/2026:16:58:14 +0330] "GET /wp-includes/css/qjwofvwjqt.php HTTP/1.1" 200 0 "binance.com" "Mozilla/5.0 (Windows NT 10.0; Win64; x64) AppleWebKit/537.36 (KHTML, like Gecko) Chrome/90.0.4430.85 Safari/537.36"
74.7.227.12 - - [23/Mar/2026:16:58:14 +0330] "GET /search.php?detail/068016699248 HTTP/1.1" 200 44207 "http://news.mantaraham.ir/search.php?detail/06802183962561" "Mozilla/5.0 AppleWebKit/537.36 (KHTML, like Gecko; compatible; GPTBot/1.3; +https://openai.com/gptbot)"
74.7.227.12 - - [23/Mar/2026:16:58:15 +0330] "GET /search.php?detail/068003144178 HTTP/1.1" 200 43949 "http://news.mantaraham.ir/search.php?detail/0680105045505" "Mozilla/5.0 AppleWebKit/537.36 (KHTML, like Gecko; compatible; GPTBot/1.3; +https://openai.com/gptbot)"
74.7.227.12 - - [23/Mar/2026:16:58:16 +0330] "GET /search.php?detail/068049707119 HTTP/1.1" 200 44202 "http://news.mantaraham.ir/search.php?detail/068005474485" "Mozilla/5.0 AppleWebKit/537.36 (KHTML, like Gecko; compatible; GPTBot/1.3; +https://openai.com/gptbot)"
74.7.227.12 - - [23/Mar/2026:16:58:18 +0330] "GET /search.php?detail/039049419126 HTTP/1.1" 200 44300 "http://news.mantaraham.ir/search.php?detail/039000832162" "Mozilla/5.0 AppleWebKit/537.36 (KHTML, like Gecko; compatible; GPTBot/1.3; +https://openai.com/gptbot)"
74.7.227.12 - - [23/Mar/2026:16:58:19 +0330] "GET /search.php?detail/068034056439 HTTP/1.1" 200 44689 "http://news.mantaraham.ir/search.php?jp/068024652.html" "Mozilla/5.0 AppleWebKit/537.36 (KHTML, like Gecko; compatible; GPTBot/1.3; +https://openai.com/gptbot)"
74.7.227.12 - - [23/Mar/2026:16:58:21 +0330] "GET /search.php?detail/068038225893 HTTP/1.1" 200 44605 "http://news.mantaraham.ir/search.php?detail/068021039060" "Mozilla/5.0 AppleWebKit/537.36 (KHTML, like Gecko; compatible; GPTBot/1.3; +https://openai.com/gptbot)"
74.7.227.12 - - [23/Mar/2026:16:58:22 +0330] "GET /search.php?detail/068024127667 HTTP/1.1" 200 43847 "http://news.mantaraham.ir/search.php?detail/0680166862809" "Mozilla/5.0 AppleWebKit/537.36 (KHTML, like Gecko; compatible; GPTBot/1.3; +https://openai.com/gptbot)"
74.7.227.12 - - [23/Mar/2026:16:58:24 +0330] "GET /search.php?detail/068017463786 HTTP/1.1" 200 44231 "http://news.mantaraham.ir/search.php?detail/06802183962561" "Mozilla/5.0 AppleWebKit/537.36 (KHTML, like Gecko; compatible; GPTBot/1.3; +https://openai.com/gptbot)"
74.7.227.12 - - [23/Mar/2026:16:58:25 +0330] "GET /search.php?detail/068009313946 HTTP/1.1" 200 44102 "http://news.mantaraham.ir/search.php?detail/0680283910704" "Mozilla/5.0 AppleWebKit/537.36 (KHTML, like Gecko; compatible; GPTBot/1.3; +https://openai.com/gptbot)"
74.7.227.12 - - [23/Mar/2026:16:58:27 +0330] "GET /search.php?detail/039027212537 HTTP/1.1" 200 43848 "http://news.mantaraham.ir/search.php?detail/039049430095" "Mozilla/5.0 AppleWebKit/537.36 (KHTML, like Gecko; compatible; GPTBot/1.3; +https://openai.com/gptbot)"
74.7.227.12 - - [23/Mar/2026:16:58:29 +0330] "GET /search.php?detail/068048893347 HTTP/1.1" 200 43996 "http://news.mantaraham.ir/search.php?detail/06801087151294" "Mozilla/5.0 AppleWebKit/537.36 (KHTML, like Gecko; compatible; GPTBot/1.3; +https://openai.com/gptbot)"
74.7.227.12 - - [23/Mar/2026:16:58:32 +0330] "GET /search.php?detail/068013655395 HTTP/1.1" 200 43908 "http://news.mantaraham.ir/search.php?detail/0680218415623" "Mozilla/5.0 AppleWebKit/537.36 (KHTML, like Gecko; compatible; GPTBot/1.3; +https://openai.com/gptbot)"
74.7.227.12 - - [23/Mar/2026:16:58:33 +0330] "GET /search.php?detail/068013937873 HTTP/1.1" 200 44718 "http://news.mantaraham.ir/search.php?detail/0680218415623" "Mozilla/5.0 AppleWebKit/537.36 (KHTML, like Gecko; compatible; GPTBot/1.3; +https://openai.com/gptbot)"
74.7.227.12 - - [23/Mar/2026:16:58:34 +0330] "GET /search.php?detail/068025229578 HTTP/1.1" 200 43747 "http://news.mantaraham.ir/search.php?detail/068011668916" "Mozilla/5.0 AppleWebKit/537.36 (KHTML, like Gecko; compatible; GPTBot/1.3; +https://openai.com/gptbot)"
74.7.227.12 - - [23/Mar/2026:16:58:36 +0330] "GET /search.php?detail/068035424843 HTTP/1.1" 200 44021 "http://news.mantaraham.ir/search.php?detail/06804307750295" "Mozilla/5.0 AppleWebKit/537.36 (KHTML, like Gecko; compatible; GPTBot/1.3; +https://openai.com/gptbot)"
74.7.227.12 - - [23/Mar/2026:16:58:37 +0330] "GET /search.php?detail/068046787273 HTTP/1.1" 200 44760 "http://news.mantaraham.ir/search.php?detail/06800293907827" "Mozilla/5.0 AppleWebKit/537.36 (KHTML, like Gecko; compatible; GPTBot/1.3; +https://openai.com/gptbot)"
74.7.227.12 - - [23/Mar/2026:16:58:39 +0330] "GET /search.php?detail/068026947820 HTTP/1.1" 200 43861 "http://news.mantaraham.ir/search.php?detail/068030375790" "Mozilla/5.0 AppleWebKit/537.36 (KHTML, like Gecko; compatible; GPTBot/1.3; +https://openai.com/gptbot)"
74.7.227.12 - - [23/Mar/2026:16:58:40 +0330] "GET /search.php?detail/068049073379 HTTP/1.1" 200 43950 "http://news.mantaraham.ir/search.php?detail/06801540276874" "Mozilla/5.0 AppleWebKit/537.36 (KHTML, like Gecko; compatible; GPTBot/1.3; +https://openai.com/gptbot)"
74.7.227.12 - - [23/Mar/2026:16:58:42 +0330] "GET /search.php?detail/068023045658 HTTP/1.1" 200 43853 "http://news.mantaraham.ir/search.php?detail/0680120882512" "Mozilla/5.0 AppleWebKit/537.36 (KHTML, like Gecko; compatible; GPTBot/1.3; +https://openai.com/gptbot)"
74.7.227.12 - - [23/Mar/2026:16:58:43 +0330] "GET /search.php?detail/068041195581 HTTP/1.1" 200 43733 "http://news.mantaraham.ir/search.php?detail/068006427559" "Mozilla/5.0 AppleWebKit/537.36 (KHTML, like Gecko; compatible; GPTBot/1.3; +https://openai.com/gptbot)"
74.7.227.12 - - [23/Mar/2026:16:58:45 +0330] "GET /search.php?detail/068015897656 HTTP/1.1" 200 44758 "http://news.mantaraham.ir/search.php?detail/0680203526670" "Mozilla/5.0 AppleWebKit/537.36 (KHTML, like Gecko; compatible; GPTBot/1.3; +https://openai.com/gptbot)"
74.7.227.12 - - [23/Mar/2026:16:58:47 +0330] "GET /search.php?detail/068003458562 HTTP/1.1" 200 44431 "http://news.mantaraham.ir/search.php?detail/068023332289" "Mozilla/5.0 AppleWebKit/537.36 (KHTML, like Gecko; compatible; GPTBot/1.3; +https://openai.com/gptbot)"
142.93.208.146 - - [23/Mar/2026:16:58:43 +0330] "GET /wp-includes/css/wp-login.php HTTP/1.1" 200 42731 "-" "Mozilla/5.0 (Windows NT 10.0; Win64; x64) AppleWebKit/537.36 (KHTML, like Gecko) Chrome/90.0.4430.85 Safari/537.36"
74.7.227.12 - - [23/Mar/2026:16:58:48 +0330] "GET /search.php?detail/068042677014 HTTP/1.1" 200 43997 "http://news.mantaraham.ir/search.php?jp/068034038.html" "Mozilla/5.0 AppleWebKit/537.36 (KHTML, like Gecko; compatible; GPTBot/1.3; +https://openai.com/gptbot)"
74.7.227.12 - - [23/Mar/2026:16:58:50 +0330] "GET /search.php?detail/068021078516 HTTP/1.1" 200 44371 "http://news.mantaraham.ir/search.php?detail/068015398644" "Mozilla/5.0 AppleWebKit/537.36 (KHTML, like Gecko; compatible; GPTBot/1.3; +https://openai.com/gptbot)"
74.7.227.12 - - [23/Mar/2026:16:58:51 +0330] "GET /search.php?detail/068048394641 HTTP/1.1" 200 43832 "http://news.mantaraham.ir/search.php?detail/06803140015675" "Mozilla/5.0 AppleWebKit/537.36 (KHTML, like Gecko; compatible; GPTBot/1.3; +https://openai.com/gptbot)"
74.7.227.12 - - [23/Mar/2026:16:58:53 +0330] "GET /search.php?detail/015028275547 HTTP/1.1" 200 43757 "http://news.mantaraham.ir/search.php?detail/01500005936105" "Mozilla/5.0 AppleWebKit/537.36 (KHTML, like Gecko; compatible; GPTBot/1.3; +https://openai.com/gptbot)"
74.7.227.12 - - [23/Mar/2026:16:58:54 +0330] "GET /search.php?detail/068043071734 HTTP/1.1" 200 45150 "http://news.mantaraham.ir/search.php?detail/068026951793" "Mozilla/5.0 AppleWebKit/537.36 (KHTML, like Gecko; compatible; GPTBot/1.3; +https://openai.com/gptbot)"
74.7.227.12 - - [23/Mar/2026:16:58:56 +0330] "GET /search.php?detail/068031737751 HTTP/1.1" 200 44231 "http://news.mantaraham.ir/search.php?detail/0680115492685" "Mozilla/5.0 AppleWebKit/537.36 (KHTML, like Gecko; compatible; GPTBot/1.3; +https://openai.com/gptbot)"
74.7.227.12 - - [23/Mar/2026:16:58:58 +0330] "GET /search.php?detail/068017708512 HTTP/1.1" 200 44611 "http://news.mantaraham.ir/search.php?detail/068040268994" "Mozilla/5.0 AppleWebKit/537.36 (KHTML, like Gecko; compatible; GPTBot/1.3; +https://openai.com/gptbot)"
74.7.227.12 - - [23/Mar/2026:16:58:59 +0330] "GET /search.php?detail/068007949734 HTTP/1.1" 200 43750 "http://news.mantaraham.ir/search.php?detail/06800955131292" "Mozilla/5.0 AppleWebKit/537.36 (KHTML, like Gecko; compatible; GPTBot/1.3; +https://openai.com/gptbot)"
74.7.227.12 - - [23/Mar/2026:16:59:01 +0330] "GET /search.php?detail/068023325607 HTTP/1.1" 200 43964 "http://news.mantaraham.ir/search.php?detail/0680277797885" "Mozilla/5.0 AppleWebKit/537.36 (KHTML, like Gecko; compatible; GPTBot/1.3; +https://openai.com/gptbot)"
74.7.227.12 - - [23/Mar/2026:16:59:02 +0330] "GET /search.php?detail/068035425604 HTTP/1.1" 200 45087 "http://news.mantaraham.ir/search.php?detail/068040481359" "Mozilla/5.0 AppleWebKit/537.36 (KHTML, like Gecko; compatible; GPTBot/1.3; +https://openai.com/gptbot)"
74.7.227.12 - - [23/Mar/2026:16:59:04 +0330] "GET /search.php?detail/039001216682 HTTP/1.1" 200 44159 "http://news.mantaraham.ir/search.php?detail/03902763955836" "Mozilla/5.0 AppleWebKit/537.36 (KHTML, like Gecko; compatible; GPTBot/1.3; +https://openai.com/gptbot)"
74.7.227.12 - - [23/Mar/2026:16:59:05 +0330] "GET /search.php?detail/068017714566 HTTP/1.1" 200 44717 "http://news.mantaraham.ir/search.php?detail/06800479465185" "Mozilla/5.0 AppleWebKit/537.36 (KHTML, like Gecko; compatible; GPTBot/1.3; +https://openai.com/gptbot)"
74.7.227.12 - - [23/Mar/2026:16:59:06 +0330] "GET /search.php?detail/065037226044 HTTP/1.1" 200 44705 "http://news.mantaraham.ir/search.php?detail/0650347845997" "Mozilla/5.0 AppleWebKit/537.36 (KHTML, like Gecko; compatible; GPTBot/1.3; +https://openai.com/gptbot)"
74.7.227.12 - - [23/Mar/2026:16:59:08 +0330] "GET /search.php?detail/068004797439 HTTP/1.1" 200 44182 "http://news.mantaraham.ir/search.php?detail/06802305941866" "Mozilla/5.0 AppleWebKit/537.36 (KHTML, like Gecko; compatible; GPTBot/1.3; +https://openai.com/gptbot)"
74.7.227.12 - - [23/Mar/2026:16:59:10 +0330] "GET /search.php?detail/068011546507 HTTP/1.1" 200 44917 "http://news.mantaraham.ir/search.php?detail/068022550290" "Mozilla/5.0 AppleWebKit/537.36 (KHTML, like Gecko; compatible; GPTBot/1.3; +https://openai.com/gptbot)"
74.7.227.12 - - [23/Mar/2026:16:59:12 +0330] "GET /search.php?detail/068044211290 HTTP/1.1" 200 44658 "http://news.mantaraham.ir/search.php?detail/068002940594" "Mozilla/5.0 AppleWebKit/537.36 (KHTML, like Gecko; compatible; GPTBot/1.3; +https://openai.com/gptbot)"
74.7.227.12 - - [23/Mar/2026:16:59:13 +0330] "GET /search.php?detail/06801746221480 HTTP/1.1" 200 44142 "http://news.mantaraham.ir/search.php?detail/06804548693309" "Mozilla/5.0 AppleWebKit/537.36 (KHTML, like Gecko; compatible; GPTBot/1.3; +https://openai.com/gptbot)"
74.7.227.12 - - [23/Mar/2026:16:59:15 +0330] "GET /search.php?detail/06804336503627 HTTP/1.1" 200 44034 "http://news.mantaraham.ir/search.php?detail/06803978411673" "Mozilla/5.0 AppleWebKit/537.36 (KHTML, like Gecko; compatible; GPTBot/1.3; +https://openai.com/gptbot)"
74.7.227.12 - - [23/Mar/2026:16:59:16 +0330] "GET /search.php?detail/06501396590708 HTTP/1.1" 200 43767 "http://news.mantaraham.ir/search.php?detail/0650111026402" "Mozilla/5.0 AppleWebKit/537.36 (KHTML, like Gecko; compatible; GPTBot/1.3; +https://openai.com/gptbot)"
74.7.227.12 - - [23/Mar/2026:16:59:17 +0330] "GET /search.php?detail/06503721317275 HTTP/1.1" 200 44071 "http://news.mantaraham.ir/search.php?detail/065040221505" "Mozilla/5.0 AppleWebKit/537.36 (KHTML, like Gecko; compatible; GPTBot/1.3; +https://openai.com/gptbot)"
74.7.227.12 - - [23/Mar/2026:16:59:19 +0330] "GET /search.php?detail/06504022991298 HTTP/1.1" 200 44152 "http://news.mantaraham.ir/search.php?detail/06504379357729" "Mozilla/5.0 AppleWebKit/537.36 (KHTML, like Gecko; compatible; GPTBot/1.3; +https://openai.com/gptbot)"
74.7.227.12 - - [23/Mar/2026:16:59:21 +0330] "GET /search.php?detail/06803401804757 HTTP/1.1" 200 44311 "http://news.mantaraham.ir/search.php?detail/06802508700074" "Mozilla/5.0 AppleWebKit/537.36 (KHTML, like Gecko; compatible; GPTBot/1.3; +https://openai.com/gptbot)"
74.7.227.12 - - [23/Mar/2026:16:59:22 +0330] "GET /search.php?detail/06802841159801 HTTP/1.1" 200 43957 "http://news.mantaraham.ir/search.php?detail/06804307559208" "Mozilla/5.0 AppleWebKit/537.36 (KHTML, like Gecko; compatible; GPTBot/1.3; +https://openai.com/gptbot)"
74.7.227.12 - - [23/Mar/2026:16:59:24 +0330] "GET /search.php?detail/03902720296428 HTTP/1.1" 200 44396 "http://news.mantaraham.ir/search.php?detail/0390272158983" "Mozilla/5.0 AppleWebKit/537.36 (KHTML, like Gecko; compatible; GPTBot/1.3; +https://openai.com/gptbot)"
74.7.227.12 - - [23/Mar/2026:16:59:25 +0330] "GET /search.php?detail/06801273804240 HTTP/1.1" 200 44433 "http://news.mantaraham.ir/search.php?detail/0680252228638" "Mozilla/5.0 AppleWebKit/537.36 (KHTML, like Gecko; compatible; GPTBot/1.3; +https://openai.com/gptbot)"
142.93.208.146 - - [23/Mar/2026:16:59:27 +0330] "GET /wp-includes/css/dist/ HTTP/1.1" 200 1557 "binance.com" "Mozilla/5.0 (Windows NT 10.0; Win64; x64) AppleWebKit/537.36 (KHTML, like Gecko) Chrome/90.0.4430.85 Safari/537.36"
74.7.227.12 - - [23/Mar/2026:16:59:27 +0330] "GET /search.php?detail/08601779503350 HTTP/1.1" 200 44402 "http://news.mantaraham.ir/search.php?detail/086034304040" "Mozilla/5.0 AppleWebKit/537.36 (KHTML, like Gecko; compatible; GPTBot/1.3; +https://openai.com/gptbot)"
74.7.227.12 - - [23/Mar/2026:16:59:28 +0330] "GET /search.php?detail/06504023128640 HTTP/1.1" 200 44686 "http://news.mantaraham.ir/search.php?detail/06501697034038" "Mozilla/5.0 AppleWebKit/537.36 (KHTML, like Gecko; compatible; GPTBot/1.3; +https://openai.com/gptbot)"
74.7.227.12 - - [23/Mar/2026:16:59:30 +0330] "GET /search.php?detail/06503893010371 HTTP/1.1" 200 45009 "http://news.mantaraham.ir/search.php?detail/0650402350335" "Mozilla/5.0 AppleWebKit/537.36 (KHTML, like Gecko; compatible; GPTBot/1.3; +https://openai.com/gptbot)"
74.7.227.12 - - [23/Mar/2026:16:59:32 +0330] "GET /search.php?detail/06804338522568 HTTP/1.1" 200 43949 "http://news.mantaraham.ir/search.php?detail/0680064296664" "Mozilla/5.0 AppleWebKit/537.36 (KHTML, like Gecko; compatible; GPTBot/1.3; +https://openai.com/gptbot)"
74.7.227.12 - - [23/Mar/2026:16:59:33 +0330] "GET /search.php?detail/06802108057629 HTTP/1.1" 200 45190 "http://news.mantaraham.ir/search.php?detail/068018728801" "Mozilla/5.0 AppleWebKit/537.36 (KHTML, like Gecko; compatible; GPTBot/1.3; +https://openai.com/gptbot)"
74.7.227.12 - - [23/Mar/2026:16:59:35 +0330] "GET /search.php?detail/01503321197154 HTTP/1.1" 200 44510 "http://news.mantaraham.ir/search.php?detail/0150135817951" "Mozilla/5.0 AppleWebKit/537.36 (KHTML, like Gecko; compatible; GPTBot/1.3; +https://openai.com/gptbot)"
74.7.227.12 - - [23/Mar/2026:16:59:36 +0330] "GET /search.php?detail/06802305463309 HTTP/1.1" 200 43941 "http://news.mantaraham.ir/search.php?detail/068001557663" "Mozilla/5.0 AppleWebKit/537.36 (KHTML, like Gecko; compatible; GPTBot/1.3; +https://openai.com/gptbot)"
74.7.227.12 - - [23/Mar/2026:16:59:38 +0330] "GET /search.php?detail/06803828452816 HTTP/1.1" 200 44314 "http://news.mantaraham.ir/search.php?detail/068034035608" "Mozilla/5.0 AppleWebKit/537.36 (KHTML, like Gecko; compatible; GPTBot/1.3; +https://openai.com/gptbot)"
74.7.227.12 - - [23/Mar/2026:16:59:39 +0330] "GET /search.php?detail/06802634722025 HTTP/1.1" 200 44218 "http://news.mantaraham.ir/search.php?detail/06804355829966" "Mozilla/5.0 AppleWebKit/537.36 (KHTML, like Gecko; compatible; GPTBot/1.3; +https://openai.com/gptbot)"
74.7.227.12 - - [23/Mar/2026:16:59:41 +0330] "GET /search.php?detail/06803968805072 HTTP/1.1" 200 44050 "http://news.mantaraham.ir/search.php?detail/06801873699419" "Mozilla/5.0 AppleWebKit/537.36 (KHTML, like Gecko; compatible; GPTBot/1.3; +https://openai.com/gptbot)"
74.7.227.12 - - [23/Mar/2026:16:59:42 +0330] "GET /search.php?detail/06804309395106 HTTP/1.1" 200 44411 "http://news.mantaraham.ir/search.php?detail/068026951793" "Mozilla/5.0 AppleWebKit/537.36 (KHTML, like Gecko; compatible; GPTBot/1.3; +https://openai.com/gptbot)"
74.7.227.12 - - [23/Mar/2026:16:59:44 +0330] "GET /search.php?detail/08404712307312 HTTP/1.1" 200 45252 "http://news.mantaraham.ir/search.php?detail/084037910859" "Mozilla/5.0 AppleWebKit/537.36 (KHTML, like Gecko; compatible; GPTBot/1.3; +https://openai.com/gptbot)"
74.7.227.12 - - [23/Mar/2026:16:59:46 +0330] "GET /search.php?detail/06801301943790 HTTP/1.1" 200 43899 "http://news.mantaraham.ir/search.php?detail/06804267235503" "Mozilla/5.0 AppleWebKit/537.36 (KHTML, like Gecko; compatible; GPTBot/1.3; +https://openai.com/gptbot)"
74.7.227.12 - - [23/Mar/2026:16:59:47 +0330] "GET /search.php?detail/06804889124827 HTTP/1.1" 200 44321 "http://news.mantaraham.ir/search.php?detail/068025216759" "Mozilla/5.0 AppleWebKit/537.36 (KHTML, like Gecko; compatible; GPTBot/1.3; +https://openai.com/gptbot)"
74.7.227.12 - - [23/Mar/2026:16:59:49 +0330] "GET /search.php?detail/08601780202931 HTTP/1.1" 200 44133 "http://news.mantaraham.ir/search.php?detail/08603430282979" "Mozilla/5.0 AppleWebKit/537.36 (KHTML, like Gecko; compatible; GPTBot/1.3; +https://openai.com/gptbot)"
74.7.227.12 - - [23/Mar/2026:16:59:50 +0330] "GET /search.php?detail/06801874468571 HTTP/1.1" 200 43703 "http://news.mantaraham.ir/search.php?detail/06800479465185" "Mozilla/5.0 AppleWebKit/537.36 (KHTML, like Gecko; compatible; GPTBot/1.3; +https://openai.com/gptbot)"
142.93.208.146 - - [23/Mar/2026:16:59:44 +0330] "GET /wp-includes/css/dist/about.php HTTP/1.1" 200 4611 "binance.com" "Mozilla/5.0 (Windows NT 10.0; Win64; x64) AppleWebKit/537.36 (KHTML, like Gecko) Chrome/90.0.4430.85 Safari/537.36"
74.7.227.12 - - [23/Mar/2026:16:59:52 +0330] "GET /search.php?detail/06800794136069 HTTP/1.1" 200 43995 "http://news.mantaraham.ir/search.php?detail/06800955131292" "Mozilla/5.0 AppleWebKit/537.36 (KHTML, like Gecko; compatible; GPTBot/1.3; +https://openai.com/gptbot)"
74.7.227.12 - - [23/Mar/2026:16:59:53 +0330] "GET /search.php?detail/06801663010259 HTTP/1.1" 200 43735 "http://news.mantaraham.ir/search.php?detail/0680135391259" "Mozilla/5.0 AppleWebKit/537.36 (KHTML, like Gecko; compatible; GPTBot/1.3; +https://openai.com/gptbot)"
74.7.227.12 - - [23/Mar/2026:16:59:55 +0330] "GET /search.php?detail/06801056213069 HTTP/1.1" 200 44075 "http://news.mantaraham.ir/search.php?detail/068029607960" "Mozilla/5.0 AppleWebKit/537.36 (KHTML, like Gecko; compatible; GPTBot/1.3; +https://openai.com/gptbot)"
74.7.227.12 - - [23/Mar/2026:16:59:56 +0330] "GET /search.php?detail/06803406590188 HTTP/1.1" 200 44071 "http://news.mantaraham.ir/search.php?detail/068010905150" "Mozilla/5.0 AppleWebKit/537.36 (KHTML, like Gecko; compatible; GPTBot/1.3; +https://openai.com/gptbot)"
74.7.227.12 - - [23/Mar/2026:16:59:58 +0330] "GET /search.php?detail/06803800752747 HTTP/1.1" 200 44683 "http://news.mantaraham.ir/search.php?detail/068046783957" "Mozilla/5.0 AppleWebKit/537.36 (KHTML, like Gecko; compatible; GPTBot/1.3; +https://openai.com/gptbot)"
74.7.227.12 - - [23/Mar/2026:16:59:59 +0330] "GET /search.php?detail/06803405829406 HTTP/1.1" 200 44418 "http://news.mantaraham.ir/search.php?jp/068024652.html" "Mozilla/5.0 AppleWebKit/537.36 (KHTML, like Gecko; compatible; GPTBot/1.3; +https://openai.com/gptbot)"
74.7.227.12 - - [23/Mar/2026:17:00:01 +0330] "GET /search.php?detail/08401976476980 HTTP/1.1" 200 44434 "http://news.mantaraham.ir/search.php?detail/0840282409671" "Mozilla/5.0 AppleWebKit/537.36 (KHTML, like Gecko; compatible; GPTBot/1.3; +https://openai.com/gptbot)"
142.93.208.146 - - [23/Mar/2026:17:00:02 +0330] "GET /wp-includes/css/dist/about.php HTTP/1.1" 200 4611 "binance.com" "Mozilla/5.0 (Windows NT 10.0; Win64; x64) AppleWebKit/537.36 (KHTML, like Gecko) Chrome/90.0.4430.85 Safari/537.36"
74.7.227.12 - - [23/Mar/2026:17:00:02 +0330] "GET /search.php?detail/06501978830806 HTTP/1.1" 200 44400 "http://news.mantaraham.ir/search.php?detail/06500048432688" "Mozilla/5.0 AppleWebKit/537.36 (KHTML, like Gecko; compatible; GPTBot/1.3; +https://openai.com/gptbot)"
74.7.227.12 - - [23/Mar/2026:17:00:04 +0330] "GET /search.php?detail/06800478074239 HTTP/1.1" 200 44925 "http://news.mantaraham.ir/search.php?detail/068029413894" "Mozilla/5.0 AppleWebKit/537.36 (KHTML, like Gecko; compatible; GPTBot/1.3; +https://openai.com/gptbot)"
142.93.208.146 - - [23/Mar/2026:17:00:03 +0330] "POST /wp-includes/css/dist/about.php HTTP/1.1" 200 4611 "binance.com" "Mozilla/5.0 (Windows NT 10.0; Win64; x64) AppleWebKit/537.36 (KHTML, like Gecko) Chrome/90.0.4430.85 Safari/537.36"
74.7.227.12 - - [23/Mar/2026:17:00:05 +0330] "GET /search.php?detail/08604533933292 HTTP/1.1" 200 43901 "http://news.mantaraham.ir/search.php?detail/0860007087361" "Mozilla/5.0 AppleWebKit/537.36 (KHTML, like Gecko; compatible; GPTBot/1.3; +https://openai.com/gptbot)"
74.7.227.12 - - [23/Mar/2026:17:00:07 +0330] "GET /search.php?detail/0680159438011 HTTP/1.1" 200 45020 "http://news.mantaraham.ir/search.php?detail/06801874468571" "Mozilla/5.0 AppleWebKit/537.36 (KHTML, like Gecko; compatible; GPTBot/1.3; +https://openai.com/gptbot)"
74.7.227.12 - - [23/Mar/2026:17:00:08 +0330] "GET /search.php?detail/06802509702283 HTTP/1.1" 200 44015 "http://news.mantaraham.ir/search.php?detail/06804222462088" "Mozilla/5.0 AppleWebKit/537.36 (KHTML, like Gecko; compatible; GPTBot/1.3; +https://openai.com/gptbot)"
74.7.227.12 - - [23/Mar/2026:17:00:10 +0330] "GET /search.php?detail/06803646824121 HTTP/1.1" 200 44327 "http://news.mantaraham.ir/search.php?detail/06802508444566" "Mozilla/5.0 AppleWebKit/537.36 (KHTML, like Gecko; compatible; GPTBot/1.3; +https://openai.com/gptbot)"
74.7.227.12 - - [23/Mar/2026:17:00:11 +0330] "GET /search.php?detail/06804309409529 HTTP/1.1" 200 44251 "http://news.mantaraham.ir/search.php?detail/068026951793" "Mozilla/5.0 AppleWebKit/537.36 (KHTML, like Gecko; compatible; GPTBot/1.3; +https://openai.com/gptbot)"
142.93.208.146 - - [23/Mar/2026:17:00:13 +0330] "GET /wp-includes/css/dist/cggfhnzzpq.php HTTP/1.1" 200 0 "binance.com" "Mozilla/5.0 (Windows NT 10.0; Win64; x64) AppleWebKit/537.36 (KHTML, like Gecko) Chrome/90.0.4430.85 Safari/537.36"
74.7.227.12 - - [23/Mar/2026:17:00:13 +0330] "GET /search.php?detail/06802508923408 HTTP/1.1" 200 44129 "http://news.mantaraham.ir/search.php?detail/06804267501214" "Mozilla/5.0 AppleWebKit/537.36 (KHTML, like Gecko; compatible; GPTBot/1.3; +https://openai.com/gptbot)"
74.7.227.12 - - [23/Mar/2026:17:00:14 +0330] "GET /search.php?detail/06804971043094 HTTP/1.1" 200 43738 "http://news.mantaraham.ir/search.php?detail/0680108738949" "Mozilla/5.0 AppleWebKit/537.36 (KHTML, like Gecko; compatible; GPTBot/1.3; +https://openai.com/gptbot)"
74.7.227.12 - - [23/Mar/2026:17:00:15 +0330] "GET /search.php?detail/06803796065671 HTTP/1.1" 200 43827 "http://news.mantaraham.ir/search.php?detail/06803403308016" "Mozilla/5.0 AppleWebKit/537.36 (KHTML, like Gecko; compatible; GPTBot/1.3; +https://openai.com/gptbot)"
74.7.227.12 - - [23/Mar/2026:17:00:17 +0330] "GET /search.php?detail/06804938992891 HTTP/1.1" 200 43783 "http://news.mantaraham.ir/search.php?detail/068005474485" "Mozilla/5.0 AppleWebKit/537.36 (KHTML, like Gecko; compatible; GPTBot/1.3; +https://openai.com/gptbot)"
74.7.227.12 - - [23/Mar/2026:17:00:19 +0330] "GET /search.php?detail/08602618496036 HTTP/1.1" 200 44131 "http://news.mantaraham.ir/search.php?detail/086017834157" "Mozilla/5.0 AppleWebKit/537.36 (KHTML, like Gecko; compatible; GPTBot/1.3; +https://openai.com/gptbot)"
74.7.227.12 - - [23/Mar/2026:17:00:20 +0330] "GET /search.php?detail/06800938313875 HTTP/1.1" 200 44242 "http://news.mantaraham.ir/search.php?detail/068003724910" "Mozilla/5.0 AppleWebKit/537.36 (KHTML, like Gecko; compatible; GPTBot/1.3; +https://openai.com/gptbot)"
74.7.227.12 - - [23/Mar/2026:17:00:21 +0330] "GET /search.php?detail/06803107059868 HTTP/1.1" 200 43711 "http://news.mantaraham.ir/search.php?detail/068032261120" "Mozilla/5.0 AppleWebKit/537.36 (KHTML, like Gecko; compatible; GPTBot/1.3; +https://openai.com/gptbot)"
74.7.227.12 - - [23/Mar/2026:17:00:23 +0330] "GET /search.php?detail/06802183189856 HTTP/1.1" 200 44168 "http://news.mantaraham.ir/search.php?detail/068049388831" "Mozilla/5.0 AppleWebKit/537.36 (KHTML, like Gecko; compatible; GPTBot/1.3; +https://openai.com/gptbot)"
74.7.227.12 - - [23/Mar/2026:17:00:24 +0330] "GET /search.php?detail/06803240372335 HTTP/1.1" 200 43836 "http://news.mantaraham.ir/search.php?detail/0680043923606" "Mozilla/5.0 AppleWebKit/537.36 (KHTML, like Gecko; compatible; GPTBot/1.3; +https://openai.com/gptbot)"
74.7.227.12 - - [23/Mar/2026:17:00:26 +0330] "GET /search.php?detail/06801111853975 HTTP/1.1" 200 44062 "http://news.mantaraham.ir/search.php?detail/0680254848840" "Mozilla/5.0 AppleWebKit/537.36 (KHTML, like Gecko; compatible; GPTBot/1.3; +https://openai.com/gptbot)"
74.7.227.12 - - [23/Mar/2026:17:00:28 +0330] "GET /search.php?detail/068004310229 HTTP/1.1" 200 44059 "http://news.mantaraham.ir/search.php?detail/06802332967074" "Mozilla/5.0 AppleWebKit/537.36 (KHTML, like Gecko; compatible; GPTBot/1.3; +https://openai.com/gptbot)"
74.7.227.12 - - [23/Mar/2026:17:00:29 +0330] "GET /search.php?detail/068018754645 HTTP/1.1" 200 44469 "http://news.mantaraham.ir/search.php?detail/068027000964" "Mozilla/5.0 AppleWebKit/537.36 (KHTML, like Gecko; compatible; GPTBot/1.3; +https://openai.com/gptbot)"
74.7.227.12 - - [23/Mar/2026:17:00:31 +0330] "GET /search.php?detail/068041710530 HTTP/1.1" 200 43832 "http://news.mantaraham.ir/search.php?detail/0680159339314" "Mozilla/5.0 AppleWebKit/537.36 (KHTML, like Gecko; compatible; GPTBot/1.3; +https://openai.com/gptbot)"
74.7.227.12 - - [23/Mar/2026:17:00:33 +0330] "GET /search.php?detail/068047002559 HTTP/1.1" 200 44577 "http://news.mantaraham.ir/search.php?detail/068012102107" "Mozilla/5.0 AppleWebKit/537.36 (KHTML, like Gecko; compatible; GPTBot/1.3; +https://openai.com/gptbot)"
74.7.227.12 - - [23/Mar/2026:17:00:35 +0330] "GET /search.php?detail/086017812655 HTTP/1.1" 200 44504 "http://news.mantaraham.ir/search.php?detail/086034303936" "Mozilla/5.0 AppleWebKit/537.36 (KHTML, like Gecko; compatible; GPTBot/1.3; +https://openai.com/gptbot)"
74.7.227.12 - - [23/Mar/2026:17:00:36 +0330] "GET /search.php?detail/068021671427 HTTP/1.1" 200 44207 "http://news.mantaraham.ir/search.php?detail/068011432934" "Mozilla/5.0 AppleWebKit/537.36 (KHTML, like Gecko; compatible; GPTBot/1.3; +https://openai.com/gptbot)"
142.93.208.146 - - [23/Mar/2026:17:00:37 +0330] "GET /wp-includes/css/dist/about.php HTTP/1.1" 200 19734 "-" "Mozilla/5.0 (Windows NT 10.0; Win64; x64) AppleWebKit/537.36 (KHTML, like Gecko) Chrome/90.0.4430.85 Safari/537.36"
74.7.227.12 - - [23/Mar/2026:17:00:37 +0330] "GET /search.php?detail/068012142856 HTTP/1.1" 200 44097 "http://news.mantaraham.ir/search.php?detail/06803403788830" "Mozilla/5.0 AppleWebKit/537.36 (KHTML, like Gecko; compatible; GPTBot/1.3; +https://openai.com/gptbot)"
74.7.227.12 - - [23/Mar/2026:17:00:39 +0330] "GET /search.php?detail/065034764597 HTTP/1.1" 200 44154 "http://news.mantaraham.ir/search.php?detail/0650139561372" "Mozilla/5.0 AppleWebKit/537.36 (KHTML, like Gecko; compatible; GPTBot/1.3; +https://openai.com/gptbot)"
