74.7.227.12 - - [23/Mar/2026:16:09:02 +0330] "GET /search.php?detail/06801540276874 HTTP/1.1" 200 44529 "http://news.mantaraham.ir/search.php?detail/0680218415623" "Mozilla/5.0 AppleWebKit/537.36 (KHTML, like Gecko; compatible; GPTBot/1.3; +https://openai.com/gptbot)"
74.7.227.12 - - [23/Mar/2026:16:09:04 +0330] "GET /search.php?detail/0650110957060 HTTP/1.1" 200 44906 "http://news.mantaraham.ir/search.php?detail/065040222822" "Mozilla/5.0 AppleWebKit/537.36 (KHTML, like Gecko; compatible; GPTBot/1.3; +https://openai.com/gptbot)"
142.93.208.146 - - [23/Mar/2026:16:09:03 +0330] "POST /wp-admin/css/colors/ectoplasm/wp-login.php HTTP/1.1" 200 4555 "binance.com" "Mozilla/5.0 (Windows NT 10.0; Win64; x64) AppleWebKit/537.36 (KHTML, like Gecko) Chrome/90.0.4430.85 Safari/537.36"
74.7.227.12 - - [23/Mar/2026:16:09:05 +0330] "GET /search.php?detail/0680203362008 HTTP/1.1" 200 44043 "http://news.mantaraham.ir/search.php?detail/0680154915428" "Mozilla/5.0 AppleWebKit/537.36 (KHTML, like Gecko; compatible; GPTBot/1.3; +https://openai.com/gptbot)"
74.7.227.12 - - [23/Mar/2026:16:09:09 +0330] "GET /search.php?detail/0680043848407 HTTP/1.1" 200 43454 "http://news.mantaraham.ir/search.php?detail/068029413894" "Mozilla/5.0 AppleWebKit/537.36 (KHTML, like Gecko; compatible; GPTBot/1.3; +https://openai.com/gptbot)"
74.7.227.12 - - [23/Mar/2026:16:09:10 +0330] "GET /search.php?detail/068012102107 HTTP/1.1" 200 44499 "http://news.mantaraham.ir/search.php?detail/068022550290" "Mozilla/5.0 AppleWebKit/537.36 (KHTML, like Gecko; compatible; GPTBot/1.3; +https://openai.com/gptbot)"
74.7.227.12 - - [23/Mar/2026:16:09:12 +0330] "GET /search.php?detail/068029607960 HTTP/1.1" 200 44578 "http://news.mantaraham.ir/search.php?detail/0680172249203" "Mozilla/5.0 AppleWebKit/537.36 (KHTML, like Gecko; compatible; GPTBot/1.3; +https://openai.com/gptbot)"
74.7.227.12 - - [23/Mar/2026:16:09:14 +0330] "GET /search.php?detail/0680346379174 HTTP/1.1" 200 44762 "http://news.mantaraham.ir/search.php?detail/068000971716" "Mozilla/5.0 AppleWebKit/537.36 (KHTML, like Gecko; compatible; GPTBot/1.3; +https://openai.com/gptbot)"
74.7.227.12 - - [23/Mar/2026:16:09:15 +0330] "GET /search.php?detail/0680252228638 HTTP/1.1" 200 44891 "http://news.mantaraham.ir/search.php?detail/068015934016" "Mozilla/5.0 AppleWebKit/537.36 (KHTML, like Gecko; compatible; GPTBot/1.3; +https://openai.com/gptbot)"
74.7.227.12 - - [23/Mar/2026:16:09:17 +0330] "GET /search.php?detail/065013966636 HTTP/1.1" 200 44210 "http://news.mantaraham.ir/search.php?detail/0650111064900" "Mozilla/5.0 AppleWebKit/537.36 (KHTML, like Gecko; compatible; GPTBot/1.3; +https://openai.com/gptbot)"
74.7.227.12 - - [23/Mar/2026:16:09:18 +0330] "GET /search.php?detail/068046231347 HTTP/1.1" 200 43998 "http://news.mantaraham.ir/search.php?detail/068043072910" "Mozilla/5.0 AppleWebKit/537.36 (KHTML, like Gecko; compatible; GPTBot/1.3; +https://openai.com/gptbot)"
74.7.227.12 - - [23/Mar/2026:16:09:20 +0330] "GET /search.php?detail/06804258147618 HTTP/1.1" 200 43810 "http://news.mantaraham.ir/search.php?detail/068012101809" "Mozilla/5.0 AppleWebKit/537.36 (KHTML, like Gecko; compatible; GPTBot/1.3; +https://openai.com/gptbot)"
74.7.227.12 - - [23/Mar/2026:16:09:21 +0330] "GET /search.php?detail/06804938124933 HTTP/1.1" 200 44402 "http://news.mantaraham.ir/search.php?detail/06801540276874" "Mozilla/5.0 AppleWebKit/537.36 (KHTML, like Gecko; compatible; GPTBot/1.3; +https://openai.com/gptbot)"
74.7.227.12 - - [23/Mar/2026:16:09:26 +0330] "GET /search.php?detail/06804307559208 HTTP/1.1" 200 44380 "http://news.mantaraham.ir/search.php?detail/0680423714094" "Mozilla/5.0 AppleWebKit/537.36 (KHTML, like Gecko; compatible; GPTBot/1.3; +https://openai.com/gptbot)"
74.7.227.12 - - [23/Mar/2026:16:09:27 +0330] "GET /search.php?detail/06801769811953 HTTP/1.1" 200 44882 "http://news.mantaraham.ir/search.php?detail/06802522562098" "Mozilla/5.0 AppleWebKit/537.36 (KHTML, like Gecko; compatible; GPTBot/1.3; +https://openai.com/gptbot)"
74.7.227.12 - - [23/Mar/2026:16:09:29 +0330] "GET /search.php?detail/06802941224383 HTTP/1.1" 200 43916 "http://news.mantaraham.ir/search.php?detail/0680172249203" "Mozilla/5.0 AppleWebKit/537.36 (KHTML, like Gecko; compatible; GPTBot/1.3; +https://openai.com/gptbot)"
74.7.227.12 - - [23/Mar/2026:16:09:31 +0330] "GET /search.php?detail/068046783957 HTTP/1.1" 200 44407 "http://news.mantaraham.ir/search.php?detail/068012102107" "Mozilla/5.0 AppleWebKit/537.36 (KHTML, like Gecko; compatible; GPTBot/1.3; +https://openai.com/gptbot)"
74.7.227.12 - - [23/Mar/2026:16:09:32 +0330] "GET /search.php?detail/068047111377 HTTP/1.1" 200 45334 "http://news.mantaraham.ir/search.php?detail/068012102107" "Mozilla/5.0 AppleWebKit/537.36 (KHTML, like Gecko; compatible; GPTBot/1.3; +https://openai.com/gptbot)"
74.7.227.12 - - [23/Mar/2026:16:09:34 +0330] "GET /search.php?detail/0680105045505 HTTP/1.1" 200 43949 "http://news.mantaraham.ir/search.php?detail/068029607960" "Mozilla/5.0 AppleWebKit/537.36 (KHTML, like Gecko; compatible; GPTBot/1.3; +https://openai.com/gptbot)"
74.7.227.12 - - [23/Mar/2026:16:09:35 +0330] "GET /search.php?detail/06801330001069 HTTP/1.1" 200 44268 "http://news.mantaraham.ir/search.php?detail/0680252228638" "Mozilla/5.0 AppleWebKit/537.36 (KHTML, like Gecko; compatible; GPTBot/1.3; +https://openai.com/gptbot)"
74.7.227.12 - - [23/Mar/2026:16:09:37 +0330] "GET /search.php?goods/065000473 HTTP/1.1" 200 44406 "http://news.mantaraham.ir/search.php?detail/065013966636" "Mozilla/5.0 AppleWebKit/537.36 (KHTML, like Gecko; compatible; GPTBot/1.3; +https://openai.com/gptbot)"
74.7.227.12 - - [23/Mar/2026:16:09:39 +0330] "GET /search.php?detail/068027778668 HTTP/1.1" 200 44006 "http://news.mantaraham.ir/search.php?detail/068046231347" "Mozilla/5.0 AppleWebKit/537.36 (KHTML, like Gecko; compatible; GPTBot/1.3; +https://openai.com/gptbot)"
74.7.227.12 - - [23/Mar/2026:16:09:41 +0330] "GET /search.php?detail/065000464074 HTTP/1.1" 200 45045 "http://news.mantaraham.ir/search.php?detail/065013966636" "Mozilla/5.0 AppleWebKit/537.36 (KHTML, like Gecko; compatible; GPTBot/1.3; +https://openai.com/gptbot)"
74.7.227.12 - - [23/Mar/2026:16:09:42 +0330] "GET /search.php?detail/068013307666 HTTP/1.1" 200 45008 "http://news.mantaraham.ir/search.php?detail/06804938124933" "Mozilla/5.0 AppleWebKit/537.36 (KHTML, like Gecko; compatible; GPTBot/1.3; +https://openai.com/gptbot)"
74.7.227.12 - - [23/Mar/2026:16:09:44 +0330] "GET /search.php?detail/068027000964 HTTP/1.1" 200 43963 "http://news.mantaraham.ir/search.php?detail/068046231347" "Mozilla/5.0 AppleWebKit/537.36 (KHTML, like Gecko; compatible; GPTBot/1.3; +https://openai.com/gptbot)"
74.7.227.12 - - [23/Mar/2026:16:09:45 +0330] "GET /search.php?detail/06803139797587 HTTP/1.1" 200 44486 "http://news.mantaraham.ir/search.php?detail/06801769811953" "Mozilla/5.0 AppleWebKit/537.36 (KHTML, like Gecko; compatible; GPTBot/1.3; +https://openai.com/gptbot)"
74.7.227.12 - - [23/Mar/2026:16:09:46 +0330] "GET /search.php?jp/068042223.html HTTP/1.1" 200 43903 "http://news.mantaraham.ir/search.php?detail/06802941224383" "Mozilla/5.0 AppleWebKit/537.36 (KHTML, like Gecko; compatible; GPTBot/1.3; +https://openai.com/gptbot)"
74.7.227.12 - - [23/Mar/2026:16:09:48 +0330] "GET /search.php?detail/06803802142570 HTTP/1.1" 200 45209 "http://news.mantaraham.ir/search.php?detail/068046783957" "Mozilla/5.0 AppleWebKit/537.36 (KHTML, like Gecko; compatible; GPTBot/1.3; +https://openai.com/gptbot)"
74.7.227.12 - - [23/Mar/2026:16:09:50 +0330] "GET /search.php?detail/068038008864 HTTP/1.1" 200 45345 "http://news.mantaraham.ir/search.php?detail/068046783957" "Mozilla/5.0 AppleWebKit/537.36 (KHTML, like Gecko; compatible; GPTBot/1.3; +https://openai.com/gptbot)"
74.7.227.12 - - [23/Mar/2026:16:09:51 +0330] "GET /search.php?detail/068003724910 HTTP/1.1" 200 44316 "http://news.mantaraham.ir/search.php?detail/0680105045505" "Mozilla/5.0 AppleWebKit/537.36 (KHTML, like Gecko; compatible; GPTBot/1.3; +https://openai.com/gptbot)"
74.7.227.12 - - [23/Mar/2026:16:09:52 +0330] "GET /search.php?detail/068036466420 HTTP/1.1" 200 45102 "http://news.mantaraham.ir/search.php?detail/06801330001069" "Mozilla/5.0 AppleWebKit/537.36 (KHTML, like Gecko; compatible; GPTBot/1.3; +https://openai.com/gptbot)"
74.7.227.12 - - [23/Mar/2026:16:09:54 +0330] "GET /search.php?detail/065007836667 HTTP/1.1" 200 44643 "http://news.mantaraham.ir/search.php?goods/065000473" "Mozilla/5.0 AppleWebKit/537.36 (KHTML, like Gecko; compatible; GPTBot/1.3; +https://openai.com/gptbot)"
74.7.227.12 - - [23/Mar/2026:16:09:56 +0330] "GET /search.php?detail/0680283910704 HTTP/1.1" 200 44474 "http://news.mantaraham.ir/search.php?detail/06804307559208" "Mozilla/5.0 AppleWebKit/537.36 (KHTML, like Gecko; compatible; GPTBot/1.3; +https://openai.com/gptbot)"
74.7.227.12 - - [23/Mar/2026:16:09:57 +0330] "GET /search.php?detail/065000474805 HTTP/1.1" 200 45042 "http://news.mantaraham.ir/search.php?detail/065000464074" "Mozilla/5.0 AppleWebKit/537.36 (KHTML, like Gecko; compatible; GPTBot/1.3; +https://openai.com/gptbot)"
142.93.208.146 - - [23/Mar/2026:16:09:59 +0330] "GET /wp-admin/css/colors/ectoplasm/unmizwjcfv.php HTTP/1.1" 200 0 "binance.com" "Mozilla/5.0 (Windows NT 10.0; Win64; x64) AppleWebKit/537.36 (KHTML, like Gecko) Chrome/90.0.4430.85 Safari/537.36"
74.7.227.12 - - [23/Mar/2026:16:09:58 +0330] "GET /search.php?detail/06500047239317 HTTP/1.1" 200 45074 "http://news.mantaraham.ir/search.php?detail/065000464074" "Mozilla/5.0 AppleWebKit/537.36 (KHTML, like Gecko; compatible; GPTBot/1.3; +https://openai.com/gptbot)"
74.7.227.12 - - [23/Mar/2026:16:10:00 +0330] "GET /search.php?detail/065000467082 HTTP/1.1" 200 44754 "http://news.mantaraham.ir/search.php?detail/065000464074" "Mozilla/5.0 AppleWebKit/537.36 (KHTML, like Gecko; compatible; GPTBot/1.3; +https://openai.com/gptbot)"
74.7.227.12 - - [23/Mar/2026:16:10:01 +0330] "GET /search.php?detail/065000461427 HTTP/1.1" 200 45146 "http://news.mantaraham.ir/search.php?detail/065000464074" "Mozilla/5.0 AppleWebKit/537.36 (KHTML, like Gecko; compatible; GPTBot/1.3; +https://openai.com/gptbot)"
74.7.227.12 - - [23/Mar/2026:16:10:03 +0330] "GET /search.php?detail/06800267222732 HTTP/1.1" 200 43933 "http://news.mantaraham.ir/search.php?jp/068042223.html" "Mozilla/5.0 AppleWebKit/537.36 (KHTML, like Gecko; compatible; GPTBot/1.3; +https://openai.com/gptbot)"
74.7.227.12 - - [23/Mar/2026:16:10:06 +0330] "GET /search.php?detail/0680277944119 HTTP/1.1" 200 44797 "http://news.mantaraham.ir/search.php?detail/06804307559208" "Mozilla/5.0 AppleWebKit/537.36 (KHTML, like Gecko; compatible; GPTBot/1.3; +https://openai.com/gptbot)"
74.7.227.12 - - [23/Mar/2026:16:10:07 +0330] "GET /search.php?detail/068034106259 HTTP/1.1" 200 43928 "http://news.mantaraham.ir/search.php?detail/06803139797587" "Mozilla/5.0 AppleWebKit/537.36 (KHTML, like Gecko; compatible; GPTBot/1.3; +https://openai.com/gptbot)"
74.7.227.12 - - [23/Mar/2026:16:10:09 +0330] "GET /search.php?detail/068009096894 HTTP/1.1" 200 43933 "http://news.mantaraham.ir/search.php?detail/068003724910" "Mozilla/5.0 AppleWebKit/537.36 (KHTML, like Gecko; compatible; GPTBot/1.3; +https://openai.com/gptbot)"
74.7.227.12 - - [23/Mar/2026:16:10:11 +0330] "GET /search.php?detail/0680056839037 HTTP/1.1" 200 43595 "http://news.mantaraham.ir/search.php?detail/068036466420" "Mozilla/5.0 AppleWebKit/537.36 (KHTML, like Gecko; compatible; GPTBot/1.3; +https://openai.com/gptbot)"
74.7.227.12 - - [23/Mar/2026:16:10:12 +0330] "GET /search.php?detail/068009464667 HTTP/1.1" 200 45350 "http://news.mantaraham.ir/search.php?detail/068003724910" "Mozilla/5.0 AppleWebKit/537.36 (KHTML, like Gecko; compatible; GPTBot/1.3; +https://openai.com/gptbot)"
74.7.227.12 - - [23/Mar/2026:16:10:14 +0330] "GET /search.php?detail/0680064296664 HTTP/1.1" 200 45250 "http://news.mantaraham.ir/search.php?detail/068013307666" "Mozilla/5.0 AppleWebKit/537.36 (KHTML, like Gecko; compatible; GPTBot/1.3; +https://openai.com/gptbot)"
74.7.227.12 - - [23/Mar/2026:16:10:15 +0330] "GET /search.php?detail/0650004708140 HTTP/1.1" 200 45502 "http://news.mantaraham.ir/search.php?detail/065013966636" "Mozilla/5.0 AppleWebKit/537.36 (KHTML, like Gecko; compatible; GPTBot/1.3; +https://openai.com/gptbot)"
74.7.227.12 - - [23/Mar/2026:16:10:17 +0330] "GET /search.php?detail/065043796837 HTTP/1.1" 200 44475 "http://news.mantaraham.ir/search.php?detail/06500047239317" "Mozilla/5.0 AppleWebKit/537.36 (KHTML, like Gecko; compatible; GPTBot/1.3; +https://openai.com/gptbot)"
74.7.227.12 - - [23/Mar/2026:16:10:18 +0330] "GET /search.php?detail/065000476499 HTTP/1.1" 200 43957 "http://news.mantaraham.ir/search.php?detail/065000467082" "Mozilla/5.0 AppleWebKit/537.36 (KHTML, like Gecko; compatible; GPTBot/1.3; +https://openai.com/gptbot)"
142.93.208.146 - - [23/Mar/2026:16:10:20 +0330] "GET /wp-admin/css/colors/light/ HTTP/1.1" 200 1561 "binance.com" "Mozilla/5.0 (Windows NT 10.0; Win64; x64) AppleWebKit/537.36 (KHTML, like Gecko) Chrome/90.0.4430.85 Safari/537.36"
74.7.227.12 - - [23/Mar/2026:16:10:20 +0330] "GET /search.php?detail/065043791865 HTTP/1.1" 200 44439 "http://news.mantaraham.ir/search.php?detail/06500047239317" "Mozilla/5.0 AppleWebKit/537.36 (KHTML, like Gecko; compatible; GPTBot/1.3; +https://openai.com/gptbot)"
74.7.227.12 - - [23/Mar/2026:16:10:21 +0330] "GET /search.php?detail/068025216759 HTTP/1.1" 200 45225 "http://news.mantaraham.ir/search.php?detail/06800267222732" "Mozilla/5.0 AppleWebKit/537.36 (KHTML, like Gecko; compatible; GPTBot/1.3; +https://openai.com/gptbot)"
74.7.227.12 - - [23/Mar/2026:16:10:23 +0330] "GET /search.php?detail/068025228050 HTTP/1.1" 200 43833 "http://news.mantaraham.ir/search.php?detail/06800267222732" "Mozilla/5.0 AppleWebKit/537.36 (KHTML, like Gecko; compatible; GPTBot/1.3; +https://openai.com/gptbot)"
74.7.227.12 - - [23/Mar/2026:16:10:25 +0330] "GET /search.php?detail/0680115492685 HTTP/1.1" 200 44819 "http://news.mantaraham.ir/search.php?detail/068034106259" "Mozilla/5.0 AppleWebKit/537.36 (KHTML, like Gecko; compatible; GPTBot/1.3; +https://openai.com/gptbot)"
142.93.208.146 - - [23/Mar/2026:16:10:28 +0330] "GET /wp-admin/css/colors/light/ HTTP/1.1" 200 1561 "binance.com" "Mozilla/5.0 (Windows NT 10.0; Win64; x64) AppleWebKit/537.36 (KHTML, like Gecko) Chrome/90.0.4430.85 Safari/537.36"
74.7.227.12 - - [23/Mar/2026:16:10:27 +0330] "GET /search.php?detail/068011432934 HTTP/1.1" 200 43892 "http://news.mantaraham.ir/search.php?detail/068034106259" "Mozilla/5.0 AppleWebKit/537.36 (KHTML, like Gecko; compatible; GPTBot/1.3; +https://openai.com/gptbot)"
74.7.227.12 - - [23/Mar/2026:16:10:29 +0330] "GET /search.php?detail/06804548693309 HTTP/1.1" 200 44629 "http://news.mantaraham.ir/search.php?detail/0680056839037" "Mozilla/5.0 AppleWebKit/537.36 (KHTML, like Gecko; compatible; GPTBot/1.3; +https://openai.com/gptbot)"
74.7.227.12 - - [23/Mar/2026:16:10:30 +0330] "GET /search.php?detail/068011668916 HTTP/1.1" 200 44797 "http://news.mantaraham.ir/search.php?detail/068034106259" "Mozilla/5.0 AppleWebKit/537.36 (KHTML, like Gecko; compatible; GPTBot/1.3; +https://openai.com/gptbot)"
74.7.227.12 - - [23/Mar/2026:16:10:31 +0330] "GET /search.php?jp/068043382.html HTTP/1.1" 200 43813 "http://news.mantaraham.ir/search.php?detail/0680064296664" "Mozilla/5.0 AppleWebKit/537.36 (KHTML, like Gecko; compatible; GPTBot/1.3; +https://openai.com/gptbot)"
74.7.227.12 - - [23/Mar/2026:16:10:33 +0330] "GET /search.php?detail/0680135391259 HTTP/1.1" 200 44413 "http://news.mantaraham.ir/search.php?detail/068009096894" "Mozilla/5.0 AppleWebKit/537.36 (KHTML, like Gecko; compatible; GPTBot/1.3; +https://openai.com/gptbot)"
74.7.227.12 - - [23/Mar/2026:16:10:34 +0330] "GET /search.php?detail/0650004737063 HTTP/1.1" 200 44506 "http://news.mantaraham.ir/search.php?detail/065000467082" "Mozilla/5.0 AppleWebKit/537.36 (KHTML, like Gecko; compatible; GPTBot/1.3; +https://openai.com/gptbot)"
74.7.227.12 - - [23/Mar/2026:16:10:36 +0330] "GET /search.php?detail/0650139561372 HTTP/1.1" 200 45259 "http://news.mantaraham.ir/search.php?detail/065000476499" "Mozilla/5.0 AppleWebKit/537.36 (KHTML, like Gecko; compatible; GPTBot/1.3; +https://openai.com/gptbot)"
142.93.208.146 - - [23/Mar/2026:16:10:35 +0330] "GET /wp-admin/css/colors/light/about.php HTTP/1.1" 200 4611 "binance.com" "Mozilla/5.0 (Windows NT 10.0; Win64; x64) AppleWebKit/537.36 (KHTML, like Gecko) Chrome/90.0.4430.85 Safari/537.36"
74.7.227.12 - - [23/Mar/2026:16:10:38 +0330] "GET /search.php?detail/0650004790024 HTTP/1.1" 200 44787 "http://news.mantaraham.ir/search.php?detail/065013966636" "Mozilla/5.0 AppleWebKit/537.36 (KHTML, like Gecko; compatible; GPTBot/1.3; +https://openai.com/gptbot)"
74.7.227.12 - - [23/Mar/2026:16:10:39 +0330] "GET /search.php?detail/0680380203370 HTTP/1.1" 200 44963 "http://news.mantaraham.ir/search.php?detail/068046783957" "Mozilla/5.0 AppleWebKit/537.36 (KHTML, like Gecko; compatible; GPTBot/1.3; +https://openai.com/gptbot)"
74.7.227.12 - - [23/Mar/2026:16:10:41 +0330] "GET /search.php?detail/0680361091010 HTTP/1.1" 200 44662 "http://news.mantaraham.ir/search.php?detail/06801330001069" "Mozilla/5.0 AppleWebKit/537.36 (KHTML, like Gecko; compatible; GPTBot/1.3; +https://openai.com/gptbot)"
74.7.227.12 - - [23/Mar/2026:16:10:42 +0330] "GET /search.php?detail/0680252266902 HTTP/1.1" 200 44279 "http://news.mantaraham.ir/search.php?detail/06800267222732" "Mozilla/5.0 AppleWebKit/537.36 (KHTML, like Gecko; compatible; GPTBot/1.3; +https://openai.com/gptbot)"
74.7.227.12 - - [23/Mar/2026:16:10:44 +0330] "GET /search.php?detail/068021666461 HTTP/1.1" 200 43951 "http://news.mantaraham.ir/search.php?detail/068011432934" "Mozilla/5.0 AppleWebKit/537.36 (KHTML, like Gecko; compatible; GPTBot/1.3; +https://openai.com/gptbot)"
142.93.208.146 - - [23/Mar/2026:16:10:44 +0330] "GET /wp-admin/css/colors/light/about.php HTTP/1.1" 200 4612 "binance.com" "Mozilla/5.0 (Windows NT 10.0; Win64; x64) AppleWebKit/537.36 (KHTML, like Gecko) Chrome/90.0.4430.85 Safari/537.36"
74.7.227.12 - - [23/Mar/2026:16:10:45 +0330] "GET /search.php?detail/0680095339090 HTTP/1.1" 200 44404 "http://news.mantaraham.ir/search.php?detail/068025228050" "Mozilla/5.0 AppleWebKit/537.36 (KHTML, like Gecko; compatible; GPTBot/1.3; +https://openai.com/gptbot)"
74.7.227.12 - - [23/Mar/2026:16:10:46 +0330] "GET /search.php?detail/0650111026402 HTTP/1.1" 200 44434 "http://news.mantaraham.ir/search.php?detail/0650004708140" "Mozilla/5.0 AppleWebKit/537.36 (KHTML, like Gecko; compatible; GPTBot/1.3; +https://openai.com/gptbot)"
142.93.208.146 - - [23/Mar/2026:16:10:46 +0330] "POST /wp-admin/css/colors/light/about.php HTTP/1.1" 200 4611 "binance.com" "Mozilla/5.0 (Windows NT 10.0; Win64; x64) AppleWebKit/537.36 (KHTML, like Gecko) Chrome/90.0.4430.85 Safari/537.36"
74.7.227.12 - - [23/Mar/2026:16:10:48 +0330] "GET /search.php?detail/06801356261359 HTTP/1.1" 200 45350 "http://news.mantaraham.ir/search.php?jp/068043382.html" "Mozilla/5.0 AppleWebKit/537.36 (KHTML, like Gecko; compatible; GPTBot/1.3; +https://openai.com/gptbot)"
74.7.227.12 - - [23/Mar/2026:16:10:49 +0330] "GET /search.php?detail/068016684906 HTTP/1.1" 200 43614 "http://news.mantaraham.ir/search.php?detail/0680135391259" "Mozilla/5.0 AppleWebKit/537.36 (KHTML, like Gecko; compatible; GPTBot/1.3; +https://openai.com/gptbot)"
74.7.227.12 - - [23/Mar/2026:16:10:51 +0330] "GET /search.php?detail/0680153186234 HTTP/1.1" 200 44036 "http://news.mantaraham.ir/search.php?jp/068043382.html" "Mozilla/5.0 AppleWebKit/537.36 (KHTML, like Gecko; compatible; GPTBot/1.3; +https://openai.com/gptbot)"
74.7.227.12 - - [23/Mar/2026:16:10:53 +0330] "GET /search.php?detail/0650347763895 HTTP/1.1" 200 44598 "http://news.mantaraham.ir/search.php?detail/0650139561372" "Mozilla/5.0 AppleWebKit/537.36 (KHTML, like Gecko; compatible; GPTBot/1.3; +https://openai.com/gptbot)"
74.7.227.12 - - [23/Mar/2026:16:10:54 +0330] "GET /search.php?detail/0680166862809 HTTP/1.1" 200 43961 "http://news.mantaraham.ir/search.php?detail/0680135391259" "Mozilla/5.0 AppleWebKit/537.36 (KHTML, like Gecko; compatible; GPTBot/1.3; +https://openai.com/gptbot)"
74.7.227.12 - - [23/Mar/2026:16:10:56 +0330] "GET /search.php?detail/068032261120 HTTP/1.1" 200 45140 "http://news.mantaraham.ir/search.php?detail/0680380203370" "Mozilla/5.0 AppleWebKit/537.36 (KHTML, like Gecko; compatible; GPTBot/1.3; +https://openai.com/gptbot)"
74.7.227.12 - - [23/Mar/2026:16:10:58 +0330] "GET /search.php?detail/06804603329129 HTTP/1.1" 200 44544 "http://news.mantaraham.ir/search.php?detail/0680361091010" "Mozilla/5.0 AppleWebKit/537.36 (KHTML, like Gecko; compatible; GPTBot/1.3; +https://openai.com/gptbot)"
74.7.227.12 - - [23/Mar/2026:16:10:59 +0330] "GET /search.php?detail/0650004852844 HTTP/1.1" 200 45494 "http://news.mantaraham.ir/search.php?detail/065000467082" "Mozilla/5.0 AppleWebKit/537.36 (KHTML, like Gecko; compatible; GPTBot/1.3; +https://openai.com/gptbot)"
74.7.227.12 - - [23/Mar/2026:16:11:01 +0330] "GET /search.php?detail/06801273726474 HTTP/1.1" 200 44567 "http://news.mantaraham.ir/search.php?detail/06804938124933" "Mozilla/5.0 AppleWebKit/537.36 (KHTML, like Gecko; compatible; GPTBot/1.3; +https://openai.com/gptbot)"
74.7.227.12 - - [23/Mar/2026:16:11:02 +0330] "GET /search.php?detail/06802128137758 HTTP/1.1" 200 44559 "http://news.mantaraham.ir/search.php?detail/068011432934" "Mozilla/5.0 AppleWebKit/537.36 (KHTML, like Gecko; compatible; GPTBot/1.3; +https://openai.com/gptbot)"
74.7.227.12 - - [23/Mar/2026:16:11:04 +0330] "GET /search.php?jp/065013958.html HTTP/1.1" 200 43961 "http://news.mantaraham.ir/search.php?detail/0650111026402" "Mozilla/5.0 AppleWebKit/537.36 (KHTML, like Gecko; compatible; GPTBot/1.3; +https://openai.com/gptbot)"
74.7.227.12 - - [23/Mar/2026:16:11:05 +0330] "GET /search.php?detail/06501979526393 HTTP/1.1" 200 45226 "http://news.mantaraham.ir/search.php?detail/065000483415" "Mozilla/5.0 AppleWebKit/537.36 (KHTML, like Gecko; compatible; GPTBot/1.3; +https://openai.com/gptbot)"
74.7.227.12 - - [23/Mar/2026:16:11:07 +0330] "GET /search.php?detail/0680027222558 HTTP/1.1" 200 44355 "http://news.mantaraham.ir/search.php?detail/068016684906" "Mozilla/5.0 AppleWebKit/537.36 (KHTML, like Gecko; compatible; GPTBot/1.3; +https://openai.com/gptbot)"
74.7.227.12 - - [23/Mar/2026:16:11:08 +0330] "GET /search.php?detail/06802842639254 HTTP/1.1" 200 45162 "http://news.mantaraham.ir/search.php?detail/068021666461" "Mozilla/5.0 AppleWebKit/537.36 (KHTML, like Gecko; compatible; GPTBot/1.3; +https://openai.com/gptbot)"
74.7.227.12 - - [23/Mar/2026:16:11:10 +0330] "GET /search.php?detail/06803978411673 HTTP/1.1" 200 43652 "http://news.mantaraham.ir/search.php?detail/068005286661" "Mozilla/5.0 AppleWebKit/537.36 (KHTML, like Gecko; compatible; GPTBot/1.3; +https://openai.com/gptbot)"
74.7.227.12 - - [23/Mar/2026:16:11:11 +0330] "GET /search.php?jp/068024652.html HTTP/1.1" 200 43755 "http://news.mantaraham.ir/search.php?detail/0680166862809" "Mozilla/5.0 AppleWebKit/537.36 (KHTML, like Gecko; compatible; GPTBot/1.3; +https://openai.com/gptbot)"
74.7.227.12 - - [23/Mar/2026:16:11:13 +0330] "GET /search.php?detail/068031254129 HTTP/1.1" 200 43537 "http://news.mantaraham.ir/search.php?detail/068032261120" "Mozilla/5.0 AppleWebKit/537.36 (KHTML, like Gecko; compatible; GPTBot/1.3; +https://openai.com/gptbot)"
74.7.227.12 - - [23/Mar/2026:16:11:14 +0330] "GET /search.php?detail/068006114636 HTTP/1.1" 200 43739 "http://news.mantaraham.ir/search.php?detail/06804603329129" "Mozilla/5.0 AppleWebKit/537.36 (KHTML, like Gecko; compatible; GPTBot/1.3; +https://openai.com/gptbot)"
74.7.227.12 - - [23/Mar/2026:16:11:16 +0330] "GET /search.php?detail/065034134446 HTTP/1.1" 200 44113 "http://news.mantaraham.ir/search.php?detail/0650004852844" "Mozilla/5.0 AppleWebKit/537.36 (KHTML, like Gecko; compatible; GPTBot/1.3; +https://openai.com/gptbot)"
74.7.227.12 - - [23/Mar/2026:16:11:17 +0330] "GET /search.php?detail/068043090666 HTTP/1.1" 200 45247 "http://news.mantaraham.ir/search.php?detail/06801273726474" "Mozilla/5.0 AppleWebKit/537.36 (KHTML, like Gecko; compatible; GPTBot/1.3; +https://openai.com/gptbot)"
74.7.227.12 - - [23/Mar/2026:16:11:19 +0330] "GET /search.php?detail/06800642890002 HTTP/1.1" 200 43953 "http://news.mantaraham.ir/search.php?detail/06804603329129" "Mozilla/5.0 AppleWebKit/537.36 (KHTML, like Gecko; compatible; GPTBot/1.3; +https://openai.com/gptbot)"
74.7.227.12 - - [23/Mar/2026:16:11:20 +0330] "GET /search.php?detail/0680061152011 HTTP/1.1" 200 44275 "http://news.mantaraham.ir/search.php?detail/06804603329129" "Mozilla/5.0 AppleWebKit/537.36 (KHTML, like Gecko; compatible; GPTBot/1.3; +https://openai.com/gptbot)"
74.7.227.12 - - [23/Mar/2026:16:11:22 +0330] "GET /search.php?detail/06801872157895 HTTP/1.1" 200 43959 "http://news.mantaraham.ir/search.php?detail/06800479465185" "Mozilla/5.0 AppleWebKit/537.36 (KHTML, like Gecko; compatible; GPTBot/1.3; +https://openai.com/gptbot)"
74.7.227.12 - - [23/Mar/2026:16:11:23 +0330] "GET /search.php?detail/068015398644 HTTP/1.1" 200 44132 "http://news.mantaraham.ir/search.php?detail/0680027222558" "Mozilla/5.0 AppleWebKit/537.36 (KHTML, like Gecko; compatible; GPTBot/1.3; +https://openai.com/gptbot)"
74.7.227.12 - - [23/Mar/2026:16:11:24 +0330] "GET /search.php?detail/06804938218447 HTTP/1.1" 200 44103 "http://news.mantaraham.ir/search.php?detail/068025216759" "Mozilla/5.0 AppleWebKit/537.36 (KHTML, like Gecko; compatible; GPTBot/1.3; +https://openai.com/gptbot)"
74.7.227.12 - - [23/Mar/2026:16:11:26 +0330] "GET /search.php?jp/068043229.html HTTP/1.1" 200 44070 "http://news.mantaraham.ir/search.php?detail/06803978411673" "Mozilla/5.0 AppleWebKit/537.36 (KHTML, like Gecko; compatible; GPTBot/1.3; +https://openai.com/gptbot)"
74.7.227.12 - - [23/Mar/2026:16:11:28 +0330] "GET /search.php?detail/068034031888 HTTP/1.1" 200 43839 "http://news.mantaraham.ir/search.php?jp/068024652.html" "Mozilla/5.0 AppleWebKit/537.36 (KHTML, like Gecko; compatible; GPTBot/1.3; +https://openai.com/gptbot)"
74.7.227.12 - - [23/Mar/2026:16:11:30 +0330] "GET /search.php?detail/06803403788830 HTTP/1.1" 200 44814 "http://news.mantaraham.ir/search.php?jp/068024652.html" "Mozilla/5.0 AppleWebKit/537.36 (KHTML, like Gecko; compatible; GPTBot/1.3; +https://openai.com/gptbot)"
74.7.227.12 - - [23/Mar/2026:16:11:31 +0330] "GET /search.php?detail/0680294117894 HTTP/1.1" 200 44092 "http://news.mantaraham.ir/search.php?detail/068006114636" "Mozilla/5.0 AppleWebKit/537.36 (KHTML, like Gecko; compatible; GPTBot/1.3; +https://openai.com/gptbot)"
74.7.227.12 - - [23/Mar/2026:16:11:33 +0330] "GET /search.php?detail/0680340592510 HTTP/1.1" 200 44839 "http://news.mantaraham.ir/search.php?jp/068024652.html" "Mozilla/5.0 AppleWebKit/537.36 (KHTML, like Gecko; compatible; GPTBot/1.3; +https://openai.com/gptbot)"
74.7.227.12 - - [23/Mar/2026:16:11:35 +0330] "GET /search.php?detail/068028194716 HTTP/1.1" 200 45029 "http://news.mantaraham.ir/search.php?detail/068043090666" "Mozilla/5.0 AppleWebKit/537.36 (KHTML, like Gecko; compatible; GPTBot/1.3; +https://openai.com/gptbot)"
74.7.227.12 - - [23/Mar/2026:16:11:36 +0330] "GET /search.php?detail/0680340328838 HTTP/1.1" 200 44953 "http://news.mantaraham.ir/search.php?jp/068024652.html" "Mozilla/5.0 AppleWebKit/537.36 (KHTML, like Gecko; compatible; GPTBot/1.3; +https://openai.com/gptbot)"
74.7.227.12 - - [23/Mar/2026:16:11:38 +0330] "GET /search.php?detail/0680254764273 HTTP/1.1" 200 44026 "http://news.mantaraham.ir/search.php?detail/0680061152011" "Mozilla/5.0 AppleWebKit/537.36 (KHTML, like Gecko; compatible; GPTBot/1.3; +https://openai.com/gptbot)"
74.7.227.12 - - [23/Mar/2026:16:11:40 +0330] "GET /search.php?detail/06803957857322 HTTP/1.1" 200 44127 "http://news.mantaraham.ir/search.php?detail/06801872157895" "Mozilla/5.0 AppleWebKit/537.36 (KHTML, like Gecko; compatible; GPTBot/1.3; +https://openai.com/gptbot)"
74.7.227.12 - - [23/Mar/2026:16:11:41 +0330] "GET /search.php?detail/068038495413 HTTP/1.1" 200 44401 "http://news.mantaraham.ir/search.php?detail/06801872157895" "Mozilla/5.0 AppleWebKit/537.36 (KHTML, like Gecko; compatible; GPTBot/1.3; +https://openai.com/gptbot)"
142.93.208.146 - - [23/Mar/2026:16:11:42 +0330] "GET /wp-admin/css/colors/light/about.php HTTP/1.1" 200 19499 "-" "Mozilla/5.0 (Windows NT 10.0; Win64; x64) AppleWebKit/537.36 (KHTML, like Gecko) Chrome/90.0.4430.85 Safari/537.36"
74.7.227.12 - - [23/Mar/2026:16:11:43 +0330] "GET /search.php?detail/0680391859414 HTTP/1.1" 200 44054 "http://news.mantaraham.ir/search.php?detail/06804938218447" "Mozilla/5.0 AppleWebKit/537.36 (KHTML, like Gecko; compatible; GPTBot/1.3; +https://openai.com/gptbot)"
74.7.227.12 - - [23/Mar/2026:16:11:45 +0330] "GET /search.php?detail/06802508700074 HTTP/1.1" 200 44275 "http://news.mantaraham.ir/search.php?jp/068043229.html" "Mozilla/5.0 AppleWebKit/537.36 (KHTML, like Gecko; compatible; GPTBot/1.3; +https://openai.com/gptbot)"
74.7.227.12 - - [23/Mar/2026:16:11:46 +0330] "GET /search.php?detail/068006106049 HTTP/1.1" 200 45122 "http://news.mantaraham.ir/search.php?detail/068034031888" "Mozilla/5.0 AppleWebKit/537.36 (KHTML, like Gecko; compatible; GPTBot/1.3; +https://openai.com/gptbot)"
74.7.227.12 - - [23/Mar/2026:16:11:48 +0330] "GET /search.php?detail/0680061108556 HTTP/1.1" 200 44492 "http://news.mantaraham.ir/search.php?detail/068034031888" "Mozilla/5.0 AppleWebKit/537.36 (KHTML, like Gecko; compatible; GPTBot/1.3; +https://openai.com/gptbot)"
74.7.227.12 - - [23/Mar/2026:16:11:49 +0330] "GET /search.php?detail/0680250832880 HTTP/1.1" 200 43908 "http://news.mantaraham.ir/search.php?jp/068043229.html" "Mozilla/5.0 AppleWebKit/537.36 (KHTML, like Gecko; compatible; GPTBot/1.3; +https://openai.com/gptbot)"
74.7.227.12 - - [23/Mar/2026:16:11:51 +0330] "GET /search.php?detail/06802842516172 HTTP/1.1" 200 44331 "http://news.mantaraham.ir/search.php?detail/068006114636" "Mozilla/5.0 AppleWebKit/537.36 (KHTML, like Gecko; compatible; GPTBot/1.3; +https://openai.com/gptbot)"
74.7.227.12 - - [23/Mar/2026:16:11:52 +0330] "GET /search.php?detail/06800955131292 HTTP/1.1" 200 44773 "http://news.mantaraham.ir/search.php?detail/068028194716" "Mozilla/5.0 AppleWebKit/537.36 (KHTML, like Gecko; compatible; GPTBot/1.3; +https://openai.com/gptbot)"
74.7.227.12 - - [23/Mar/2026:16:11:54 +0330] "GET /search.php?detail/068018756922 HTTP/1.1" 200 44211 "http://news.mantaraham.ir/search.php?detail/0680340328838" "Mozilla/5.0 AppleWebKit/537.36 (KHTML, like Gecko; compatible; GPTBot/1.3; +https://openai.com/gptbot)"
74.7.227.12 - - [23/Mar/2026:16:11:55 +0330] "GET /search.php?detail/06803988578143 HTTP/1.1" 200 44201 "http://news.mantaraham.ir/search.php?detail/068005286661" "Mozilla/5.0 AppleWebKit/537.36 (KHTML, like Gecko; compatible; GPTBot/1.3; +https://openai.com/gptbot)"
142.93.208.146 - - [23/Mar/2026:16:11:54 +0330] "POST /wp-admin/css/colors/light/about.php HTTP/1.1" 200 19499 "http://news.mantaraham.ir/wp-admin/css/colors/light/about.php" "Mozilla/5.0 (Windows NT 10.0; Win64; x64) AppleWebKit/537.36 (KHTML, like Gecko) Chrome/90.0.4430.85 Safari/537.36"
74.7.227.12 - - [23/Mar/2026:16:11:57 +0330] "GET /search.php?detail/06801873699419 HTTP/1.1" 200 44082 "http://news.mantaraham.ir/search.php?detail/06800479465185" "Mozilla/5.0 AppleWebKit/537.36 (KHTML, like Gecko; compatible; GPTBot/1.3; +https://openai.com/gptbot)"
74.7.227.12 - - [23/Mar/2026:16:11:58 +0330] "GET /search.php?detail/0680064999706 HTTP/1.1" 200 44059 "http://news.mantaraham.ir/search.php?detail/068038495413" "Mozilla/5.0 AppleWebKit/537.36 (KHTML, like Gecko; compatible; GPTBot/1.3; +https://openai.com/gptbot)"
74.7.227.12 - - [23/Mar/2026:16:12:00 +0330] "GET /search.php?detail/06801163778195 HTTP/1.1" 200 43757 "http://news.mantaraham.ir/search.php?detail/0680254848840" "Mozilla/5.0 AppleWebKit/537.36 (KHTML, like Gecko; compatible; GPTBot/1.3; +https://openai.com/gptbot)"
142.93.208.146 - - [23/Mar/2026:16:12:03 +0330] "GET /wp-admin/css/colors/light/jwnsxdbnxq.php HTTP/1.1" 200 0 "binance.com" "Mozilla/5.0 (Windows NT 10.0; Win64; x64) AppleWebKit/537.36 (KHTML, like Gecko) Chrome/90.0.4430.85 Safari/537.36"
74.7.227.12 - - [23/Mar/2026:16:12:01 +0330] "GET /search.php?detail/06802951772871 HTTP/1.1" 200 43753 "http://news.mantaraham.ir/search.php?detail/0680172249203" "Mozilla/5.0 AppleWebKit/537.36 (KHTML, like Gecko; compatible; GPTBot/1.3; +https://openai.com/gptbot)"
74.7.227.12 - - [23/Mar/2026:16:12:05 +0330] "GET /search.php?detail/068027342553 HTTP/1.1" 200 44580 "http://news.mantaraham.ir/search.php?detail/068006106049" "Mozilla/5.0 AppleWebKit/537.36 (KHTML, like Gecko; compatible; GPTBot/1.3; +https://openai.com/gptbot)"
74.7.227.12 - - [23/Mar/2026:16:12:06 +0330] "GET /search.php?detail/06803212056481 HTTP/1.1" 200 44626 "http://news.mantaraham.ir/search.php?detail/0680380203370" "Mozilla/5.0 AppleWebKit/537.36 (KHTML, like Gecko; compatible; GPTBot/1.3; +https://openai.com/gptbot)"
74.7.227.12 - - [23/Mar/2026:16:12:08 +0330] "GET /search.php?detail/0680171496294 HTTP/1.1" 200 44141 "http://news.mantaraham.ir/search.php?detail/0680250832880" "Mozilla/5.0 AppleWebKit/537.36 (KHTML, like Gecko; compatible; GPTBot/1.3; +https://openai.com/gptbot)"
74.7.227.12 - - [23/Mar/2026:16:12:09 +0330] "GET /search.php?detail/0680159298442 HTTP/1.1" 200 44197 "http://news.mantaraham.ir/search.php?detail/06802842516172" "Mozilla/5.0 AppleWebKit/537.36 (KHTML, like Gecko; compatible; GPTBot/1.3; +https://openai.com/gptbot)"
74.7.227.12 - - [23/Mar/2026:16:12:11 +0330] "GET /search.php?detail/068007547067 HTTP/1.1" 200 44466 "http://news.mantaraham.ir/search.php?detail/06800955131292" "Mozilla/5.0 AppleWebKit/537.36 (KHTML, like Gecko; compatible; GPTBot/1.3; +https://openai.com/gptbot)"
74.7.227.12 - - [23/Mar/2026:16:12:13 +0330] "GET /search.php?detail/06800794663915 HTTP/1.1" 200 44876 "http://news.mantaraham.ir/search.php?detail/06800955131292" "Mozilla/5.0 AppleWebKit/537.36 (KHTML, like Gecko; compatible; GPTBot/1.3; +https://openai.com/gptbot)"
74.7.227.12 - - [23/Mar/2026:16:12:14 +0330] "GET /search.php?detail/06803113765470 HTTP/1.1" 200 44251 "http://news.mantaraham.ir/search.php?detail/06801769811953" "Mozilla/5.0 AppleWebKit/537.36 (KHTML, like Gecko; compatible; GPTBot/1.3; +https://openai.com/gptbot)"
74.7.227.12 - - [23/Mar/2026:16:12:16 +0330] "GET /search.php?detail/06804374221167 HTTP/1.1" 200 43937 "http://news.mantaraham.ir/search.php?detail/068018756922" "Mozilla/5.0 AppleWebKit/537.36 (KHTML, like Gecko; compatible; GPTBot/1.3; +https://openai.com/gptbot)"
74.7.227.12 - - [23/Mar/2026:16:12:18 +0330] "GET /search.php?detail/06503721129169 HTTP/1.1" 200 45011 "http://news.mantaraham.ir/search.php?detail/065040221505" "Mozilla/5.0 AppleWebKit/537.36 (KHTML, like Gecko; compatible; GPTBot/1.3; +https://openai.com/gptbot)"
74.7.227.12 - - [23/Mar/2026:16:12:19 +0330] "GET /search.php?detail/06802695762974 HTTP/1.1" 200 44153 "http://news.mantaraham.ir/search.php?detail/06802547012069" "Mozilla/5.0 AppleWebKit/537.36 (KHTML, like Gecko; compatible; GPTBot/1.3; +https://openai.com/gptbot)"
142.93.208.146 - - [23/Mar/2026:16:12:21 +0330] "GET /wp-admin/css/colors/light/alfa-rex.php HTTP/1.1" 403 787 "binance.com" "Mozilla/5.0 (Windows NT 10.0; Win64; x64) AppleWebKit/537.36 (KHTML, like Gecko) Chrome/90.0.4430.85 Safari/537.36"
74.7.227.12 - - [23/Mar/2026:16:12:21 +0330] "GET /search.php?detail/06801391486642 HTTP/1.1" 200 43837 "http://news.mantaraham.ir/search.php?jp/068043382.html" "Mozilla/5.0 AppleWebKit/537.36 (KHTML, like Gecko; compatible; GPTBot/1.3; +https://openai.com/gptbot)"
74.7.227.12 - - [23/Mar/2026:16:12:22 +0330] "GET /search.php?detail/06802183962561 HTTP/1.1" 200 43988 "http://news.mantaraham.ir/search.php?detail/068049388831" "Mozilla/5.0 AppleWebKit/537.36 (KHTML, like Gecko; compatible; GPTBot/1.3; +https://openai.com/gptbot)"
74.7.227.12 - - [23/Mar/2026:16:12:24 +0330] "GET /search.php?detail/0680160061129 HTTP/1.1" 200 44031 "http://news.mantaraham.ir/search.php?detail/06803212056481" "Mozilla/5.0 AppleWebKit/537.36 (KHTML, like Gecko; compatible; GPTBot/1.3; +https://openai.com/gptbot)"
74.7.227.12 - - [23/Mar/2026:16:12:26 +0330] "GET /search.php?detail/06804236924965 HTTP/1.1" 200 44151 "http://news.mantaraham.ir/search.php?detail/068000972350" "Mozilla/5.0 AppleWebKit/537.36 (KHTML, like Gecko; compatible; GPTBot/1.3; +https://openai.com/gptbot)"
74.7.227.12 - - [23/Mar/2026:16:12:27 +0330] "GET /search.php?detail/06803174145647 HTTP/1.1" 200 45165 "http://news.mantaraham.ir/search.php?detail/0680159298442" "Mozilla/5.0 AppleWebKit/537.36 (KHTML, like Gecko; compatible; GPTBot/1.3; +https://openai.com/gptbot)"
74.7.227.12 - - [23/Mar/2026:16:12:29 +0330] "GET /search.php?detail/06803173505162 HTTP/1.1" 200 43545 "http://news.mantaraham.ir/search.php?detail/0680159298442" "Mozilla/5.0 AppleWebKit/537.36 (KHTML, like Gecko; compatible; GPTBot/1.3; +https://openai.com/gptbot)"
74.7.227.12 - - [23/Mar/2026:16:12:30 +0330] "GET /search.php?detail/06801144270265 HTTP/1.1" 200 44310 "http://news.mantaraham.ir/search.php?detail/068007547067" "Mozilla/5.0 AppleWebKit/537.36 (KHTML, like Gecko; compatible; GPTBot/1.3; +https://openai.com/gptbot)"
74.7.227.12 - - [23/Mar/2026:16:12:32 +0330] "GET /search.php?detail/06802332967074 HTTP/1.1" 200 44094 "http://news.mantaraham.ir/search.php?detail/06802842639254" "Mozilla/5.0 AppleWebKit/537.36 (KHTML, like Gecko; compatible; GPTBot/1.3; +https://openai.com/gptbot)"
74.7.227.12 - - [23/Mar/2026:16:12:33 +0330] "GET /search.php?detail/06804267501214 HTTP/1.1" 200 44830 "http://news.mantaraham.ir/search.php?detail/068012101809" "Mozilla/5.0 AppleWebKit/537.36 (KHTML, like Gecko; compatible; GPTBot/1.3; +https://openai.com/gptbot)"
74.7.227.12 - - [23/Mar/2026:16:12:35 +0330] "GET /search.php?detail/0650004601036 HTTP/1.1" 200 44901 "http://news.mantaraham.ir/search.php?detail/06503721129169" "Mozilla/5.0 AppleWebKit/537.36 (KHTML, like Gecko; compatible; GPTBot/1.3; +https://openai.com/gptbot)"
74.7.227.12 - - [23/Mar/2026:16:12:37 +0330] "GET /search.php?detail/0680177107061 HTTP/1.1" 200 43837 "http://news.mantaraham.ir/search.php?detail/06802695762974" "Mozilla/5.0 AppleWebKit/537.36 (KHTML, like Gecko; compatible; GPTBot/1.3; +https://openai.com/gptbot)"
74.7.227.12 - - [23/Mar/2026:16:12:39 +0330] "GET /search.php?detail/0680177000875 HTTP/1.1" 200 44059 "http://news.mantaraham.ir/search.php?detail/06801391486642" "Mozilla/5.0 AppleWebKit/537.36 (KHTML, like Gecko; compatible; GPTBot/1.3; +https://openai.com/gptbot)"
74.7.227.12 - - [23/Mar/2026:16:12:40 +0330] "GET /search.php?detail/0650004656768 HTTP/1.1" 200 44295 "http://news.mantaraham.ir/search.php?detail/06503721129169" "Mozilla/5.0 AppleWebKit/537.36 (KHTML, like Gecko; compatible; GPTBot/1.3; +https://openai.com/gptbot)"
74.7.227.12 - - [23/Mar/2026:16:12:42 +0330] "GET /search.php?detail/068043817753 HTTP/1.1" 200 44616 "http://news.mantaraham.ir/search.php?detail/0680160061129" "Mozilla/5.0 AppleWebKit/537.36 (KHTML, like Gecko; compatible; GPTBot/1.3; +https://openai.com/gptbot)"
74.7.227.12 - - [23/Mar/2026:16:12:43 +0330] "GET /search.php?detail/06802940813431 HTTP/1.1" 200 44367 "http://news.mantaraham.ir/search.php?detail/068021666461" "Mozilla/5.0 AppleWebKit/537.36 (KHTML, like Gecko; compatible; GPTBot/1.3; +https://openai.com/gptbot)"
142.93.208.146 - - [23/Mar/2026:16:12:43 +0330] "GET /wp-admin/css/colors/light/wp-login.php HTTP/1.1" 200 4610 "binance.com" "Mozilla/5.0 (Windows NT 10.0; Win64; x64) AppleWebKit/537.36 (KHTML, like Gecko) Chrome/90.0.4430.85 Safari/537.36"
74.7.227.12 - - [23/Mar/2026:16:12:45 +0330] "GET /search.php?detail/06500783457226 HTTP/1.1" 200 44659 "http://news.mantaraham.ir/search.php?detail/065000467082" "Mozilla/5.0 AppleWebKit/537.36 (KHTML, like Gecko; compatible; GPTBot/1.3; +https://openai.com/gptbot)"
74.7.227.12 - - [23/Mar/2026:16:12:47 +0330] "GET /search.php?detail/06804267235503 HTTP/1.1" 200 44048 "http://news.mantaraham.ir/search.php?detail/0680340592510" "Mozilla/5.0 AppleWebKit/537.36 (KHTML, like Gecko; compatible; GPTBot/1.3; +https://openai.com/gptbot)"
142.93.208.146 - - [23/Mar/2026:16:12:45 +0330] "POST /wp-admin/css/colors/light/wp-login.php HTTP/1.1" 200 4610 "binance.com" "Mozilla/5.0 (Windows NT 10.0; Win64; x64) AppleWebKit/537.36 (KHTML, like Gecko) Chrome/90.0.4430.85 Safari/537.36"
74.7.227.12 - - [23/Mar/2026:16:12:49 +0330] "GET /search.php?detail/06801539657899 HTTP/1.1" 200 44562 "http://news.mantaraham.ir/search.php?detail/068027778668" "Mozilla/5.0 AppleWebKit/537.36 (KHTML, like Gecko; compatible; GPTBot/1.3; +https://openai.com/gptbot)"
74.7.227.12 - - [23/Mar/2026:16:12:50 +0330] "GET /search.php?detail/06800373726297 HTTP/1.1" 200 43852 "http://news.mantaraham.ir/search.php?detail/06802332967074" "Mozilla/5.0 AppleWebKit/537.36 (KHTML, like Gecko; compatible; GPTBot/1.3; +https://openai.com/gptbot)"
74.7.227.12 - - [23/Mar/2026:16:12:52 +0330] "GET /search.php?detail/06802127740565 HTTP/1.1" 200 44177 "http://news.mantaraham.ir/search.php?detail/068018728801" "Mozilla/5.0 AppleWebKit/537.36 (KHTML, like Gecko; compatible; GPTBot/1.3; +https://openai.com/gptbot)"
142.93.208.146 - - [23/Mar/2026:16:12:54 +0330] "GET /wp-admin/css/colors/light/dgjfoqlfzz.php HTTP/1.1" 200 0 "binance.com" "Mozilla/5.0 (Windows NT 10.0; Win64; x64) AppleWebKit/537.36 (KHTML, like Gecko) Chrome/90.0.4430.85 Safari/537.36"
74.7.227.12 - - [23/Mar/2026:16:12:53 +0330] "GET /search.php?detail/06804307750295 HTTP/1.1" 200 44057 "http://news.mantaraham.ir/search.php?detail/068026951793" "Mozilla/5.0 AppleWebKit/537.36 (KHTML, like Gecko; compatible; GPTBot/1.3; +https://openai.com/gptbot)"
74.7.227.12 - - [23/Mar/2026:16:12:55 +0330] "GET /search.php?detail/06802841643653 HTTP/1.1" 200 43929 "http://news.mantaraham.ir/search.php?detail/068043090666" "Mozilla/5.0 AppleWebKit/537.36 (KHTML, like Gecko; compatible; GPTBot/1.3; +https://openai.com/gptbot)"
74.7.227.12 - - [23/Mar/2026:16:12:56 +0330] "GET /search.php?detail/06503417715442 HTTP/1.1" 200 44172 "http://news.mantaraham.ir/search.php?detail/0650437893748" "Mozilla/5.0 AppleWebKit/537.36 (KHTML, like Gecko; compatible; GPTBot/1.3; +https://openai.com/gptbot)"
74.7.227.12 - - [23/Mar/2026:16:12:58 +0330] "GET /search.php?detail/068025473255 HTTP/1.1" 200 44488 "http://news.mantaraham.ir/search.php?detail/068015934016" "Mozilla/5.0 AppleWebKit/537.36 (KHTML, like Gecko; compatible; GPTBot/1.3; +https://openai.com/gptbot)"
74.7.227.12 - - [23/Mar/2026:16:12:59 +0330] "GET /search.php?detail/068026952178 HTTP/1.1" 200 44015 "http://news.mantaraham.ir/search.php?detail/068043817753" "Mozilla/5.0 AppleWebKit/537.36 (KHTML, like Gecko; compatible; GPTBot/1.3; +https://openai.com/gptbot)"
74.7.227.12 - - [23/Mar/2026:16:13:01 +0330] "GET /search.php?detail/06802694612541 HTTP/1.1" 200 44482 "http://news.mantaraham.ir/search.php?detail/068043817753" "Mozilla/5.0 AppleWebKit/537.36 (KHTML, like Gecko; compatible; GPTBot/1.3; +https://openai.com/gptbot)"
74.7.227.12 - - [23/Mar/2026:16:13:02 +0330] "GET /search.php?detail/068012739868 HTTP/1.1" 200 44980 "http://news.mantaraham.ir/search.php?detail/06804938124933" "Mozilla/5.0 AppleWebKit/537.36 (KHTML, like Gecko; compatible; GPTBot/1.3; +https://openai.com/gptbot)"
74.7.227.12 - - [23/Mar/2026:16:13:03 +0330] "GET /search.php?detail/06801219703829 HTTP/1.1" 200 43686 "http://news.mantaraham.ir/search.php?detail/06804267235503" "Mozilla/5.0 AppleWebKit/537.36 (KHTML, like Gecko; compatible; GPTBot/1.3; +https://openai.com/gptbot)"
74.7.227.12 - - [23/Mar/2026:16:13:05 +0330] "GET /search.php?detail/0680423617238 HTTP/1.1" 200 45447 "http://news.mantaraham.ir/search.php?detail/06801539657899" "Mozilla/5.0 AppleWebKit/537.36 (KHTML, like Gecko; compatible; GPTBot/1.3; +https://openai.com/gptbot)"
74.7.227.12 - - [23/Mar/2026:16:13:06 +0330] "GET /search.php?jp/068009530.html HTTP/1.1" 200 44996 "http://news.mantaraham.ir/search.php?detail/06800373726297" "Mozilla/5.0 AppleWebKit/537.36 (KHTML, like Gecko; compatible; GPTBot/1.3; +https://openai.com/gptbot)"
74.7.227.12 - - [23/Mar/2026:16:13:08 +0330] "GET /search.php?detail/068013542971 HTTP/1.1" 200 44765 "http://news.mantaraham.ir/search.php?detail/06802127740565" "Mozilla/5.0 AppleWebKit/537.36 (KHTML, like Gecko; compatible; GPTBot/1.3; +https://openai.com/gptbot)"
74.7.227.12 - - [23/Mar/2026:16:13:10 +0330] "GET /search.php?detail/0680422252844 HTTP/1.1" 200 43904 "http://news.mantaraham.ir/search.php?detail/06801539657899" "Mozilla/5.0 AppleWebKit/537.36 (KHTML, like Gecko; compatible; GPTBot/1.3; +https://openai.com/gptbot)"
74.7.227.12 - - [23/Mar/2026:16:13:11 +0330] "GET /search.php?detail/06800943561967 HTTP/1.1" 200 43665 "http://news.mantaraham.ir/search.php?detail/06800373726297" "Mozilla/5.0 AppleWebKit/537.36 (KHTML, like Gecko; compatible; GPTBot/1.3; +https://openai.com/gptbot)"
74.7.227.12 - - [23/Mar/2026:16:13:12 +0330] "GET /search.php?detail/065034172717 HTTP/1.1" 200 43744 "http://news.mantaraham.ir/search.php?detail/06501110800546" "Mozilla/5.0 AppleWebKit/537.36 (KHTML, like Gecko; compatible; GPTBot/1.3; +https://openai.com/gptbot)"
74.7.227.12 - - [23/Mar/2026:16:13:14 +0330] "GET /search.php?detail/06801931579780 HTTP/1.1" 200 44165 "http://news.mantaraham.ir/search.php?detail/068025473255" "Mozilla/5.0 AppleWebKit/537.36 (KHTML, like Gecko; compatible; GPTBot/1.3; +https://openai.com/gptbot)"
74.7.227.12 - - [23/Mar/2026:16:13:15 +0330] "GET /search.php?detail/068046314829 HTTP/1.1" 200 44205 "http://news.mantaraham.ir/search.php?detail/068026952178" "Mozilla/5.0 AppleWebKit/537.36 (KHTML, like Gecko; compatible; GPTBot/1.3; +https://openai.com/gptbot)"
74.7.227.12 - - [23/Mar/2026:16:13:17 +0330] "GET /search.php?detail/068046235347 HTTP/1.1" 200 44137 "http://news.mantaraham.ir/search.php?detail/068026952178" "Mozilla/5.0 AppleWebKit/537.36 (KHTML, like Gecko; compatible; GPTBot/1.3; +https://openai.com/gptbot)"
74.7.227.12 - - [23/Mar/2026:16:13:18 +0330] "GET /search.php?detail/068012733487 HTTP/1.1" 200 44291 "http://news.mantaraham.ir/search.php?detail/06802694612541" "Mozilla/5.0 AppleWebKit/537.36 (KHTML, like Gecko; compatible; GPTBot/1.3; +https://openai.com/gptbot)"
74.7.227.12 - - [23/Mar/2026:16:13:19 +0330] "GET /search.php?detail/0680193264842 HTTP/1.1" 200 45232 "http://news.mantaraham.ir/search.php?detail/068025473255" "Mozilla/5.0 AppleWebKit/537.36 (KHTML, like Gecko; compatible; GPTBot/1.3; +https://openai.com/gptbot)"
74.7.227.12 - - [23/Mar/2026:16:13:21 +0330] "GET /search.php?detail/068037714139 HTTP/1.1" 200 44219 "http://news.mantaraham.ir/search.php?detail/0680423617238" "Mozilla/5.0 AppleWebKit/537.36 (KHTML, like Gecko; compatible; GPTBot/1.3; +https://openai.com/gptbot)"
74.7.227.12 - - [23/Mar/2026:16:13:22 +0330] "GET /search.php?detail/0680412321764 HTTP/1.1" 200 44242 "http://news.mantaraham.ir/search.php?detail/06801219703829" "Mozilla/5.0 AppleWebKit/537.36 (KHTML, like Gecko; compatible; GPTBot/1.3; +https://openai.com/gptbot)"
74.7.227.12 - - [23/Mar/2026:16:13:24 +0330] "GET /search.php?detail/06804125154596 HTTP/1.1" 200 44242 "http://news.mantaraham.ir/search.php?detail/06801219703829" "Mozilla/5.0 AppleWebKit/537.36 (KHTML, like Gecko; compatible; GPTBot/1.3; +https://openai.com/gptbot)"
74.7.227.12 - - [23/Mar/2026:16:13:25 +0330] "GET /search.php?detail/068023478574 HTTP/1.1" 200 44922 "http://news.mantaraham.ir/search.php?detail/0680422252844" "Mozilla/5.0 AppleWebKit/537.36 (KHTML, like Gecko; compatible; GPTBot/1.3; +https://openai.com/gptbot)"
74.7.227.12 - - [23/Mar/2026:16:13:27 +0330] "GET /search.php?detail/068023330434 HTTP/1.1" 200 43549 "http://news.mantaraham.ir/search.php?detail/06800943561967" "Mozilla/5.0 AppleWebKit/537.36 (KHTML, like Gecko; compatible; GPTBot/1.3; +https://openai.com/gptbot)"
74.7.227.12 - - [23/Mar/2026:16:13:29 +0330] "GET /search.php?detail/068023332289 HTTP/1.1" 200 43849 "http://news.mantaraham.ir/search.php?detail/0680422252844" "Mozilla/5.0 AppleWebKit/537.36 (KHTML, like Gecko; compatible; GPTBot/1.3; +https://openai.com/gptbot)"
74.7.227.12 - - [23/Mar/2026:16:13:32 +0330] "GET /search.php?jp/068034057.html HTTP/1.1" 200 44082 "http://news.mantaraham.ir/search.php?detail/06801931579780" "Mozilla/5.0 AppleWebKit/537.36 (KHTML, like Gecko; compatible; GPTBot/1.3; +https://openai.com/gptbot)"
142.93.208.146 - - [23/Mar/2026:16:13:34 +0330] "GET /wp-admin/css/colors/light/wp-login.php HTTP/1.1" 200 19499 "-" "Mozilla/5.0 (Windows NT 10.0; Win64; x64) AppleWebKit/537.36 (KHTML, like Gecko) Chrome/90.0.4430.85 Safari/537.36"
74.7.227.12 - - [23/Mar/2026:16:13:34 +0330] "GET /search.php?detail/06802014594788 HTTP/1.1" 200 44044 "http://news.mantaraham.ir/search.php?detail/068025473255" "Mozilla/5.0 AppleWebKit/537.36 (KHTML, like Gecko; compatible; GPTBot/1.3; +https://openai.com/gptbot)"
74.7.227.12 - - [23/Mar/2026:16:13:35 +0330] "GET /search.php?detail/06804143956301 HTTP/1.1" 200 43965 "http://news.mantaraham.ir/search.php?detail/06801219703829" "Mozilla/5.0 AppleWebKit/537.36 (KHTML, like Gecko; compatible; GPTBot/1.3; +https://openai.com/gptbot)"
74.7.227.12 - - [23/Mar/2026:16:13:37 +0330] "GET /search.php?detail/068005689308 HTTP/1.1" 200 43985 "http://news.mantaraham.ir/search.php?detail/068012733487" "Mozilla/5.0 AppleWebKit/537.36 (KHTML, like Gecko; compatible; GPTBot/1.3; +https://openai.com/gptbot)"
74.7.227.12 - - [23/Mar/2026:16:13:38 +0330] "GET /search.php?detail/0680419526366 HTTP/1.1" 200 44511 "http://news.mantaraham.ir/search.php?detail/0680193264842" "Mozilla/5.0 AppleWebKit/537.36 (KHTML, like Gecko; compatible; GPTBot/1.3; +https://openai.com/gptbot)"
74.7.227.12 - - [23/Mar/2026:16:13:40 +0330] "GET /search.php?detail/068017802537 HTTP/1.1" 200 43881 "http://news.mantaraham.ir/search.php?detail/06802522562098" "Mozilla/5.0 AppleWebKit/537.36 (KHTML, like Gecko; compatible; GPTBot/1.3; +https://openai.com/gptbot)"
