74.7.227.12 - - [23/Mar/2026:17:05:04 +0330] "GET /search.php?detail/0680217620148 HTTP/1.1" 200 43877 "http://news.mantaraham.ir/search.php?detail/068011432934" "Mozilla/5.0 AppleWebKit/537.36 (KHTML, like Gecko; compatible; GPTBot/1.3; +https://openai.com/gptbot)"
74.7.227.12 - - [23/Mar/2026:17:05:05 +0330] "GET /search.php?detail/0680079439101 HTTP/1.1" 200 44181 "http://news.mantaraham.ir/search.php?detail/06800955131292" "Mozilla/5.0 AppleWebKit/537.36 (KHTML, like Gecko; compatible; GPTBot/1.3; +https://openai.com/gptbot)"
74.7.227.12 - - [23/Mar/2026:17:05:06 +0330] "GET /search.php?detail/0680382196588 HTTP/1.1" 200 43971 "http://news.mantaraham.ir/search.php?detail/0680382853860" "Mozilla/5.0 AppleWebKit/537.36 (KHTML, like Gecko; compatible; GPTBot/1.3; +https://openai.com/gptbot)"
74.7.227.12 - - [23/Mar/2026:17:05:08 +0330] "GET /search.php?detail/0650347686697 HTTP/1.1" 200 44271 "http://news.mantaraham.ir/search.php?detail/0650437893748" "Mozilla/5.0 AppleWebKit/537.36 (KHTML, like Gecko; compatible; GPTBot/1.3; +https://openai.com/gptbot)"
74.7.227.12 - - [23/Mar/2026:17:05:10 +0330] "GET /search.php?detail/0680099356410 HTTP/1.1" 200 44811 "http://news.mantaraham.ir/search.php?detail/068028194716" "Mozilla/5.0 AppleWebKit/537.36 (KHTML, like Gecko; compatible; GPTBot/1.3; +https://openai.com/gptbot)"
74.7.227.12 - - [23/Mar/2026:17:05:12 +0330] "GET /search.php?detail/0680167005194 HTTP/1.1" 200 44992 "http://news.mantaraham.ir/search.php?jp/068029719.html" "Mozilla/5.0 AppleWebKit/537.36 (KHTML, like Gecko; compatible; GPTBot/1.3; +https://openai.com/gptbot)"
74.7.227.12 - - [23/Mar/2026:17:05:13 +0330] "GET /search.php?detail/0680174661899 HTTP/1.1" 200 44564 "http://news.mantaraham.ir/search.php?detail/06804258147618" "Mozilla/5.0 AppleWebKit/537.36 (KHTML, like Gecko; compatible; GPTBot/1.3; +https://openai.com/gptbot)"
74.7.227.12 - - [23/Mar/2026:17:05:15 +0330] "GET /search.php?detail/0680135652325 HTTP/1.1" 200 44794 "http://news.mantaraham.ir/search.php?detail/068009096894" "Mozilla/5.0 AppleWebKit/537.36 (KHTML, like Gecko; compatible; GPTBot/1.3; +https://openai.com/gptbot)"
74.7.227.12 - - [23/Mar/2026:17:05:16 +0330] "GET /search.php?detail/0680433791600 HTTP/1.1" 200 43782 "http://news.mantaraham.ir/search.php?detail/068023064092" "Mozilla/5.0 AppleWebKit/537.36 (KHTML, like Gecko; compatible; GPTBot/1.3; +https://openai.com/gptbot)"
74.7.227.12 - - [23/Mar/2026:17:05:18 +0330] "GET /search.php?detail/0680382299301 HTTP/1.1" 200 44353 "http://news.mantaraham.ir/search.php?detail/06804938218447" "Mozilla/5.0 AppleWebKit/537.36 (KHTML, like Gecko; compatible; GPTBot/1.3; +https://openai.com/gptbot)"
74.7.227.12 - - [23/Mar/2026:17:05:19 +0330] "GET /search.php?detail/0680135700796 HTTP/1.1" 200 43915 "http://news.mantaraham.ir/search.php?detail/06803173505162" "Mozilla/5.0 AppleWebKit/537.36 (KHTML, like Gecko; compatible; GPTBot/1.3; +https://openai.com/gptbot)"
74.7.227.12 - - [23/Mar/2026:17:05:21 +0330] "GET /search.php?detail/0680426744792 HTTP/1.1" 200 45134 "http://news.mantaraham.ir/search.php?detail/068012101809" "Mozilla/5.0 AppleWebKit/537.36 (KHTML, like Gecko; compatible; GPTBot/1.3; +https://openai.com/gptbot)"
74.7.227.12 - - [23/Mar/2026:17:05:23 +0330] "GET /search.php?detail/0680416305581 HTTP/1.1" 200 44594 "http://news.mantaraham.ir/search.php?detail/06803957857322" "Mozilla/5.0 AppleWebKit/537.36 (KHTML, like Gecko; compatible; GPTBot/1.3; +https://openai.com/gptbot)"
74.7.227.12 - - [23/Mar/2026:17:05:24 +0330] "GET /search.php?detail/0680382875816 HTTP/1.1" 200 43941 "http://news.mantaraham.ir/search.php?detail/06804938218447" "Mozilla/5.0 AppleWebKit/537.36 (KHTML, like Gecko; compatible; GPTBot/1.3; +https://openai.com/gptbot)"
74.7.227.12 - - [23/Mar/2026:17:05:26 +0330] "GET /search.php?detail/0680493922334 HTTP/1.1" 200 43705 "http://news.mantaraham.ir/search.php?detail/068025216759" "Mozilla/5.0 AppleWebKit/537.36 (KHTML, like Gecko; compatible; GPTBot/1.3; +https://openai.com/gptbot)"
74.7.227.12 - - [23/Mar/2026:17:05:27 +0330] "GET /search.php?detail/0680133049819 HTTP/1.1" 200 45316 "http://news.mantaraham.ir/search.php?detail/0680252228638" "Mozilla/5.0 AppleWebKit/537.36 (KHTML, like Gecko; compatible; GPTBot/1.3; +https://openai.com/gptbot)"
74.7.227.12 - - [23/Mar/2026:17:05:29 +0330] "GET /search.php?detail/0390272214642 HTTP/1.1" 200 44073 "http://news.mantaraham.ir/search.php?detail/039000852903" "Mozilla/5.0 AppleWebKit/537.36 (KHTML, like Gecko; compatible; GPTBot/1.3; +https://openai.com/gptbot)"
74.7.227.12 - - [23/Mar/2026:17:05:30 +0330] "GET /search.php?detail/0680158940951 HTTP/1.1" 200 44994 "http://news.mantaraham.ir/search.php?detail/0680054720291" "Mozilla/5.0 AppleWebKit/537.36 (KHTML, like Gecko; compatible; GPTBot/1.3; +https://openai.com/gptbot)"
74.7.227.12 - - [23/Mar/2026:17:05:32 +0330] "GET /search.php?detail/0680277950032 HTTP/1.1" 200 44216 "http://news.mantaraham.ir/search.php?detail/068032113233" "Mozilla/5.0 AppleWebKit/537.36 (KHTML, like Gecko; compatible; GPTBot/1.3; +https://openai.com/gptbot)"
17.22.237.88 - - [23/Mar/2026:17:05:34 +0330] "GET /134dmxoi39599.html HTTP/1.1" 200 0 "-" "Mozilla/5.0 (Macintosh; Intel Mac OS X 10_15_7) AppleWebKit/605.1.15 (KHTML, like Gecko) Version/17.4 Safari/605.1.15 (Applebot/0.1; +http://www.apple.com/go/applebot)"
74.7.227.12 - - [23/Mar/2026:17:05:34 +0330] "GET /search.php?detail/0680162141173 HTTP/1.1" 200 44358 "http://news.mantaraham.ir/search.php?detail/06802341655092" "Mozilla/5.0 AppleWebKit/537.36 (KHTML, like Gecko; compatible; GPTBot/1.3; +https://openai.com/gptbot)"
74.7.227.12 - - [23/Mar/2026:17:05:35 +0330] "GET /search.php?detail/0680341020853 HTTP/1.1" 200 45474 "http://news.mantaraham.ir/search.php?detail/068000971716" "Mozilla/5.0 AppleWebKit/537.36 (KHTML, like Gecko; compatible; GPTBot/1.3; +https://openai.com/gptbot)"
74.7.227.12 - - [23/Mar/2026:17:05:37 +0330] "GET /search.php?detail/0680225549648 HTTP/1.1" 200 44270 "http://news.mantaraham.ir/search.php?detail/068043228691" "Mozilla/5.0 AppleWebKit/537.36 (KHTML, like Gecko; compatible; GPTBot/1.3; +https://openai.com/gptbot)"
74.7.227.12 - - [23/Mar/2026:17:05:39 +0330] "GET /search.php?detail/0680039871691 HTTP/1.1" 200 44101 "http://news.mantaraham.ir/search.php?detail/06800290938088" "Mozilla/5.0 AppleWebKit/537.36 (KHTML, like Gecko; compatible; GPTBot/1.3; +https://openai.com/gptbot)"
74.7.227.12 - - [23/Mar/2026:17:05:41 +0330] "GET /search.php?detail/0680212787303 HTTP/1.1" 200 44910 "http://news.mantaraham.ir/search.php?detail/068018728801" "Mozilla/5.0 AppleWebKit/537.36 (KHTML, like Gecko; compatible; GPTBot/1.3; +https://openai.com/gptbot)"
142.93.208.146 - - [23/Mar/2026:17:05:38 +0330] "POST /wp-includes/images/about.php HTTP/1.1" 200 32615 "http://news.mantaraham.ir/wp-includes/images/about.php" "Mozilla/5.0 (Windows NT 10.0; Win64; x64) AppleWebKit/537.36 (KHTML, like Gecko) Chrome/90.0.4430.85 Safari/537.36"
74.7.227.12 - - [23/Mar/2026:17:05:42 +0330] "GET /search.php?detail/0390272012428 HTTP/1.1" 200 44125 "http://news.mantaraham.ir/search.php?detail/0390271884329" "Mozilla/5.0 AppleWebKit/537.36 (KHTML, like Gecko; compatible; GPTBot/1.3; +https://openai.com/gptbot)"
74.7.227.12 - - [23/Mar/2026:17:05:44 +0330] "GET /search.php?detail/0680377156135 HTTP/1.1" 200 45167 "http://news.mantaraham.ir/search.php?detail/06801786919800" "Mozilla/5.0 AppleWebKit/537.36 (KHTML, like Gecko; compatible; GPTBot/1.3; +https://openai.com/gptbot)"
74.7.227.12 - - [23/Mar/2026:17:05:45 +0330] "GET /search.php?detail/0680317409046 HTTP/1.1" 200 43858 "http://news.mantaraham.ir/search.php?detail/06801769811953" "Mozilla/5.0 AppleWebKit/537.36 (KHTML, like Gecko; compatible; GPTBot/1.3; +https://openai.com/gptbot)"
74.7.227.12 - - [23/Mar/2026:17:05:47 +0330] "GET /search.php?detail/0390494322527 HTTP/1.1" 200 44606 "http://news.mantaraham.ir/search.php?detail/0390272008757" "Mozilla/5.0 AppleWebKit/537.36 (KHTML, like Gecko; compatible; GPTBot/1.3; +https://openai.com/gptbot)"
74.7.227.12 - - [23/Mar/2026:17:05:49 +0330] "GET /search.php?detail/0680322644784 HTTP/1.1" 200 44955 "http://news.mantaraham.ir/search.php?detail/0680295939659" "Mozilla/5.0 AppleWebKit/537.36 (KHTML, like Gecko; compatible; GPTBot/1.3; +https://openai.com/gptbot)"
74.7.227.12 - - [23/Mar/2026:17:05:50 +0330] "GET /search.php?detail/0680364673798 HTTP/1.1" 200 43846 "http://news.mantaraham.ir/search.php?detail/06804307750295" "Mozilla/5.0 AppleWebKit/537.36 (KHTML, like Gecko; compatible; GPTBot/1.3; +https://openai.com/gptbot)"
74.7.227.12 - - [23/Mar/2026:17:05:52 +0330] "GET /search.php?detail/0680161184979 HTTP/1.1" 200 44835 "http://news.mantaraham.ir/search.php?detail/0680135391259" "Mozilla/5.0 AppleWebKit/537.36 (KHTML, like Gecko; compatible; GPTBot/1.3; +https://openai.com/gptbot)"
74.7.227.12 - - [23/Mar/2026:17:05:53 +0330] "GET /search.php?detail/0680483936374 HTTP/1.1" 200 43762 "http://news.mantaraham.ir/search.php?detail/068037065672" "Mozilla/5.0 AppleWebKit/537.36 (KHTML, like Gecko; compatible; GPTBot/1.3; +https://openai.com/gptbot)"
74.7.227.12 - - [23/Mar/2026:17:05:55 +0330] "GET /search.php?detail/0680483885926 HTTP/1.1" 200 44164 "http://news.mantaraham.ir/search.php?detail/0680419526366" "Mozilla/5.0 AppleWebKit/537.36 (KHTML, like Gecko; compatible; GPTBot/1.3; +https://openai.com/gptbot)"
74.7.227.12 - - [23/Mar/2026:17:05:56 +0330] "GET /search.php?detail/0680269973383 HTTP/1.1" 200 43897 "http://news.mantaraham.ir/search.php?detail/06802547012069" "Mozilla/5.0 AppleWebKit/537.36 (KHTML, like Gecko; compatible; GPTBot/1.3; +https://openai.com/gptbot)"
74.7.227.12 - - [23/Mar/2026:17:05:58 +0330] "GET /search.php?detail/0680340701612 HTTP/1.1" 200 45209 "http://news.mantaraham.ir/search.php?detail/06803139797587" "Mozilla/5.0 AppleWebKit/537.36 (KHTML, like Gecko; compatible; GPTBot/1.3; +https://openai.com/gptbot)"
74.7.227.12 - - [23/Mar/2026:17:05:59 +0330] "GET /search.php?detail/0860323167720 HTTP/1.1" 200 44200 "http://news.mantaraham.ir/search.php?detail/086017834157" "Mozilla/5.0 AppleWebKit/537.36 (KHTML, like Gecko; compatible; GPTBot/1.3; +https://openai.com/gptbot)"
74.7.227.12 - - [23/Mar/2026:17:06:01 +0330] "GET /search.php?detail/0650169738676 HTTP/1.1" 200 44214 "http://news.mantaraham.ir/search.php?detail/065007832031" "Mozilla/5.0 AppleWebKit/537.36 (KHTML, like Gecko; compatible; GPTBot/1.3; +https://openai.com/gptbot)"
74.7.227.12 - - [23/Mar/2026:17:06:02 +0330] "GET /search.php?detail/0860359024980 HTTP/1.1" 200 44262 "http://news.mantaraham.ir/search.php?detail/0860358888962" "Mozilla/5.0 AppleWebKit/537.36 (KHTML, like Gecko; compatible; GPTBot/1.3; +https://openai.com/gptbot)"
142.93.208.146 - - [23/Mar/2026:17:06:03 +0330] "GET /wp-includes/images/alfa-rex.php HTTP/1.1" 403 787 "binance.com" "Mozilla/5.0 (Windows NT 10.0; Win64; x64) AppleWebKit/537.36 (KHTML, like Gecko) Chrome/90.0.4430.85 Safari/537.36"
74.7.227.12 - - [23/Mar/2026:17:06:03 +0330] "GET /search.php?detail/0680244718211 HTTP/1.1" 200 44927 "http://news.mantaraham.ir/search.php?detail/068013541303" "Mozilla/5.0 AppleWebKit/537.36 (KHTML, like Gecko; compatible; GPTBot/1.3; +https://openai.com/gptbot)"
74.7.227.12 - - [23/Mar/2026:17:06:05 +0330] "GET /search.php?detail/0390494389528 HTTP/1.1" 200 44160 "http://news.mantaraham.ir/search.php?detail/0390272008757" "Mozilla/5.0 AppleWebKit/537.36 (KHTML, like Gecko; compatible; GPTBot/1.3; +https://openai.com/gptbot)"
74.7.227.12 - - [23/Mar/2026:17:06:06 +0330] "GET /search.php?detail/0680043132481 HTTP/1.1" 200 44425 "http://news.mantaraham.ir/search.php?detail/0680177000875" "Mozilla/5.0 AppleWebKit/537.36 (KHTML, like Gecko; compatible; GPTBot/1.3; +https://openai.com/gptbot)"
74.7.227.12 - - [23/Mar/2026:17:06:08 +0330] "GET /search.php?detail/0650402238864 HTTP/1.1" 200 44156 "http://news.mantaraham.ir/search.php?detail/06501696910150" "Mozilla/5.0 AppleWebKit/537.36 (KHTML, like Gecko; compatible; GPTBot/1.3; +https://openai.com/gptbot)"
74.7.227.12 - - [23/Mar/2026:17:06:09 +0330] "GET /search.php?detail/0860358898734 HTTP/1.1" 200 43921 "http://news.mantaraham.ir/search.php?detail/0860006854161" "Mozilla/5.0 AppleWebKit/537.36 (KHTML, like Gecko; compatible; GPTBot/1.3; +https://openai.com/gptbot)"
74.7.227.12 - - [23/Mar/2026:17:06:11 +0330] "GET /search.php?detail/0680396795626 HTTP/1.1" 200 43913 "http://news.mantaraham.ir/search.php?detail/06801873699419" "Mozilla/5.0 AppleWebKit/537.36 (KHTML, like Gecko; compatible; GPTBot/1.3; +https://openai.com/gptbot)"
74.7.227.12 - - [23/Mar/2026:17:06:12 +0330] "GET /search.php?detail/0650402370974 HTTP/1.1" 200 44122 "http://news.mantaraham.ir/search.php?detail/06501697034038" "Mozilla/5.0 AppleWebKit/537.36 (KHTML, like Gecko; compatible; GPTBot/1.3; +https://openai.com/gptbot)"
74.7.227.12 - - [23/Mar/2026:17:06:14 +0330] "GET /search.php?detail/0650341763153 HTTP/1.1" 200 44051 "http://news.mantaraham.ir/search.php?detail/0650437893748" "Mozilla/5.0 AppleWebKit/537.36 (KHTML, like Gecko; compatible; GPTBot/1.3; +https://openai.com/gptbot)"
74.7.227.12 - - [23/Mar/2026:17:06:16 +0330] "GET /search.php?detail/0680321140027 HTTP/1.1" 200 44031 "http://news.mantaraham.ir/search.php?detail/0680115492685" "Mozilla/5.0 AppleWebKit/537.36 (KHTML, like Gecko; compatible; GPTBot/1.3; +https://openai.com/gptbot)"
74.7.227.12 - - [23/Mar/2026:17:06:18 +0330] "GET /search.php?detail/0150187438740 HTTP/1.1" 200 44765 "http://news.mantaraham.ir/search.php?detail/0150120026373" "Mozilla/5.0 AppleWebKit/537.36 (KHTML, like Gecko; compatible; GPTBot/1.3; +https://openai.com/gptbot)"
74.7.227.12 - - [23/Mar/2026:17:06:19 +0330] "GET /search.php?detail/08601781905309 HTTP/1.1" 200 44034 "http://news.mantaraham.ir/search.php?detail/08603430282979" "Mozilla/5.0 AppleWebKit/537.36 (KHTML, like Gecko; compatible; GPTBot/1.3; +https://openai.com/gptbot)"
74.7.227.12 - - [23/Mar/2026:17:06:21 +0330] "GET /search.php?detail/03301739650680 HTTP/1.1" 200 44321 "http://news.mantaraham.ir/search.php?detail/0330005589785" "Mozilla/5.0 AppleWebKit/537.36 (KHTML, like Gecko; compatible; GPTBot/1.3; +https://openai.com/gptbot)"
74.7.227.12 - - [23/Mar/2026:17:06:22 +0330] "GET /search.php?detail/06804970969362 HTTP/1.1" 200 44339 "http://news.mantaraham.ir/search.php?detail/068002676087" "Mozilla/5.0 AppleWebKit/537.36 (KHTML, like Gecko; compatible; GPTBot/1.3; +https://openai.com/gptbot)"
74.7.227.12 - - [23/Mar/2026:17:06:26 +0330] "GET /search.php?detail/06501109075825 HTTP/1.1" 200 44163 "http://news.mantaraham.ir/search.php?detail/065040222822" "Mozilla/5.0 AppleWebKit/537.36 (KHTML, like Gecko; compatible; GPTBot/1.3; +https://openai.com/gptbot)"
74.7.227.12 - - [23/Mar/2026:17:06:28 +0330] "GET /search.php?detail/06802547784620 HTTP/1.1" 200 43771 "http://news.mantaraham.ir/search.php?detail/0680254837554" "Mozilla/5.0 AppleWebKit/537.36 (KHTML, like Gecko; compatible; GPTBot/1.3; +https://openai.com/gptbot)"
74.7.227.12 - - [23/Mar/2026:17:06:29 +0330] "GET /search.php?detail/0860490572287 HTTP/1.1" 200 43976 "http://news.mantaraham.ir/search.php?detail/0860358898734" "Mozilla/5.0 AppleWebKit/537.36 (KHTML, like Gecko; compatible; GPTBot/1.3; +https://openai.com/gptbot)"
74.7.227.12 - - [23/Mar/2026:17:06:31 +0330] "GET /search.php?detail/08602616958768 HTTP/1.1" 200 44025 "http://news.mantaraham.ir/search.php?detail/0860177923654" "Mozilla/5.0 AppleWebKit/537.36 (KHTML, like Gecko; compatible; GPTBot/1.3; +https://openai.com/gptbot)"
74.7.227.12 - - [23/Mar/2026:17:06:33 +0330] "GET /search.php?detail/06801210314508 HTTP/1.1" 200 44872 "http://news.mantaraham.ir/search.php?detail/06803403788830" "Mozilla/5.0 AppleWebKit/537.36 (KHTML, like Gecko; compatible; GPTBot/1.3; +https://openai.com/gptbot)"
142.93.208.146 - - [23/Mar/2026:17:06:35 +0330] "GET /wp-includes/images/etmwnhbbaq.php HTTP/1.1" 200 0 "binance.com" "Mozilla/5.0 (Windows NT 10.0; Win64; x64) AppleWebKit/537.36 (KHTML, like Gecko) Chrome/90.0.4430.85 Safari/537.36"
74.7.227.12 - - [23/Mar/2026:17:06:35 +0330] "GET /search.php?detail/06803871832508 HTTP/1.1" 200 44070 "http://news.mantaraham.ir/search.php?detail/06803174145647" "Mozilla/5.0 AppleWebKit/537.36 (KHTML, like Gecko; compatible; GPTBot/1.3; +https://openai.com/gptbot)"
74.7.227.12 - - [23/Mar/2026:17:06:36 +0330] "GET /search.php?detail/06802695577287 HTTP/1.1" 200 44468 "http://news.mantaraham.ir/search.php?detail/06802547012069" "Mozilla/5.0 AppleWebKit/537.36 (KHTML, like Gecko; compatible; GPTBot/1.3; +https://openai.com/gptbot)"
74.7.227.12 - - [23/Mar/2026:17:06:38 +0330] "GET /search.php?detail/06801765118129 HTTP/1.1" 200 43690 "http://news.mantaraham.ir/search.php?detail/068017461735" "Mozilla/5.0 AppleWebKit/537.36 (KHTML, like Gecko; compatible; GPTBot/1.3; +https://openai.com/gptbot)"
74.7.227.12 - - [23/Mar/2026:17:06:39 +0330] "GET /search.php?detail/06800438911051 HTTP/1.1" 200 44083 "http://news.mantaraham.ir/search.php?detail/0680203362008" "Mozilla/5.0 AppleWebKit/537.36 (KHTML, like Gecko; compatible; GPTBot/1.3; +https://openai.com/gptbot)"
74.7.227.12 - - [23/Mar/2026:17:06:41 +0330] "GET /search.php?detail/06803771813126 HTTP/1.1" 200 44006 "http://news.mantaraham.ir/search.php?detail/068031082118" "Mozilla/5.0 AppleWebKit/537.36 (KHTML, like Gecko; compatible; GPTBot/1.3; +https://openai.com/gptbot)"
74.7.227.12 - - [23/Mar/2026:17:06:43 +0330] "GET /search.php?detail/06803771339341 HTTP/1.1" 200 43970 "http://news.mantaraham.ir/search.php?detail/0680103270584" "Mozilla/5.0 AppleWebKit/537.36 (KHTML, like Gecko; compatible; GPTBot/1.3; +https://openai.com/gptbot)"
74.7.227.12 - - [23/Mar/2026:17:06:44 +0330] "GET /search.php?detail/06800758940971 HTTP/1.1" 200 43724 "http://news.mantaraham.ir/search.php?detail/06800955131292" "Mozilla/5.0 AppleWebKit/537.36 (KHTML, like Gecko; compatible; GPTBot/1.3; +https://openai.com/gptbot)"
74.7.227.12 - - [23/Mar/2026:17:06:46 +0330] "GET /search.php?detail/06801292702390 HTTP/1.1" 200 43738 "http://news.mantaraham.ir/search.php?detail/06802694612541" "Mozilla/5.0 AppleWebKit/537.36 (KHTML, like Gecko; compatible; GPTBot/1.3; +https://openai.com/gptbot)"
74.7.227.12 - - [23/Mar/2026:17:06:48 +0330] "GET /search.php?detail/06503418001137 HTTP/1.1" 200 44237 "http://news.mantaraham.ir/search.php?detail/0650437893748" "Mozilla/5.0 AppleWebKit/537.36 (KHTML, like Gecko; compatible; GPTBot/1.3; +https://openai.com/gptbot)"
74.7.227.12 - - [23/Mar/2026:17:06:49 +0330] "GET /search.php?detail/06800908594532 HTTP/1.1" 200 44870 "http://news.mantaraham.ir/search.php?detail/068025228050" "Mozilla/5.0 AppleWebKit/537.36 (KHTML, like Gecko; compatible; GPTBot/1.3; +https://openai.com/gptbot)"
74.7.227.12 - - [23/Mar/2026:17:06:51 +0330] "GET /search.php?detail/06802182919363 HTTP/1.1" 200 43551 "http://news.mantaraham.ir/search.php?detail/068049388831" "Mozilla/5.0 AppleWebKit/537.36 (KHTML, like Gecko; compatible; GPTBot/1.3; +https://openai.com/gptbot)"
74.7.227.12 - - [23/Mar/2026:17:06:55 +0330] "GET /search.php?detail/06804981958928 HTTP/1.1" 200 44496 "http://news.mantaraham.ir/search.php?detail/068005474485" "Mozilla/5.0 AppleWebKit/537.36 (KHTML, like Gecko; compatible; GPTBot/1.3; +https://openai.com/gptbot)"
74.7.227.12 - - [23/Mar/2026:17:06:56 +0330] "GET /search.php?detail/08404374911541 HTTP/1.1" 200 44320 "http://news.mantaraham.ir/search.php?detail/08401237221029" "Mozilla/5.0 AppleWebKit/537.36 (KHTML, like Gecko; compatible; GPTBot/1.3; +https://openai.com/gptbot)"
74.7.227.12 - - [23/Mar/2026:17:06:58 +0330] "GET /search.php?detail/08401979959345 HTTP/1.1" 200 44452 "http://news.mantaraham.ir/search.php?detail/0840282409671" "Mozilla/5.0 AppleWebKit/537.36 (KHTML, like Gecko; compatible; GPTBot/1.3; +https://openai.com/gptbot)"
74.7.227.12 - - [23/Mar/2026:17:06:59 +0330] "GET /search.php?detail/06802305877096 HTTP/1.1" 200 44467 "http://news.mantaraham.ir/search.php?detail/068017802537" "Mozilla/5.0 AppleWebKit/537.36 (KHTML, like Gecko; compatible; GPTBot/1.3; +https://openai.com/gptbot)"
74.7.227.12 - - [23/Mar/2026:17:07:01 +0330] "GET /search.php?detail/06803384672264 HTTP/1.1" 200 44156 "http://news.mantaraham.ir/search.php?detail/06803646946169" "Mozilla/5.0 AppleWebKit/537.36 (KHTML, like Gecko; compatible; GPTBot/1.3; +https://openai.com/gptbot)"
74.7.227.12 - - [23/Mar/2026:17:07:02 +0330] "GET /search.php?detail/08601780041938 HTTP/1.1" 200 44318 "http://news.mantaraham.ir/search.php?detail/08603430562158" "Mozilla/5.0 AppleWebKit/537.36 (KHTML, like Gecko; compatible; GPTBot/1.3; +https://openai.com/gptbot)"
74.7.227.12 - - [23/Mar/2026:17:07:04 +0330] "GET /search.php?detail/06503417585135 HTTP/1.1" 200 43873 "http://news.mantaraham.ir/search.php?detail/0650169760609" "Mozilla/5.0 AppleWebKit/537.36 (KHTML, like Gecko; compatible; GPTBot/1.3; +https://openai.com/gptbot)"
74.7.227.12 - - [23/Mar/2026:17:07:06 +0330] "GET /search.php?detail/06804602639456 HTTP/1.1" 200 44096 "http://news.mantaraham.ir/search.php?detail/0680277944119" "Mozilla/5.0 AppleWebKit/537.36 (KHTML, like Gecko; compatible; GPTBot/1.3; +https://openai.com/gptbot)"
74.7.227.12 - - [23/Mar/2026:17:07:07 +0330] "GET /search.php?detail/06800294105445 HTTP/1.1" 200 44205 "http://news.mantaraham.ir/search.php?detail/0680105045505" "Mozilla/5.0 AppleWebKit/537.36 (KHTML, like Gecko; compatible; GPTBot/1.3; +https://openai.com/gptbot)"
74.7.227.12 - - [23/Mar/2026:17:07:09 +0330] "GET /search.php?detail/06804145395484 HTTP/1.1" 200 43931 "http://news.mantaraham.ir/search.php?detail/06803957857322" "Mozilla/5.0 AppleWebKit/537.36 (KHTML, like Gecko; compatible; GPTBot/1.3; +https://openai.com/gptbot)"
74.7.227.12 - - [23/Mar/2026:17:07:10 +0330] "GET /search.php?detail/06501978990954 HTTP/1.1" 200 44442 "http://news.mantaraham.ir/search.php?detail/0650004656768" "Mozilla/5.0 AppleWebKit/537.36 (KHTML, like Gecko; compatible; GPTBot/1.3; +https://openai.com/gptbot)"
74.7.227.12 - - [23/Mar/2026:17:07:12 +0330] "GET /search.php?detail/06804373933278 HTTP/1.1" 200 43787 "http://news.mantaraham.ir/search.php?detail/068002940594" "Mozilla/5.0 AppleWebKit/537.36 (KHTML, like Gecko; compatible; GPTBot/1.3; +https://openai.com/gptbot)"
74.7.227.12 - - [23/Mar/2026:17:07:13 +0330] "GET /search.php?detail/06504021908141 HTTP/1.1" 200 43876 "http://news.mantaraham.ir/search.php?detail/06504379357729" "Mozilla/5.0 AppleWebKit/537.36 (KHTML, like Gecko; compatible; GPTBot/1.3; +https://openai.com/gptbot)"
74.7.227.12 - - [23/Mar/2026:17:07:15 +0330] "GET /search.php?detail/06500783795396 HTTP/1.1" 200 44650 "http://news.mantaraham.ir/search.php?detail/0650347752962" "Mozilla/5.0 AppleWebKit/537.36 (KHTML, like Gecko; compatible; GPTBot/1.3; +https://openai.com/gptbot)"
74.7.227.12 - - [23/Mar/2026:17:07:16 +0330] "GET /search.php?detail/06804603109837 HTTP/1.1" 200 44056 "http://news.mantaraham.ir/search.php?detail/068004390907" "Mozilla/5.0 AppleWebKit/537.36 (KHTML, like Gecko; compatible; GPTBot/1.3; +https://openai.com/gptbot)"
74.7.227.12 - - [23/Mar/2026:17:07:18 +0330] "GET /search.php?detail/06802465255935 HTTP/1.1" 200 43834 "http://news.mantaraham.ir/search.php?jp/068043229.html" "Mozilla/5.0 AppleWebKit/537.36 (KHTML, like Gecko; compatible; GPTBot/1.3; +https://openai.com/gptbot)"
74.7.227.12 - - [23/Mar/2026:17:07:20 +0330] "GET /search.php?detail/08404875461571 HTTP/1.1" 200 44163 "http://news.mantaraham.ir/search.php?detail/084037910859" "Mozilla/5.0 AppleWebKit/537.36 (KHTML, like Gecko; compatible; GPTBot/1.3; +https://openai.com/gptbot)"
74.7.227.12 - - [23/Mar/2026:17:07:21 +0330] "GET /search.php?detail/06803781390084 HTTP/1.1" 200 44387 "http://news.mantaraham.ir/search.php?detail/06803403308016" "Mozilla/5.0 AppleWebKit/537.36 (KHTML, like Gecko; compatible; GPTBot/1.3; +https://openai.com/gptbot)"
142.93.208.146 - - [23/Mar/2026:17:07:18 +0330] "POST /wp-includes/images/wp-login.php HTTP/1.1" 200 32615 "http://news.mantaraham.ir/wp-includes/images/wp-login.php" "Mozilla/5.0 (Windows NT 10.0; Win64; x64) AppleWebKit/537.36 (KHTML, like Gecko) Chrome/90.0.4430.85 Safari/537.36"
74.7.227.12 - - [23/Mar/2026:17:07:22 +0330] "GET /search.php?detail/06802721875115 HTTP/1.1" 200 44038 "http://news.mantaraham.ir/search.php?detail/068006106049" "Mozilla/5.0 AppleWebKit/537.36 (KHTML, like Gecko; compatible; GPTBot/1.3; +https://openai.com/gptbot)"
74.7.227.12 - - [23/Mar/2026:17:07:24 +0330] "GET /search.php?detail/06501696346848 HTTP/1.1" 200 43974 "http://news.mantaraham.ir/search.php?detail/065007832031" "Mozilla/5.0 AppleWebKit/537.36 (KHTML, like Gecko; compatible; GPTBot/1.3; +https://openai.com/gptbot)"
74.7.227.12 - - [23/Mar/2026:17:07:25 +0330] "GET /search.php?detail/06804631213418 HTTP/1.1" 200 44874 "http://news.mantaraham.ir/search.php?detail/068026952178" "Mozilla/5.0 AppleWebKit/537.36 (KHTML, like Gecko; compatible; GPTBot/1.3; +https://openai.com/gptbot)"
74.7.227.12 - - [23/Mar/2026:17:07:27 +0330] "GET /search.php?detail/06804623207390 HTTP/1.1" 200 44658 "http://news.mantaraham.ir/search.php?detail/068026952178" "Mozilla/5.0 AppleWebKit/537.36 (KHTML, like Gecko; compatible; GPTBot/1.3; +https://openai.com/gptbot)"
74.7.227.12 - - [23/Mar/2026:17:07:29 +0330] "GET /search.php?detail/06803828608714 HTTP/1.1" 200 44036 "http://news.mantaraham.ir/search.php?detail/06801873699419" "Mozilla/5.0 AppleWebKit/537.36 (KHTML, like Gecko; compatible; GPTBot/1.3; +https://openai.com/gptbot)"
74.7.227.12 - - [23/Mar/2026:17:07:30 +0330] "GET /search.php?detail/08602618193298 HTTP/1.1" 200 44358 "http://news.mantaraham.ir/search.php?detail/08601782425558" "Mozilla/5.0 AppleWebKit/537.36 (KHTML, like Gecko; compatible; GPTBot/1.3; +https://openai.com/gptbot)"
142.93.208.146 - - [23/Mar/2026:17:07:33 +0330] "GET /wp-includes/images/ikckfprmzq.php HTTP/1.1" 200 0 "binance.com" "Mozilla/5.0 (Windows NT 10.0; Win64; x64) AppleWebKit/537.36 (KHTML, like Gecko) Chrome/90.0.4430.85 Safari/537.36"
74.7.227.12 - - [23/Mar/2026:17:07:32 +0330] "GET /search.php?detail/06803142548288 HTTP/1.1" 200 43965 "http://news.mantaraham.ir/search.php?detail/06801769811953" "Mozilla/5.0 AppleWebKit/537.36 (KHTML, like Gecko; compatible; GPTBot/1.3; +https://openai.com/gptbot)"
74.7.227.12 - - [23/Mar/2026:17:07:34 +0330] "GET /search.php?detail/03902720580844 HTTP/1.1" 200 43980 "http://news.mantaraham.ir/search.php?detail/0390272158983" "Mozilla/5.0 AppleWebKit/537.36 (KHTML, like Gecko; compatible; GPTBot/1.3; +https://openai.com/gptbot)"
74.7.227.12 - - [23/Mar/2026:17:07:36 +0330] "GET /search.php?detail/06800547717579 HTTP/1.1" 200 45260 "http://news.mantaraham.ir/search.php?detail/06802305941866" "Mozilla/5.0 AppleWebKit/537.36 (KHTML, like Gecko; compatible; GPTBot/1.3; +https://openai.com/gptbot)"
74.7.227.12 - - [23/Mar/2026:17:07:37 +0330] "GET /search.php?detail/08602617678192 HTTP/1.1" 200 44144 "http://news.mantaraham.ir/search.php?detail/0860261917535" "Mozilla/5.0 AppleWebKit/537.36 (KHTML, like Gecko; compatible; GPTBot/1.3; +https://openai.com/gptbot)"
74.7.227.12 - - [23/Mar/2026:17:07:38 +0330] "GET /search.php?detail/06803089692750 HTTP/1.1" 200 44032 "http://news.mantaraham.ir/search.php?detail/068023478574" "Mozilla/5.0 AppleWebKit/537.36 (KHTML, like Gecko; compatible; GPTBot/1.3; +https://openai.com/gptbot)"
74.7.227.12 - - [23/Mar/2026:17:07:40 +0330] "GET /search.php?detail/08601782069129 HTTP/1.1" 200 44068 "http://news.mantaraham.ir/search.php?detail/08603430282979" "Mozilla/5.0 AppleWebKit/537.36 (KHTML, like Gecko; compatible; GPTBot/1.3; +https://openai.com/gptbot)"
74.7.227.12 - - [23/Mar/2026:17:07:42 +0330] "GET /search.php?detail/06804629966415 HTTP/1.1" 200 44181 "http://news.mantaraham.ir/search.php?detail/0680177107061" "Mozilla/5.0 AppleWebKit/537.36 (KHTML, like Gecko; compatible; GPTBot/1.3; +https://openai.com/gptbot)"
74.7.227.12 - - [23/Mar/2026:17:07:43 +0330] "GET /search.php?detail/06801592856112 HTTP/1.1" 200 44898 "http://news.mantaraham.ir/search.php?detail/0680027222558" "Mozilla/5.0 AppleWebKit/537.36 (KHTML, like Gecko; compatible; GPTBot/1.3; +https://openai.com/gptbot)"
74.7.227.12 - - [23/Mar/2026:17:07:45 +0330] "GET /search.php?detail/06800840235994 HTTP/1.1" 200 44496 "http://news.mantaraham.ir/search.php?detail/0680212735406" "Mozilla/5.0 AppleWebKit/537.36 (KHTML, like Gecko; compatible; GPTBot/1.3; +https://openai.com/gptbot)"
74.7.227.12 - - [23/Mar/2026:17:07:46 +0330] "GET /search.php?detail/06800373220959 HTTP/1.1" 200 45089 "http://news.mantaraham.ir/search.php?detail/0680105045505" "Mozilla/5.0 AppleWebKit/537.36 (KHTML, like Gecko; compatible; GPTBot/1.3; +https://openai.com/gptbot)"
74.7.227.12 - - [23/Mar/2026:17:07:48 +0330] "GET /search.php?detail/0150000583496 HTTP/1.1" 200 43604 "http://news.mantaraham.ir/search.php?detail/015011995081" "Mozilla/5.0 AppleWebKit/537.36 (KHTML, like Gecko; compatible; GPTBot/1.3; +https://openai.com/gptbot)"
74.7.227.12 - - [23/Mar/2026:17:07:49 +0330] "GET /search.php?goods/068046314 HTTP/1.1" 200 44115 "http://news.mantaraham.ir/search.php?detail/06802128002669" "Mozilla/5.0 AppleWebKit/537.36 (KHTML, like Gecko; compatible; GPTBot/1.3; +https://openai.com/gptbot)"
74.7.227.12 - - [23/Mar/2026:17:07:51 +0330] "GET /search.php?goods/015018745 HTTP/1.1" 200 44660 "http://news.mantaraham.ir/search.php?detail/015013577629" "Mozilla/5.0 AppleWebKit/537.36 (KHTML, like Gecko; compatible; GPTBot/1.3; +https://openai.com/gptbot)"
74.7.227.12 - - [23/Mar/2026:17:07:52 +0330] "GET /search.php?goods/068022115 HTTP/1.1" 200 44323 "http://news.mantaraham.ir/search.php?detail/068043228691" "Mozilla/5.0 AppleWebKit/537.36 (KHTML, like Gecko; compatible; GPTBot/1.3; +https://openai.com/gptbot)"
142.93.208.146 - - [23/Mar/2026:17:07:54 +0330] "GET /wp-includes/images/crystal/ HTTP/1.1" 200 1621 "binance.com" "Mozilla/5.0 (Windows NT 10.0; Win64; x64) AppleWebKit/537.36 (KHTML, like Gecko) Chrome/90.0.4430.85 Safari/537.36"
74.7.227.12 - - [23/Mar/2026:17:07:54 +0330] "GET /search.php?goods/086026191 HTTP/1.1" 200 44044 "http://news.mantaraham.ir/search.php?detail/0860007034503" "Mozilla/5.0 AppleWebKit/537.36 (KHTML, like Gecko; compatible; GPTBot/1.3; +https://openai.com/gptbot)"
74.7.227.12 - - [23/Mar/2026:17:07:55 +0330] "GET /search.php?goods/068026991 HTTP/1.1" 200 44442 "http://news.mantaraham.ir/search.php?detail/06802547012069" "Mozilla/5.0 AppleWebKit/537.36 (KHTML, like Gecko; compatible; GPTBot/1.3; +https://openai.com/gptbot)"
74.7.227.12 - - [23/Mar/2026:17:07:57 +0330] "GET /search.php?goods/015000058 HTTP/1.1" 200 43654 "http://news.mantaraham.ir/search.php?detail/0150119991222" "Mozilla/5.0 AppleWebKit/537.36 (KHTML, like Gecko; compatible; GPTBot/1.3; +https://openai.com/gptbot)"
74.7.227.12 - - [23/Mar/2026:17:07:58 +0330] "GET /search.php?goods/015000045 HTTP/1.1" 200 44287 "http://news.mantaraham.ir/search.php?detail/015000055372" "Mozilla/5.0 AppleWebKit/537.36 (KHTML, like Gecko; compatible; GPTBot/1.3; +https://openai.com/gptbot)"
74.7.227.12 - - [23/Mar/2026:17:07:59 +0330] "GET /search.php?goods/015000054 HTTP/1.1" 200 45005 "http://news.mantaraham.ir/search.php?detail/015011995081" "Mozilla/5.0 AppleWebKit/537.36 (KHTML, like Gecko; compatible; GPTBot/1.3; +https://openai.com/gptbot)"
142.93.208.146 - - [23/Mar/2026:17:08:02 +0330] "GET /wp-includes/images/crystal/ HTTP/1.1" 200 1621 "binance.com" "Mozilla/5.0 (Windows NT 10.0; Win64; x64) AppleWebKit/537.36 (KHTML, like Gecko) Chrome/90.0.4430.85 Safari/537.36"
74.7.227.12 - - [23/Mar/2026:17:08:01 +0330] "GET /search.php?goods/015000055 HTTP/1.1" 200 44026 "http://news.mantaraham.ir/search.php?detail/015011995081" "Mozilla/5.0 AppleWebKit/537.36 (KHTML, like Gecko; compatible; GPTBot/1.3; +https://openai.com/gptbot)"
74.7.227.12 - - [23/Mar/2026:17:08:02 +0330] "GET /search.php?goods/015000059 HTTP/1.1" 200 44110 "http://news.mantaraham.ir/search.php?detail/0150119991222" "Mozilla/5.0 AppleWebKit/537.36 (KHTML, like Gecko; compatible; GPTBot/1.3; +https://openai.com/gptbot)"
74.7.227.12 - - [23/Mar/2026:17:08:04 +0330] "GET /search.php?goods/015000051 HTTP/1.1" 200 43999 "http://news.mantaraham.ir/search.php?detail/01501874691306" "Mozilla/5.0 AppleWebKit/537.36 (KHTML, like Gecko; compatible; GPTBot/1.3; +https://openai.com/gptbot)"
74.7.227.12 - - [23/Mar/2026:17:08:06 +0330] "GET /search.php?goods/015000044 HTTP/1.1" 200 44208 "http://news.mantaraham.ir/search.php?detail/01501874691306" "Mozilla/5.0 AppleWebKit/537.36 (KHTML, like Gecko; compatible; GPTBot/1.3; +https://openai.com/gptbot)"
74.7.227.12 - - [23/Mar/2026:17:08:07 +0330] "GET /search.php?goods/065011110 HTTP/1.1" 200 44426 "http://news.mantaraham.ir/search.php?detail/0650111064900" "Mozilla/5.0 AppleWebKit/537.36 (KHTML, like Gecko; compatible; GPTBot/1.3; +https://openai.com/gptbot)"
74.7.227.12 - - [23/Mar/2026:17:08:09 +0330] "GET /search.php?goods/015000050 HTTP/1.1" 200 44352 "http://news.mantaraham.ir/search.php?detail/0150119976472" "Mozilla/5.0 AppleWebKit/537.36 (KHTML, like Gecko; compatible; GPTBot/1.3; +https://openai.com/gptbot)"
74.7.227.12 - - [23/Mar/2026:17:08:11 +0330] "GET /search.php?goods/015000041 HTTP/1.1" 200 43665 "http://news.mantaraham.ir/search.php?detail/01501874691306" "Mozilla/5.0 AppleWebKit/537.36 (KHTML, like Gecko; compatible; GPTBot/1.3; +https://openai.com/gptbot)"
142.93.208.146 - - [23/Mar/2026:17:08:12 +0330] "GET /wp-includes/images/crystal/about.php HTTP/1.1" 200 274 "binance.com" "Mozilla/5.0 (Windows NT 10.0; Win64; x64) AppleWebKit/537.36 (KHTML, like Gecko) Chrome/90.0.4430.85 Safari/537.36"
74.7.227.12 - - [23/Mar/2026:17:08:12 +0330] "GET /search.php?goods/015000056 HTTP/1.1" 200 44397 "http://news.mantaraham.ir/search.php?detail/015013577629" "Mozilla/5.0 AppleWebKit/537.36 (KHTML, like Gecko; compatible; GPTBot/1.3; +https://openai.com/gptbot)"
74.7.227.12 - - [23/Mar/2026:17:08:14 +0330] "GET /search.php?goods/015000057 HTTP/1.1" 200 43306 "http://news.mantaraham.ir/search.php?detail/0150119991222" "Mozilla/5.0 AppleWebKit/537.36 (KHTML, like Gecko; compatible; GPTBot/1.3; +https://openai.com/gptbot)"
74.7.227.12 - - [23/Mar/2026:17:08:15 +0330] "GET /search.php?goods/068011110 HTTP/1.1" 200 44299 "http://news.mantaraham.ir/search.php?detail/0680254848840" "Mozilla/5.0 AppleWebKit/537.36 (KHTML, like Gecko; compatible; GPTBot/1.3; +https://openai.com/gptbot)"
74.7.227.12 - - [23/Mar/2026:17:08:17 +0330] "GET /search.php?goods/068000686 HTTP/1.1" 200 44382 "http://news.mantaraham.ir/search.php?detail/06801393924517" "Mozilla/5.0 AppleWebKit/537.36 (KHTML, like Gecko; compatible; GPTBot/1.3; +https://openai.com/gptbot)"
74.7.227.12 - - [23/Mar/2026:17:08:18 +0330] "GET /search.php?l=18762&product/Y270?s=search HTTP/1.1" 200 44222 "http://news.mantaraham.ir/search.php?category/20_21/51" "Mozilla/5.0 AppleWebKit/537.36 (KHTML, like Gecko; compatible; GPTBot/1.3; +https://openai.com/gptbot)"
142.93.208.146 - - [23/Mar/2026:17:08:20 +0330] "GET /wp-includes/images/crystal/alfa-rex.php HTTP/1.1" 403 787 "binance.com" "Mozilla/5.0 (Windows NT 10.0; Win64; x64) AppleWebKit/537.36 (KHTML, like Gecko) Chrome/90.0.4430.85 Safari/537.36"
74.7.227.12 - - [23/Mar/2026:17:08:20 +0330] "GET /search.php?l=18766&product/W270?i=search HTTP/1.1" 200 44073 "http://news.mantaraham.ir/search.php?category/20_21/51" "Mozilla/5.0 AppleWebKit/537.36 (KHTML, like Gecko; compatible; GPTBot/1.3; +https://openai.com/gptbot)"
74.7.227.12 - - [23/Mar/2026:17:08:21 +0330] "GET /search.php?l=18057&product/O274?s=search HTTP/1.1" 200 44058 "http://news.mantaraham.ir/search.php?category/20_21/51" "Mozilla/5.0 AppleWebKit/537.36 (KHTML, like Gecko; compatible; GPTBot/1.3; +https://openai.com/gptbot)"
74.7.227.12 - - [23/Mar/2026:17:08:23 +0330] "GET /search.php?l=38207&product/R270?m=search HTTP/1.1" 200 43973 "http://news.mantaraham.ir/search.php?category/20_21/51" "Mozilla/5.0 AppleWebKit/537.36 (KHTML, like Gecko; compatible; GPTBot/1.3; +https://openai.com/gptbot)"
74.7.227.12 - - [23/Mar/2026:17:08:25 +0330] "GET /search.php?l=38862&product/P274?x=search HTTP/1.1" 200 43689 "http://news.mantaraham.ir/search.php?category/20_21/51" "Mozilla/5.0 AppleWebKit/537.36 (KHTML, like Gecko; compatible; GPTBot/1.3; +https://openai.com/gptbot)"
74.7.227.12 - - [23/Mar/2026:17:08:26 +0330] "GET /search.php?goods/068011111 HTTP/1.1" 200 44040 "http://news.mantaraham.ir/search.php?detail/068012235809" "Mozilla/5.0 AppleWebKit/537.36 (KHTML, like Gecko; compatible; GPTBot/1.3; +https://openai.com/gptbot)"
74.7.227.12 - - [23/Mar/2026:17:08:28 +0330] "GET /search.php?l=557&product/H33?a=search HTTP/1.1" 200 44685 "http://news.mantaraham.ir/search.php?l=38865&product/C274?u=search" "Mozilla/5.0 AppleWebKit/537.36 (KHTML, like Gecko; compatible; GPTBot/1.3; +https://openai.com/gptbot)"
74.7.227.12 - - [23/Mar/2026:17:08:29 +0330] "GET /search.php?l=556&product/P33?h=search HTTP/1.1" 200 43912 "http://news.mantaraham.ir/search.php?l=38865&product/C274?u=search" "Mozilla/5.0 AppleWebKit/537.36 (KHTML, like Gecko; compatible; GPTBot/1.3; +https://openai.com/gptbot)"
74.7.227.12 - - [23/Mar/2026:17:08:31 +0330] "GET /search.php?l=554&product/P33?c=search HTTP/1.1" 200 44311 "http://news.mantaraham.ir/search.php?l=38865&product/C274?u=search" "Mozilla/5.0 AppleWebKit/537.36 (KHTML, like Gecko; compatible; GPTBot/1.3; +https://openai.com/gptbot)"
74.7.227.12 - - [23/Mar/2026:17:08:33 +0330] "GET /search.php?goods/068000687 HTTP/1.1" 200 44811 "http://news.mantaraham.ir/search.php?detail/0680135667656" "Mozilla/5.0 AppleWebKit/537.36 (KHTML, like Gecko; compatible; GPTBot/1.3; +https://openai.com/gptbot)"
74.7.227.12 - - [23/Mar/2026:17:08:34 +0330] "GET /search.php?goods/068000684 HTTP/1.1" 200 44804 "http://news.mantaraham.ir/search.php?detail/0680135667656" "Mozilla/5.0 AppleWebKit/537.36 (KHTML, like Gecko; compatible; GPTBot/1.3; +https://openai.com/gptbot)"
142.93.208.146 - - [23/Mar/2026:17:08:36 +0330] "GET /wp-includes/images/media/ HTTP/1.1" 200 1624 "binance.com" "Mozilla/5.0 (Windows NT 10.0; Win64; x64) AppleWebKit/537.36 (KHTML, like Gecko) Chrome/90.0.4430.85 Safari/537.36"
74.7.227.12 - - [23/Mar/2026:17:08:36 +0330] "GET /search.php?goods/068011116 HTTP/1.1" 200 44332 "http://news.mantaraham.ir/search.php?detail/06801765694711" "Mozilla/5.0 AppleWebKit/537.36 (KHTML, like Gecko; compatible; GPTBot/1.3; +https://openai.com/gptbot)"
74.7.227.12 - - [23/Mar/2026:17:08:37 +0330] "GET /search.php?detail/0430145931262 HTTP/1.1" 200 44184 "http://news.mantaraham.ir/search.php?l=18766&product/W270?i=search" "Mozilla/5.0 AppleWebKit/537.36 (KHTML, like Gecko; compatible; GPTBot/1.3; +https://openai.com/gptbot)"
74.7.227.12 - - [23/Mar/2026:17:08:39 +0330] "GET /search.php?l=22299&product/H99?r=search HTTP/1.1" 200 43342 "http://news.mantaraham.ir/search.php?l=18057&product/O274?s=search" "Mozilla/5.0 AppleWebKit/537.36 (KHTML, like Gecko; compatible; GPTBot/1.3; +https://openai.com/gptbot)"
74.7.227.12 - - [23/Mar/2026:17:08:40 +0330] "GET /search.php?detail/0950099927663 HTTP/1.1" 200 44557 "http://news.mantaraham.ir/search.php?l=38207&product/R270?m=search" "Mozilla/5.0 AppleWebKit/537.36 (KHTML, like Gecko; compatible; GPTBot/1.3; +https://openai.com/gptbot)"
74.7.227.12 - - [23/Mar/2026:17:08:42 +0330] "GET /search.php?l=298&product/Q99?a=search HTTP/1.1" 200 41910 "http://news.mantaraham.ir/search.php?l=18057&product/O274?s=search" "Mozilla/5.0 AppleWebKit/537.36 (KHTML, like Gecko; compatible; GPTBot/1.3; +https://openai.com/gptbot)"
74.7.227.12 - - [23/Mar/2026:17:08:44 +0330] "GET /search.php?l=300&product/J99?e=search HTTP/1.1" 200 43690 "http://news.mantaraham.ir/search.php?l=18057&product/O274?s=search" "Mozilla/5.0 AppleWebKit/537.36 (KHTML, like Gecko; compatible; GPTBot/1.3; +https://openai.com/gptbot)"
74.7.227.12 - - [23/Mar/2026:17:08:45 +0330] "GET /search.php?l=299&product/A99?j=search HTTP/1.1" 200 43647 "http://news.mantaraham.ir/search.php?l=18057&product/O274?s=search" "Mozilla/5.0 AppleWebKit/537.36 (KHTML, like Gecko; compatible; GPTBot/1.3; +https://openai.com/gptbot)"
74.7.227.12 - - [23/Mar/2026:17:08:46 +0330] "GET /search.php?detail/065008036069 HTTP/1.1" 200 43800 "http://news.mantaraham.ir/search.php?l=556&product/P33?h=search" "Mozilla/5.0 AppleWebKit/537.36 (KHTML, like Gecko; compatible; GPTBot/1.3; +https://openai.com/gptbot)"
74.7.227.12 - - [23/Mar/2026:17:08:48 +0330] "GET /search.php?goods/068000685 HTTP/1.1" 200 43564 "http://news.mantaraham.ir/search.php?detail/0680135667656" "Mozilla/5.0 AppleWebKit/537.36 (KHTML, like Gecko; compatible; GPTBot/1.3; +https://openai.com/gptbot)"
74.7.227.12 - - [23/Mar/2026:17:08:50 +0330] "GET /search.php?goods/068011118 HTTP/1.1" 200 44008 "http://news.mantaraham.ir/search.php?detail/068007547067" "Mozilla/5.0 AppleWebKit/537.36 (KHTML, like Gecko; compatible; GPTBot/1.3; +https://openai.com/gptbot)"
74.7.227.12 - - [23/Mar/2026:17:08:52 +0330] "GET /search.php?l=38383&product/Q84?p=search HTTP/1.1" 200 41464 "http://news.mantaraham.ir/search.php?l=39637&product/X60?b=search" "Mozilla/5.0 AppleWebKit/537.36 (KHTML, like Gecko; compatible; GPTBot/1.3; +https://openai.com/gptbot)"
74.7.227.12 - - [23/Mar/2026:17:08:53 +0330] "GET /search.php?l=22492&product/Z92?h=search HTTP/1.1" 200 42458 "http://news.mantaraham.ir/search.php?l=557&product/H33?a=search" "Mozilla/5.0 AppleWebKit/537.36 (KHTML, like Gecko; compatible; GPTBot/1.3; +https://openai.com/gptbot)"
74.7.227.12 - - [23/Mar/2026:17:08:55 +0330] "GET /search.php?detail/043029174361 HTTP/1.1" 200 44196 "http://news.mantaraham.ir/search.php?detail/0430145931262" "Mozilla/5.0 AppleWebKit/537.36 (KHTML, like Gecko; compatible; GPTBot/1.3; +https://openai.com/gptbot)"
74.7.227.12 - - [23/Mar/2026:17:08:56 +0330] "GET /search.php?detail/043011259130 HTTP/1.1" 200 43748 "http://news.mantaraham.ir/search.php?detail/0430145931262" "Mozilla/5.0 AppleWebKit/537.36 (KHTML, like Gecko; compatible; GPTBot/1.3; +https://openai.com/gptbot)"
74.7.227.12 - - [23/Mar/2026:17:08:58 +0330] "GET /search.php?detail/09503275850154 HTTP/1.1" 200 44915 "http://news.mantaraham.ir/search.php?detail/0950099927663" "Mozilla/5.0 AppleWebKit/537.36 (KHTML, like Gecko; compatible; GPTBot/1.3; +https://openai.com/gptbot)"
74.7.227.12 - - [23/Mar/2026:17:08:59 +0330] "GET /search.php?detail/0950299289988 HTTP/1.1" 200 44015 "http://news.mantaraham.ir/search.php?detail/0950099927663" "Mozilla/5.0 AppleWebKit/537.36 (KHTML, like Gecko; compatible; GPTBot/1.3; +https://openai.com/gptbot)"
74.7.227.12 - - [23/Mar/2026:17:09:01 +0330] "GET /search.php?detail/09503276018058 HTTP/1.1" 200 43715 "http://news.mantaraham.ir/search.php?detail/0950099927663" "Mozilla/5.0 AppleWebKit/537.36 (KHTML, like Gecko; compatible; GPTBot/1.3; +https://openai.com/gptbot)"
142.93.208.146 - - [23/Mar/2026:17:08:55 +0330] "GET /wp-includes/images/media/about.php HTTP/1.1" 200 4800 "binance.com" "Mozilla/5.0 (Windows NT 10.0; Win64; x64) AppleWebKit/537.36 (KHTML, like Gecko) Chrome/90.0.4430.85 Safari/537.36"
74.7.227.12 - - [23/Mar/2026:17:09:02 +0330] "GET /search.php?detail/095029923300 HTTP/1.1" 200 45036 "http://news.mantaraham.ir/search.php?detail/0950099927663" "Mozilla/5.0 AppleWebKit/537.36 (KHTML, like Gecko; compatible; GPTBot/1.3; +https://openai.com/gptbot)"
74.7.227.12 - - [23/Mar/2026:17:09:04 +0330] "GET /search.php?detail/065012655531 HTTP/1.1" 200 44057 "http://news.mantaraham.ir/search.php?detail/065008036069" "Mozilla/5.0 AppleWebKit/537.36 (KHTML, like Gecko; compatible; GPTBot/1.3; +https://openai.com/gptbot)"
74.7.227.12 - - [23/Mar/2026:17:09:06 +0330] "GET /search.php?detail/095029905651 HTTP/1.1" 200 44052 "http://news.mantaraham.ir/search.php?detail/0950099927663" "Mozilla/5.0 AppleWebKit/537.36 (KHTML, like Gecko; compatible; GPTBot/1.3; +https://openai.com/gptbot)"
74.7.227.12 - - [23/Mar/2026:17:09:07 +0330] "GET /search.php?detail/0650260838609 HTTP/1.1" 200 43785 "http://news.mantaraham.ir/search.php?detail/065008036069" "Mozilla/5.0 AppleWebKit/537.36 (KHTML, like Gecko; compatible; GPTBot/1.3; +https://openai.com/gptbot)"
74.7.227.12 - - [23/Mar/2026:17:09:09 +0330] "GET /search.php?detail/0950299076993 HTTP/1.1" 200 43846 "http://news.mantaraham.ir/search.php?detail/0950099927663" "Mozilla/5.0 AppleWebKit/537.36 (KHTML, like Gecko; compatible; GPTBot/1.3; +https://openai.com/gptbot)"
74.7.227.12 - - [23/Mar/2026:17:09:10 +0330] "GET /search.php?detail/0650260820065 HTTP/1.1" 200 44048 "http://news.mantaraham.ir/search.php?detail/065008036069" "Mozilla/5.0 AppleWebKit/537.36 (KHTML, like Gecko; compatible; GPTBot/1.3; +https://openai.com/gptbot)"
74.7.227.12 - - [23/Mar/2026:17:09:12 +0330] "GET /search.php?detail/04303556664897 HTTP/1.1" 200 43938 "http://news.mantaraham.ir/search.php?detail/043029174361" "Mozilla/5.0 AppleWebKit/537.36 (KHTML, like Gecko; compatible; GPTBot/1.3; +https://openai.com/gptbot)"
74.7.227.12 - - [23/Mar/2026:17:09:13 +0330] "GET /search.php?detail/0430129900212 HTTP/1.1" 200 44547 "http://news.mantaraham.ir/search.php?detail/043011259130" "Mozilla/5.0 AppleWebKit/537.36 (KHTML, like Gecko; compatible; GPTBot/1.3; +https://openai.com/gptbot)"
74.7.227.12 - - [23/Mar/2026:17:09:15 +0330] "GET /search.php?detail/095029920162 HTTP/1.1" 200 43995 "http://news.mantaraham.ir/search.php?detail/09503275850154" "Mozilla/5.0 AppleWebKit/537.36 (KHTML, like Gecko; compatible; GPTBot/1.3; +https://openai.com/gptbot)"
74.7.227.12 - - [23/Mar/2026:17:09:16 +0330] "GET /search.php?detail/095008084390 HTTP/1.1" 200 44135 "http://news.mantaraham.ir/search.php?detail/0950299289988" "Mozilla/5.0 AppleWebKit/537.36 (KHTML, like Gecko; compatible; GPTBot/1.3; +https://openai.com/gptbot)"
74.7.227.12 - - [23/Mar/2026:17:09:18 +0330] "GET /search.php?detail/095010596090 HTTP/1.1" 200 44237 "http://news.mantaraham.ir/search.php?detail/0950299289988" "Mozilla/5.0 AppleWebKit/537.36 (KHTML, like Gecko; compatible; GPTBot/1.3; +https://openai.com/gptbot)"
74.7.227.12 - - [23/Mar/2026:17:09:19 +0330] "GET /search.php?detail/09502981984453 HTTP/1.1" 200 43828 "http://news.mantaraham.ir/search.php?detail/095029923300" "Mozilla/5.0 AppleWebKit/537.36 (KHTML, like Gecko; compatible; GPTBot/1.3; +https://openai.com/gptbot)"
74.7.227.12 - - [23/Mar/2026:17:09:21 +0330] "GET /search.php?detail/0650009973760 HTTP/1.1" 200 44426 "http://news.mantaraham.ir/search.php?detail/065012655531" "Mozilla/5.0 AppleWebKit/537.36 (KHTML, like Gecko; compatible; GPTBot/1.3; +https://openai.com/gptbot)"
74.7.227.12 - - [23/Mar/2026:17:09:23 +0330] "GET /search.php?detail/0650011413150 HTTP/1.1" 200 43828 "http://news.mantaraham.ir/search.php?detail/065012655531" "Mozilla/5.0 AppleWebKit/537.36 (KHTML, like Gecko; compatible; GPTBot/1.3; +https://openai.com/gptbot)"
74.7.227.12 - - [23/Mar/2026:17:09:24 +0330] "GET /search.php?detail/065005275252 HTTP/1.1" 200 43560 "http://news.mantaraham.ir/search.php?detail/0650260838609" "Mozilla/5.0 AppleWebKit/537.36 (KHTML, like Gecko; compatible; GPTBot/1.3; +https://openai.com/gptbot)"
74.7.227.12 - - [23/Mar/2026:17:09:26 +0330] "GET /search.php?detail/095029902269 HTTP/1.1" 200 43645 "http://news.mantaraham.ir/search.php?detail/0950299076993" "Mozilla/5.0 AppleWebKit/537.36 (KHTML, like Gecko; compatible; GPTBot/1.3; +https://openai.com/gptbot)"
74.7.227.12 - - [23/Mar/2026:17:09:27 +0330] "GET /search.php?detail/0650080308069 HTTP/1.1" 200 44204 "http://news.mantaraham.ir/search.php?detail/0650260820065" "Mozilla/5.0 AppleWebKit/537.36 (KHTML, like Gecko; compatible; GPTBot/1.3; +https://openai.com/gptbot)"
74.7.227.12 - - [23/Mar/2026:17:09:29 +0330] "GET /search.php?detail/065008044208 HTTP/1.1" 200 43714 "http://news.mantaraham.ir/search.php?detail/0650260820065" "Mozilla/5.0 AppleWebKit/537.36 (KHTML, like Gecko; compatible; GPTBot/1.3; +https://openai.com/gptbot)"
74.7.227.12 - - [23/Mar/2026:17:09:31 +0330] "GET /search.php?detail/0650080501306 HTTP/1.1" 200 43948 "http://news.mantaraham.ir/search.php?detail/0650260838609" "Mozilla/5.0 AppleWebKit/537.36 (KHTML, like Gecko; compatible; GPTBot/1.3; +https://openai.com/gptbot)"
74.7.227.12 - - [23/Mar/2026:17:09:33 +0330] "GET /search.php?detail/095008067999 HTTP/1.1" 200 43579 "http://news.mantaraham.ir/search.php?detail/095029920162" "Mozilla/5.0 AppleWebKit/537.36 (KHTML, like Gecko; compatible; GPTBot/1.3; +https://openai.com/gptbot)"
74.7.227.12 - - [23/Mar/2026:17:09:35 +0330] "GET /search.php?detail/095000652756 HTTP/1.1" 200 43844 "http://news.mantaraham.ir/search.php?detail/095029920162" "Mozilla/5.0 AppleWebKit/537.36 (KHTML, like Gecko; compatible; GPTBot/1.3; +https://openai.com/gptbot)"
74.7.227.12 - - [23/Mar/2026:17:09:36 +0330] "GET /search.php?detail/095000640744 HTTP/1.1" 200 44199 "http://news.mantaraham.ir/search.php?detail/095010596090" "Mozilla/5.0 AppleWebKit/537.36 (KHTML, like Gecko; compatible; GPTBot/1.3; +https://openai.com/gptbot)"
74.7.227.12 - - [23/Mar/2026:17:09:37 +0330] "GET /search.php?jp/095008068.html HTTP/1.1" 200 43841 "http://news.mantaraham.ir/search.php?detail/09502981984453" "Mozilla/5.0 AppleWebKit/537.36 (KHTML, like Gecko; compatible; GPTBot/1.3; +https://openai.com/gptbot)"
74.7.227.12 - - [23/Mar/2026:17:09:39 +0330] "GET /search.php?detail/065031257129 HTTP/1.1" 200 44238 "http://news.mantaraham.ir/search.php?detail/0650009973760" "Mozilla/5.0 AppleWebKit/537.36 (KHTML, like Gecko; compatible; GPTBot/1.3; +https://openai.com/gptbot)"
74.7.227.12 - - [23/Mar/2026:17:09:41 +0330] "GET /search.php?detail/095008086667 HTTP/1.1" 200 44562 "http://news.mantaraham.ir/search.php?detail/09502981984453" "Mozilla/5.0 AppleWebKit/537.36 (KHTML, like Gecko; compatible; GPTBot/1.3; +https://openai.com/gptbot)"
74.7.227.12 - - [23/Mar/2026:17:09:42 +0330] "GET /search.php?detail/065028776453 HTTP/1.1" 200 44381 "http://news.mantaraham.ir/search.php?detail/0650009973760" "Mozilla/5.0 AppleWebKit/537.36 (KHTML, like Gecko; compatible; GPTBot/1.3; +https://openai.com/gptbot)"
