74.7.227.12 - - [23/Mar/2026:16:04:48 +0330] "GET /search.php?detail/09401493329874 HTTP/1.1" 200 44151 "http://news.mantaraham.ir/search.php?goods/094020407" "Mozilla/5.0 AppleWebKit/537.36 (KHTML, like Gecko; compatible; GPTBot/1.3; +https://openai.com/gptbot)"
142.93.208.146 - - [23/Mar/2026:16:04:47 +0330] "POST /wp-admin/css/colors/coffee/wp-login.php HTTP/1.1" 200 4535 "binance.com" "Mozilla/5.0 (Windows NT 10.0; Win64; x64) AppleWebKit/537.36 (KHTML, like Gecko) Chrome/90.0.4430.85 Safari/537.36"
74.7.227.12 - - [23/Mar/2026:16:04:50 +0330] "GET /search.php?detail/09401548860245 HTTP/1.1" 200 44016 "http://news.mantaraham.ir/search.php?detail/094043740197" "Mozilla/5.0 AppleWebKit/537.36 (KHTML, like Gecko; compatible; GPTBot/1.3; +https://openai.com/gptbot)"
74.7.227.12 - - [23/Mar/2026:16:04:51 +0330] "GET /search.php?detail/09404849267507 HTTP/1.1" 200 44223 "http://news.mantaraham.ir/search.php?detail/094032426580" "Mozilla/5.0 AppleWebKit/537.36 (KHTML, like Gecko; compatible; GPTBot/1.3; +https://openai.com/gptbot)"
74.7.227.12 - - [23/Mar/2026:16:04:53 +0330] "GET /search.php?detail/09402447151053 HTTP/1.1" 200 44660 "http://news.mantaraham.ir/search.php?detail/0940120002918" "Mozilla/5.0 AppleWebKit/537.36 (KHTML, like Gecko; compatible; GPTBot/1.3; +https://openai.com/gptbot)"
74.7.227.12 - - [23/Mar/2026:16:04:54 +0330] "GET /search.php?detail/09400020908951 HTTP/1.1" 200 44652 "http://news.mantaraham.ir/search.php?detail/09401550243052" "Mozilla/5.0 AppleWebKit/537.36 (KHTML, like Gecko; compatible; GPTBot/1.3; +https://openai.com/gptbot)"
74.7.227.12 - - [23/Mar/2026:16:04:56 +0330] "GET /search.php?detail/09404394768886 HTTP/1.1" 200 43650 "http://news.mantaraham.ir/search.php?detail/094015478943" "Mozilla/5.0 AppleWebKit/537.36 (KHTML, like Gecko; compatible; GPTBot/1.3; +https://openai.com/gptbot)"
74.7.227.12 - - [23/Mar/2026:16:04:57 +0330] "GET /search.php?detail/094023838346 HTTP/1.1" 200 43883 "http://news.mantaraham.ir/search.php?detail/094023338843" "Mozilla/5.0 AppleWebKit/537.36 (KHTML, like Gecko; compatible; GPTBot/1.3; +https://openai.com/gptbot)"
74.7.227.12 - - [23/Mar/2026:16:04:59 +0330] "GET /search.php?detail/0410002935705 HTTP/1.1" 200 43174 "http://news.mantaraham.ir/search.php?detail/041000287418" "Mozilla/5.0 AppleWebKit/537.36 (KHTML, like Gecko; compatible; GPTBot/1.3; +https://openai.com/gptbot)"
74.7.227.12 - - [23/Mar/2026:16:05:00 +0330] "GET /search.php?detail/0940244731709 HTTP/1.1" 200 44551 "http://news.mantaraham.ir/search.php?detail/0940120002918" "Mozilla/5.0 AppleWebKit/537.36 (KHTML, like Gecko; compatible; GPTBot/1.3; +https://openai.com/gptbot)"
74.7.227.12 - - [23/Mar/2026:16:05:02 +0330] "GET /search.php?detail/09402333745380 HTTP/1.1" 200 44103 "http://news.mantaraham.ir/search.php?detail/09401200218196" "Mozilla/5.0 AppleWebKit/537.36 (KHTML, like Gecko; compatible; GPTBot/1.3; +https://openai.com/gptbot)"
74.7.227.12 - - [23/Mar/2026:16:05:04 +0330] "GET /search.php?detail/09402333526073 HTTP/1.1" 200 44057 "http://news.mantaraham.ir/search.php?detail/0940308254361" "Mozilla/5.0 AppleWebKit/537.36 (KHTML, like Gecko; compatible; GPTBot/1.3; +https://openai.com/gptbot)"
74.7.227.12 - - [23/Mar/2026:16:05:05 +0330] "GET /search.php?detail/04100029431589 HTTP/1.1" 200 42683 "http://news.mantaraham.ir/search.php?detail/041000287418" "Mozilla/5.0 AppleWebKit/537.36 (KHTML, like Gecko; compatible; GPTBot/1.3; +https://openai.com/gptbot)"
74.7.227.12 - - [23/Mar/2026:16:05:07 +0330] "GET /search.php?detail/09404394283689 HTTP/1.1" 200 44125 "http://news.mantaraham.ir/search.php?detail/0940439522863" "Mozilla/5.0 AppleWebKit/537.36 (KHTML, like Gecko; compatible; GPTBot/1.3; +https://openai.com/gptbot)"
74.7.227.12 - - [23/Mar/2026:16:05:09 +0330] "GET /search.php?detail/09401464920188 HTTP/1.1" 200 43584 "http://news.mantaraham.ir/search.php?detail/0940486519813" "Mozilla/5.0 AppleWebKit/537.36 (KHTML, like Gecko; compatible; GPTBot/1.3; +https://openai.com/gptbot)"
74.7.227.12 - - [23/Mar/2026:16:05:10 +0330] "GET /search.php?detail/09404396962361 HTTP/1.1" 200 43889 "http://news.mantaraham.ir/search.php?detail/094015478943" "Mozilla/5.0 AppleWebKit/537.36 (KHTML, like Gecko; compatible; GPTBot/1.3; +https://openai.com/gptbot)"
74.7.227.12 - - [23/Mar/2026:16:05:12 +0330] "GET /search.php?detail/0940289575285 HTTP/1.1" 200 43726 "http://news.mantaraham.ir/search.php?detail/09401549036274" "Mozilla/5.0 AppleWebKit/537.36 (KHTML, like Gecko; compatible; GPTBot/1.3; +https://openai.com/gptbot)"
74.7.227.12 - - [23/Mar/2026:16:05:13 +0330] "GET /search.php?detail/0940456391630 HTTP/1.1" 200 43856 "http://news.mantaraham.ir/search.php?detail/094020410102" "Mozilla/5.0 AppleWebKit/537.36 (KHTML, like Gecko; compatible; GPTBot/1.3; +https://openai.com/gptbot)"
74.7.227.12 - - [23/Mar/2026:16:05:15 +0330] "GET /search.php?detail/094023839813 HTTP/1.1" 200 43697 "http://news.mantaraham.ir/search.php?detail/094015491534" "Mozilla/5.0 AppleWebKit/537.36 (KHTML, like Gecko; compatible; GPTBot/1.3; +https://openai.com/gptbot)"
74.7.227.12 - - [23/Mar/2026:16:05:16 +0330] "GET /search.php?detail/094014760798 HTTP/1.1" 200 44157 "http://news.mantaraham.ir/search.php?detail/094023336823" "Mozilla/5.0 AppleWebKit/537.36 (KHTML, like Gecko; compatible; GPTBot/1.3; +https://openai.com/gptbot)"
74.7.227.12 - - [23/Mar/2026:16:05:18 +0330] "GET /search.php?detail/094015484393 HTTP/1.1" 200 43858 "http://news.mantaraham.ir/search.php?detail/094041160600" "Mozilla/5.0 AppleWebKit/537.36 (KHTML, like Gecko; compatible; GPTBot/1.3; +https://openai.com/gptbot)"
74.7.227.12 - - [23/Mar/2026:16:05:20 +0330] "GET /search.php?detail/094041159379 HTTP/1.1" 200 43978 "http://news.mantaraham.ir/search.php?jp/094029460.html" "Mozilla/5.0 AppleWebKit/537.36 (KHTML, like Gecko; compatible; GPTBot/1.3; +https://openai.com/gptbot)"
74.7.227.12 - - [23/Mar/2026:16:05:21 +0330] "GET /search.php?detail/094048412277 HTTP/1.1" 200 44353 "http://news.mantaraham.ir/search.php?detail/094020410102" "Mozilla/5.0 AppleWebKit/537.36 (KHTML, like Gecko; compatible; GPTBot/1.3; +https://openai.com/gptbot)"
74.7.227.12 - - [23/Mar/2026:16:05:23 +0330] "GET /search.php?detail/09401549287040 HTTP/1.1" 200 43956 "http://news.mantaraham.ir/search.php?jp/094023839.html" "Mozilla/5.0 AppleWebKit/537.36 (KHTML, like Gecko; compatible; GPTBot/1.3; +https://openai.com/gptbot)"
74.7.227.12 - - [23/Mar/2026:16:05:24 +0330] "GET /search.php?detail/094002067781 HTTP/1.1" 200 43779 "http://news.mantaraham.ir/search.php?detail/094030511704" "Mozilla/5.0 AppleWebKit/537.36 (KHTML, like Gecko; compatible; GPTBot/1.3; +https://openai.com/gptbot)"
74.7.227.12 - - [23/Mar/2026:16:05:26 +0330] "GET /search.php?detail/094002185106 HTTP/1.1" 200 43962 "http://news.mantaraham.ir/search.php?detail/094029273060" "Mozilla/5.0 AppleWebKit/537.36 (KHTML, like Gecko; compatible; GPTBot/1.3; +https://openai.com/gptbot)"
74.7.227.12 - - [23/Mar/2026:16:05:28 +0330] "GET /search.php?detail/094030851705 HTTP/1.1" 200 44748 "http://news.mantaraham.ir/search.php?detail/094014766182" "Mozilla/5.0 AppleWebKit/537.36 (KHTML, like Gecko; compatible; GPTBot/1.3; +https://openai.com/gptbot)"
74.7.227.12 - - [23/Mar/2026:16:05:29 +0330] "GET /search.php?detail/09400020670507 HTTP/1.1" 200 44676 "http://news.mantaraham.ir/search.php?detail/0940289575285" "Mozilla/5.0 AppleWebKit/537.36 (KHTML, like Gecko; compatible; GPTBot/1.3; +https://openai.com/gptbot)"
74.7.227.12 - - [23/Mar/2026:16:05:30 +0330] "GET /search.php?detail/0940002051051 HTTP/1.1" 200 44797 "http://news.mantaraham.ir/search.php?detail/0940289575285" "Mozilla/5.0 AppleWebKit/537.36 (KHTML, like Gecko; compatible; GPTBot/1.3; +https://openai.com/gptbot)"
74.7.227.12 - - [23/Mar/2026:16:05:32 +0330] "GET /search.php?detail/094041157922 HTTP/1.1" 200 43847 "http://news.mantaraham.ir/search.php?detail/094015478943" "Mozilla/5.0 AppleWebKit/537.36 (KHTML, like Gecko; compatible; GPTBot/1.3; +https://openai.com/gptbot)"
74.7.227.12 - - [23/Mar/2026:16:05:34 +0330] "GET /search.php?detail/0940008040019 HTTP/1.1" 200 43846 "http://news.mantaraham.ir/search.php?detail/094029273060" "Mozilla/5.0 AppleWebKit/537.36 (KHTML, like Gecko; compatible; GPTBot/1.3; +https://openai.com/gptbot)"
74.7.227.12 - - [23/Mar/2026:16:05:35 +0330] "GET /search.php?detail/0940119999309 HTTP/1.1" 200 43831 "http://news.mantaraham.ir/search.php?detail/0940154763761" "Mozilla/5.0 AppleWebKit/537.36 (KHTML, like Gecko; compatible; GPTBot/1.3; +https://openai.com/gptbot)"
74.7.227.12 - - [23/Mar/2026:16:05:37 +0330] "GET /search.php?detail/0940147610571 HTTP/1.1" 200 43884 "http://news.mantaraham.ir/search.php?detail/0940154763761" "Mozilla/5.0 AppleWebKit/537.36 (KHTML, like Gecko; compatible; GPTBot/1.3; +https://openai.com/gptbot)"
74.7.227.12 - - [23/Mar/2026:16:05:38 +0330] "GET /search.php?detail/0940154953047 HTTP/1.1" 200 44026 "http://news.mantaraham.ir/search.php?detail/094019171745" "Mozilla/5.0 AppleWebKit/537.36 (KHTML, like Gecko; compatible; GPTBot/1.3; +https://openai.com/gptbot)"
74.7.227.12 - - [23/Mar/2026:16:05:40 +0330] "GET /search.php?detail/09404849090179 HTTP/1.1" 200 43915 "http://news.mantaraham.ir/search.php?detail/09401549287040" "Mozilla/5.0 AppleWebKit/537.36 (KHTML, like Gecko; compatible; GPTBot/1.3; +https://openai.com/gptbot)"
74.7.227.12 - - [23/Mar/2026:16:05:42 +0330] "GET /search.php?detail/0940154861108 HTTP/1.1" 200 44118 "http://news.mantaraham.ir/search.php?detail/0940244724957" "Mozilla/5.0 AppleWebKit/537.36 (KHTML, like Gecko; compatible; GPTBot/1.3; +https://openai.com/gptbot)"
74.7.227.12 - - [23/Mar/2026:16:05:43 +0330] "GET /search.php?detail/0940335997637 HTTP/1.1" 200 44597 "http://news.mantaraham.ir/search.php?detail/094020408255" "Mozilla/5.0 AppleWebKit/537.36 (KHTML, like Gecko; compatible; GPTBot/1.3; +https://openai.com/gptbot)"
74.7.227.12 - - [23/Mar/2026:16:05:45 +0330] "GET /search.php?detail/09401199854834 HTTP/1.1" 200 43825 "http://news.mantaraham.ir/search.php?detail/0940154763761" "Mozilla/5.0 AppleWebKit/537.36 (KHTML, like Gecko; compatible; GPTBot/1.3; +https://openai.com/gptbot)"
74.7.227.12 - - [23/Mar/2026:16:05:46 +0330] "GET /search.php?detail/09404373911541 HTTP/1.1" 200 43791 "http://news.mantaraham.ir/search.php?detail/094015478943" "Mozilla/5.0 AppleWebKit/537.36 (KHTML, like Gecko; compatible; GPTBot/1.3; +https://openai.com/gptbot)"
74.7.227.12 - - [23/Mar/2026:16:05:48 +0330] "GET /search.php?detail/09403441889593 HTTP/1.1" 200 43920 "http://news.mantaraham.ir/search.php?detail/0940210005903" "Mozilla/5.0 AppleWebKit/537.36 (KHTML, like Gecko; compatible; GPTBot/1.3; +https://openai.com/gptbot)"
74.7.227.12 - - [23/Mar/2026:16:05:49 +0330] "GET /search.php?detail/0940439538451 HTTP/1.1" 200 43999 "http://news.mantaraham.ir/search.php?detail/094015478943" "Mozilla/5.0 AppleWebKit/537.36 (KHTML, like Gecko; compatible; GPTBot/1.3; +https://openai.com/gptbot)"
74.7.227.12 - - [23/Mar/2026:16:05:51 +0330] "GET /search.php?detail/0940154798644 HTTP/1.1" 200 43757 "http://news.mantaraham.ir/search.php?detail/09401547721789" "Mozilla/5.0 AppleWebKit/537.36 (KHTML, like Gecko; compatible; GPTBot/1.3; +https://openai.com/gptbot)"
74.7.227.12 - - [23/Mar/2026:16:05:53 +0330] "GET /search.php?detail/0940411565177 HTTP/1.1" 200 43811 "http://news.mantaraham.ir/search.php?detail/094015478943" "Mozilla/5.0 AppleWebKit/537.36 (KHTML, like Gecko; compatible; GPTBot/1.3; +https://openai.com/gptbot)"
74.7.227.12 - - [23/Mar/2026:16:05:54 +0330] "GET /search.php?detail/0940154822521 HTTP/1.1" 200 44119 "http://news.mantaraham.ir/search.php?detail/094041160600" "Mozilla/5.0 AppleWebKit/537.36 (KHTML, like Gecko; compatible; GPTBot/1.3; +https://openai.com/gptbot)"
74.7.227.12 - - [23/Mar/2026:16:05:55 +0330] "GET /search.php?detail/0940324251431 HTTP/1.1" 200 45019 "http://news.mantaraham.ir/search.php?detail/094021586425" "Mozilla/5.0 AppleWebKit/537.36 (KHTML, like Gecko; compatible; GPTBot/1.3; +https://openai.com/gptbot)"
74.7.227.12 - - [23/Mar/2026:16:05:57 +0330] "GET /search.php?detail/0940154746984 HTTP/1.1" 200 44128 "http://news.mantaraham.ir/search.php?goods/094020407" "Mozilla/5.0 AppleWebKit/537.36 (KHTML, like Gecko; compatible; GPTBot/1.3; +https://openai.com/gptbot)"
74.7.227.12 - - [23/Mar/2026:16:05:58 +0330] "GET /search.php?detail/0940026519074 HTTP/1.1" 200 43516 "http://news.mantaraham.ir/search.php?detail/094020411090" "Mozilla/5.0 AppleWebKit/537.36 (KHTML, like Gecko; compatible; GPTBot/1.3; +https://openai.com/gptbot)"
74.7.227.12 - - [23/Mar/2026:16:06:00 +0330] "GET /search.php?detail/09400218474934 HTTP/1.1" 200 44135 "http://news.mantaraham.ir/search.php?goods/094003099" "Mozilla/5.0 AppleWebKit/537.36 (KHTML, like Gecko; compatible; GPTBot/1.3; +https://openai.com/gptbot)"
74.7.227.12 - - [23/Mar/2026:16:06:01 +0330] "GET /search.php?detail/09404374289845 HTTP/1.1" 200 43973 "http://news.mantaraham.ir/search.php?detail/0940209997697" "Mozilla/5.0 AppleWebKit/537.36 (KHTML, like Gecko; compatible; GPTBot/1.3; +https://openai.com/gptbot)"
74.7.227.12 - - [23/Mar/2026:16:06:03 +0330] "GET /search.php?detail/09402156570590 HTTP/1.1" 200 44220 "http://news.mantaraham.ir/search.php?detail/094023338843" "Mozilla/5.0 AppleWebKit/537.36 (KHTML, like Gecko; compatible; GPTBot/1.3; +https://openai.com/gptbot)"
74.7.227.12 - - [23/Mar/2026:16:06:04 +0330] "GET /search.php?detail/09401360089324 HTTP/1.1" 200 44007 "http://news.mantaraham.ir/search.php?goods/094003099" "Mozilla/5.0 AppleWebKit/537.36 (KHTML, like Gecko; compatible; GPTBot/1.3; +https://openai.com/gptbot)"
74.7.227.12 - - [23/Mar/2026:16:06:05 +0330] "GET /search.php?detail/09400218370192 HTTP/1.1" 200 44053 "http://news.mantaraham.ir/search.php?detail/094020411090" "Mozilla/5.0 AppleWebKit/537.36 (KHTML, like Gecko; compatible; GPTBot/1.3; +https://openai.com/gptbot)"
74.7.227.12 - - [23/Mar/2026:16:06:07 +0330] "GET /search.php?l=117&product/A6?r=search HTTP/1.1" 200 44567 "http://news.mantaraham.ir/search.php?l=676&product/S76?c=search" "Mozilla/5.0 AppleWebKit/537.36 (KHTML, like Gecko; compatible; GPTBot/1.3; +https://openai.com/gptbot)"
74.7.227.12 - - [23/Mar/2026:16:06:09 +0330] "GET /search.php?l=18765&product/R270?w=search HTTP/1.1" 200 44467 "http://news.mantaraham.ir/search.php?category/20_21/51" "Mozilla/5.0 AppleWebKit/537.36 (KHTML, like Gecko; compatible; GPTBot/1.3; +https://openai.com/gptbot)"
74.7.227.12 - - [23/Mar/2026:16:06:10 +0330] "GET /search.php?l=112&product/R6?u=search HTTP/1.1" 200 43682 "http://news.mantaraham.ir/search.php?l=676&product/S76?c=search" "Mozilla/5.0 AppleWebKit/537.36 (KHTML, like Gecko; compatible; GPTBot/1.3; +https://openai.com/gptbot)"
142.93.208.146 - - [23/Mar/2026:16:06:11 +0330] "GET /wp-admin/css/colors/coffee/wZUPBpzBn.php HTTP/1.1" 403 787 "binance.com" "Mozilla/5.0 (Windows NT 10.0; Win64; x64) AppleWebKit/537.36 (KHTML, like Gecko) Chrome/90.0.4430.85 Safari/537.36"
74.7.227.12 - - [23/Mar/2026:16:06:12 +0330] "GET /search.php?l=119&product/C6?u=search HTTP/1.1" 200 45295 "http://news.mantaraham.ir/search.php?l=676&product/S76?c=search" "Mozilla/5.0 AppleWebKit/537.36 (KHTML, like Gecko; compatible; GPTBot/1.3; +https://openai.com/gptbot)"
74.7.227.12 - - [23/Mar/2026:16:06:13 +0330] "GET /search.php?l=38865&product/C274?u=search HTTP/1.1" 200 44027 "http://news.mantaraham.ir/search.php?category/20_21/51" "Mozilla/5.0 AppleWebKit/537.36 (KHTML, like Gecko; compatible; GPTBot/1.3; +https://openai.com/gptbot)"
74.7.227.12 - - [23/Mar/2026:16:06:15 +0330] "GET /search.php?l=18768&product/P270?w=search HTTP/1.1" 200 43072 "http://news.mantaraham.ir/search.php?category/20_21/51" "Mozilla/5.0 AppleWebKit/537.36 (KHTML, like Gecko; compatible; GPTBot/1.3; +https://openai.com/gptbot)"
142.93.208.146 - - [23/Mar/2026:16:06:16 +0330] "GET /wp-admin/css/colors/ectoplasm/ HTTP/1.1" 200 1525 "binance.com" "Mozilla/5.0 (Windows NT 10.0; Win64; x64) AppleWebKit/537.36 (KHTML, like Gecko) Chrome/90.0.4430.85 Safari/537.36"
74.7.227.12 - - [23/Mar/2026:16:06:17 +0330] "GET /search.php?l=18767&product/I270?p=search HTTP/1.1" 200 43796 "http://news.mantaraham.ir/search.php?category/20_21/51" "Mozilla/5.0 AppleWebKit/537.36 (KHTML, like Gecko; compatible; GPTBot/1.3; +https://openai.com/gptbot)"
74.7.227.12 - - [23/Mar/2026:16:06:18 +0330] "GET /search.php?l=39008&product/Q272?u=search HTTP/1.1" 200 42902 "http://news.mantaraham.ir/search.php?category/20_21/51" "Mozilla/5.0 AppleWebKit/537.36 (KHTML, like Gecko; compatible; GPTBot/1.3; +https://openai.com/gptbot)"
74.7.227.12 - - [23/Mar/2026:16:06:20 +0330] "GET /search.php?l=18764&product/U270?r=search HTTP/1.1" 200 41822 "http://news.mantaraham.ir/search.php?category/20_21/51" "Mozilla/5.0 AppleWebKit/537.36 (KHTML, like Gecko; compatible; GPTBot/1.3; +https://openai.com/gptbot)"
74.7.227.12 - - [23/Mar/2026:16:06:21 +0330] "GET /search.php?l=33485&product/K273?d=search HTTP/1.1" 200 44132 "http://news.mantaraham.ir/search.php?category/20_21/51" "Mozilla/5.0 AppleWebKit/537.36 (KHTML, like Gecko; compatible; GPTBot/1.3; +https://openai.com/gptbot)"
74.7.227.12 - - [23/Mar/2026:16:06:23 +0330] "GET /search.php?l=15326&product/H274?d=search HTTP/1.1" 200 44637 "http://news.mantaraham.ir/search.php?category/20_21/51" "Mozilla/5.0 AppleWebKit/537.36 (KHTML, like Gecko; compatible; GPTBot/1.3; +https://openai.com/gptbot)"
74.7.227.12 - - [23/Mar/2026:16:06:24 +0330] "GET /search.php?l=39637&product/X60?b=search HTTP/1.1" 200 45045 "http://news.mantaraham.ir/search.php?l=117&product/A6?r=search" "Mozilla/5.0 AppleWebKit/537.36 (KHTML, like Gecko; compatible; GPTBot/1.3; +https://openai.com/gptbot)"
142.93.208.146 - - [23/Mar/2026:16:06:27 +0330] "GET /wp-admin/css/colors/ectoplasm/ HTTP/1.1" 200 1525 "binance.com" "Mozilla/5.0 (Windows NT 10.0; Win64; x64) AppleWebKit/537.36 (KHTML, like Gecko) Chrome/90.0.4430.85 Safari/537.36"
74.7.227.12 - - [23/Mar/2026:16:06:26 +0330] "GET /search.php?detail/0150120026373 HTTP/1.1" 200 43917 "http://news.mantaraham.ir/search.php?l=18765&product/R270?w=search" "Mozilla/5.0 AppleWebKit/537.36 (KHTML, like Gecko; compatible; GPTBot/1.3; +https://openai.com/gptbot)"
74.7.227.12 - - [23/Mar/2026:16:06:28 +0330] "GET /search.php?detail/0680254643026 HTTP/1.1" 200 45095 "http://news.mantaraham.ir/search.php?l=112&product/R6?u=search" "Mozilla/5.0 AppleWebKit/537.36 (KHTML, like Gecko; compatible; GPTBot/1.3; +https://openai.com/gptbot)"
74.7.227.12 - - [23/Mar/2026:16:06:30 +0330] "GET /search.php?detail/065007832031 HTTP/1.1" 200 44700 "http://news.mantaraham.ir/search.php?l=119&product/C6?u=search" "Mozilla/5.0 AppleWebKit/537.36 (KHTML, like Gecko; compatible; GPTBot/1.3; +https://openai.com/gptbot)"
74.7.227.12 - - [23/Mar/2026:16:06:31 +0330] "GET /search.php?detail/0330005589785 HTTP/1.1" 200 44233 "http://news.mantaraham.ir/search.php?l=38865&product/C274?u=search" "Mozilla/5.0 AppleWebKit/537.36 (KHTML, like Gecko; compatible; GPTBot/1.3; +https://openai.com/gptbot)"
74.7.227.12 - - [23/Mar/2026:16:06:33 +0330] "GET /search.php?detail/033010187665 HTTP/1.1" 200 43885 "http://news.mantaraham.ir/search.php?l=38865&product/C274?u=search" "Mozilla/5.0 AppleWebKit/537.36 (KHTML, like Gecko; compatible; GPTBot/1.3; +https://openai.com/gptbot)"
74.7.227.12 - - [23/Mar/2026:16:06:34 +0330] "GET /search.php?l=553&product/D33?p=search HTTP/1.1" 200 44350 "http://news.mantaraham.ir/search.php?l=38865&product/C274?u=search" "Mozilla/5.0 AppleWebKit/537.36 (KHTML, like Gecko; compatible; GPTBot/1.3; +https://openai.com/gptbot)"
74.7.227.12 - - [23/Mar/2026:16:06:36 +0330] "GET /search.php?detail/02500040151820 HTTP/1.1" 200 42659 "http://news.mantaraham.ir/search.php?l=39008&product/Q272?u=search" "Mozilla/5.0 AppleWebKit/537.36 (KHTML, like Gecko; compatible; GPTBot/1.3; +https://openai.com/gptbot)"
142.93.208.146 - - [23/Mar/2026:16:06:35 +0330] "GET /wp-admin/css/colors/ectoplasm/about.php HTTP/1.1" 200 4555 "binance.com" "Mozilla/5.0 (Windows NT 10.0; Win64; x64) AppleWebKit/537.36 (KHTML, like Gecko) Chrome/90.0.4430.85 Safari/537.36"
74.7.227.12 - - [23/Mar/2026:16:06:37 +0330] "GET /search.php?detail/0460003317511 HTTP/1.1" 200 41786 "http://news.mantaraham.ir/search.php?l=18764&product/U270?r=search" "Mozilla/5.0 AppleWebKit/537.36 (KHTML, like Gecko; compatible; GPTBot/1.3; +https://openai.com/gptbot)"
74.7.227.12 - - [23/Mar/2026:16:06:39 +0330] "GET /search.php?l=555&product/C33?p=search HTTP/1.1" 200 44256 "http://news.mantaraham.ir/search.php?l=38865&product/C274?u=search" "Mozilla/5.0 AppleWebKit/537.36 (KHTML, like Gecko; compatible; GPTBot/1.3; +https://openai.com/gptbot)"
74.7.227.12 - - [23/Mar/2026:16:06:41 +0330] "GET /search.php?l=18763&product/S270?u=search HTTP/1.1" 200 43159 "http://news.mantaraham.ir/search.php?category/20_21/51" "Mozilla/5.0 AppleWebKit/537.36 (KHTML, like Gecko; compatible; GPTBot/1.3; +https://openai.com/gptbot)"
74.7.227.12 - - [23/Mar/2026:16:06:42 +0330] "GET /search.php?detail/08401237221029 HTTP/1.1" 200 43857 "http://news.mantaraham.ir/search.php?l=39637&product/X60?b=search" "Mozilla/5.0 AppleWebKit/537.36 (KHTML, like Gecko; compatible; GPTBot/1.3; +https://openai.com/gptbot)"
74.7.227.12 - - [23/Mar/2026:16:06:43 +0330] "GET /search.php?detail/015013577629 HTTP/1.1" 200 44247 "http://news.mantaraham.ir/search.php?detail/0150120026373" "Mozilla/5.0 AppleWebKit/537.36 (KHTML, like Gecko; compatible; GPTBot/1.3; +https://openai.com/gptbot)"
74.7.227.12 - - [23/Mar/2026:16:06:45 +0330] "GET /search.php?detail/01501200044492 HTTP/1.1" 200 43608 "http://news.mantaraham.ir/search.php?detail/0150120026373" "Mozilla/5.0 AppleWebKit/537.36 (KHTML, like Gecko; compatible; GPTBot/1.3; +https://openai.com/gptbot)"
74.7.227.12 - - [23/Mar/2026:16:06:47 +0330] "GET /search.php?detail/06501697034038 HTTP/1.1" 200 45358 "http://news.mantaraham.ir/search.php?detail/065007832031" "Mozilla/5.0 AppleWebKit/537.36 (KHTML, like Gecko; compatible; GPTBot/1.3; +https://openai.com/gptbot)"
74.7.227.12 - - [23/Mar/2026:16:06:48 +0330] "GET /search.php?detail/033000552376 HTTP/1.1" 200 44421 "http://news.mantaraham.ir/search.php?detail/0330005589785" "Mozilla/5.0 AppleWebKit/537.36 (KHTML, like Gecko; compatible; GPTBot/1.3; +https://openai.com/gptbot)"
74.7.227.12 - - [23/Mar/2026:16:06:50 +0330] "GET /search.php?detail/033000557062 HTTP/1.1" 200 44462 "http://news.mantaraham.ir/search.php?detail/033010187665" "Mozilla/5.0 AppleWebKit/537.36 (KHTML, like Gecko; compatible; GPTBot/1.3; +https://openai.com/gptbot)"
74.7.227.12 - - [23/Mar/2026:16:06:51 +0330] "GET /search.php?detail/0150119991222 HTTP/1.1" 200 44064 "http://news.mantaraham.ir/search.php?detail/0150120026373" "Mozilla/5.0 AppleWebKit/537.36 (KHTML, like Gecko; compatible; GPTBot/1.3; +https://openai.com/gptbot)"
74.7.227.12 - - [23/Mar/2026:16:06:53 +0330] "GET /search.php?goods/025000405 HTTP/1.1" 200 42819 "http://news.mantaraham.ir/search.php?detail/02500040151820" "Mozilla/5.0 AppleWebKit/537.36 (KHTML, like Gecko; compatible; GPTBot/1.3; +https://openai.com/gptbot)"
74.7.227.12 - - [23/Mar/2026:16:06:54 +0330] "GET /search.php?detail/046000333880 HTTP/1.1" 200 42721 "http://news.mantaraham.ir/search.php?detail/0460003317511" "Mozilla/5.0 AppleWebKit/537.36 (KHTML, like Gecko; compatible; GPTBot/1.3; +https://openai.com/gptbot)"
74.7.227.12 - - [23/Mar/2026:16:06:56 +0330] "GET /search.php?detail/025000408081 HTTP/1.1" 200 43046 "http://news.mantaraham.ir/search.php?detail/02500040151820" "Mozilla/5.0 AppleWebKit/537.36 (KHTML, like Gecko; compatible; GPTBot/1.3; +https://openai.com/gptbot)"
74.7.227.12 - - [23/Mar/2026:16:06:57 +0330] "GET /search.php?detail/0650169760609 HTTP/1.1" 200 44420 "http://news.mantaraham.ir/search.php?detail/065007832031" "Mozilla/5.0 AppleWebKit/537.36 (KHTML, like Gecko; compatible; GPTBot/1.3; +https://openai.com/gptbot)"
74.7.227.12 - - [23/Mar/2026:16:06:58 +0330] "GET /search.php?detail/046000330402 HTTP/1.1" 200 42181 "http://news.mantaraham.ir/search.php?detail/0460003317511" "Mozilla/5.0 AppleWebKit/537.36 (KHTML, like Gecko; compatible; GPTBot/1.3; +https://openai.com/gptbot)"
74.7.227.12 - - [23/Mar/2026:16:07:00 +0330] "GET /search.php?detail/015011995081 HTTP/1.1" 200 44040 "http://news.mantaraham.ir/search.php?detail/015013577629" "Mozilla/5.0 AppleWebKit/537.36 (KHTML, like Gecko; compatible; GPTBot/1.3; +https://openai.com/gptbot)"
74.7.227.12 - - [23/Mar/2026:16:07:02 +0330] "GET /search.php?detail/0460003364976 HTTP/1.1" 200 41989 "http://news.mantaraham.ir/search.php?detail/0460003317511" "Mozilla/5.0 AppleWebKit/537.36 (KHTML, like Gecko; compatible; GPTBot/1.3; +https://openai.com/gptbot)"
74.7.227.12 - - [23/Mar/2026:16:07:04 +0330] "GET /search.php?detail/0330005597193 HTTP/1.1" 200 44446 "http://news.mantaraham.ir/search.php?detail/0330005589785" "Mozilla/5.0 AppleWebKit/537.36 (KHTML, like Gecko; compatible; GPTBot/1.3; +https://openai.com/gptbot)"
74.7.227.12 - - [23/Mar/2026:16:07:05 +0330] "GET /search.php?detail/033000553461 HTTP/1.1" 200 44301 "http://news.mantaraham.ir/search.php?detail/033000552376" "Mozilla/5.0 AppleWebKit/537.36 (KHTML, like Gecko; compatible; GPTBot/1.3; +https://openai.com/gptbot)"
142.93.208.146 - - [23/Mar/2026:16:07:07 +0330] "GET /wp-admin/css/colors/ectoplasm/emehfowjhc.php HTTP/1.1" 200 0 "binance.com" "Mozilla/5.0 (Windows NT 10.0; Win64; x64) AppleWebKit/537.36 (KHTML, like Gecko) Chrome/90.0.4430.85 Safari/537.36"
74.7.227.12 - - [23/Mar/2026:16:07:07 +0330] "GET /search.php?detail/033000555061 HTTP/1.1" 200 43754 "http://news.mantaraham.ir/search.php?detail/033000557062" "Mozilla/5.0 AppleWebKit/537.36 (KHTML, like Gecko; compatible; GPTBot/1.3; +https://openai.com/gptbot)"
74.7.227.12 - - [23/Mar/2026:16:07:09 +0330] "GET /search.php?detail/0330145272671 HTTP/1.1" 200 43852 "http://news.mantaraham.ir/search.php?detail/033000552376" "Mozilla/5.0 AppleWebKit/537.36 (KHTML, like Gecko; compatible; GPTBot/1.3; +https://openai.com/gptbot)"
74.7.227.12 - - [23/Mar/2026:16:07:11 +0330] "GET /search.php?detail/0250425755850 HTTP/1.1" 200 43552 "http://news.mantaraham.ir/search.php?goods/025000405" "Mozilla/5.0 AppleWebKit/537.36 (KHTML, like Gecko; compatible; GPTBot/1.3; +https://openai.com/gptbot)"
74.7.227.12 - - [23/Mar/2026:16:07:12 +0330] "GET /search.php?detail/06802305941866 HTTP/1.1" 200 44070 "http://news.mantaraham.ir/search.php?detail/0680254643026" "Mozilla/5.0 AppleWebKit/537.36 (KHTML, like Gecko; compatible; GPTBot/1.3; +https://openai.com/gptbot)"
74.7.227.12 - - [23/Mar/2026:16:07:14 +0330] "GET /search.php?detail/02500040949848 HTTP/1.1" 200 42815 "http://news.mantaraham.ir/search.php?detail/025000408081" "Mozilla/5.0 AppleWebKit/537.36 (KHTML, like Gecko; compatible; GPTBot/1.3; +https://openai.com/gptbot)"
74.7.227.12 - - [23/Mar/2026:16:07:15 +0330] "GET /search.php?detail/065034174227 HTTP/1.1" 200 44196 "http://news.mantaraham.ir/search.php?detail/0650169760609" "Mozilla/5.0 AppleWebKit/537.36 (KHTML, like Gecko; compatible; GPTBot/1.3; +https://openai.com/gptbot)"
74.7.227.12 - - [23/Mar/2026:16:07:17 +0330] "GET /search.php?detail/0650341279898 HTTP/1.1" 200 44146 "http://news.mantaraham.ir/search.php?detail/0650169760609" "Mozilla/5.0 AppleWebKit/537.36 (KHTML, like Gecko; compatible; GPTBot/1.3; +https://openai.com/gptbot)"
74.7.227.12 - - [23/Mar/2026:16:07:18 +0330] "GET /search.php?detail/0250365674924 HTTP/1.1" 200 43084 "http://news.mantaraham.ir/search.php?detail/025000408081" "Mozilla/5.0 AppleWebKit/537.36 (KHTML, like Gecko; compatible; GPTBot/1.3; +https://openai.com/gptbot)"
74.7.227.12 - - [23/Mar/2026:16:07:20 +0330] "GET /search.php?detail/03301755768910 HTTP/1.1" 200 44482 "http://news.mantaraham.ir/search.php?detail/033000557062" "Mozilla/5.0 AppleWebKit/537.36 (KHTML, like Gecko; compatible; GPTBot/1.3; +https://openai.com/gptbot)"
74.7.227.12 - - [23/Mar/2026:16:07:21 +0330] "GET /search.php?detail/06501979615458 HTTP/1.1" 200 44350 "http://news.mantaraham.ir/search.php?detail/0650169760609" "Mozilla/5.0 AppleWebKit/537.36 (KHTML, like Gecko; compatible; GPTBot/1.3; +https://openai.com/gptbot)"
74.7.227.12 - - [23/Mar/2026:16:07:23 +0330] "GET /search.php?detail/03301739858441 HTTP/1.1" 200 43704 "http://news.mantaraham.ir/search.php?detail/033000557062" "Mozilla/5.0 AppleWebKit/537.36 (KHTML, like Gecko; compatible; GPTBot/1.3; +https://openai.com/gptbot)"
74.7.227.12 - - [23/Mar/2026:16:07:25 +0330] "GET /search.php?detail/015013578024 HTTP/1.1" 200 44238 "http://news.mantaraham.ir/search.php?detail/0150120026373" "Mozilla/5.0 AppleWebKit/537.36 (KHTML, like Gecko; compatible; GPTBot/1.3; +https://openai.com/gptbot)"
74.7.227.12 - - [23/Mar/2026:16:07:26 +0330] "GET /search.php?detail/03300056030875 HTTP/1.1" 200 44506 "http://news.mantaraham.ir/search.php?detail/0330145272671" "Mozilla/5.0 AppleWebKit/537.36 (KHTML, like Gecko; compatible; GPTBot/1.3; +https://openai.com/gptbot)"
74.7.227.12 - - [23/Mar/2026:16:07:28 +0330] "GET /search.php?detail/02500040630750 HTTP/1.1" 200 42749 "http://news.mantaraham.ir/search.php?detail/0250425755850" "Mozilla/5.0 AppleWebKit/537.36 (KHTML, like Gecko; compatible; GPTBot/1.3; +https://openai.com/gptbot)"
74.7.227.12 - - [23/Mar/2026:16:07:30 +0330] "GET /search.php?detail/0680054720291 HTTP/1.1" 200 44444 "http://news.mantaraham.ir/search.php?detail/06802305941866" "Mozilla/5.0 AppleWebKit/537.36 (KHTML, like Gecko; compatible; GPTBot/1.3; +https://openai.com/gptbot)"
74.7.227.12 - - [23/Mar/2026:16:07:32 +0330] "GET /search.php?detail/025000404181 HTTP/1.1" 200 42981 "http://news.mantaraham.ir/search.php?detail/02500040949848" "Mozilla/5.0 AppleWebKit/537.36 (KHTML, like Gecko; compatible; GPTBot/1.3; +https://openai.com/gptbot)"
74.7.227.12 - - [23/Mar/2026:16:07:33 +0330] "GET /search.php?detail/025008998505 HTTP/1.1" 200 42813 "http://news.mantaraham.ir/search.php?detail/02500040949848" "Mozilla/5.0 AppleWebKit/537.36 (KHTML, like Gecko; compatible; GPTBot/1.3; +https://openai.com/gptbot)"
74.7.227.12 - - [23/Mar/2026:16:07:35 +0330] "GET /search.php?detail/0650437893748 HTTP/1.1" 200 43776 "http://news.mantaraham.ir/search.php?detail/0650341279898" "Mozilla/5.0 AppleWebKit/537.36 (KHTML, like Gecko; compatible; GPTBot/1.3; +https://openai.com/gptbot)"
74.7.227.12 - - [23/Mar/2026:16:07:36 +0330] "GET /search.php?detail/065043797164 HTTP/1.1" 200 44258 "http://news.mantaraham.ir/search.php?detail/0650341279898" "Mozilla/5.0 AppleWebKit/537.36 (KHTML, like Gecko; compatible; GPTBot/1.3; +https://openai.com/gptbot)"
74.7.227.12 - - [23/Mar/2026:16:07:38 +0330] "GET /search.php?detail/065040244066 HTTP/1.1" 200 44475 "http://news.mantaraham.ir/search.php?detail/0650341279898" "Mozilla/5.0 AppleWebKit/537.36 (KHTML, like Gecko; compatible; GPTBot/1.3; +https://openai.com/gptbot)"
74.7.227.12 - - [23/Mar/2026:16:07:39 +0330] "GET /search.php?detail/0650402350335 HTTP/1.1" 200 44255 "http://news.mantaraham.ir/search.php?detail/065034174227" "Mozilla/5.0 AppleWebKit/537.36 (KHTML, like Gecko; compatible; GPTBot/1.3; +https://openai.com/gptbot)"
74.7.227.12 - - [23/Mar/2026:16:07:41 +0330] "GET /search.php?detail/06800479465185 HTTP/1.1" 200 45216 "http://news.mantaraham.ir/search.php?detail/06802305941866" "Mozilla/5.0 AppleWebKit/537.36 (KHTML, like Gecko; compatible; GPTBot/1.3; +https://openai.com/gptbot)"
74.7.227.12 - - [23/Mar/2026:16:07:42 +0330] "GET /search.php?detail/015018744432 HTTP/1.1" 200 43788 "http://news.mantaraham.ir/search.php?detail/015013578024" "Mozilla/5.0 AppleWebKit/537.36 (KHTML, like Gecko; compatible; GPTBot/1.3; +https://openai.com/gptbot)"
74.7.227.12 - - [23/Mar/2026:16:07:44 +0330] "GET /search.php?detail/06504379357729 HTTP/1.1" 200 44339 "http://news.mantaraham.ir/search.php?detail/0650341279898" "Mozilla/5.0 AppleWebKit/537.36 (KHTML, like Gecko; compatible; GPTBot/1.3; +https://openai.com/gptbot)"
74.7.227.12 - - [23/Mar/2026:16:07:45 +0330] "GET /search.php?detail/02500899584764 HTTP/1.1" 200 42311 "http://news.mantaraham.ir/search.php?detail/02500040630750" "Mozilla/5.0 AppleWebKit/537.36 (KHTML, like Gecko; compatible; GPTBot/1.3; +https://openai.com/gptbot)"
74.7.227.12 - - [23/Mar/2026:16:07:47 +0330] "GET /search.php?detail/0680154915428 HTTP/1.1" 200 43839 "http://news.mantaraham.ir/search.php?detail/0680054720291" "Mozilla/5.0 AppleWebKit/537.36 (KHTML, like Gecko; compatible; GPTBot/1.3; +https://openai.com/gptbot)"
74.7.227.12 - - [23/Mar/2026:16:07:49 +0330] "GET /search.php?detail/06801589674549 HTTP/1.1" 200 44769 "http://news.mantaraham.ir/search.php?detail/0680054720291" "Mozilla/5.0 AppleWebKit/537.36 (KHTML, like Gecko; compatible; GPTBot/1.3; +https://openai.com/gptbot)"
74.7.227.12 - - [23/Mar/2026:16:07:50 +0330] "GET /search.php?detail/068015934016 HTTP/1.1" 200 44578 "http://news.mantaraham.ir/search.php?detail/0680054720291" "Mozilla/5.0 AppleWebKit/537.36 (KHTML, like Gecko; compatible; GPTBot/1.3; +https://openai.com/gptbot)"
74.7.227.12 - - [23/Mar/2026:16:07:51 +0330] "GET /search.php?detail/0650347752962 HTTP/1.1" 200 44364 "http://news.mantaraham.ir/search.php?detail/0650437893748" "Mozilla/5.0 AppleWebKit/537.36 (KHTML, like Gecko; compatible; GPTBot/1.3; +https://openai.com/gptbot)"
74.7.227.12 - - [23/Mar/2026:16:07:53 +0330] "GET /search.php?detail/06503476688224 HTTP/1.1" 200 44552 "http://news.mantaraham.ir/search.php?detail/0650437893748" "Mozilla/5.0 AppleWebKit/537.36 (KHTML, like Gecko; compatible; GPTBot/1.3; +https://openai.com/gptbot)"
74.7.227.12 - - [23/Mar/2026:16:07:54 +0330] "GET /search.php?detail/06501978376980 HTTP/1.1" 200 44000 "http://news.mantaraham.ir/search.php?detail/065040244066" "Mozilla/5.0 AppleWebKit/537.36 (KHTML, like Gecko; compatible; GPTBot/1.3; +https://openai.com/gptbot)"
142.93.208.146 - - [23/Mar/2026:16:00:22 +0330] "POST /wp-admin/css/colors/blue/wp-login.php HTTP/1.1" 200 4500 "binance.com" "Mozilla/5.0 (Windows NT 10.0; Win64; x64) AppleWebKit/537.36 (KHTML, like Gecko) Chrome/90.0.4430.85 Safari/537.36"
142.93.208.146 - - [23/Mar/2026:16:01:02 +0330] "GET /wp-admin/css/colors/blue/wp-login.php HTTP/1.1" 200 18329 "-" "Mozilla/5.0 (Windows NT 10.0; Win64; x64) AppleWebKit/537.36 (KHTML, like Gecko) Chrome/90.0.4430.85 Safari/537.36"
142.93.208.146 - - [23/Mar/2026:16:01:29 +0330] "POST /wp-admin/css/colors/blue/wp-login.php HTTP/1.1" 200 18329 "http://news.mantaraham.ir/wp-admin/css/colors/blue/wp-login.php" "Mozilla/5.0 (Windows NT 10.0; Win64; x64) AppleWebKit/537.36 (KHTML, like Gecko) Chrome/90.0.4430.85 Safari/537.36"
142.93.208.146 - - [23/Mar/2026:16:02:35 +0330] "GET /wp-admin/css/colors/coffee/about.php HTTP/1.1" 200 4535 "binance.com" "Mozilla/5.0 (Windows NT 10.0; Win64; x64) AppleWebKit/537.36 (KHTML, like Gecko) Chrome/90.0.4430.85 Safari/537.36"
142.93.208.146 - - [23/Mar/2026:16:02:46 +0330] "GET /wp-admin/css/colors/coffee/about.php HTTP/1.1" 200 4535 "binance.com" "Mozilla/5.0 (Windows NT 10.0; Win64; x64) AppleWebKit/537.36 (KHTML, like Gecko) Chrome/90.0.4430.85 Safari/537.36"
142.93.208.146 - - [23/Mar/2026:16:02:47 +0330] "POST /wp-admin/css/colors/coffee/about.php HTTP/1.1" 200 4559 "binance.com" "Mozilla/5.0 (Windows NT 10.0; Win64; x64) AppleWebKit/537.36 (KHTML, like Gecko) Chrome/90.0.4430.85 Safari/537.36"
142.93.208.146 - - [23/Mar/2026:16:02:58 +0330] "GET /wp-admin/css/colors/coffee/noqukfddse.php HTTP/1.1" 200 0 "binance.com" "Mozilla/5.0 (Windows NT 10.0; Win64; x64) AppleWebKit/537.36 (KHTML, like Gecko) Chrome/90.0.4430.85 Safari/537.36"
142.93.208.146 - - [23/Mar/2026:16:03:39 +0330] "GET /wp-admin/css/colors/coffee/about.php HTTP/1.1" 200 18952 "-" "Mozilla/5.0 (Windows NT 10.0; Win64; x64) AppleWebKit/537.36 (KHTML, like Gecko) Chrome/90.0.4430.85 Safari/537.36"
142.93.208.146 - - [23/Mar/2026:16:04:04 +0330] "GET /wp-admin/css/colors/coffee/ajxdlrdobe.php HTTP/1.1" 200 0 "binance.com" "Mozilla/5.0 (Windows NT 10.0; Win64; x64) AppleWebKit/537.36 (KHTML, like Gecko) Chrome/90.0.4430.85 Safari/537.36"
142.93.208.146 - - [23/Mar/2026:16:04:57 +0330] "GET /wp-admin/css/colors/coffee/ndvmnkoykx.php HTTP/1.1" 200 0 "binance.com" "Mozilla/5.0 (Windows NT 10.0; Win64; x64) AppleWebKit/537.36 (KHTML, like Gecko) Chrome/90.0.4430.85 Safari/537.36"
142.93.208.146 - - [23/Mar/2026:16:05:32 +0330] "GET /wp-admin/css/colors/coffee/wp-login.php HTTP/1.1" 200 18952 "-" "Mozilla/5.0 (Windows NT 10.0; Win64; x64) AppleWebKit/537.36 (KHTML, like Gecko) Chrome/90.0.4430.85 Safari/537.36"
142.93.208.146 - - [23/Mar/2026:16:05:42 +0330] "POST /wp-admin/css/colors/coffee/wp-login.php HTTP/1.1" 200 18952 "http://news.mantaraham.ir/wp-admin/css/colors/coffee/wp-login.php" "Mozilla/5.0 (Windows NT 10.0; Win64; x64) AppleWebKit/537.36 (KHTML, like Gecko) Chrome/90.0.4430.85 Safari/537.36"
142.93.208.146 - - [23/Mar/2026:16:05:54 +0330] "GET /wp-admin/css/colors/coffee/qewdiatrwj.php HTTP/1.1" 200 0 "binance.com" "Mozilla/5.0 (Windows NT 10.0; Win64; x64) AppleWebKit/537.36 (KHTML, like Gecko) Chrome/90.0.4430.85 Safari/537.36"
142.93.208.146 - - [23/Mar/2026:16:06:47 +0330] "GET /wp-admin/css/colors/ectoplasm/about.php HTTP/1.1" 200 4555 "binance.com" "Mozilla/5.0 (Windows NT 10.0; Win64; x64) AppleWebKit/537.36 (KHTML, like Gecko) Chrome/90.0.4430.85 Safari/537.36"
142.93.208.146 - - [23/Mar/2026:16:06:48 +0330] "POST /wp-admin/css/colors/ectoplasm/about.php HTTP/1.1" 200 4555 "binance.com" "Mozilla/5.0 (Windows NT 10.0; Win64; x64) AppleWebKit/537.36 (KHTML, like Gecko) Chrome/90.0.4430.85 Safari/537.36"
142.93.208.146 - - [23/Mar/2026:16:07:45 +0330] "GET /wp-admin/css/colors/ectoplasm/about.php HTTP/1.1" 200 18942 "-" "Mozilla/5.0 (Windows NT 10.0; Win64; x64) AppleWebKit/537.36 (KHTML, like Gecko) Chrome/90.0.4430.85 Safari/537.36"
74.7.227.12 - - [23/Mar/2026:16:07:56 +0330] "GET /search.php?detail/065040222822 HTTP/1.1" 200 43957 "http://news.mantaraham.ir/search.php?detail/0650402350335" "Mozilla/5.0 AppleWebKit/537.36 (KHTML, like Gecko; compatible; GPTBot/1.3; +https://openai.com/gptbot)"
142.93.208.146 - - [23/Mar/2026:16:07:54 +0330] "POST /wp-admin/css/colors/ectoplasm/about.php HTTP/1.1" 200 18942 "http://news.mantaraham.ir/wp-admin/css/colors/ectoplasm/about.php" "Mozilla/5.0 (Windows NT 10.0; Win64; x64) AppleWebKit/537.36 (KHTML, like Gecko) Chrome/90.0.4430.85 Safari/537.36"
74.7.227.12 - - [23/Mar/2026:16:07:57 +0330] "GET /search.php?detail/06801874250654 HTTP/1.1" 200 43749 "http://news.mantaraham.ir/search.php?detail/06800479465185" "Mozilla/5.0 AppleWebKit/537.36 (KHTML, like Gecko; compatible; GPTBot/1.3; +https://openai.com/gptbot)"
74.7.227.12 - - [23/Mar/2026:16:07:59 +0330] "GET /search.php?detail/0680187262793 HTTP/1.1" 200 44318 "http://news.mantaraham.ir/search.php?detail/06800479465185" "Mozilla/5.0 AppleWebKit/537.36 (KHTML, like Gecko; compatible; GPTBot/1.3; +https://openai.com/gptbot)"
74.7.227.12 - - [23/Mar/2026:16:08:00 +0330] "GET /search.php?detail/065040221505 HTTP/1.1" 200 44163 "http://news.mantaraham.ir/search.php?detail/06504379357729" "Mozilla/5.0 AppleWebKit/537.36 (KHTML, like Gecko; compatible; GPTBot/1.3; +https://openai.com/gptbot)"
74.7.227.12 - - [23/Mar/2026:16:08:01 +0330] "GET /search.php?detail/068018728801 HTTP/1.1" 200 44045 "http://news.mantaraham.ir/search.php?detail/06800479465185" "Mozilla/5.0 AppleWebKit/537.36 (KHTML, like Gecko; compatible; GPTBot/1.3; +https://openai.com/gptbot)"
74.7.227.12 - - [23/Mar/2026:16:08:03 +0330] "GET /search.php?detail/06802034646759 HTTP/1.1" 200 43843 "http://news.mantaraham.ir/search.php?detail/0680154915428" "Mozilla/5.0 AppleWebKit/537.36 (KHTML, like Gecko; compatible; GPTBot/1.3; +https://openai.com/gptbot)"
74.7.227.12 - - [23/Mar/2026:16:08:05 +0330] "GET /search.php?detail/068017461735 HTTP/1.1" 200 43766 "http://news.mantaraham.ir/search.php?detail/06801589674549" "Mozilla/5.0 AppleWebKit/537.36 (KHTML, like Gecko; compatible; GPTBot/1.3; +https://openai.com/gptbot)"
17.241.75.149 - - [23/Mar/2026:16:08:07 +0330] "GET /156kpqti25586.html HTTP/1.1" 200 0 "-" "Mozilla/5.0 (Macintosh; Intel Mac OS X 10_15_7) AppleWebKit/605.1.15 (KHTML, like Gecko) Version/17.4 Safari/605.1.15 (Applebot/0.1; +http://www.apple.com/go/applebot)"
74.7.227.12 - - [23/Mar/2026:16:08:07 +0330] "GET /search.php?detail/06802522562098 HTTP/1.1" 200 43689 "http://news.mantaraham.ir/search.php?detail/068015934016" "Mozilla/5.0 AppleWebKit/537.36 (KHTML, like Gecko; compatible; GPTBot/1.3; +https://openai.com/gptbot)"
74.7.227.12 - - [23/Mar/2026:16:08:08 +0330] "GET /search.php?detail/065000483415 HTTP/1.1" 200 44787 "http://news.mantaraham.ir/search.php?detail/0650347752962" "Mozilla/5.0 AppleWebKit/537.36 (KHTML, like Gecko; compatible; GPTBot/1.3; +https://openai.com/gptbot)"
74.7.227.12 - - [23/Mar/2026:16:08:10 +0330] "GET /search.php?detail/06802547012069 HTTP/1.1" 200 44098 "http://news.mantaraham.ir/search.php?detail/068015934016" "Mozilla/5.0 AppleWebKit/537.36 (KHTML, like Gecko; compatible; GPTBot/1.3; +https://openai.com/gptbot)"
74.7.227.12 - - [23/Mar/2026:16:08:12 +0330] "GET /search.php?detail/0680172249203 HTTP/1.1" 200 44424 "http://news.mantaraham.ir/search.php?detail/06801589674549" "Mozilla/5.0 AppleWebKit/537.36 (KHTML, like Gecko; compatible; GPTBot/1.3; +https://openai.com/gptbot)"
74.7.227.12 - - [23/Mar/2026:16:08:13 +0330] "GET /search.php?detail/065011103085 HTTP/1.1" 200 44415 "http://news.mantaraham.ir/search.php?detail/065040222822" "Mozilla/5.0 AppleWebKit/537.36 (KHTML, like Gecko; compatible; GPTBot/1.3; +https://openai.com/gptbot)"
74.7.227.12 - - [23/Mar/2026:16:08:15 +0330] "GET /search.php?detail/065011105312 HTTP/1.1" 200 45321 "http://news.mantaraham.ir/search.php?detail/065040222822" "Mozilla/5.0 AppleWebKit/537.36 (KHTML, like Gecko; compatible; GPTBot/1.3; +https://openai.com/gptbot)"
74.7.227.12 - - [23/Mar/2026:16:08:17 +0330] "GET /search.php?detail/065011109813 HTTP/1.1" 200 45067 "http://news.mantaraham.ir/search.php?detail/065040222822" "Mozilla/5.0 AppleWebKit/537.36 (KHTML, like Gecko; compatible; GPTBot/1.3; +https://openai.com/gptbot)"
74.7.227.12 - - [23/Mar/2026:16:08:18 +0330] "GET /search.php?detail/06501110800546 HTTP/1.1" 200 44434 "http://news.mantaraham.ir/search.php?detail/065040222822" "Mozilla/5.0 AppleWebKit/537.36 (KHTML, like Gecko; compatible; GPTBot/1.3; +https://openai.com/gptbot)"
74.7.227.12 - - [23/Mar/2026:16:08:20 +0330] "GET /search.php?detail/0680254724533 HTTP/1.1" 200 44205 "http://news.mantaraham.ir/search.php?detail/068015934016" "Mozilla/5.0 AppleWebKit/537.36 (KHTML, like Gecko; compatible; GPTBot/1.3; +https://openai.com/gptbot)"
74.7.227.12 - - [23/Mar/2026:16:08:22 +0330] "GET /search.php?detail/06804968172298 HTTP/1.1" 200 43873 "http://news.mantaraham.ir/search.php?detail/06802034646759" "Mozilla/5.0 AppleWebKit/537.36 (KHTML, like Gecko; compatible; GPTBot/1.3; +https://openai.com/gptbot)"
74.7.227.12 - - [23/Mar/2026:16:08:23 +0330] "GET /search.php?detail/06801765694711 HTTP/1.1" 200 44203 "http://news.mantaraham.ir/search.php?detail/068017461735" "Mozilla/5.0 AppleWebKit/537.36 (KHTML, like Gecko; compatible; GPTBot/1.3; +https://openai.com/gptbot)"
74.7.227.12 - - [23/Mar/2026:16:08:25 +0330] "GET /search.php?detail/068049388831 HTTP/1.1" 200 43806 "http://news.mantaraham.ir/search.php?detail/06802034646759" "Mozilla/5.0 AppleWebKit/537.36 (KHTML, like Gecko; compatible; GPTBot/1.3; +https://openai.com/gptbot)"
74.7.227.12 - - [23/Mar/2026:16:08:27 +0330] "GET /search.php?detail/0680215441895 HTTP/1.1" 200 44586 "http://news.mantaraham.ir/search.php?detail/068018728801" "Mozilla/5.0 AppleWebKit/537.36 (KHTML, like Gecko; compatible; GPTBot/1.3; +https://openai.com/gptbot)"
74.7.227.12 - - [23/Mar/2026:16:08:28 +0330] "GET /search.php?detail/068026951793 HTTP/1.1" 200 44546 "http://news.mantaraham.ir/search.php?detail/06802547012069" "Mozilla/5.0 AppleWebKit/537.36 (KHTML, like Gecko; compatible; GPTBot/1.3; +https://openai.com/gptbot)"
74.7.227.12 - - [23/Mar/2026:16:08:30 +0330] "GET /search.php?jp/068029719.html HTTP/1.1" 200 44961 "http://news.mantaraham.ir/search.php?detail/0680172249203" "Mozilla/5.0 AppleWebKit/537.36 (KHTML, like Gecko; compatible; GPTBot/1.3; +https://openai.com/gptbot)"
74.7.227.12 - - [23/Mar/2026:16:08:32 +0330] "GET /search.php?detail/068029413894 HTTP/1.1" 200 44034 "http://news.mantaraham.ir/search.php?detail/0680172249203" "Mozilla/5.0 AppleWebKit/537.36 (KHTML, like Gecko; compatible; GPTBot/1.3; +https://openai.com/gptbot)"
74.7.227.12 - - [23/Mar/2026:16:08:33 +0330] "GET /search.php?detail/06802699957163 HTTP/1.1" 200 44858 "http://news.mantaraham.ir/search.php?detail/06802547012069" "Mozilla/5.0 AppleWebKit/537.36 (KHTML, like Gecko; compatible; GPTBot/1.3; +https://openai.com/gptbot)"
74.7.227.12 - - [23/Mar/2026:16:08:35 +0330] "GET /search.php?detail/06503721474715 HTTP/1.1" 200 44894 "http://news.mantaraham.ir/search.php?detail/065011109813" "Mozilla/5.0 AppleWebKit/537.36 (KHTML, like Gecko; compatible; GPTBot/1.3; +https://openai.com/gptbot)"
142.93.208.146 - - [23/Mar/2026:16:08:37 +0330] "GET /wp-admin/css/colors/ectoplasm/alfa-rex.php HTTP/1.1" 403 787 "binance.com" "Mozilla/5.0 (Windows NT 10.0; Win64; x64) AppleWebKit/537.36 (KHTML, like Gecko) Chrome/90.0.4430.85 Safari/537.36"
74.7.227.12 - - [23/Mar/2026:16:08:37 +0330] "GET /search.php?detail/065034765822 HTTP/1.1" 200 44188 "http://news.mantaraham.ir/search.php?detail/06501110800546" "Mozilla/5.0 AppleWebKit/537.36 (KHTML, like Gecko; compatible; GPTBot/1.3; +https://openai.com/gptbot)"
74.7.227.12 - - [23/Mar/2026:16:08:38 +0330] "GET /search.php?detail/068026342515 HTTP/1.1" 200 43942 "http://news.mantaraham.ir/search.php?detail/0680254724533" "Mozilla/5.0 AppleWebKit/537.36 (KHTML, like Gecko; compatible; GPTBot/1.3; +https://openai.com/gptbot)"
74.7.227.12 - - [23/Mar/2026:16:08:40 +0330] "GET /search.php?detail/0650372089180 HTTP/1.1" 200 45127 "http://news.mantaraham.ir/search.php?detail/065011109813" "Mozilla/5.0 AppleWebKit/537.36 (KHTML, like Gecko; compatible; GPTBot/1.3; +https://openai.com/gptbot)"
74.7.227.12 - - [23/Mar/2026:16:08:42 +0330] "GET /search.php?detail/0680423714094 HTTP/1.1" 200 44285 "http://news.mantaraham.ir/search.php?detail/0680187262793" "Mozilla/5.0 AppleWebKit/537.36 (KHTML, like Gecko; compatible; GPTBot/1.3; +https://openai.com/gptbot)"
74.7.227.12 - - [23/Mar/2026:16:08:43 +0330] "GET /search.php?detail/068022550290 HTTP/1.1" 200 44029 "http://news.mantaraham.ir/search.php?detail/068049388831" "Mozilla/5.0 AppleWebKit/537.36 (KHTML, like Gecko; compatible; GPTBot/1.3; +https://openai.com/gptbot)"
74.7.227.12 - - [23/Mar/2026:16:08:44 +0330] "GET /search.php?detail/0680218415623 HTTP/1.1" 200 43808 "http://news.mantaraham.ir/search.php?detail/068049388831" "Mozilla/5.0 AppleWebKit/537.36 (KHTML, like Gecko; compatible; GPTBot/1.3; +https://openai.com/gptbot)"
74.7.227.12 - - [23/Mar/2026:16:08:46 +0330] "GET /search.php?detail/0650004808018 HTTP/1.1" 200 45547 "http://news.mantaraham.ir/search.php?detail/0650347752962" "Mozilla/5.0 AppleWebKit/537.36 (KHTML, like Gecko; compatible; GPTBot/1.3; +https://openai.com/gptbot)"
74.7.227.12 - - [23/Mar/2026:16:08:47 +0330] "GET /search.php?detail/0680254848840 HTTP/1.1" 200 44141 "http://news.mantaraham.ir/search.php?detail/0680254724533" "Mozilla/5.0 AppleWebKit/537.36 (KHTML, like Gecko; compatible; GPTBot/1.3; +https://openai.com/gptbot)"
74.7.227.12 - - [23/Mar/2026:16:08:49 +0330] "GET /search.php?detail/068005286661 HTTP/1.1" 200 44715 "http://news.mantaraham.ir/search.php?detail/068029413894" "Mozilla/5.0 AppleWebKit/537.36 (KHTML, like Gecko; compatible; GPTBot/1.3; +https://openai.com/gptbot)"
74.7.227.12 - - [23/Mar/2026:16:08:51 +0330] "GET /search.php?detail/068002286777 HTTP/1.1" 200 43934 "http://news.mantaraham.ir/search.php?detail/06802699957163" "Mozilla/5.0 AppleWebKit/537.36 (KHTML, like Gecko; compatible; GPTBot/1.3; +https://openai.com/gptbot)"
74.7.227.12 - - [23/Mar/2026:16:08:52 +0330] "GET /search.php?detail/068000972350 HTTP/1.1" 200 44105 "http://news.mantaraham.ir/search.php?detail/06802699957163" "Mozilla/5.0 AppleWebKit/537.36 (KHTML, like Gecko; compatible; GPTBot/1.3; +https://openai.com/gptbot)"
74.7.227.12 - - [23/Mar/2026:16:08:54 +0330] "GET /search.php?detail/068000971716 HTTP/1.1" 200 44302 "http://news.mantaraham.ir/search.php?detail/06802699957163" "Mozilla/5.0 AppleWebKit/537.36 (KHTML, like Gecko; compatible; GPTBot/1.3; +https://openai.com/gptbot)"
74.7.227.12 - - [23/Mar/2026:16:08:55 +0330] "GET /search.php?detail/0650347845997 HTTP/1.1" 200 44410 "http://news.mantaraham.ir/search.php?detail/065034765822" "Mozilla/5.0 AppleWebKit/537.36 (KHTML, like Gecko; compatible; GPTBot/1.3; +https://openai.com/gptbot)"
74.7.227.12 - - [23/Mar/2026:16:08:56 +0330] "GET /search.php?detail/0650111064900 HTTP/1.1" 200 44634 "http://news.mantaraham.ir/search.php?detail/06503721474715" "Mozilla/5.0 AppleWebKit/537.36 (KHTML, like Gecko; compatible; GPTBot/1.3; +https://openai.com/gptbot)"
74.7.227.12 - - [23/Mar/2026:16:08:58 +0330] "GET /search.php?detail/068043072910 HTTP/1.1" 200 44157 "http://news.mantaraham.ir/search.php?detail/0680423714094" "Mozilla/5.0 AppleWebKit/537.36 (KHTML, like Gecko; compatible; GPTBot/1.3; +https://openai.com/gptbot)"
74.7.227.12 - - [23/Mar/2026:16:09:00 +0330] "GET /search.php?detail/068012101809 HTTP/1.1" 200 44032 "http://news.mantaraham.ir/search.php?detail/068022550290" "Mozilla/5.0 AppleWebKit/537.36 (KHTML, like Gecko; compatible; GPTBot/1.3; +https://openai.com/gptbot)"
142.93.208.146 - - [23/Mar/2026:16:09:01 +0330] "GET /wp-admin/css/colors/ectoplasm/wp-login.php HTTP/1.1" 200 4531 "binance.com" "Mozilla/5.0 (Windows NT 10.0; Win64; x64) AppleWebKit/537.36 (KHTML, like Gecko) Chrome/90.0.4430.85 Safari/537.36"
