74.7.227.12 - - [23/Mar/2026:15:55:48 +0330] "GET /search.php?detail/087000366500 HTTP/1.1" 200 43838 "http://news.mantaraham.ir/search.php?detail/0870003600893" "Mozilla/5.0 AppleWebKit/537.36 (KHTML, like Gecko; compatible; GPTBot/1.3; +https://openai.com/gptbot)"
74.7.227.12 - - [23/Mar/2026:15:55:50 +0330] "GET /search.php?detail/0870003706844 HTTP/1.1" 200 43811 "http://news.mantaraham.ir/search.php?detail/08700035702065" "Mozilla/5.0 AppleWebKit/537.36 (KHTML, like Gecko; compatible; GPTBot/1.3; +https://openai.com/gptbot)"
74.7.227.12 - - [23/Mar/2026:15:55:51 +0330] "GET /search.php?detail/031039804961 HTTP/1.1" 200 44036 "http://news.mantaraham.ir/search.php?detail/0310425858297" "Mozilla/5.0 AppleWebKit/537.36 (KHTML, like Gecko; compatible; GPTBot/1.3; +https://openai.com/gptbot)"
74.7.227.12 - - [23/Mar/2026:15:55:53 +0330] "GET /search.php?detail/0870003713773 HTTP/1.1" 200 43311 "http://news.mantaraham.ir/search.php?detail/087000368074" "Mozilla/5.0 AppleWebKit/537.36 (KHTML, like Gecko; compatible; GPTBot/1.3; +https://openai.com/gptbot)"
74.7.227.12 - - [23/Mar/2026:15:55:54 +0330] "GET /search.php?detail/0870003488737 HTTP/1.1" 200 43489 "http://news.mantaraham.ir/search.php?detail/0870003521349" "Mozilla/5.0 AppleWebKit/537.36 (KHTML, like Gecko; compatible; GPTBot/1.3; +https://openai.com/gptbot)"
74.7.227.12 - - [23/Mar/2026:15:55:56 +0330] "GET /search.php?detail/08700035980982 HTTP/1.1" 200 43939 "http://news.mantaraham.ir/search.php?detail/0870003521349" "Mozilla/5.0 AppleWebKit/537.36 (KHTML, like Gecko; compatible; GPTBot/1.3; +https://openai.com/gptbot)"
74.7.227.12 - - [23/Mar/2026:15:55:58 +0330] "GET /search.php?detail/076000487490 HTTP/1.1" 200 43545 "http://news.mantaraham.ir/search.php?detail/0760318479762" "Mozilla/5.0 AppleWebKit/537.36 (KHTML, like Gecko; compatible; GPTBot/1.3; +https://openai.com/gptbot)"
142.93.208.146 - - [23/Mar/2026:15:55:58 +0330] "GET /wp-admin/css/colors/about.php HTTP/1.1" 200 4718 "binance.com" "Mozilla/5.0 (Windows NT 10.0; Win64; x64) AppleWebKit/537.36 (KHTML, like Gecko) Chrome/90.0.4430.85 Safari/537.36"
74.7.227.12 - - [23/Mar/2026:15:55:59 +0330] "GET /search.php?detail/085000485608 HTTP/1.1" 200 44024 "http://news.mantaraham.ir/search.php?detail/08500047787253" "Mozilla/5.0 AppleWebKit/537.36 (KHTML, like Gecko; compatible; GPTBot/1.3; +https://openai.com/gptbot)"
74.7.227.12 - - [23/Mar/2026:15:56:01 +0330] "GET /search.php?detail/085000486342 HTTP/1.1" 200 44024 "http://news.mantaraham.ir/search.php?detail/08500047787253" "Mozilla/5.0 AppleWebKit/537.36 (KHTML, like Gecko; compatible; GPTBot/1.3; +https://openai.com/gptbot)"
74.7.227.12 - - [23/Mar/2026:15:56:03 +0330] "GET /search.php?detail/085002808663 HTTP/1.1" 200 43585 "http://news.mantaraham.ir/search.php?detail/08500047787253" "Mozilla/5.0 AppleWebKit/537.36 (KHTML, like Gecko; compatible; GPTBot/1.3; +https://openai.com/gptbot)"
74.7.227.12 - - [23/Mar/2026:15:56:04 +0330] "GET /search.php?detail/085002824827 HTTP/1.1" 200 44087 "http://news.mantaraham.ir/search.php?detail/08500047787253" "Mozilla/5.0 AppleWebKit/537.36 (KHTML, like Gecko; compatible; GPTBot/1.3; +https://openai.com/gptbot)"
74.7.227.12 - - [23/Mar/2026:15:56:05 +0330] "GET /search.php?detail/08502172776833 HTTP/1.1" 200 43730 "http://news.mantaraham.ir/search.php?detail/08500047787253" "Mozilla/5.0 AppleWebKit/537.36 (KHTML, like Gecko; compatible; GPTBot/1.3; +https://openai.com/gptbot)"
74.7.227.12 - - [23/Mar/2026:15:56:07 +0330] "GET /search.php?detail/07600387400890 HTTP/1.1" 200 44241 "http://news.mantaraham.ir/search.php?detail/076007673484" "Mozilla/5.0 AppleWebKit/537.36 (KHTML, like Gecko; compatible; GPTBot/1.3; +https://openai.com/gptbot)"
74.7.227.12 - - [23/Mar/2026:15:56:08 +0330] "GET /search.php?detail/08700034537137 HTTP/1.1" 200 43760 "http://news.mantaraham.ir/search.php?detail/0870003521349" "Mozilla/5.0 AppleWebKit/537.36 (KHTML, like Gecko; compatible; GPTBot/1.3; +https://openai.com/gptbot)"
142.93.208.146 - - [23/Mar/2026:15:56:08 +0330] "GET /wp-admin/css/colors/about.php HTTP/1.1" 200 4719 "binance.com" "Mozilla/5.0 (Windows NT 10.0; Win64; x64) AppleWebKit/537.36 (KHTML, like Gecko) Chrome/90.0.4430.85 Safari/537.36"
74.7.227.12 - - [23/Mar/2026:15:56:09 +0330] "GET /search.php?detail/0310460384277 HTTP/1.1" 200 44750 "http://news.mantaraham.ir/search.php?detail/03100094673180" "Mozilla/5.0 AppleWebKit/537.36 (KHTML, like Gecko; compatible; GPTBot/1.3; +https://openai.com/gptbot)"
74.7.227.12 - - [23/Mar/2026:15:56:11 +0330] "GET /search.php?detail/01204967650148 HTTP/1.1" 200 44058 "http://news.mantaraham.ir/search.php?detail/01204967890462" "Mozilla/5.0 AppleWebKit/537.36 (KHTML, like Gecko; compatible; GPTBot/1.3; +https://openai.com/gptbot)"
142.93.208.146 - - [23/Mar/2026:15:56:10 +0330] "POST /wp-admin/css/colors/about.php HTTP/1.1" 200 4719 "binance.com" "Mozilla/5.0 (Windows NT 10.0; Win64; x64) AppleWebKit/537.36 (KHTML, like Gecko) Chrome/90.0.4430.85 Safari/537.36"
74.7.227.12 - - [23/Mar/2026:15:56:12 +0330] "GET /search.php?detail/07602961294395 HTTP/1.1" 200 43771 "http://news.mantaraham.ir/search.php?detail/07602886638469" "Mozilla/5.0 AppleWebKit/537.36 (KHTML, like Gecko; compatible; GPTBot/1.3; +https://openai.com/gptbot)"
74.7.227.12 - - [23/Mar/2026:15:56:14 +0330] "GET /search.php?detail/076029599960 HTTP/1.1" 200 43902 "http://news.mantaraham.ir/search.php?detail/076000487490" "Mozilla/5.0 AppleWebKit/537.36 (KHTML, like Gecko; compatible; GPTBot/1.3; +https://openai.com/gptbot)"
74.7.227.12 - - [23/Mar/2026:15:56:15 +0330] "GET /search.php?detail/0850431386524 HTTP/1.1" 200 43720 "http://news.mantaraham.ir/search.php?detail/085000485608" "Mozilla/5.0 AppleWebKit/537.36 (KHTML, like Gecko; compatible; GPTBot/1.3; +https://openai.com/gptbot)"
74.7.227.12 - - [23/Mar/2026:15:56:17 +0330] "GET /search.php?detail/085021720008 HTTP/1.1" 200 44308 "http://news.mantaraham.ir/search.php?detail/085000486342" "Mozilla/5.0 AppleWebKit/537.36 (KHTML, like Gecko; compatible; GPTBot/1.3; +https://openai.com/gptbot)"
74.7.227.12 - - [23/Mar/2026:15:56:18 +0330] "GET /search.php?detail/085021735678 HTTP/1.1" 200 43938 "http://news.mantaraham.ir/search.php?detail/085002808663" "Mozilla/5.0 AppleWebKit/537.36 (KHTML, like Gecko; compatible; GPTBot/1.3; +https://openai.com/gptbot)"
74.7.227.12 - - [23/Mar/2026:15:56:19 +0330] "GET /search.php?detail/085021724664 HTTP/1.1" 200 44289 "http://news.mantaraham.ir/search.php?detail/085000486342" "Mozilla/5.0 AppleWebKit/537.36 (KHTML, like Gecko; compatible; GPTBot/1.3; +https://openai.com/gptbot)"
74.7.227.12 - - [23/Mar/2026:15:56:21 +0330] "GET /search.php?detail/085021740008 HTTP/1.1" 200 44264 "http://news.mantaraham.ir/search.php?detail/08502172776833" "Mozilla/5.0 AppleWebKit/537.36 (KHTML, like Gecko; compatible; GPTBot/1.3; +https://openai.com/gptbot)"
74.7.227.12 - - [23/Mar/2026:15:56:23 +0330] "GET /search.php?detail/076031892168 HTTP/1.1" 200 43567 "http://news.mantaraham.ir/search.php?detail/07600387400890" "Mozilla/5.0 AppleWebKit/537.36 (KHTML, like Gecko; compatible; GPTBot/1.3; +https://openai.com/gptbot)"
142.93.208.146 - - [23/Mar/2026:15:56:25 +0330] "GET /wp-admin/css/colors/kzwdcuukxr.php HTTP/1.1" 200 0 "binance.com" "Mozilla/5.0 (Windows NT 10.0; Win64; x64) AppleWebKit/537.36 (KHTML, like Gecko) Chrome/90.0.4430.85 Safari/537.36"
74.7.227.12 - - [23/Mar/2026:15:56:24 +0330] "GET /search.php?detail/0760416525429 HTTP/1.1" 200 43917 "http://news.mantaraham.ir/search.php?detail/07600387400890" "Mozilla/5.0 AppleWebKit/537.36 (KHTML, like Gecko; compatible; GPTBot/1.3; +https://openai.com/gptbot)"
74.7.227.12 - - [23/Mar/2026:15:56:26 +0330] "GET /search.php?detail/07601320459464 HTTP/1.1" 200 43814 "http://news.mantaraham.ir/search.php?detail/076000487490" "Mozilla/5.0 AppleWebKit/537.36 (KHTML, like Gecko; compatible; GPTBot/1.3; +https://openai.com/gptbot)"
74.7.227.12 - - [23/Mar/2026:15:56:28 +0330] "GET /search.php?detail/08502172256991 HTTP/1.1" 200 44173 "http://news.mantaraham.ir/search.php?detail/08502172776833" "Mozilla/5.0 AppleWebKit/537.36 (KHTML, like Gecko; compatible; GPTBot/1.3; +https://openai.com/gptbot)"
74.7.227.12 - - [23/Mar/2026:15:56:29 +0330] "GET /search.php?detail/085021739177 HTTP/1.1" 200 43905 "http://news.mantaraham.ir/search.php?detail/085002808663" "Mozilla/5.0 AppleWebKit/537.36 (KHTML, like Gecko; compatible; GPTBot/1.3; +https://openai.com/gptbot)"
74.7.227.12 - - [23/Mar/2026:15:56:35 +0330] "GET /search.php?detail/0850344930408 HTTP/1.1" 200 44272 "http://news.mantaraham.ir/search.php?detail/085000485608" "Mozilla/5.0 AppleWebKit/537.36 (KHTML, like Gecko; compatible; GPTBot/1.3; +https://openai.com/gptbot)"
74.7.227.12 - - [23/Mar/2026:15:56:36 +0330] "GET /search.php?detail/0850217368256 HTTP/1.1" 200 44302 "http://news.mantaraham.ir/search.php?detail/0850431386524" "Mozilla/5.0 AppleWebKit/537.36 (KHTML, like Gecko; compatible; GPTBot/1.3; +https://openai.com/gptbot)"
74.7.227.12 - - [23/Mar/2026:15:56:37 +0330] "GET /search.php?detail/085000478490 HTTP/1.1" 200 43623 "http://news.mantaraham.ir/search.php?detail/085021720008" "Mozilla/5.0 AppleWebKit/537.36 (KHTML, like Gecko; compatible; GPTBot/1.3; +https://openai.com/gptbot)"
74.7.227.12 - - [23/Mar/2026:15:56:39 +0330] "GET /search.php?detail/085000483123 HTTP/1.1" 200 44774 "http://news.mantaraham.ir/search.php?detail/085021720008" "Mozilla/5.0 AppleWebKit/537.36 (KHTML, like Gecko; compatible; GPTBot/1.3; +https://openai.com/gptbot)"
74.7.227.12 - - [23/Mar/2026:15:56:41 +0330] "GET /search.php?detail/085034494502 HTTP/1.1" 200 43877 "http://news.mantaraham.ir/search.php?detail/085000485608" "Mozilla/5.0 AppleWebKit/537.36 (KHTML, like Gecko; compatible; GPTBot/1.3; +https://openai.com/gptbot)"
74.7.227.12 - - [23/Mar/2026:15:56:42 +0330] "GET /search.php?detail/085043140914 HTTP/1.1" 200 43811 "http://news.mantaraham.ir/search.php?detail/085000485608" "Mozilla/5.0 AppleWebKit/537.36 (KHTML, like Gecko; compatible; GPTBot/1.3; +https://openai.com/gptbot)"
74.7.227.12 - - [23/Mar/2026:15:56:43 +0330] "GET /search.php?detail/085002806040 HTTP/1.1" 200 44173 "http://news.mantaraham.ir/search.php?detail/085021740008" "Mozilla/5.0 AppleWebKit/537.36 (KHTML, like Gecko; compatible; GPTBot/1.3; +https://openai.com/gptbot)"
74.7.227.12 - - [23/Mar/2026:15:56:45 +0330] "GET /search.php?detail/076002066957 HTTP/1.1" 200 43816 "http://news.mantaraham.ir/search.php?detail/0760416525429" "Mozilla/5.0 AppleWebKit/537.36 (KHTML, like Gecko; compatible; GPTBot/1.3; +https://openai.com/gptbot)"
74.7.227.12 - - [23/Mar/2026:15:56:47 +0330] "GET /search.php?detail/076037648941 HTTP/1.1" 200 43639 "http://news.mantaraham.ir/search.php?detail/07601320459464" "Mozilla/5.0 AppleWebKit/537.36 (KHTML, like Gecko; compatible; GPTBot/1.3; +https://openai.com/gptbot)"
74.7.227.12 - - [23/Mar/2026:15:56:48 +0330] "GET /search.php?detail/08503449563335 HTTP/1.1" 200 44147 "http://news.mantaraham.ir/search.php?detail/085000485608" "Mozilla/5.0 AppleWebKit/537.36 (KHTML, like Gecko; compatible; GPTBot/1.3; +https://openai.com/gptbot)"
74.7.227.12 - - [23/Mar/2026:15:56:50 +0330] "GET /search.php?jp/085034495.html HTTP/1.1" 200 43962 "http://news.mantaraham.ir/search.php?detail/085021739177" "Mozilla/5.0 AppleWebKit/537.36 (KHTML, like Gecko; compatible; GPTBot/1.3; +https://openai.com/gptbot)"
74.7.227.12 - - [23/Mar/2026:15:56:51 +0330] "GET /search.php?detail/08500048451760 HTTP/1.1" 200 43848 "http://news.mantaraham.ir/search.php?detail/085021720008" "Mozilla/5.0 AppleWebKit/537.36 (KHTML, like Gecko; compatible; GPTBot/1.3; +https://openai.com/gptbot)"
74.7.227.12 - - [23/Mar/2026:15:56:53 +0330] "GET /search.php?detail/07600217116161 HTTP/1.1" 200 43732 "http://news.mantaraham.ir/search.php?detail/0760416525429" "Mozilla/5.0 AppleWebKit/537.36 (KHTML, like Gecko; compatible; GPTBot/1.3; +https://openai.com/gptbot)"
74.7.227.12 - - [23/Mar/2026:15:56:54 +0330] "GET /search.php?detail/07600767118616 HTTP/1.1" 200 43595 "http://news.mantaraham.ir/search.php?detail/076031892168" "Mozilla/5.0 AppleWebKit/537.36 (KHTML, like Gecko; compatible; GPTBot/1.3; +https://openai.com/gptbot)"
74.7.227.12 - - [23/Mar/2026:15:56:55 +0330] "GET /search.php?detail/085000473806 HTTP/1.1" 200 43608 "http://news.mantaraham.ir/search.php?detail/085000483123" "Mozilla/5.0 AppleWebKit/537.36 (KHTML, like Gecko; compatible; GPTBot/1.3; +https://openai.com/gptbot)"
142.93.208.146 - - [23/Mar/2026:15:56:57 +0330] "GET /wp-admin/css/colors/about.php HTTP/1.1" 200 20714 "-" "Mozilla/5.0 (Windows NT 10.0; Win64; x64) AppleWebKit/537.36 (KHTML, like Gecko) Chrome/90.0.4430.85 Safari/537.36"
74.7.227.12 - - [23/Mar/2026:15:56:57 +0330] "GET /search.php?detail/0850217373676 HTTP/1.1" 200 43818 "http://news.mantaraham.ir/search.php?detail/0850431386524" "Mozilla/5.0 AppleWebKit/537.36 (KHTML, like Gecko; compatible; GPTBot/1.3; +https://openai.com/gptbot)"
74.7.227.12 - - [23/Mar/2026:15:56:58 +0330] "GET /search.php?detail/08502172156433 HTTP/1.1" 200 44120 "http://news.mantaraham.ir/search.php?detail/085000486342" "Mozilla/5.0 AppleWebKit/537.36 (KHTML, like Gecko; compatible; GPTBot/1.3; +https://openai.com/gptbot)"
74.7.227.12 - - [23/Mar/2026:15:57:00 +0330] "GET /search.php?detail/085000482050 HTTP/1.1" 200 44824 "http://news.mantaraham.ir/search.php?detail/085002806040" "Mozilla/5.0 AppleWebKit/537.36 (KHTML, like Gecko; compatible; GPTBot/1.3; +https://openai.com/gptbot)"
74.7.227.12 - - [23/Mar/2026:15:57:01 +0330] "GET /search.php?detail/0760284791298 HTTP/1.1" 200 43892 "http://news.mantaraham.ir/search.php?detail/076002066957" "Mozilla/5.0 AppleWebKit/537.36 (KHTML, like Gecko; compatible; GPTBot/1.3; +https://openai.com/gptbot)"
74.7.227.12 - - [23/Mar/2026:15:57:03 +0330] "GET /search.php?detail/07600047677525 HTTP/1.1" 200 43586 "http://news.mantaraham.ir/search.php?detail/076037648941" "Mozilla/5.0 AppleWebKit/537.36 (KHTML, like Gecko; compatible; GPTBot/1.3; +https://openai.com/gptbot)"
74.7.227.12 - - [23/Mar/2026:15:57:04 +0330] "GET /search.php?jp/085000483.html HTTP/1.1" 200 44677 "http://news.mantaraham.ir/search.php?detail/08503449563335" "Mozilla/5.0 AppleWebKit/537.36 (KHTML, like Gecko; compatible; GPTBot/1.3; +https://openai.com/gptbot)"
74.7.227.12 - - [23/Mar/2026:15:57:06 +0330] "GET /search.php?detail/076000480080 HTTP/1.1" 200 43751 "http://news.mantaraham.ir/search.php?detail/076037648941" "Mozilla/5.0 AppleWebKit/537.36 (KHTML, like Gecko; compatible; GPTBot/1.3; +https://openai.com/gptbot)"
74.7.227.12 - - [23/Mar/2026:15:57:08 +0330] "GET /search.php?detail/07603189427652 HTTP/1.1" 200 43681 "http://news.mantaraham.ir/search.php?detail/07602886638469" "Mozilla/5.0 AppleWebKit/537.36 (KHTML, like Gecko; compatible; GPTBot/1.3; +https://openai.com/gptbot)"
74.7.227.12 - - [23/Mar/2026:15:57:09 +0330] "GET /search.php?detail/076041653298 HTTP/1.1" 200 44210 "http://news.mantaraham.ir/search.php?detail/07600217116161" "Mozilla/5.0 AppleWebKit/537.36 (KHTML, like Gecko; compatible; GPTBot/1.3; +https://openai.com/gptbot)"
74.7.227.12 - - [23/Mar/2026:15:57:10 +0330] "GET /search.php?detail/076041654608 HTTP/1.1" 200 43726 "http://news.mantaraham.ir/search.php?detail/07600217116161" "Mozilla/5.0 AppleWebKit/537.36 (KHTML, like Gecko; compatible; GPTBot/1.3; +https://openai.com/gptbot)"
142.93.208.146 - - [23/Mar/2026:15:57:06 +0330] "POST /wp-admin/css/colors/about.php HTTP/1.1" 200 20714 "http://news.mantaraham.ir/wp-admin/css/colors/about.php" "Mozilla/5.0 (Windows NT 10.0; Win64; x64) AppleWebKit/537.36 (KHTML, like Gecko) Chrome/90.0.4430.85 Safari/537.36"
74.7.227.12 - - [23/Mar/2026:15:57:12 +0330] "GET /search.php?detail/0870003693430 HTTP/1.1" 200 44172 "http://news.mantaraham.ir/search.php?detail/08700034430750" "Mozilla/5.0 AppleWebKit/537.36 (KHTML, like Gecko; compatible; GPTBot/1.3; +https://openai.com/gptbot)"
74.7.227.12 - - [23/Mar/2026:15:57:13 +0330] "GET /search.php?detail/0850004816626 HTTP/1.1" 200 44074 "http://news.mantaraham.ir/search.php?detail/08502172256991" "Mozilla/5.0 AppleWebKit/537.36 (KHTML, like Gecko; compatible; GPTBot/1.3; +https://openai.com/gptbot)"
74.7.227.12 - - [23/Mar/2026:15:57:15 +0330] "GET /search.php?detail/085000480133 HTTP/1.1" 200 43902 "http://news.mantaraham.ir/search.php?detail/08502172156433" "Mozilla/5.0 AppleWebKit/537.36 (KHTML, like Gecko; compatible; GPTBot/1.3; +https://openai.com/gptbot)"
74.7.227.12 - - [23/Mar/2026:15:57:16 +0330] "GET /search.php?detail/0870003635582 HTTP/1.1" 200 44209 "http://news.mantaraham.ir/search.php?detail/0870003521349" "Mozilla/5.0 AppleWebKit/537.36 (KHTML, like Gecko; compatible; GPTBot/1.3; +https://openai.com/gptbot)"
74.7.227.12 - - [23/Mar/2026:15:57:18 +0330] "GET /search.php?detail/076002062520 HTTP/1.1" 200 43686 "http://news.mantaraham.ir/search.php?detail/0760284791298" "Mozilla/5.0 AppleWebKit/537.36 (KHTML, like Gecko; compatible; GPTBot/1.3; +https://openai.com/gptbot)"
74.7.227.12 - - [23/Mar/2026:15:57:19 +0330] "GET /search.php?detail/0850004741561 HTTP/1.1" 200 43975 "http://news.mantaraham.ir/search.php?detail/085000483123" "Mozilla/5.0 AppleWebKit/537.36 (KHTML, like Gecko; compatible; GPTBot/1.3; +https://openai.com/gptbot)"
74.7.227.12 - - [23/Mar/2026:15:57:21 +0330] "GET /search.php?detail/0310009448045 HTTP/1.1" 200 44424 "http://news.mantaraham.ir/search.php?detail/0310009480134" "Mozilla/5.0 AppleWebKit/537.36 (KHTML, like Gecko; compatible; GPTBot/1.3; +https://openai.com/gptbot)"
74.7.227.12 - - [23/Mar/2026:15:57:22 +0330] "GET /search.php?detail/0120003657511 HTTP/1.1" 200 44087 "http://news.mantaraham.ir/search.php?detail/012000362453" "Mozilla/5.0 AppleWebKit/537.36 (KHTML, like Gecko; compatible; GPTBot/1.3; +https://openai.com/gptbot)"
74.7.227.12 - - [23/Mar/2026:15:57:24 +0330] "GET /search.php?detail/0870003537181 HTTP/1.1" 200 43209 "http://news.mantaraham.ir/search.php?detail/087000368074" "Mozilla/5.0 AppleWebKit/537.36 (KHTML, like Gecko; compatible; GPTBot/1.3; +https://openai.com/gptbot)"
74.7.227.12 - - [23/Mar/2026:15:57:26 +0330] "GET /search.php?detail/0870003626775 HTTP/1.1" 200 43354 "http://news.mantaraham.ir/search.php?detail/0870003521349" "Mozilla/5.0 AppleWebKit/537.36 (KHTML, like Gecko; compatible; GPTBot/1.3; +https://openai.com/gptbot)"
74.7.227.12 - - [23/Mar/2026:15:57:28 +0330] "GET /search.php?detail/0850217388188 HTTP/1.1" 200 43726 "http://news.mantaraham.ir/search.php?detail/085000485608" "Mozilla/5.0 AppleWebKit/537.36 (KHTML, like Gecko; compatible; GPTBot/1.3; +https://openai.com/gptbot)"
74.7.227.12 - - [23/Mar/2026:15:57:29 +0330] "GET /search.php?detail/0120141959249 HTTP/1.1" 200 44265 "http://news.mantaraham.ir/search.php?detail/01202083679753" "Mozilla/5.0 AppleWebKit/537.36 (KHTML, like Gecko; compatible; GPTBot/1.3; +https://openai.com/gptbot)"
74.7.227.12 - - [23/Mar/2026:15:57:31 +0330] "GET /search.php?detail/012049674058 HTTP/1.1" 200 43988 "http://news.mantaraham.ir/search.php?detail/01202083679753" "Mozilla/5.0 AppleWebKit/537.36 (KHTML, like Gecko; compatible; GPTBot/1.3; +https://openai.com/gptbot)"
74.7.227.12 - - [23/Mar/2026:15:57:32 +0330] "GET /search.php?detail/012043658027 HTTP/1.1" 200 43988 "http://news.mantaraham.ir/search.php?detail/012030831930" "Mozilla/5.0 AppleWebKit/537.36 (KHTML, like Gecko; compatible; GPTBot/1.3; +https://openai.com/gptbot)"
74.7.227.12 - - [23/Mar/2026:15:57:34 +0330] "GET /search.php?detail/0760038706716 HTTP/1.1" 200 43723 "http://news.mantaraham.ir/search.php?detail/0760284791298" "Mozilla/5.0 AppleWebKit/537.36 (KHTML, like Gecko; compatible; GPTBot/1.3; +https://openai.com/gptbot)"
74.7.227.12 - - [23/Mar/2026:15:57:35 +0330] "GET /search.php?detail/08502173283002 HTTP/1.1" 200 43870 "http://news.mantaraham.ir/search.php?detail/085000485608" "Mozilla/5.0 AppleWebKit/537.36 (KHTML, like Gecko; compatible; GPTBot/1.3; +https://openai.com/gptbot)"
74.7.227.12 - - [23/Mar/2026:15:57:37 +0330] "GET /search.php?detail/07600217018484 HTTP/1.1" 200 43817 "http://news.mantaraham.ir/search.php?detail/0760416525429" "Mozilla/5.0 AppleWebKit/537.36 (KHTML, like Gecko; compatible; GPTBot/1.3; +https://openai.com/gptbot)"
74.7.227.12 - - [23/Mar/2026:15:57:38 +0330] "GET /search.php?detail/03104331830799 HTTP/1.1" 200 44102 "http://news.mantaraham.ir/search.php?detail/031000947026" "Mozilla/5.0 AppleWebKit/537.36 (KHTML, like Gecko; compatible; GPTBot/1.3; +https://openai.com/gptbot)"
74.7.227.12 - - [23/Mar/2026:15:57:40 +0330] "GET /search.php?detail/01204075262750 HTTP/1.1" 200 43894 "http://news.mantaraham.ir/search.php?detail/01202083679753" "Mozilla/5.0 AppleWebKit/537.36 (KHTML, like Gecko; compatible; GPTBot/1.3; +https://openai.com/gptbot)"
74.7.227.12 - - [23/Mar/2026:15:57:43 +0330] "GET /search.php?detail/08500281668140 HTTP/1.1" 200 44142 "http://news.mantaraham.ir/search.php?detail/085021735678" "Mozilla/5.0 AppleWebKit/537.36 (KHTML, like Gecko; compatible; GPTBot/1.3; +https://openai.com/gptbot)"
74.7.227.12 - - [23/Mar/2026:15:57:45 +0330] "GET /search.php?detail/076003868215 HTTP/1.1" 200 43785 "http://news.mantaraham.ir/search.php?detail/0760284791298" "Mozilla/5.0 AppleWebKit/537.36 (KHTML, like Gecko; compatible; GPTBot/1.3; +https://openai.com/gptbot)"
142.93.208.146 - - [23/Mar/2026:15:57:48 +0330] "GET /wp-admin/css/colors/blue/ HTTP/1.1" 200 1459 "binance.com" "Mozilla/5.0 (Windows NT 10.0; Win64; x64) AppleWebKit/537.36 (KHTML, like Gecko) Chrome/90.0.4430.85 Safari/537.36"
74.7.227.12 - - [23/Mar/2026:15:57:46 +0330] "GET /search.php?detail/012040758526 HTTP/1.1" 200 44068 "http://news.mantaraham.ir/search.php?detail/012030831930" "Mozilla/5.0 AppleWebKit/537.36 (KHTML, like Gecko; compatible; GPTBot/1.3; +https://openai.com/gptbot)"
74.7.227.12 - - [23/Mar/2026:15:57:48 +0330] "GET /search.php?detail/085043139253 HTTP/1.1" 200 43945 "http://news.mantaraham.ir/search.php?detail/085000485608" "Mozilla/5.0 AppleWebKit/537.36 (KHTML, like Gecko; compatible; GPTBot/1.3; +https://openai.com/gptbot)"
74.7.227.12 - - [23/Mar/2026:15:57:49 +0330] "GET /search.php?detail/085021742235 HTTP/1.1" 200 43361 "http://news.mantaraham.ir/search.php?detail/085000486342" "Mozilla/5.0 AppleWebKit/537.36 (KHTML, like Gecko; compatible; GPTBot/1.3; +https://openai.com/gptbot)"
74.7.227.12 - - [23/Mar/2026:15:57:51 +0330] "GET /search.php?detail/0760020655925 HTTP/1.1" 200 43308 "http://news.mantaraham.ir/search.php?detail/0760318479762" "Mozilla/5.0 AppleWebKit/537.36 (KHTML, like Gecko; compatible; GPTBot/1.3; +https://openai.com/gptbot)"
74.7.227.12 - - [23/Mar/2026:15:57:53 +0330] "GET /search.php?detail/0760076729474 HTTP/1.1" 200 43712 "http://news.mantaraham.ir/search.php?detail/076031892168" "Mozilla/5.0 AppleWebKit/537.36 (KHTML, like Gecko; compatible; GPTBot/1.3; +https://openai.com/gptbot)"
74.7.227.12 - - [23/Mar/2026:15:57:54 +0330] "GET /search.php?detail/01203333929841 HTTP/1.1" 200 44327 "http://news.mantaraham.ir/search.php?detail/01202083780545" "Mozilla/5.0 AppleWebKit/537.36 (KHTML, like Gecko; compatible; GPTBot/1.3; +https://openai.com/gptbot)"
74.7.227.12 - - [23/Mar/2026:15:57:56 +0330] "GET /search.php?detail/031016908626 HTTP/1.1" 200 43964 "http://news.mantaraham.ir/search.php?detail/031003441209" "Mozilla/5.0 AppleWebKit/537.36 (KHTML, like Gecko; compatible; GPTBot/1.3; +https://openai.com/gptbot)"
74.7.227.12 - - [23/Mar/2026:15:57:58 +0330] "GET /search.php?goods/031000944 HTTP/1.1" 200 44493 "http://news.mantaraham.ir/search.php?detail/03104331830799" "Mozilla/5.0 AppleWebKit/537.36 (KHTML, like Gecko; compatible; GPTBot/1.3; +https://openai.com/gptbot)"
74.7.227.12 - - [23/Mar/2026:15:57:59 +0330] "GET /search.php?detail/076029626105 HTTP/1.1" 200 43692 "http://news.mantaraham.ir/search.php?detail/076007673484" "Mozilla/5.0 AppleWebKit/537.36 (KHTML, like Gecko; compatible; GPTBot/1.3; +https://openai.com/gptbot)"
74.7.227.12 - - [23/Mar/2026:15:58:01 +0330] "GET /search.php?detail/085000475702 HTTP/1.1" 200 43994 "http://news.mantaraham.ir/search.php?detail/08500281668140" "Mozilla/5.0 AppleWebKit/537.36 (KHTML, like Gecko; compatible; GPTBot/1.3; +https://openai.com/gptbot)"
74.7.227.12 - - [23/Mar/2026:15:58:03 +0330] "GET /search.php?detail/012040708234 HTTP/1.1" 200 44982 "http://news.mantaraham.ir/search.php?detail/01204967890462" "Mozilla/5.0 AppleWebKit/537.36 (KHTML, like Gecko; compatible; GPTBot/1.3; +https://openai.com/gptbot)"
74.7.227.12 - - [23/Mar/2026:15:58:04 +0330] "GET /search.php?detail/076009671393 HTTP/1.1" 200 44207 "http://news.mantaraham.ir/search.php?detail/07602886638469" "Mozilla/5.0 AppleWebKit/537.36 (KHTML, like Gecko; compatible; GPTBot/1.3; +https://openai.com/gptbot)"
74.7.227.12 - - [23/Mar/2026:15:58:06 +0330] "GET /search.php?detail/085002819320 HTTP/1.1" 200 44182 "http://news.mantaraham.ir/search.php?detail/085021740008" "Mozilla/5.0 AppleWebKit/537.36 (KHTML, like Gecko; compatible; GPTBot/1.3; +https://openai.com/gptbot)"
74.7.227.12 - - [23/Mar/2026:15:58:07 +0330] "GET /search.php?detail/076003867835 HTTP/1.1" 200 43460 "http://news.mantaraham.ir/search.php?detail/0760416525429" "Mozilla/5.0 AppleWebKit/537.36 (KHTML, like Gecko; compatible; GPTBot/1.3; +https://openai.com/gptbot)"
74.7.227.12 - - [23/Mar/2026:15:58:09 +0330] "GET /search.php?detail/031022187701 HTTP/1.1" 200 44338 "http://news.mantaraham.ir/search.php?detail/031003441209" "Mozilla/5.0 AppleWebKit/537.36 (KHTML, like Gecko; compatible; GPTBot/1.3; +https://openai.com/gptbot)"
74.7.227.12 - - [23/Mar/2026:15:58:10 +0330] "GET /search.php?detail/076016134670 HTTP/1.1" 200 42379 "http://news.mantaraham.ir/search.php?l=6659&product/Z79?y=search" "Mozilla/5.0 AppleWebKit/537.36 (KHTML, like Gecko; compatible; GPTBot/1.3; +https://openai.com/gptbot)"
74.7.227.12 - - [23/Mar/2026:15:58:12 +0330] "GET /search.php?detail/031014419616 HTTP/1.1" 200 44180 "http://news.mantaraham.ir/search.php?detail/031000947026" "Mozilla/5.0 AppleWebKit/537.36 (KHTML, like Gecko; compatible; GPTBot/1.3; +https://openai.com/gptbot)"
74.7.227.12 - - [23/Mar/2026:15:58:13 +0330] "GET /search.php?detail/07603764910792 HTTP/1.1" 200 44078 "http://news.mantaraham.ir/search.php?detail/07600387400890" "Mozilla/5.0 AppleWebKit/537.36 (KHTML, like Gecko; compatible; GPTBot/1.3; +https://openai.com/gptbot)"
74.7.227.12 - - [23/Mar/2026:15:58:15 +0330] "GET /search.php?detail/08502172530485 HTTP/1.1" 200 44574 "http://news.mantaraham.ir/search.php?detail/085000486342" "Mozilla/5.0 AppleWebKit/537.36 (KHTML, like Gecko; compatible; GPTBot/1.3; +https://openai.com/gptbot)"
74.7.227.12 - - [23/Mar/2026:15:58:16 +0330] "GET /search.php?detail/03101441833734 HTTP/1.1" 200 44987 "http://news.mantaraham.ir/search.php?detail/0310174373474" "Mozilla/5.0 AppleWebKit/537.36 (KHTML, like Gecko; compatible; GPTBot/1.3; +https://openai.com/gptbot)"
74.7.227.12 - - [23/Mar/2026:15:58:17 +0330] "GET /search.php?detail/07600622024544 HTTP/1.1" 200 43606 "http://news.mantaraham.ir/search.php?detail/076007673484" "Mozilla/5.0 AppleWebKit/537.36 (KHTML, like Gecko; compatible; GPTBot/1.3; +https://openai.com/gptbot)"
74.7.227.12 - - [23/Mar/2026:15:58:18 +0330] "GET /search.php?detail/085021734770 HTTP/1.1" 200 43785 "http://news.mantaraham.ir/search.php?detail/085000485608" "Mozilla/5.0 AppleWebKit/537.36 (KHTML, like Gecko; compatible; GPTBot/1.3; +https://openai.com/gptbot)"
74.7.227.12 - - [23/Mar/2026:15:58:20 +0330] "GET /search.php?detail/076041650381 HTTP/1.1" 200 44189 "http://news.mantaraham.ir/search.php?detail/076009671393" "Mozilla/5.0 AppleWebKit/537.36 (KHTML, like Gecko; compatible; GPTBot/1.3; +https://openai.com/gptbot)"
74.7.227.12 - - [23/Mar/2026:15:58:22 +0330] "GET /search.php?detail/0760318932520 HTTP/1.1" 200 43878 "http://news.mantaraham.ir/search.php?detail/07602886638469" "Mozilla/5.0 AppleWebKit/537.36 (KHTML, like Gecko; compatible; GPTBot/1.3; +https://openai.com/gptbot)"
74.7.227.12 - - [23/Mar/2026:15:58:23 +0330] "GET /search.php?detail/0760304452289 HTTP/1.1" 200 44088 "http://news.mantaraham.ir/search.php?detail/07602886638469" "Mozilla/5.0 AppleWebKit/537.36 (KHTML, like Gecko; compatible; GPTBot/1.3; +https://openai.com/gptbot)"
74.7.227.12 - - [23/Mar/2026:15:58:25 +0330] "GET /search.php?detail/0120496733810 HTTP/1.1" 200 44130 "http://news.mantaraham.ir/search.php?detail/01202083679753" "Mozilla/5.0 AppleWebKit/537.36 (KHTML, like Gecko; compatible; GPTBot/1.3; +https://openai.com/gptbot)"
74.7.227.12 - - [23/Mar/2026:15:58:27 +0330] "GET /search.php?detail/07600067673909 HTTP/1.1" 200 42235 "http://news.mantaraham.ir/search.php?detail/076016134670" "Mozilla/5.0 AppleWebKit/537.36 (KHTML, like Gecko; compatible; GPTBot/1.3; +https://openai.com/gptbot)"
74.7.227.12 - - [23/Mar/2026:15:58:29 +0330] "GET /search.php?detail/0850217439803 HTTP/1.1" 200 43757 "http://news.mantaraham.ir/search.php?detail/085000485608" "Mozilla/5.0 AppleWebKit/537.36 (KHTML, like Gecko; compatible; GPTBot/1.3; +https://openai.com/gptbot)"
74.7.227.12 - - [23/Mar/2026:15:58:30 +0330] "GET /search.php?detail/0310425864809 HTTP/1.1" 200 44720 "http://news.mantaraham.ir/search.php?detail/031034150616" "Mozilla/5.0 AppleWebKit/537.36 (KHTML, like Gecko; compatible; GPTBot/1.3; +https://openai.com/gptbot)"
74.7.227.12 - - [23/Mar/2026:15:58:32 +0330] "GET /search.php?detail/0850217231669 HTTP/1.1" 200 43851 "http://news.mantaraham.ir/search.php?detail/08502172776833" "Mozilla/5.0 AppleWebKit/537.36 (KHTML, like Gecko; compatible; GPTBot/1.3; +https://openai.com/gptbot)"
142.93.208.146 - - [23/Mar/2026:15:58:35 +0330] "GET /wp-admin/css/colors/blue/sihcxlmsda.php HTTP/1.1" 200 0 "binance.com" "Mozilla/5.0 (Windows NT 10.0; Win64; x64) AppleWebKit/537.36 (KHTML, like Gecko) Chrome/90.0.4430.85 Safari/537.36"
74.7.227.12 - - [23/Mar/2026:15:58:34 +0330] "GET /search.php?detail/0120496797395 HTTP/1.1" 200 43898 "http://news.mantaraham.ir/search.php?detail/012033208640" "Mozilla/5.0 AppleWebKit/537.36 (KHTML, like Gecko; compatible; GPTBot/1.3; +https://openai.com/gptbot)"
74.7.227.12 - - [23/Mar/2026:15:58:35 +0330] "GET /search.php?detail/08502173088085 HTTP/1.1" 200 43992 "http://news.mantaraham.ir/search.php?detail/085000486342" "Mozilla/5.0 AppleWebKit/537.36 (KHTML, like Gecko; compatible; GPTBot/1.3; +https://openai.com/gptbot)"
74.7.227.12 - - [23/Mar/2026:15:58:37 +0330] "GET /search.php?detail/085043137658 HTTP/1.1" 200 44099 "http://news.mantaraham.ir/search.php?detail/085021734770" "Mozilla/5.0 AppleWebKit/537.36 (KHTML, like Gecko; compatible; GPTBot/1.3; +https://openai.com/gptbot)"
74.7.227.12 - - [23/Mar/2026:15:58:38 +0330] "GET /search.php?detail/012042333718 HTTP/1.1" 200 43933 "http://news.mantaraham.ir/search.php?detail/01202083679753" "Mozilla/5.0 AppleWebKit/537.36 (KHTML, like Gecko; compatible; GPTBot/1.3; +https://openai.com/gptbot)"
74.7.227.12 - - [23/Mar/2026:15:58:40 +0330] "GET /search.php?detail/012041677788 HTTP/1.1" 200 44477 "http://news.mantaraham.ir/search.php?detail/01202083780545" "Mozilla/5.0 AppleWebKit/537.36 (KHTML, like Gecko; compatible; GPTBot/1.3; +https://openai.com/gptbot)"
74.7.227.12 - - [23/Mar/2026:15:58:41 +0330] "GET /search.php?detail/0850217445234 HTTP/1.1" 200 43990 "http://news.mantaraham.ir/search.php?detail/085002808663" "Mozilla/5.0 AppleWebKit/537.36 (KHTML, like Gecko; compatible; GPTBot/1.3; +https://openai.com/gptbot)"
74.7.227.12 - - [23/Mar/2026:15:58:43 +0330] "GET /search.php?detail/0760038714632 HTTP/1.1" 200 43932 "http://news.mantaraham.ir/search.php?detail/0760284791298" "Mozilla/5.0 AppleWebKit/537.36 (KHTML, like Gecko; compatible; GPTBot/1.3; +https://openai.com/gptbot)"
74.7.227.12 - - [23/Mar/2026:15:58:45 +0330] "GET /search.php?detail/076031610105 HTTP/1.1" 200 42207 "http://news.mantaraham.ir/search.php?detail/07600067673909" "Mozilla/5.0 AppleWebKit/537.36 (KHTML, like Gecko; compatible; GPTBot/1.3; +https://openai.com/gptbot)"
74.7.227.12 - - [23/Mar/2026:15:58:46 +0330] "GET /search.php?detail/07603161205980 HTTP/1.1" 200 42224 "http://news.mantaraham.ir/search.php?detail/07600067673909" "Mozilla/5.0 AppleWebKit/537.36 (KHTML, like Gecko; compatible; GPTBot/1.3; +https://openai.com/gptbot)"
74.7.227.12 - - [23/Mar/2026:15:58:48 +0330] "GET /search.php?detail/0760316080639 HTTP/1.1" 200 42101 "http://news.mantaraham.ir/search.php?detail/07600067673909" "Mozilla/5.0 AppleWebKit/537.36 (KHTML, like Gecko; compatible; GPTBot/1.3; +https://openai.com/gptbot)"
74.7.227.12 - - [23/Mar/2026:15:58:49 +0330] "GET /search.php?detail/0760006757096 HTTP/1.1" 200 42419 "http://news.mantaraham.ir/search.php?detail/07600067673909" "Mozilla/5.0 AppleWebKit/537.36 (KHTML, like Gecko; compatible; GPTBot/1.3; +https://openai.com/gptbot)"
74.7.227.12 - - [23/Mar/2026:15:58:51 +0330] "GET /search.php?detail/0850344975529 HTTP/1.1" 200 43911 "http://news.mantaraham.ir/search.php?detail/085000485608" "Mozilla/5.0 AppleWebKit/537.36 (KHTML, like Gecko; compatible; GPTBot/1.3; +https://openai.com/gptbot)"
74.7.227.12 - - [23/Mar/2026:15:58:52 +0330] "GET /search.php?detail/08700648912542 HTTP/1.1" 200 43772 "http://news.mantaraham.ir/search.php?detail/08700035702065" "Mozilla/5.0 AppleWebKit/537.36 (KHTML, like Gecko; compatible; GPTBot/1.3; +https://openai.com/gptbot)"
74.7.227.12 - - [23/Mar/2026:15:58:54 +0330] "GET /search.php?detail/01204967289568 HTTP/1.1" 200 44964 "http://news.mantaraham.ir/search.php?detail/01202083679753" "Mozilla/5.0 AppleWebKit/537.36 (KHTML, like Gecko; compatible; GPTBot/1.3; +https://openai.com/gptbot)"
74.7.227.12 - - [23/Mar/2026:15:58:56 +0330] "GET /search.php?detail/08502172683598 HTTP/1.1" 200 43951 "http://news.mantaraham.ir/search.php?detail/085000486342" "Mozilla/5.0 AppleWebKit/537.36 (KHTML, like Gecko; compatible; GPTBot/1.3; +https://openai.com/gptbot)"
74.7.227.12 - - [23/Mar/2026:15:58:57 +0330] "GET /search.php?detail/0850028052919 HTTP/1.1" 200 43817 "http://news.mantaraham.ir/search.php?detail/08500047787253" "Mozilla/5.0 AppleWebKit/537.36 (KHTML, like Gecko; compatible; GPTBot/1.3; +https://openai.com/gptbot)"
74.7.227.12 - - [23/Mar/2026:15:58:59 +0330] "GET /search.php?detail/0760180021986 HTTP/1.1" 200 44012 "http://news.mantaraham.ir/search.php?detail/076029599960" "Mozilla/5.0 AppleWebKit/537.36 (KHTML, like Gecko; compatible; GPTBot/1.3; +https://openai.com/gptbot)"
74.7.227.12 - - [23/Mar/2026:15:59:00 +0330] "GET /search.php?detail/0760020640586 HTTP/1.1" 200 43545 "http://news.mantaraham.ir/search.php?detail/0760020655925" "Mozilla/5.0 AppleWebKit/537.36 (KHTML, like Gecko; compatible; GPTBot/1.3; +https://openai.com/gptbot)"
74.7.227.12 - - [23/Mar/2026:15:59:02 +0330] "GET /search.php?detail/0310144204188 HTTP/1.1" 200 43898 "http://news.mantaraham.ir/search.php?detail/03102001850400" "Mozilla/5.0 AppleWebKit/537.36 (KHTML, like Gecko; compatible; GPTBot/1.3; +https://openai.com/gptbot)"
74.7.227.12 - - [23/Mar/2026:15:59:03 +0330] "GET /search.php?detail/076038628232 HTTP/1.1" 200 41880 "http://news.mantaraham.ir/search.php?detail/07603161205980" "Mozilla/5.0 AppleWebKit/537.36 (KHTML, like Gecko; compatible; GPTBot/1.3; +https://openai.com/gptbot)"
74.7.227.12 - - [23/Mar/2026:15:59:05 +0330] "GET /search.php?detail/0760180036319 HTTP/1.1" 200 43483 "http://news.mantaraham.ir/search.php?detail/076007673484" "Mozilla/5.0 AppleWebKit/537.36 (KHTML, like Gecko; compatible; GPTBot/1.3; +https://openai.com/gptbot)"
74.7.227.12 - - [23/Mar/2026:15:59:06 +0330] "GET /search.php?detail/0850028173820 HTTP/1.1" 200 44975 "http://news.mantaraham.ir/search.php?detail/085021720008" "Mozilla/5.0 AppleWebKit/537.36 (KHTML, like Gecko; compatible; GPTBot/1.3; +https://openai.com/gptbot)"
74.7.227.12 - - [23/Mar/2026:15:59:08 +0330] "GET /search.php?detail/031000945875 HTTP/1.1" 200 44437 "http://news.mantaraham.ir/search.php?detail/0310034402036" "Mozilla/5.0 AppleWebKit/537.36 (KHTML, like Gecko; compatible; GPTBot/1.3; +https://openai.com/gptbot)"
74.7.227.12 - - [23/Mar/2026:15:59:09 +0330] "GET /search.php?detail/076000489133 HTTP/1.1" 200 43936 "http://news.mantaraham.ir/search.php?detail/0760318479762" "Mozilla/5.0 AppleWebKit/537.36 (KHTML, like Gecko; compatible; GPTBot/1.3; +https://openai.com/gptbot)"
74.7.227.12 - - [23/Mar/2026:15:59:11 +0330] "GET /search.php?detail/0310048791277 HTTP/1.1" 200 44007 "http://news.mantaraham.ir/search.php?detail/03100094673180" "Mozilla/5.0 AppleWebKit/537.36 (KHTML, like Gecko; compatible; GPTBot/1.3; +https://openai.com/gptbot)"
74.7.227.12 - - [23/Mar/2026:15:59:13 +0330] "GET /search.php?detail/0850217336880 HTTP/1.1" 200 43611 "http://news.mantaraham.ir/search.php?detail/085021724664" "Mozilla/5.0 AppleWebKit/537.36 (KHTML, like Gecko; compatible; GPTBot/1.3; +https://openai.com/gptbot)"
74.7.227.12 - - [23/Mar/2026:15:59:14 +0330] "GET /search.php?detail/03103713231713 HTTP/1.1" 200 44354 "http://news.mantaraham.ir/search.php?detail/0310034402036" "Mozilla/5.0 AppleWebKit/537.36 (KHTML, like Gecko; compatible; GPTBot/1.3; +https://openai.com/gptbot)"
74.7.227.12 - - [23/Mar/2026:15:59:15 +0330] "GET /search.php?detail/08502171910018 HTTP/1.1" 200 44202 "http://news.mantaraham.ir/search.php?detail/085002824827" "Mozilla/5.0 AppleWebKit/537.36 (KHTML, like Gecko; compatible; GPTBot/1.3; +https://openai.com/gptbot)"
74.7.227.12 - - [23/Mar/2026:15:59:17 +0330] "GET /search.php?detail/07600967220430 HTTP/1.1" 200 43553 "http://news.mantaraham.ir/search.php?detail/076029599960" "Mozilla/5.0 AppleWebKit/537.36 (KHTML, like Gecko; compatible; GPTBot/1.3; +https://openai.com/gptbot)"
74.7.227.12 - - [23/Mar/2026:15:59:19 +0330] "GET /search.php?detail/08500282277481 HTTP/1.1" 200 44493 "http://news.mantaraham.ir/search.php?detail/085021720008" "Mozilla/5.0 AppleWebKit/537.36 (KHTML, like Gecko; compatible; GPTBot/1.3; +https://openai.com/gptbot)"
74.7.227.12 - - [23/Mar/2026:15:59:20 +0330] "GET /search.php?detail/07601800465874 HTTP/1.1" 200 44099 "http://news.mantaraham.ir/search.php?detail/07602886638469" "Mozilla/5.0 AppleWebKit/537.36 (KHTML, like Gecko; compatible; GPTBot/1.3; +https://openai.com/gptbot)"
74.7.227.12 - - [23/Mar/2026:15:59:22 +0330] "GET /search.php?detail/07600621908979 HTTP/1.1" 200 43834 "http://news.mantaraham.ir/search.php?detail/07602961294395" "Mozilla/5.0 AppleWebKit/537.36 (KHTML, like Gecko; compatible; GPTBot/1.3; +https://openai.com/gptbot)"
74.7.227.12 - - [23/Mar/2026:15:59:24 +0330] "GET /search.php?detail/08500281887906 HTTP/1.1" 200 43773 "http://news.mantaraham.ir/search.php?detail/08500047787253" "Mozilla/5.0 AppleWebKit/537.36 (KHTML, like Gecko; compatible; GPTBot/1.3; +https://openai.com/gptbot)"
74.7.227.12 - - [23/Mar/2026:15:59:25 +0330] "GET /search.php?detail/07602289049394 HTTP/1.1" 200 43491 "http://news.mantaraham.ir/search.php?detail/07602886638469" "Mozilla/5.0 AppleWebKit/537.36 (KHTML, like Gecko; compatible; GPTBot/1.3; +https://openai.com/gptbot)"
142.93.208.146 - - [23/Mar/2026:15:59:25 +0330] "POST /wp-admin/css/colors/blue/about.php HTTP/1.1" 200 18329 "http://news.mantaraham.ir/wp-admin/css/colors/blue/about.php" "Mozilla/5.0 (Windows NT 10.0; Win64; x64) AppleWebKit/537.36 (KHTML, like Gecko) Chrome/90.0.4430.85 Safari/537.36"
74.7.227.12 - - [23/Mar/2026:15:59:27 +0330] "GET /search.php?detail/076000482806 HTTP/1.1" 200 44039 "http://news.mantaraham.ir/search.php?detail/076000489133" "Mozilla/5.0 AppleWebKit/537.36 (KHTML, like Gecko; compatible; GPTBot/1.3; +https://openai.com/gptbot)"
74.7.227.12 - - [23/Mar/2026:15:59:29 +0330] "GET /search.php?detail/07601320359315 HTTP/1.1" 200 43567 "http://news.mantaraham.ir/search.php?detail/07602961294395" "Mozilla/5.0 AppleWebKit/537.36 (KHTML, like Gecko; compatible; GPTBot/1.3; +https://openai.com/gptbot)"
74.7.227.12 - - [23/Mar/2026:15:59:30 +0330] "GET /search.php?detail/07602885717829 HTTP/1.1" 200 43699 "http://news.mantaraham.ir/search.php?detail/076000487490" "Mozilla/5.0 AppleWebKit/537.36 (KHTML, like Gecko; compatible; GPTBot/1.3; +https://openai.com/gptbot)"
74.7.227.12 - - [23/Mar/2026:15:59:32 +0330] "GET /search.php?detail/07600967387284 HTTP/1.1" 200 44389 "http://news.mantaraham.ir/search.php?detail/076002066957" "Mozilla/5.0 AppleWebKit/537.36 (KHTML, like Gecko; compatible; GPTBot/1.3; +https://openai.com/gptbot)"
74.7.227.12 - - [23/Mar/2026:15:59:34 +0330] "GET /search.php?detail/07600387334459 HTTP/1.1" 200 44726 "http://news.mantaraham.ir/search.php?detail/0760318479762" "Mozilla/5.0 AppleWebKit/537.36 (KHTML, like Gecko; compatible; GPTBot/1.3; +https://openai.com/gptbot)"
74.7.227.12 - - [23/Mar/2026:15:59:35 +0330] "GET /search.php?detail/08504313589573 HTTP/1.1" 200 43946 "http://news.mantaraham.ir/search.php?detail/0850217388188" "Mozilla/5.0 AppleWebKit/537.36 (KHTML, like Gecko; compatible; GPTBot/1.3; +https://openai.com/gptbot)"
74.7.227.12 - - [23/Mar/2026:15:59:36 +0330] "GET /search.php?detail/012042879279 HTTP/1.1" 200 44908 "http://news.mantaraham.ir/search.php?detail/01202083679753" "Mozilla/5.0 AppleWebKit/537.36 (KHTML, like Gecko; compatible; GPTBot/1.3; +https://openai.com/gptbot)"
74.7.227.12 - - [23/Mar/2026:15:59:38 +0330] "GET /search.php?detail/0760376612871 HTTP/1.1" 200 43640 "http://news.mantaraham.ir/search.php?detail/07600387400890" "Mozilla/5.0 AppleWebKit/537.36 (KHTML, like Gecko; compatible; GPTBot/1.3; +https://openai.com/gptbot)"
74.7.227.12 - - [23/Mar/2026:15:59:39 +0330] "GET /search.php?detail/0760316093675 HTTP/1.1" 200 42092 "http://news.mantaraham.ir/search.php?detail/07600067673909" "Mozilla/5.0 AppleWebKit/537.36 (KHTML, like Gecko; compatible; GPTBot/1.3; +https://openai.com/gptbot)"
74.7.227.12 - - [23/Mar/2026:15:59:41 +0330] "GET /search.php?detail/0850344983402 HTTP/1.1" 200 43924 "http://news.mantaraham.ir/search.php?detail/0850431386524" "Mozilla/5.0 AppleWebKit/537.36 (KHTML, like Gecko; compatible; GPTBot/1.3; +https://openai.com/gptbot)"
74.7.227.12 - - [23/Mar/2026:15:59:42 +0330] "GET /search.php?detail/0850217284211 HTTP/1.1" 200 44090 "http://news.mantaraham.ir/search.php?detail/085000486342" "Mozilla/5.0 AppleWebKit/537.36 (KHTML, like Gecko; compatible; GPTBot/1.3; +https://openai.com/gptbot)"
74.7.227.12 - - [23/Mar/2026:15:59:44 +0330] "GET /search.php?detail/08700034935319 HTTP/1.1" 200 44074 "http://news.mantaraham.ir/search.php?detail/087000368074" "Mozilla/5.0 AppleWebKit/537.36 (KHTML, like Gecko; compatible; GPTBot/1.3; +https://openai.com/gptbot)"
74.7.227.12 - - [23/Mar/2026:15:59:46 +0330] "GET /search.php?detail/08700035847617 HTTP/1.1" 200 44396 "http://news.mantaraham.ir/search.php?detail/0870003600893" "Mozilla/5.0 AppleWebKit/537.36 (KHTML, like Gecko; compatible; GPTBot/1.3; +https://openai.com/gptbot)"
74.7.227.12 - - [23/Mar/2026:15:59:47 +0330] "GET /search.php?detail/03102383787602 HTTP/1.1" 200 44025 "http://news.mantaraham.ir/search.php?detail/03100094673180" "Mozilla/5.0 AppleWebKit/537.36 (KHTML, like Gecko; compatible; GPTBot/1.3; +https://openai.com/gptbot)"
74.7.227.12 - - [23/Mar/2026:15:59:49 +0330] "GET /search.php?detail/08502174170841 HTTP/1.1" 200 43757 "http://news.mantaraham.ir/search.php?detail/085002824827" "Mozilla/5.0 AppleWebKit/537.36 (KHTML, like Gecko; compatible; GPTBot/1.3; +https://openai.com/gptbot)"
74.7.227.12 - - [23/Mar/2026:15:59:51 +0330] "GET /search.php?detail/07604165542016 HTTP/1.1" 200 43669 "http://news.mantaraham.ir/search.php?detail/07600217116161" "Mozilla/5.0 AppleWebKit/537.36 (KHTML, like Gecko; compatible; GPTBot/1.3; +https://openai.com/gptbot)"
74.7.227.12 - - [23/Mar/2026:15:59:52 +0330] "GET /search.php?detail/03104603984419 HTTP/1.1" 200 43872 "http://news.mantaraham.ir/search.php?detail/03100094673180" "Mozilla/5.0 AppleWebKit/537.36 (KHTML, like Gecko; compatible; GPTBot/1.3; +https://openai.com/gptbot)"
74.7.227.12 - - [23/Mar/2026:15:59:53 +0330] "GET /search.php?detail/08704050170323 HTTP/1.1" 200 43320 "http://news.mantaraham.ir/search.php?detail/08700034430750" "Mozilla/5.0 AppleWebKit/537.36 (KHTML, like Gecko; compatible; GPTBot/1.3; +https://openai.com/gptbot)"
74.7.227.12 - - [23/Mar/2026:15:59:55 +0330] "GET /search.php?detail/07600386991861 HTTP/1.1" 200 43363 "http://news.mantaraham.ir/search.php?detail/07600047677525" "Mozilla/5.0 AppleWebKit/537.36 (KHTML, like Gecko; compatible; GPTBot/1.3; +https://openai.com/gptbot)"
74.7.227.12 - - [23/Mar/2026:15:59:56 +0330] "GET /search.php?detail/0850004762176 HTTP/1.1" 200 44551 "http://news.mantaraham.ir/search.php?detail/08502172156433" "Mozilla/5.0 AppleWebKit/537.36 (KHTML, like Gecko; compatible; GPTBot/1.3; +https://openai.com/gptbot)"
74.7.227.12 - - [23/Mar/2026:15:59:58 +0330] "GET /search.php?detail/0760004815825 HTTP/1.1" 200 43469 "http://news.mantaraham.ir/search.php?detail/0760284791298" "Mozilla/5.0 AppleWebKit/537.36 (KHTML, like Gecko; compatible; GPTBot/1.3; +https://openai.com/gptbot)"
74.7.227.12 - - [23/Mar/2026:15:59:59 +0330] "GET /search.php?detail/0850004797122 HTTP/1.1" 200 43727 "http://news.mantaraham.ir/search.php?detail/085002806040" "Mozilla/5.0 AppleWebKit/537.36 (KHTML, like Gecko; compatible; GPTBot/1.3; +https://openai.com/gptbot)"
74.7.227.12 - - [23/Mar/2026:16:00:01 +0330] "GET /search.php?detail/0850217175972 HTTP/1.1" 200 43633 "http://news.mantaraham.ir/search.php?detail/08500047787253" "Mozilla/5.0 AppleWebKit/537.36 (KHTML, like Gecko; compatible; GPTBot/1.3; +https://openai.com/gptbot)"
74.7.227.12 - - [23/Mar/2026:16:00:02 +0330] "GET /search.php?detail/085021729511 HTTP/1.1" 200 44127 "http://news.mantaraham.ir/search.php?detail/08502172776833" "Mozilla/5.0 AppleWebKit/537.36 (KHTML, like Gecko; compatible; GPTBot/1.3; +https://openai.com/gptbot)"
52.167.144.150 - - [23/Mar/2026:15:55:00 +0330] "GET /-wpt-tmp-7yYHyZuRnvMBQjT8.maintenance HTTP/1.1" 200 0 "-" "Mozilla/5.0 AppleWebKit/537.36 (KHTML, like Gecko; compatible; bingbot/2.0; +http://www.bing.com/bingbot.htm) Chrome/116.0.1938.76 Safari/537.36"
142.93.208.146 - - [23/Mar/2026:15:55:03 +0330] "POST /wp-admin/css/wp-login.php HTTP/1.1" 200 85375 "http://news.mantaraham.ir/wp-admin/css/wp-login.php" "Mozilla/5.0 (Windows NT 10.0; Win64; x64) AppleWebKit/537.36 (KHTML, like Gecko) Chrome/90.0.4430.85 Safari/537.36"
142.93.208.146 - - [23/Mar/2026:15:55:15 +0330] "GET /wp-admin/css/svjyfjkhsy.php HTTP/1.1" 200 0 "binance.com" "Mozilla/5.0 (Windows NT 10.0; Win64; x64) AppleWebKit/537.36 (KHTML, like Gecko) Chrome/90.0.4430.85 Safari/537.36"
142.93.208.146 - - [23/Mar/2026:15:55:37 +0330] "GET /wp-admin/css/colors/ HTTP/1.1" 200 1624 "binance.com" "Mozilla/5.0 (Windows NT 10.0; Win64; x64) AppleWebKit/537.36 (KHTML, like Gecko) Chrome/90.0.4430.85 Safari/537.36"
142.93.208.146 - - [23/Mar/2026:15:57:19 +0330] "GET /wp-admin/css/colors/meanxksqme.php HTTP/1.1" 200 0 "binance.com" "Mozilla/5.0 (Windows NT 10.0; Win64; x64) AppleWebKit/537.36 (KHTML, like Gecko) Chrome/90.0.4430.85 Safari/537.36"
17.22.253.205 - - [23/Mar/2026:15:57:19 +0330] "GET /search.php?product/O37?x=search&l=41837 HTTP/1.1" 200 55228 "-" "Mozilla/5.0 (Macintosh; Intel Mac OS X 10_15_7) AppleWebKit/605.1.15 (KHTML, like Gecko) Version/17.4 Safari/605.1.15 (Applebot/0.1; +http://www.apple.com/go/applebot)"
142.93.208.146 - - [23/Mar/2026:15:57:32 +0330] "GET /wp-admin/css/colors/alfa-rex.php HTTP/1.1" 403 787 "binance.com" "Mozilla/5.0 (Windows NT 10.0; Win64; x64) AppleWebKit/537.36 (KHTML, like Gecko) Chrome/90.0.4430.85 Safari/537.36"
142.93.208.146 - - [23/Mar/2026:15:57:41 +0330] "GET /wp-admin/css/colors/infos.php HTTP/1.1" 403 787 "binance.com" "Mozilla/5.0 (Windows NT 10.0; Win64; x64) AppleWebKit/537.36 (KHTML, like Gecko) Chrome/90.0.4430.85 Safari/537.36"
142.93.208.146 - - [23/Mar/2026:15:57:54 +0330] "GET /wp-admin/css/colors/blue/ HTTP/1.1" 200 1459 "binance.com" "Mozilla/5.0 (Windows NT 10.0; Win64; x64) AppleWebKit/537.36 (KHTML, like Gecko) Chrome/90.0.4430.85 Safari/537.36"
142.93.208.146 - - [23/Mar/2026:15:58:03 +0330] "GET /wp-admin/css/colors/blue/about.php HTTP/1.1" 200 4498 "binance.com" "Mozilla/5.0 (Windows NT 10.0; Win64; x64) AppleWebKit/537.36 (KHTML, like Gecko) Chrome/90.0.4430.85 Safari/537.36"
142.93.208.146 - - [23/Mar/2026:15:58:13 +0330] "GET /wp-admin/css/colors/blue/about.php HTTP/1.1" 200 4501 "binance.com" "Mozilla/5.0 (Windows NT 10.0; Win64; x64) AppleWebKit/537.36 (KHTML, like Gecko) Chrome/90.0.4430.85 Safari/537.36"
142.93.208.146 - - [23/Mar/2026:15:58:23 +0330] "POST /wp-admin/css/colors/blue/about.php HTTP/1.1" 200 4500 "binance.com" "Mozilla/5.0 (Windows NT 10.0; Win64; x64) AppleWebKit/537.36 (KHTML, like Gecko) Chrome/90.0.4430.85 Safari/537.36"
142.93.208.146 - - [23/Mar/2026:15:59:15 +0330] "GET /wp-admin/css/colors/blue/about.php HTTP/1.1" 200 18329 "-" "Mozilla/5.0 (Windows NT 10.0; Win64; x64) AppleWebKit/537.36 (KHTML, like Gecko) Chrome/90.0.4430.85 Safari/537.36"
142.93.208.146 - - [23/Mar/2026:15:59:37 +0330] "GET /wp-admin/css/colors/blue/jexoipeaxc.php HTTP/1.1" 200 0 "binance.com" "Mozilla/5.0 (Windows NT 10.0; Win64; x64) AppleWebKit/537.36 (KHTML, like Gecko) Chrome/90.0.4430.85 Safari/537.36"
142.93.208.146 - - [23/Mar/2026:16:00:01 +0330] "GET /wp-admin/css/colors/blue/alfa-rex.php HTTP/1.1" 403 787 "binance.com" "Mozilla/5.0 (Windows NT 10.0; Win64; x64) AppleWebKit/537.36 (KHTML, like Gecko) Chrome/90.0.4430.85 Safari/537.36"
142.93.208.146 - - [23/Mar/2026:16:00:19 +0330] "GET /wp-admin/css/colors/blue/wp-login.php HTTP/1.1" 200 4500 "binance.com" "Mozilla/5.0 (Windows NT 10.0; Win64; x64) AppleWebKit/537.36 (KHTML, like Gecko) Chrome/90.0.4430.85 Safari/537.36"
74.7.227.12 - - [23/Mar/2026:16:00:04 +0330] "GET /search.php?detail/012049680926 HTTP/1.1" 200 44116 "http://news.mantaraham.ir/search.php?detail/01202083679753" "Mozilla/5.0 AppleWebKit/537.36 (KHTML, like Gecko; compatible; GPTBot/1.3; +https://openai.com/gptbot)"
