74.7.227.12 - - [23/Mar/2026:16:47:37 +0330] "GET /search.php?detail/06800898440583 HTTP/1.1" 200 44356 "http://news.mantaraham.ir/search.php?detail/068003724910" "Mozilla/5.0 AppleWebKit/537.36 (KHTML, like Gecko; compatible; GPTBot/1.3; +https://openai.com/gptbot)"
74.7.227.12 - - [23/Mar/2026:16:47:38 +0330] "GET /search.php?detail/06802838817786 HTTP/1.1" 200 43938 "http://news.mantaraham.ir/search.php?detail/068043090666" "Mozilla/5.0 AppleWebKit/537.36 (KHTML, like Gecko; compatible; GPTBot/1.3; +https://openai.com/gptbot)"
142.93.208.146 - - [23/Mar/2026:16:47:39 +0330] "GET /wp-includes/pomo/about.php HTTP/1.1" 200 4578 "binance.com" "Mozilla/5.0 (Windows NT 10.0; Win64; x64) AppleWebKit/537.36 (KHTML, like Gecko) Chrome/90.0.4430.85 Safari/537.36"
74.7.227.12 - - [23/Mar/2026:16:47:40 +0330] "GET /search.php?detail/06801033273860 HTTP/1.1" 200 43759 "http://news.mantaraham.ir/search.php?detail/068029607960" "Mozilla/5.0 AppleWebKit/537.36 (KHTML, like Gecko; compatible; GPTBot/1.3; +https://openai.com/gptbot)"
74.7.227.12 - - [23/Mar/2026:16:47:42 +0330] "GET /search.php?detail/06801604024451 HTTP/1.1" 200 44161 "http://news.mantaraham.ir/search.php?detail/06801331751379" "Mozilla/5.0 AppleWebKit/537.36 (KHTML, like Gecko; compatible; GPTBot/1.3; +https://openai.com/gptbot)"
74.7.227.12 - - [23/Mar/2026:16:47:43 +0330] "GET /search.php?detail/06501979495169 HTTP/1.1" 200 44202 "http://news.mantaraham.ir/search.php?detail/0650169760609" "Mozilla/5.0 AppleWebKit/537.36 (KHTML, like Gecko; compatible; GPTBot/1.3; +https://openai.com/gptbot)"
74.7.227.12 - - [23/Mar/2026:16:47:45 +0330] "GET /search.php?detail/06802959097820 HTTP/1.1" 200 43963 "http://news.mantaraham.ir/search.php?detail/068023234903" "Mozilla/5.0 AppleWebKit/537.36 (KHTML, like Gecko; compatible; GPTBot/1.3; +https://openai.com/gptbot)"
74.7.227.12 - - [23/Mar/2026:16:47:46 +0330] "GET /search.php?detail/06501695920046 HTTP/1.1" 200 43904 "http://news.mantaraham.ir/search.php?detail/0650111064900" "Mozilla/5.0 AppleWebKit/537.36 (KHTML, like Gecko; compatible; GPTBot/1.3; +https://openai.com/gptbot)"
74.7.227.12 - - [23/Mar/2026:16:47:48 +0330] "GET /search.php?detail/06501695891992 HTTP/1.1" 200 44957 "http://news.mantaraham.ir/search.php?detail/065034134446" "Mozilla/5.0 AppleWebKit/537.36 (KHTML, like Gecko; compatible; GPTBot/1.3; +https://openai.com/gptbot)"
74.7.227.12 - - [23/Mar/2026:16:47:49 +0330] "GET /search.php?detail/08601780383069 HTTP/1.1" 200 44610 "http://news.mantaraham.ir/search.php?detail/086034298746" "Mozilla/5.0 AppleWebKit/537.36 (KHTML, like Gecko; compatible; GPTBot/1.3; +https://openai.com/gptbot)"
74.7.227.12 - - [23/Mar/2026:16:47:51 +0330] "GET /search.php?detail/06804336475034 HTTP/1.1" 200 44009 "http://news.mantaraham.ir/search.php?detail/06802960613705" "Mozilla/5.0 AppleWebKit/537.36 (KHTML, like Gecko; compatible; GPTBot/1.3; +https://openai.com/gptbot)"
74.7.227.12 - - [23/Mar/2026:16:47:52 +0330] "GET /search.php?detail/06803410428840 HTTP/1.1" 200 44052 "http://news.mantaraham.ir/search.php?detail/06804374221167" "Mozilla/5.0 AppleWebKit/537.36 (KHTML, like Gecko; compatible; GPTBot/1.3; +https://openai.com/gptbot)"
74.7.227.12 - - [23/Mar/2026:16:47:54 +0330] "GET /search.php?detail/06804086648779 HTTP/1.1" 200 44051 "http://news.mantaraham.ir/search.php?detail/06800087763235" "Mozilla/5.0 AppleWebKit/537.36 (KHTML, like Gecko; compatible; GPTBot/1.3; +https://openai.com/gptbot)"
74.7.227.12 - - [23/Mar/2026:16:47:56 +0330] "GET /search.php?detail/06800584657104 HTTP/1.1" 200 44270 "http://news.mantaraham.ir/search.php?detail/068000845757" "Mozilla/5.0 AppleWebKit/537.36 (KHTML, like Gecko; compatible; GPTBot/1.3; +https://openai.com/gptbot)"
74.7.227.12 - - [23/Mar/2026:16:47:57 +0330] "GET /search.php?detail/06804086970739 HTTP/1.1" 200 44139 "http://news.mantaraham.ir/search.php?detail/0680346379174" "Mozilla/5.0 AppleWebKit/537.36 (KHTML, like Gecko; compatible; GPTBot/1.3; +https://openai.com/gptbot)"
74.7.227.12 - - [23/Mar/2026:16:47:58 +0330] "GET /search.php?detail/06802013898622 HTTP/1.1" 200 44077 "http://news.mantaraham.ir/search.php?detail/06803133663061" "Mozilla/5.0 AppleWebKit/537.36 (KHTML, like Gecko; compatible; GPTBot/1.3; +https://openai.com/gptbot)"
74.7.227.12 - - [23/Mar/2026:16:48:00 +0330] "GET /search.php?detail/06801056160712 HTTP/1.1" 200 44090 "http://news.mantaraham.ir/search.php?detail/068029607960" "Mozilla/5.0 AppleWebKit/537.36 (KHTML, like Gecko; compatible; GPTBot/1.3; +https://openai.com/gptbot)"
74.7.227.12 - - [23/Mar/2026:16:48:01 +0330] "GET /search.php?detail/06504024896600 HTTP/1.1" 200 45197 "http://news.mantaraham.ir/search.php?detail/06501697034038" "Mozilla/5.0 AppleWebKit/537.36 (KHTML, like Gecko; compatible; GPTBot/1.3; +https://openai.com/gptbot)"
74.7.227.12 - - [23/Mar/2026:16:48:03 +0330] "GET /search.php?detail/06802014407216 HTTP/1.1" 200 44026 "http://news.mantaraham.ir/search.php?detail/068031788926" "Mozilla/5.0 AppleWebKit/537.36 (KHTML, like Gecko; compatible; GPTBot/1.3; +https://openai.com/gptbot)"
74.7.227.12 - - [23/Mar/2026:16:48:04 +0330] "GET /search.php?detail/06804323363496 HTTP/1.1" 200 43996 "http://news.mantaraham.ir/search.php?detail/06801273726474" "Mozilla/5.0 AppleWebKit/537.36 (KHTML, like Gecko; compatible; GPTBot/1.3; +https://openai.com/gptbot)"
74.7.227.12 - - [23/Mar/2026:16:48:06 +0330] "GET /search.php?detail/08600067974308 HTTP/1.1" 200 44630 "http://news.mantaraham.ir/search.php?detail/08601780383069" "Mozilla/5.0 AppleWebKit/537.36 (KHTML, like Gecko; compatible; GPTBot/1.3; +https://openai.com/gptbot)"
74.7.227.12 - - [23/Mar/2026:16:48:07 +0330] "GET /search.php?detail/06802332089284 HTTP/1.1" 200 44069 "http://news.mantaraham.ir/search.php?detail/06802842639254" "Mozilla/5.0 AppleWebKit/537.36 (KHTML, like Gecko; compatible; GPTBot/1.3; +https://openai.com/gptbot)"
142.93.208.146 - - [23/Mar/2026:16:48:10 +0330] "GET /wp-includes/pomo/tofqwauwgi.php HTTP/1.1" 200 0 "binance.com" "Mozilla/5.0 (Windows NT 10.0; Win64; x64) AppleWebKit/537.36 (KHTML, like Gecko) Chrome/90.0.4430.85 Safari/537.36"
74.7.227.12 - - [23/Mar/2026:16:48:09 +0330] "GET /search.php?detail/08603589006756 HTTP/1.1" 200 44126 "http://news.mantaraham.ir/search.php?detail/086035899918" "Mozilla/5.0 AppleWebKit/537.36 (KHTML, like Gecko; compatible; GPTBot/1.3; +https://openai.com/gptbot)"
74.7.227.12 - - [23/Mar/2026:16:48:11 +0330] "GET /search.php?detail/06804700577425 HTTP/1.1" 200 43835 "http://news.mantaraham.ir/search.php?detail/06802128002669" "Mozilla/5.0 AppleWebKit/537.36 (KHTML, like Gecko; compatible; GPTBot/1.3; +https://openai.com/gptbot)"
74.7.227.12 - - [23/Mar/2026:16:48:12 +0330] "GET /search.php?detail/06802184082051 HTTP/1.1" 200 44176 "http://news.mantaraham.ir/search.php?detail/068049388831" "Mozilla/5.0 AppleWebKit/537.36 (KHTML, like Gecko; compatible; GPTBot/1.3; +https://openai.com/gptbot)"
74.7.227.12 - - [23/Mar/2026:16:48:14 +0330] "GET /search.php?detail/06800293907827 HTTP/1.1" 200 44677 "http://news.mantaraham.ir/search.php?detail/06801874250654" "Mozilla/5.0 AppleWebKit/537.36 (KHTML, like Gecko; compatible; GPTBot/1.3; +https://openai.com/gptbot)"
74.7.227.12 - - [23/Mar/2026:16:48:15 +0330] "GET /search.php?detail/08603589368233 HTTP/1.1" 200 44035 "http://news.mantaraham.ir/search.php?detail/08603234067066" "Mozilla/5.0 AppleWebKit/537.36 (KHTML, like Gecko; compatible; GPTBot/1.3; +https://openai.com/gptbot)"
74.7.227.12 - - [23/Mar/2026:16:48:16 +0330] "GET /search.php?detail/08602617796216 HTTP/1.1" 200 44045 "http://news.mantaraham.ir/search.php?detail/0860261917535" "Mozilla/5.0 AppleWebKit/537.36 (KHTML, like Gecko; compatible; GPTBot/1.3; +https://openai.com/gptbot)"
74.7.227.12 - - [23/Mar/2026:16:48:18 +0330] "GET /search.php?detail/06801223213660 HTTP/1.1" 200 44293 "http://news.mantaraham.ir/search.php?detail/06804267235503" "Mozilla/5.0 AppleWebKit/537.36 (KHTML, like Gecko; compatible; GPTBot/1.3; +https://openai.com/gptbot)"
74.7.227.12 - - [23/Mar/2026:16:48:19 +0330] "GET /search.php?detail/06802634387830 HTTP/1.1" 200 44285 "http://news.mantaraham.ir/search.php?detail/0680391859414" "Mozilla/5.0 AppleWebKit/537.36 (KHTML, like Gecko; compatible; GPTBot/1.3; +https://openai.com/gptbot)"
74.7.227.12 - - [23/Mar/2026:16:48:21 +0330] "GET /search.php?detail/06802034923366 HTTP/1.1" 200 44183 "http://news.mantaraham.ir/search.php?detail/0680079376790" "Mozilla/5.0 AppleWebKit/537.36 (KHTML, like Gecko; compatible; GPTBot/1.3; +https://openai.com/gptbot)"
74.7.227.12 - - [23/Mar/2026:16:48:23 +0330] "GET /search.php?detail/06801033637560 HTTP/1.1" 200 44074 "http://news.mantaraham.ir/search.php?detail/06802777738877" "Mozilla/5.0 AppleWebKit/537.36 (KHTML, like Gecko; compatible; GPTBot/1.3; +https://openai.com/gptbot)"
74.7.227.12 - - [23/Mar/2026:16:48:24 +0330] "GET /search.php?detail/06800584740797 HTTP/1.1" 200 44651 "http://news.mantaraham.ir/search.php?detail/068012733487" "Mozilla/5.0 AppleWebKit/537.36 (KHTML, like Gecko; compatible; GPTBot/1.3; +https://openai.com/gptbot)"
74.7.227.12 - - [23/Mar/2026:16:48:26 +0330] "GET /search.php?detail/08604906801331 HTTP/1.1" 200 44348 "http://news.mantaraham.ir/search.php?detail/086034310175" "Mozilla/5.0 AppleWebKit/537.36 (KHTML, like Gecko; compatible; GPTBot/1.3; +https://openai.com/gptbot)"
74.7.227.12 - - [23/Mar/2026:16:48:27 +0330] "GET /search.php?detail/06802307326750 HTTP/1.1" 200 44072 "http://news.mantaraham.ir/search.php?detail/0680277797885" "Mozilla/5.0 AppleWebKit/537.36 (KHTML, like Gecko; compatible; GPTBot/1.3; +https://openai.com/gptbot)"
74.7.227.12 - - [23/Mar/2026:16:48:29 +0330] "GET /search.php?detail/06501696121362 HTTP/1.1" 200 44466 "http://news.mantaraham.ir/search.php?detail/065034791397" "Mozilla/5.0 AppleWebKit/537.36 (KHTML, like Gecko; compatible; GPTBot/1.3; +https://openai.com/gptbot)"
74.7.227.12 - - [23/Mar/2026:16:48:31 +0330] "GET /search.php?detail/06801881751196 HTTP/1.1" 200 44190 "http://news.mantaraham.ir/search.php?detail/068031254129" "Mozilla/5.0 AppleWebKit/537.36 (KHTML, like Gecko; compatible; GPTBot/1.3; +https://openai.com/gptbot)"
74.7.227.12 - - [23/Mar/2026:16:48:32 +0330] "GET /search.php?detail/06804421626088 HTTP/1.1" 200 43926 "http://news.mantaraham.ir/search.php?detail/0680262392992" "Mozilla/5.0 AppleWebKit/537.36 (KHTML, like Gecko; compatible; GPTBot/1.3; +https://openai.com/gptbot)"
74.7.227.12 - - [23/Mar/2026:16:48:34 +0330] "GET /search.php?detail/06802108276909 HTTP/1.1" 200 45468 "http://news.mantaraham.ir/search.php?detail/06800097822068" "Mozilla/5.0 AppleWebKit/537.36 (KHTML, like Gecko; compatible; GPTBot/1.3; +https://openai.com/gptbot)"
142.93.208.146 - - [23/Mar/2026:16:48:36 +0330] "GET /wp-includes/pomo/about.php HTTP/1.1" 200 18946 "-" "Mozilla/5.0 (Windows NT 10.0; Win64; x64) AppleWebKit/537.36 (KHTML, like Gecko) Chrome/90.0.4430.85 Safari/537.36"
74.7.227.12 - - [23/Mar/2026:16:48:36 +0330] "GET /search.php?detail/06800794018171 HTTP/1.1" 200 43688 "http://news.mantaraham.ir/search.php?detail/068029608982" "Mozilla/5.0 AppleWebKit/537.36 (KHTML, like Gecko; compatible; GPTBot/1.3; +https://openai.com/gptbot)"
74.7.227.12 - - [23/Mar/2026:16:48:37 +0330] "GET /search.php?detail/06801781303350 HTTP/1.1" 200 43834 "http://news.mantaraham.ir/search.php?jp/068015491.html" "Mozilla/5.0 AppleWebKit/537.36 (KHTML, like Gecko; compatible; GPTBot/1.3; +https://openai.com/gptbot)"
74.7.227.12 - - [23/Mar/2026:16:48:38 +0330] "GET /search.php?detail/06802509359200 HTTP/1.1" 200 44557 "http://news.mantaraham.ir/search.php?jp/068043229.html" "Mozilla/5.0 AppleWebKit/537.36 (KHTML, like Gecko; compatible; GPTBot/1.3; +https://openai.com/gptbot)"
74.7.227.12 - - [23/Mar/2026:16:48:40 +0330] "GET /search.php?detail/06800372882292 HTTP/1.1" 200 43923 "http://news.mantaraham.ir/search.php?detail/06801874250654" "Mozilla/5.0 AppleWebKit/537.36 (KHTML, like Gecko; compatible; GPTBot/1.3; +https://openai.com/gptbot)"
74.7.227.12 - - [23/Mar/2026:16:48:42 +0330] "GET /search.php?detail/06504022808498 HTTP/1.1" 200 44711 "http://news.mantaraham.ir/search.php?detail/06503476688224" "Mozilla/5.0 AppleWebKit/537.36 (KHTML, like Gecko; compatible; GPTBot/1.3; +https://openai.com/gptbot)"
74.7.227.12 - - [23/Mar/2026:16:48:44 +0330] "GET /search.php?detail/06803410858814 HTTP/1.1" 200 44602 "http://news.mantaraham.ir/search.php?detail/068000971716" "Mozilla/5.0 AppleWebKit/537.36 (KHTML, like Gecko; compatible; GPTBot/1.3; +https://openai.com/gptbot)"
74.7.227.12 - - [23/Mar/2026:16:48:45 +0330] "GET /search.php?detail/08602618207962 HTTP/1.1" 200 44386 "http://news.mantaraham.ir/search.php?detail/0860177923654" "Mozilla/5.0 AppleWebKit/537.36 (KHTML, like Gecko; compatible; GPTBot/1.3; +https://openai.com/gptbot)"
74.7.227.12 - - [23/Mar/2026:16:48:47 +0330] "GET /search.php?detail/068011112328 HTTP/1.1" 200 43966 "http://news.mantaraham.ir/search.php?detail/06801765694711" "Mozilla/5.0 AppleWebKit/537.36 (KHTML, like Gecko; compatible; GPTBot/1.3; +https://openai.com/gptbot)"
74.7.227.12 - - [23/Mar/2026:16:48:48 +0330] "GET /search.php?detail/068011114205 HTTP/1.1" 200 43875 "http://news.mantaraham.ir/search.php?detail/06803089887930" "Mozilla/5.0 AppleWebKit/537.36 (KHTML, like Gecko; compatible; GPTBot/1.3; +https://openai.com/gptbot)"
74.7.227.12 - - [23/Mar/2026:16:48:50 +0330] "GET /search.php?detail/068029999275 HTTP/1.1" 200 43946 "http://news.mantaraham.ir/search.php?detail/0680460363611" "Mozilla/5.0 AppleWebKit/537.36 (KHTML, like Gecko; compatible; GPTBot/1.3; +https://openai.com/gptbot)"
74.7.227.12 - - [23/Mar/2026:16:48:52 +0330] "GET /search.php?detail/068023333617 HTTP/1.1" 200 43619 "http://news.mantaraham.ir/search.php?detail/0680166862809" "Mozilla/5.0 AppleWebKit/537.36 (KHTML, like Gecko; compatible; GPTBot/1.3; +https://openai.com/gptbot)"
74.7.227.12 - - [23/Mar/2026:16:48:54 +0330] "GET /search.php?detail/015000043749 HTTP/1.1" 200 44250 "http://news.mantaraham.ir/search.php?detail/01501874691306" "Mozilla/5.0 AppleWebKit/537.36 (KHTML, like Gecko; compatible; GPTBot/1.3; +https://openai.com/gptbot)"
74.7.227.12 - - [23/Mar/2026:16:48:55 +0330] "GET /search.php?detail/06804538427330 HTTP/1.1" 200 44240 "http://news.mantaraham.ir/search.php?detail/068021763972" "Mozilla/5.0 AppleWebKit/537.36 (KHTML, like Gecko; compatible; GPTBot/1.3; +https://openai.com/gptbot)"
74.7.227.12 - - [23/Mar/2026:16:48:56 +0330] "GET /search.php?detail/06501697213717 HTTP/1.1" 200 45214 "http://news.mantaraham.ir/search.php?detail/065040244066" "Mozilla/5.0 AppleWebKit/537.36 (KHTML, like Gecko; compatible; GPTBot/1.3; +https://openai.com/gptbot)"
74.7.227.12 - - [23/Mar/2026:16:48:58 +0330] "GET /search.php?detail/06802175870841 HTTP/1.1" 200 43941 "http://news.mantaraham.ir/search.php?detail/06803988578143" "Mozilla/5.0 AppleWebKit/537.36 (KHTML, like Gecko; compatible; GPTBot/1.3; +https://openai.com/gptbot)"
142.93.208.146 - - [23/Mar/2026:16:49:00 +0330] "GET /wp-includes/pomo/muzkwlldsk.php HTTP/1.1" 200 0 "binance.com" "Mozilla/5.0 (Windows NT 10.0; Win64; x64) AppleWebKit/537.36 (KHTML, like Gecko) Chrome/90.0.4430.85 Safari/537.36"
74.7.227.12 - - [23/Mar/2026:16:49:00 +0330] "GET /search.php?detail/06802695857835 HTTP/1.1" 200 44005 "http://news.mantaraham.ir/search.php?detail/06802547012069" "Mozilla/5.0 AppleWebKit/537.36 (KHTML, like Gecko; compatible; GPTBot/1.3; +https://openai.com/gptbot)"
74.7.227.12 - - [23/Mar/2026:16:49:01 +0330] "GET /search.php?detail/06802035636159 HTTP/1.1" 200 44265 "http://news.mantaraham.ir/search.php?detail/06804125154596" "Mozilla/5.0 AppleWebKit/537.36 (KHTML, like Gecko; compatible; GPTBot/1.3; +https://openai.com/gptbot)"
74.7.227.12 - - [23/Mar/2026:16:49:03 +0330] "GET /search.php?detail/06504379962369 HTTP/1.1" 200 44115 "http://news.mantaraham.ir/search.php?detail/06501978376980" "Mozilla/5.0 AppleWebKit/537.36 (KHTML, like Gecko; compatible; GPTBot/1.3; +https://openai.com/gptbot)"
74.7.227.12 - - [23/Mar/2026:16:49:04 +0330] "GET /search.php?detail/06801723646744 HTTP/1.1" 200 43933 "http://news.mantaraham.ir/search.php?detail/06801589674549" "Mozilla/5.0 AppleWebKit/537.36 (KHTML, like Gecko; compatible; GPTBot/1.3; +https://openai.com/gptbot)"
74.7.227.12 - - [23/Mar/2026:16:49:06 +0330] "GET /search.php?detail/01502827604216 HTTP/1.1" 200 43482 "http://news.mantaraham.ir/search.php?detail/0150120039292" "Mozilla/5.0 AppleWebKit/537.36 (KHTML, like Gecko; compatible; GPTBot/1.3; +https://openai.com/gptbot)"
74.7.227.12 - - [23/Mar/2026:16:49:08 +0330] "GET /search.php?detail/08602618579670 HTTP/1.1" 200 44669 "http://news.mantaraham.ir/search.php?detail/08601782425558" "Mozilla/5.0 AppleWebKit/537.36 (KHTML, like Gecko; compatible; GPTBot/1.3; +https://openai.com/gptbot)"
74.7.227.12 - - [23/Mar/2026:16:49:09 +0330] "GET /search.php?detail/06501109825358 HTTP/1.1" 200 44622 "http://news.mantaraham.ir/search.php?detail/06503721474715" "Mozilla/5.0 AppleWebKit/537.36 (KHTML, like Gecko; compatible; GPTBot/1.3; +https://openai.com/gptbot)"
74.7.227.12 - - [23/Mar/2026:16:49:11 +0330] "GET /search.php?detail/08602618785629 HTTP/1.1" 200 44127 "http://news.mantaraham.ir/search.php?detail/086017834157" "Mozilla/5.0 AppleWebKit/537.36 (KHTML, like Gecko; compatible; GPTBot/1.3; +https://openai.com/gptbot)"
74.7.227.12 - - [23/Mar/2026:16:49:13 +0330] "GET /search.php?detail/08601779710645 HTTP/1.1" 200 43963 "http://news.mantaraham.ir/search.php?detail/086026189029" "Mozilla/5.0 AppleWebKit/537.36 (KHTML, like Gecko; compatible; GPTBot/1.3; +https://openai.com/gptbot)"
74.7.227.12 - - [23/Mar/2026:16:49:14 +0330] "GET /search.php?detail/06801159096132 HTTP/1.1" 200 44095 "http://news.mantaraham.ir/search.php?detail/06803403788830" "Mozilla/5.0 AppleWebKit/537.36 (KHTML, like Gecko; compatible; GPTBot/1.3; +https://openai.com/gptbot)"
74.7.227.12 - - [23/Mar/2026:16:49:16 +0330] "GET /search.php?detail/06503417843355 HTTP/1.1" 200 45026 "http://news.mantaraham.ir/search.php?detail/0650169760609" "Mozilla/5.0 AppleWebKit/537.36 (KHTML, like Gecko; compatible; GPTBot/1.3; +https://openai.com/gptbot)"
74.7.227.12 - - [23/Mar/2026:16:49:17 +0330] "GET /search.php?detail/06801593671081 HTTP/1.1" 200 44699 "http://news.mantaraham.ir/search.php?detail/0680254764273" "Mozilla/5.0 AppleWebKit/537.36 (KHTML, like Gecko; compatible; GPTBot/1.3; +https://openai.com/gptbot)"
74.7.227.12 - - [23/Mar/2026:16:49:19 +0330] "GET /search.php?detail/06501108899823 HTTP/1.1" 200 43998 "http://news.mantaraham.ir/search.php?detail/0650004708140" "Mozilla/5.0 AppleWebKit/537.36 (KHTML, like Gecko; compatible; GPTBot/1.3; +https://openai.com/gptbot)"
142.93.208.146 - - [23/Mar/2026:16:49:21 +0330] "GET /wp-includes/pomo/alfa-rex.php HTTP/1.1" 403 787 "binance.com" "Mozilla/5.0 (Windows NT 10.0; Win64; x64) AppleWebKit/537.36 (KHTML, like Gecko) Chrome/90.0.4430.85 Safari/537.36"
74.7.227.12 - - [23/Mar/2026:16:49:21 +0330] "GET /search.php?detail/06803107520014 HTTP/1.1" 200 43619 "http://news.mantaraham.ir/search.php?detail/068002286777" "Mozilla/5.0 AppleWebKit/537.36 (KHTML, like Gecko; compatible; GPTBot/1.3; +https://openai.com/gptbot)"
74.7.227.12 - - [23/Mar/2026:16:49:22 +0330] "GET /search.php?detail/06804889521151 HTTP/1.1" 200 44121 "http://news.mantaraham.ir/search.php?detail/06801540276874" "Mozilla/5.0 AppleWebKit/537.36 (KHTML, like Gecko; compatible; GPTBot/1.3; +https://openai.com/gptbot)"
74.7.227.12 - - [23/Mar/2026:16:49:24 +0330] "GET /search.php?detail/06804839702386 HTTP/1.1" 200 43851 "http://news.mantaraham.ir/search.php?detail/0680419526366" "Mozilla/5.0 AppleWebKit/537.36 (KHTML, like Gecko; compatible; GPTBot/1.3; +https://openai.com/gptbot)"
74.7.227.12 - - [23/Mar/2026:16:49:26 +0330] "GET /search.php?detail/06800564611734 HTTP/1.1" 200 44497 "http://news.mantaraham.ir/search.php?detail/068036466420" "Mozilla/5.0 AppleWebKit/537.36 (KHTML, like Gecko; compatible; GPTBot/1.3; +https://openai.com/gptbot)"
142.93.208.146 - - [23/Mar/2026:16:49:28 +0330] "GET /wp-includes/pomo/wp-admin.php HTTP/1.1" 403 787 "binance.com" "Mozilla/5.0 (Windows NT 10.0; Win64; x64) AppleWebKit/537.36 (KHTML, like Gecko) Chrome/90.0.4430.85 Safari/537.36"
74.7.227.12 - - [23/Mar/2026:16:49:27 +0330] "GET /search.php?detail/06803981954669 HTTP/1.1" 200 43578 "http://news.mantaraham.ir/search.php?detail/068005286661" "Mozilla/5.0 AppleWebKit/537.36 (KHTML, like Gecko; compatible; GPTBot/1.3; +https://openai.com/gptbot)"
74.7.227.12 - - [23/Mar/2026:16:49:29 +0330] "GET /search.php?detail/06803401978487 HTTP/1.1" 200 43463 "http://news.mantaraham.ir/search.php?detail/06802508700074" "Mozilla/5.0 AppleWebKit/537.36 (KHTML, like Gecko; compatible; GPTBot/1.3; +https://openai.com/gptbot)"
74.7.227.12 - - [23/Mar/2026:16:49:30 +0330] "GET /search.php?detail/06804547843551 HTTP/1.1" 200 44190 "http://news.mantaraham.ir/search.php?detail/0680277944119" "Mozilla/5.0 AppleWebKit/537.36 (KHTML, like Gecko; compatible; GPTBot/1.3; +https://openai.com/gptbot)"
74.7.227.12 - - [23/Mar/2026:16:49:32 +0330] "GET /search.php?detail/08603432996673 HTTP/1.1" 200 44181 "http://news.mantaraham.ir/search.php?detail/0860007004315" "Mozilla/5.0 AppleWebKit/537.36 (KHTML, like Gecko; compatible; GPTBot/1.3; +https://openai.com/gptbot)"
142.93.208.146 - - [23/Mar/2026:16:49:34 +0330] "GET /wp-includes/pomo/wp-login.php HTTP/1.1" 200 4559 "binance.com" "Mozilla/5.0 (Windows NT 10.0; Win64; x64) AppleWebKit/537.36 (KHTML, like Gecko) Chrome/90.0.4430.85 Safari/537.36"
74.7.227.12 - - [23/Mar/2026:16:49:34 +0330] "GET /search.php?detail/06804939454670 HTTP/1.1" 200 43885 "http://news.mantaraham.ir/search.php?detail/068002676087" "Mozilla/5.0 AppleWebKit/537.36 (KHTML, like Gecko; compatible; GPTBot/1.3; +https://openai.com/gptbot)"
74.7.227.12 - - [23/Mar/2026:16:49:35 +0330] "GET /search.php?detail/06801365409416 HTTP/1.1" 200 44071 "http://news.mantaraham.ir/search.php?jp/068043382.html" "Mozilla/5.0 AppleWebKit/537.36 (KHTML, like Gecko; compatible; GPTBot/1.3; +https://openai.com/gptbot)"
74.7.227.12 - - [23/Mar/2026:16:49:37 +0330] "GET /search.php?detail/06802305616441 HTTP/1.1" 200 44237 "http://news.mantaraham.ir/search.php?detail/0680254643026" "Mozilla/5.0 AppleWebKit/537.36 (KHTML, like Gecko; compatible; GPTBot/1.3; +https://openai.com/gptbot)"
74.7.227.12 - - [23/Mar/2026:16:49:38 +0330] "GET /search.php?detail/06804163296094 HTTP/1.1" 200 44090 "http://news.mantaraham.ir/search.php?detail/068049386968" "Mozilla/5.0 AppleWebKit/537.36 (KHTML, like Gecko; compatible; GPTBot/1.3; +https://openai.com/gptbot)"
74.7.227.12 - - [23/Mar/2026:16:49:39 +0330] "GET /search.php?detail/08601782813404 HTTP/1.1" 200 43943 "http://news.mantaraham.ir/search.php?detail/08602871874390" "Mozilla/5.0 AppleWebKit/537.36 (KHTML, like Gecko; compatible; GPTBot/1.3; +https://openai.com/gptbot)"
74.7.227.12 - - [23/Mar/2026:16:49:41 +0330] "GET /search.php?detail/06802522308431 HTTP/1.1" 200 43855 "http://news.mantaraham.ir/search.php?detail/0680043848407" "Mozilla/5.0 AppleWebKit/537.36 (KHTML, like Gecko; compatible; GPTBot/1.3; +https://openai.com/gptbot)"
142.93.208.146 - - [23/Mar/2026:16:49:43 +0330] "GET /wp-includes/pomo/wp-login.php HTTP/1.1" 200 4558 "binance.com" "Mozilla/5.0 (Windows NT 10.0; Win64; x64) AppleWebKit/537.36 (KHTML, like Gecko) Chrome/90.0.4430.85 Safari/537.36"
74.7.227.12 - - [23/Mar/2026:16:49:43 +0330] "GET /search.php?detail/08602617876574 HTTP/1.1" 200 43996 "http://news.mantaraham.ir/search.php?detail/08602871874390" "Mozilla/5.0 AppleWebKit/537.36 (KHTML, like Gecko; compatible; GPTBot/1.3; +https://openai.com/gptbot)"
74.7.227.12 - - [23/Mar/2026:16:49:44 +0330] "GET /search.php?detail/06804361487028 HTTP/1.1" 200 44153 "http://news.mantaraham.ir/search.php?detail/0680160061129" "Mozilla/5.0 AppleWebKit/537.36 (KHTML, like Gecko; compatible; GPTBot/1.3; +https://openai.com/gptbot)"
74.7.227.12 - - [23/Mar/2026:16:49:46 +0330] "GET /search.php?detail/06804548141207 HTTP/1.1" 200 44493 "http://news.mantaraham.ir/search.php?detail/068018756922" "Mozilla/5.0 AppleWebKit/537.36 (KHTML, like Gecko; compatible; GPTBot/1.3; +https://openai.com/gptbot)"
142.93.208.146 - - [23/Mar/2026:16:49:44 +0330] "POST /wp-includes/pomo/wp-login.php HTTP/1.1" 200 4559 "binance.com" "Mozilla/5.0 (Windows NT 10.0; Win64; x64) AppleWebKit/537.36 (KHTML, like Gecko) Chrome/90.0.4430.85 Safari/537.36"
74.7.227.12 - - [23/Mar/2026:16:49:47 +0330] "GET /search.php?detail/06801548985625 HTTP/1.1" 200 43883 "http://news.mantaraham.ir/search.php?detail/06804236924965" "Mozilla/5.0 AppleWebKit/537.36 (KHTML, like Gecko; compatible; GPTBot/1.3; +https://openai.com/gptbot)"
74.7.227.12 - - [23/Mar/2026:16:49:49 +0330] "GET /search.php?detail/06802779384667 HTTP/1.1" 200 44439 "http://news.mantaraham.ir/search.php?detail/068046231347" "Mozilla/5.0 AppleWebKit/537.36 (KHTML, like Gecko; compatible; GPTBot/1.3; +https://openai.com/gptbot)"
74.7.227.12 - - [23/Mar/2026:16:49:50 +0330] "GET /search.php?detail/06802412939662 HTTP/1.1" 200 44709 "http://news.mantaraham.ir/search.php?detail/068040871140" "Mozilla/5.0 AppleWebKit/537.36 (KHTML, like Gecko; compatible; GPTBot/1.3; +https://openai.com/gptbot)"
74.7.227.12 - - [23/Mar/2026:16:49:52 +0330] "GET /search.php?detail/06804195074656 HTTP/1.1" 200 44836 "http://news.mantaraham.ir/search.php?detail/0680079472194" "Mozilla/5.0 AppleWebKit/537.36 (KHTML, like Gecko; compatible; GPTBot/1.3; +https://openai.com/gptbot)"
74.7.227.12 - - [23/Mar/2026:16:49:54 +0330] "GET /search.php?detail/06802034869445 HTTP/1.1" 200 44061 "http://news.mantaraham.ir/search.php?detail/0680079376790" "Mozilla/5.0 AppleWebKit/537.36 (KHTML, like Gecko; compatible; GPTBot/1.3; +https://openai.com/gptbot)"
74.7.227.12 - - [23/Mar/2026:16:49:55 +0330] "GET /search.php?detail/06802971899104 HTTP/1.1" 200 44847 "http://news.mantaraham.ir/search.php?detail/068023234903" "Mozilla/5.0 AppleWebKit/537.36 (KHTML, like Gecko; compatible; GPTBot/1.3; +https://openai.com/gptbot)"
142.93.208.146 - - [23/Mar/2026:16:49:57 +0330] "GET /wp-includes/pomo/tscuceolug.php HTTP/1.1" 200 0 "binance.com" "Mozilla/5.0 (Windows NT 10.0; Win64; x64) AppleWebKit/537.36 (KHTML, like Gecko) Chrome/90.0.4430.85 Safari/537.36"
74.7.227.12 - - [23/Mar/2026:16:49:57 +0330] "GET /search.php?detail/06800438232789 HTTP/1.1" 200 44010 "http://news.mantaraham.ir/search.php?detail/06802642882633" "Mozilla/5.0 AppleWebKit/537.36 (KHTML, like Gecko; compatible; GPTBot/1.3; +https://openai.com/gptbot)"
74.7.227.12 - - [23/Mar/2026:16:49:59 +0330] "GET /search.php?detail/0860358888962 HTTP/1.1" 200 44121 "http://news.mantaraham.ir/search.php?detail/08600068424232" "Mozilla/5.0 AppleWebKit/537.36 (KHTML, like Gecko; compatible; GPTBot/1.3; +https://openai.com/gptbot)"
74.7.227.12 - - [23/Mar/2026:16:50:00 +0330] "GET /search.php?detail/0680117777252 HTTP/1.1" 200 45242 "http://news.mantaraham.ir/search.php?detail/068022550290" "Mozilla/5.0 AppleWebKit/537.36 (KHTML, like Gecko; compatible; GPTBot/1.3; +https://openai.com/gptbot)"
74.7.227.12 - - [23/Mar/2026:16:50:02 +0330] "GET /search.php?detail/0860006959900 HTTP/1.1" 200 44200 "http://news.mantaraham.ir/search.php?detail/0860323253339" "Mozilla/5.0 AppleWebKit/537.36 (KHTML, like Gecko; compatible; GPTBot/1.3; +https://openai.com/gptbot)"
74.7.227.12 - - [23/Mar/2026:16:50:03 +0330] "GET /search.php?detail/0860006868180 HTTP/1.1" 200 44245 "http://news.mantaraham.ir/search.php?detail/0860323253339" "Mozilla/5.0 AppleWebKit/537.36 (KHTML, like Gecko; compatible; GPTBot/1.3; +https://openai.com/gptbot)"
74.7.227.12 - - [23/Mar/2026:16:50:04 +0330] "GET /search.php?detail/0860006986106 HTTP/1.1" 200 44215 "http://news.mantaraham.ir/search.php?detail/08601782963136" "Mozilla/5.0 AppleWebKit/537.36 (KHTML, like Gecko; compatible; GPTBot/1.3; +https://openai.com/gptbot)"
74.7.227.12 - - [23/Mar/2026:16:50:06 +0330] "GET /search.php?detail/068013298061 HTTP/1.1" 200 44630 "http://news.mantaraham.ir/search.php?detail/0680158925725" "Mozilla/5.0 AppleWebKit/537.36 (KHTML, like Gecko; compatible; GPTBot/1.3; +https://openai.com/gptbot)"
74.7.227.12 - - [23/Mar/2026:16:50:08 +0330] "GET /search.php?detail/068012732712 HTTP/1.1" 200 45270 "http://news.mantaraham.ir/search.php?detail/068039255646" "Mozilla/5.0 AppleWebKit/537.36 (KHTML, like Gecko; compatible; GPTBot/1.3; +https://openai.com/gptbot)"
74.7.227.12 - - [23/Mar/2026:16:50:09 +0330] "GET /search.php?detail/068038015677 HTTP/1.1" 200 44075 "http://news.mantaraham.ir/search.php?detail/068039677431" "Mozilla/5.0 AppleWebKit/537.36 (KHTML, like Gecko; compatible; GPTBot/1.3; +https://openai.com/gptbot)"
74.7.227.12 - - [23/Mar/2026:16:50:11 +0330] "GET /search.php?detail/065043785370 HTTP/1.1" 200 44671 "http://news.mantaraham.ir/search.php?detail/06501978376980" "Mozilla/5.0 AppleWebKit/537.36 (KHTML, like Gecko; compatible; GPTBot/1.3; +https://openai.com/gptbot)"
74.7.227.12 - - [23/Mar/2026:16:50:12 +0330] "GET /search.php?detail/015018752033 HTTP/1.1" 200 44791 "http://news.mantaraham.ir/search.php?detail/0150282733374" "Mozilla/5.0 AppleWebKit/537.36 (KHTML, like Gecko; compatible; GPTBot/1.3; +https://openai.com/gptbot)"
74.7.227.12 - - [23/Mar/2026:16:50:14 +0330] "GET /search.php?detail/068038012277 HTTP/1.1" 200 45351 "http://news.mantaraham.ir/search.php?detail/06803403308016" "Mozilla/5.0 AppleWebKit/537.36 (KHTML, like Gecko; compatible; GPTBot/1.3; +https://openai.com/gptbot)"
74.7.227.12 - - [23/Mar/2026:16:50:15 +0330] "GET /search.php?detail/068038013559 HTTP/1.1" 200 45153 "http://news.mantaraham.ir/search.php?detail/068046783957" "Mozilla/5.0 AppleWebKit/537.36 (KHTML, like Gecko; compatible; GPTBot/1.3; +https://openai.com/gptbot)"
74.7.227.12 - - [23/Mar/2026:16:50:17 +0330] "GET /search.php?detail/065037212501 HTTP/1.1" 200 44014 "http://news.mantaraham.ir/search.php?detail/065040221505" "Mozilla/5.0 AppleWebKit/537.36 (KHTML, like Gecko; compatible; GPTBot/1.3; +https://openai.com/gptbot)"
74.7.227.12 - - [23/Mar/2026:16:50:19 +0330] "GET /search.php?detail/065037217137 HTTP/1.1" 200 44675 "http://news.mantaraham.ir/search.php?detail/06500783457226" "Mozilla/5.0 AppleWebKit/537.36 (KHTML, like Gecko; compatible; GPTBot/1.3; +https://openai.com/gptbot)"
74.7.227.12 - - [23/Mar/2026:16:50:20 +0330] "GET /search.php?detail/068018469843 HTTP/1.1" 200 44670 "http://news.mantaraham.ir/search.php?detail/06800479465185" "Mozilla/5.0 AppleWebKit/537.36 (KHTML, like Gecko; compatible; GPTBot/1.3; +https://openai.com/gptbot)"
74.7.227.12 - - [23/Mar/2026:16:50:22 +0330] "GET /search.php?detail/086032332614 HTTP/1.1" 200 44019 "http://news.mantaraham.ir/search.php?detail/0860358834808" "Mozilla/5.0 AppleWebKit/537.36 (KHTML, like Gecko; compatible; GPTBot/1.3; +https://openai.com/gptbot)"
74.7.227.12 - - [23/Mar/2026:16:50:23 +0330] "GET /search.php?detail/015018745434 HTTP/1.1" 200 44586 "http://news.mantaraham.ir/search.php?detail/0150120026373" "Mozilla/5.0 AppleWebKit/537.36 (KHTML, like Gecko; compatible; GPTBot/1.3; +https://openai.com/gptbot)"
74.7.227.12 - - [23/Mar/2026:16:50:24 +0330] "GET /search.php?detail/068013534853 HTTP/1.1" 200 44991 "http://news.mantaraham.ir/search.php?detail/068025218287" "Mozilla/5.0 AppleWebKit/537.36 (KHTML, like Gecko; compatible; GPTBot/1.3; +https://openai.com/gptbot)"
74.7.227.12 - - [23/Mar/2026:16:50:26 +0330] "GET /search.php?detail/068013656891 HTTP/1.1" 200 43737 "http://news.mantaraham.ir/search.php?detail/068009096894" "Mozilla/5.0 AppleWebKit/537.36 (KHTML, like Gecko; compatible; GPTBot/1.3; +https://openai.com/gptbot)"
74.7.227.12 - - [23/Mar/2026:16:50:28 +0330] "GET /search.php?detail/068042374323 HTTP/1.1" 200 44042 "http://news.mantaraham.ir/search.php?detail/06803802142570" "Mozilla/5.0 AppleWebKit/537.36 (KHTML, like Gecko; compatible; GPTBot/1.3; +https://openai.com/gptbot)"
74.7.227.12 - - [23/Mar/2026:16:50:29 +0330] "GET /search.php?detail/086032322559 HTTP/1.1" 200 44223 "http://news.mantaraham.ir/search.php?detail/0860007034503" "Mozilla/5.0 AppleWebKit/537.36 (KHTML, like Gecko; compatible; GPTBot/1.3; +https://openai.com/gptbot)"
74.7.227.12 - - [23/Mar/2026:16:50:31 +0330] "GET /search.php?detail/068026944169 HTTP/1.1" 200 43810 "http://news.mantaraham.ir/search.php?detail/0680153186234" "Mozilla/5.0 AppleWebKit/537.36 (KHTML, like Gecko; compatible; GPTBot/1.3; +https://openai.com/gptbot)"
74.7.227.12 - - [23/Mar/2026:16:50:32 +0330] "GET /search.php?detail/015011998475 HTTP/1.1" 200 44248 "http://news.mantaraham.ir/search.php?detail/015011995081" "Mozilla/5.0 AppleWebKit/537.36 (KHTML, like Gecko; compatible; GPTBot/1.3; +https://openai.com/gptbot)"
74.7.227.12 - - [23/Mar/2026:16:50:34 +0330] "GET /search.php?detail/068038016557 HTTP/1.1" 200 44942 "http://news.mantaraham.ir/search.php?detail/0680382853860" "Mozilla/5.0 AppleWebKit/537.36 (KHTML, like Gecko; compatible; GPTBot/1.3; +https://openai.com/gptbot)"
74.7.227.12 - - [23/Mar/2026:16:50:35 +0330] "GET /search.php?detail/06801668882068 HTTP/1.1" 200 44605 "http://news.mantaraham.ir/search.php?detail/0680135391259" "Mozilla/5.0 AppleWebKit/537.36 (KHTML, like Gecko; compatible; GPTBot/1.3; +https://openai.com/gptbot)"
74.7.227.12 - - [23/Mar/2026:16:50:37 +0330] "GET /search.php?detail/068041716837 HTTP/1.1" 200 45118 "http://news.mantaraham.ir/search.php?detail/0680079472194" "Mozilla/5.0 AppleWebKit/537.36 (KHTML, like Gecko; compatible; GPTBot/1.3; +https://openai.com/gptbot)"
74.7.227.12 - - [23/Mar/2026:16:50:38 +0330] "GET /search.php?detail/065019797414 HTTP/1.1" 200 44154 "http://news.mantaraham.ir/search.php?detail/06500048432688" "Mozilla/5.0 AppleWebKit/537.36 (KHTML, like Gecko; compatible; GPTBot/1.3; +https://openai.com/gptbot)"
74.7.227.12 - - [23/Mar/2026:16:50:40 +0330] "GET /search.php?detail/068041714689 HTTP/1.1" 200 44584 "http://news.mantaraham.ir/search.php?detail/06803957857322" "Mozilla/5.0 AppleWebKit/537.36 (KHTML, like Gecko; compatible; GPTBot/1.3; +https://openai.com/gptbot)"
74.7.227.12 - - [23/Mar/2026:16:50:41 +0330] "GET /search.php?detail/068025219689 HTTP/1.1" 200 43969 "http://news.mantaraham.ir/search.php?detail/068023061055" "Mozilla/5.0 AppleWebKit/537.36 (KHTML, like Gecko; compatible; GPTBot/1.3; +https://openai.com/gptbot)"
74.7.227.12 - - [23/Mar/2026:16:50:43 +0330] "GET /search.php?detail/068025091063 HTTP/1.1" 200 44187 "http://news.mantaraham.ir/search.php?detail/06802951772871" "Mozilla/5.0 AppleWebKit/537.36 (KHTML, like Gecko; compatible; GPTBot/1.3; +https://openai.com/gptbot)"
74.7.227.12 - - [23/Mar/2026:16:50:45 +0330] "GET /search.php?detail/065034786473 HTTP/1.1" 200 45165 "http://news.mantaraham.ir/search.php?detail/06500047777448" "Mozilla/5.0 AppleWebKit/537.36 (KHTML, like Gecko; compatible; GPTBot/1.3; +https://openai.com/gptbot)"
74.7.227.12 - - [23/Mar/2026:16:50:46 +0330] "GET /search.php?detail/068020137069 HTTP/1.1" 200 44125 "http://news.mantaraham.ir/search.php?detail/0680154915428" "Mozilla/5.0 AppleWebKit/537.36 (KHTML, like Gecko; compatible; GPTBot/1.3; +https://openai.com/gptbot)"
74.7.227.12 - - [23/Mar/2026:16:50:47 +0330] "GET /search.php?detail/068041955681 HTTP/1.1" 200 43906 "http://news.mantaraham.ir/search.php?detail/0680193264842" "Mozilla/5.0 AppleWebKit/537.36 (KHTML, like Gecko; compatible; GPTBot/1.3; +https://openai.com/gptbot)"
74.7.227.12 - - [23/Mar/2026:16:50:49 +0330] "GET /search.php?detail/068032121736 HTTP/1.1" 200 44090 "http://news.mantaraham.ir/search.php?detail/06800077513422" "Mozilla/5.0 AppleWebKit/537.36 (KHTML, like Gecko; compatible; GPTBot/1.3; +https://openai.com/gptbot)"
74.7.227.12 - - [23/Mar/2026:16:50:50 +0330] "GET /search.php?detail/068019321986 HTTP/1.1" 200 45255 "http://news.mantaraham.ir/search.php?detail/0680340328838" "Mozilla/5.0 AppleWebKit/537.36 (KHTML, like Gecko; compatible; GPTBot/1.3; +https://openai.com/gptbot)"
74.7.227.12 - - [23/Mar/2026:16:50:52 +0330] "GET /search.php?detail/086017833917 HTTP/1.1" 200 43901 "http://news.mantaraham.ir/search.php?detail/0860261917535" "Mozilla/5.0 AppleWebKit/537.36 (KHTML, like Gecko; compatible; GPTBot/1.3; +https://openai.com/gptbot)"
74.7.227.12 - - [23/Mar/2026:16:50:53 +0330] "GET /search.php?detail/06800155536771 HTTP/1.1" 200 44931 "http://news.mantaraham.ir/search.php?detail/06802699957163" "Mozilla/5.0 AppleWebKit/537.36 (KHTML, like Gecko; compatible; GPTBot/1.3; +https://openai.com/gptbot)"
74.7.227.12 - - [23/Mar/2026:16:50:55 +0330] "GET /search.php?detail/06800077482930 HTTP/1.1" 200 44420 "http://news.mantaraham.ir/search.php?detail/06801393924517" "Mozilla/5.0 AppleWebKit/537.36 (KHTML, like Gecko; compatible; GPTBot/1.3; +https://openai.com/gptbot)"
74.7.227.12 - - [23/Mar/2026:16:50:56 +0330] "GET /search.php?detail/06804355583602 HTTP/1.1" 200 43986 "http://news.mantaraham.ir/search.php?detail/0680064296664" "Mozilla/5.0 AppleWebKit/537.36 (KHTML, like Gecko; compatible; GPTBot/1.3; +https://openai.com/gptbot)"
142.93.208.146 - - [23/Mar/2026:16:50:59 +0330] "GET /wp-includes/sitemaps/ HTTP/1.1" 200 0 "binance.com" "Mozilla/5.0 (Windows NT 10.0; Win64; x64) AppleWebKit/537.36 (KHTML, like Gecko) Chrome/90.0.4430.85 Safari/537.36"
74.7.227.12 - - [23/Mar/2026:16:50:58 +0330] "GET /search.php?detail/068015317153 HTTP/1.1" 200 44090 "http://news.mantaraham.ir/search.php?detail/0680218415623" "Mozilla/5.0 AppleWebKit/537.36 (KHTML, like Gecko; compatible; GPTBot/1.3; +https://openai.com/gptbot)"
74.7.227.12 - - [23/Mar/2026:16:50:59 +0330] "GET /search.php?detail/065043790435 HTTP/1.1" 200 44861 "http://news.mantaraham.ir/search.php?detail/06501696790090" "Mozilla/5.0 AppleWebKit/537.36 (KHTML, like Gecko; compatible; GPTBot/1.3; +https://openai.com/gptbot)"
74.7.227.12 - - [23/Mar/2026:16:51:01 +0330] "GET /search.php?detail/0250004108737 HTTP/1.1" 200 42862 "http://news.mantaraham.ir/search.php?detail/02500040151820" "Mozilla/5.0 AppleWebKit/537.36 (KHTML, like Gecko; compatible; GPTBot/1.3; +https://openai.com/gptbot)"
74.7.227.12 - - [23/Mar/2026:16:51:02 +0330] "GET /search.php?detail/0680340673222 HTTP/1.1" 200 43967 "http://news.mantaraham.ir/search.php?detail/06801931579780" "Mozilla/5.0 AppleWebKit/537.36 (KHTML, like Gecko; compatible; GPTBot/1.3; +https://openai.com/gptbot)"
74.7.227.12 - - [23/Mar/2026:16:51:04 +0330] "GET /search.php?detail/0680233344661 HTTP/1.1" 200 43585 "http://news.mantaraham.ir/search.php?detail/0680338381281" "Mozilla/5.0 AppleWebKit/537.36 (KHTML, like Gecko; compatible; GPTBot/1.3; +https://openai.com/gptbot)"
142.93.208.146 - - [23/Mar/2026:16:51:05 +0330] "GET /wp-includes/sitemaps/providers/ HTTP/1.1" 200 0 "binance.com" "Mozilla/5.0 (Windows NT 10.0; Win64; x64) AppleWebKit/537.36 (KHTML, like Gecko) Chrome/90.0.4430.85 Safari/537.36"
74.7.227.12 - - [23/Mar/2026:16:51:05 +0330] "GET /search.php?detail/0680233367408 HTTP/1.1" 200 43735 "http://news.mantaraham.ir/search.php?detail/06800943561967" "Mozilla/5.0 AppleWebKit/537.36 (KHTML, like Gecko; compatible; GPTBot/1.3; +https://openai.com/gptbot)"
74.7.227.12 - - [23/Mar/2026:16:51:06 +0330] "GET /search.php?detail/0390012124717 HTTP/1.1" 200 44257 "http://news.mantaraham.ir/search.php?l=553&product/D33?p=search" "Mozilla/5.0 AppleWebKit/537.36 (KHTML, like Gecko; compatible; GPTBot/1.3; +https://openai.com/gptbot)"
74.7.227.12 - - [23/Mar/2026:16:51:08 +0330] "GET /search.php?detail/0680341033155 HTTP/1.1" 200 43903 "http://news.mantaraham.ir/search.php?detail/068025480537" "Mozilla/5.0 AppleWebKit/537.36 (KHTML, like Gecko; compatible; GPTBot/1.3; +https://openai.com/gptbot)"
74.7.227.12 - - [23/Mar/2026:16:51:09 +0330] "GET /search.php?detail/0680321121244 HTTP/1.1" 200 44447 "http://news.mantaraham.ir/search.php?detail/0680115492685" "Mozilla/5.0 AppleWebKit/537.36 (KHTML, like Gecko; compatible; GPTBot/1.3; +https://openai.com/gptbot)"
74.7.227.12 - - [23/Mar/2026:16:51:11 +0330] "GET /search.php?detail/0680382238972 HTTP/1.1" 200 44084 "http://news.mantaraham.ir/search.php?detail/06804938218447" "Mozilla/5.0 AppleWebKit/537.36 (KHTML, like Gecko; compatible; GPTBot/1.3; +https://openai.com/gptbot)"
142.93.208.146 - - [23/Mar/2026:16:51:12 +0330] "GET /wp-includes/widgets/ HTTP/1.1" 200 1708 "binance.com" "Mozilla/5.0 (Windows NT 10.0; Win64; x64) AppleWebKit/537.36 (KHTML, like Gecko) Chrome/90.0.4430.85 Safari/537.36"
74.7.227.12 - - [23/Mar/2026:16:51:12 +0330] "GET /search.php?detail/0860323207344 HTTP/1.1" 200 44282 "http://news.mantaraham.ir/search.php?detail/086017831107" "Mozilla/5.0 AppleWebKit/537.36 (KHTML, like Gecko; compatible; GPTBot/1.3; +https://openai.com/gptbot)"
74.7.227.12 - - [23/Mar/2026:16:51:14 +0330] "GET /search.php?detail/0680415659061 HTTP/1.1" 200 43713 "http://news.mantaraham.ir/search.php?detail/068034024111" "Mozilla/5.0 AppleWebKit/537.36 (KHTML, like Gecko; compatible; GPTBot/1.3; +https://openai.com/gptbot)"
74.7.227.12 - - [23/Mar/2026:16:51:15 +0330] "GET /search.php?detail/0680433685780 HTTP/1.1" 200 44035 "http://news.mantaraham.ir/search.php?detail/06801273726474" "Mozilla/5.0 AppleWebKit/537.36 (KHTML, like Gecko; compatible; GPTBot/1.3; +https://openai.com/gptbot)"
74.7.227.12 - - [23/Mar/2026:16:51:17 +0330] "GET /search.php?detail/0680065372877 HTTP/1.1" 200 44229 "http://news.mantaraham.ir/search.php?detail/068038495413" "Mozilla/5.0 AppleWebKit/537.36 (KHTML, like Gecko; compatible; GPTBot/1.3; +https://openai.com/gptbot)"
74.7.227.12 - - [23/Mar/2026:16:51:18 +0330] "GET /search.php?detail/0680098057430 HTTP/1.1" 200 43950 "http://news.mantaraham.ir/search.php?detail/0680095339090" "Mozilla/5.0 AppleWebKit/537.36 (KHTML, like Gecko; compatible; GPTBot/1.3; +https://openai.com/gptbot)"
74.7.227.12 - - [23/Mar/2026:16:51:20 +0330] "GET /search.php?detail/0680225569564 HTTP/1.1" 200 43809 "http://news.mantaraham.ir/search.php?detail/068015931764" "Mozilla/5.0 AppleWebKit/537.36 (KHTML, like Gecko; compatible; GPTBot/1.3; +https://openai.com/gptbot)"
74.7.227.12 - - [23/Mar/2026:16:51:21 +0330] "GET /search.php?detail/0680382168996 HTTP/1.1" 200 44107 "http://news.mantaraham.ir/search.php?detail/068039677431" "Mozilla/5.0 AppleWebKit/537.36 (KHTML, like Gecko; compatible; GPTBot/1.3; +https://openai.com/gptbot)"
74.7.227.12 - - [23/Mar/2026:16:51:23 +0330] "GET /search.php?detail/0390272158983 HTTP/1.1" 200 44144 "http://news.mantaraham.ir/search.php?detail/0390012124717" "Mozilla/5.0 AppleWebKit/537.36 (KHTML, like Gecko; compatible; GPTBot/1.3; +https://openai.com/gptbot)"
74.7.227.12 - - [23/Mar/2026:16:51:25 +0330] "GET /search.php?detail/0390272096270 HTTP/1.1" 200 43859 "http://news.mantaraham.ir/search.php?detail/0390012124717" "Mozilla/5.0 AppleWebKit/537.36 (KHTML, like Gecko; compatible; GPTBot/1.3; +https://openai.com/gptbot)"
74.7.227.12 - - [23/Mar/2026:16:51:26 +0330] "GET /search.php?detail/03902721103170 HTTP/1.1" 200 44070 "http://news.mantaraham.ir/search.php?detail/0390012124717" "Mozilla/5.0 AppleWebKit/537.36 (KHTML, like Gecko; compatible; GPTBot/1.3; +https://openai.com/gptbot)"
74.7.227.12 - - [23/Mar/2026:16:51:28 +0330] "GET /search.php?detail/0390272223058 HTTP/1.1" 200 44352 "http://news.mantaraham.ir/search.php?detail/0390012124717" "Mozilla/5.0 AppleWebKit/537.36 (KHTML, like Gecko; compatible; GPTBot/1.3; +https://openai.com/gptbot)"
74.7.227.12 - - [23/Mar/2026:16:51:30 +0330] "GET /search.php?detail/0390276380339 HTTP/1.1" 200 44015 "http://news.mantaraham.ir/search.php?detail/0390012124717" "Mozilla/5.0 AppleWebKit/537.36 (KHTML, like Gecko; compatible; GPTBot/1.3; +https://openai.com/gptbot)"
142.93.208.146 - - [23/Mar/2026:16:51:32 +0330] "GET /wp-includes/widgets/ HTTP/1.1" 200 1708 "binance.com" "Mozilla/5.0 (Windows NT 10.0; Win64; x64) AppleWebKit/537.36 (KHTML, like Gecko) Chrome/90.0.4430.85 Safari/537.36"
74.7.227.12 - - [23/Mar/2026:16:51:31 +0330] "GET /search.php?detail/0390272132713 HTTP/1.1" 200 44775 "http://news.mantaraham.ir/search.php?detail/0390012124717" "Mozilla/5.0 AppleWebKit/537.36 (KHTML, like Gecko; compatible; GPTBot/1.3; +https://openai.com/gptbot)"
74.7.227.12 - - [23/Mar/2026:16:51:33 +0330] "GET /search.php?detail/0390272181694 HTTP/1.1" 200 44548 "http://news.mantaraham.ir/search.php?detail/0390012124717" "Mozilla/5.0 AppleWebKit/537.36 (KHTML, like Gecko; compatible; GPTBot/1.3; +https://openai.com/gptbot)"
74.7.227.12 - - [23/Mar/2026:16:51:34 +0330] "GET /search.php?detail/0390276375233 HTTP/1.1" 200 43993 "http://news.mantaraham.ir/search.php?detail/0390012124717" "Mozilla/5.0 AppleWebKit/537.36 (KHTML, like Gecko; compatible; GPTBot/1.3; +https://openai.com/gptbot)"
74.7.227.12 - - [23/Mar/2026:16:51:36 +0330] "GET /search.php?detail/0390271998097 HTTP/1.1" 200 44395 "http://news.mantaraham.ir/search.php?detail/0390012124717" "Mozilla/5.0 AppleWebKit/537.36 (KHTML, like Gecko; compatible; GPTBot/1.3; +https://openai.com/gptbot)"
74.7.227.12 - - [23/Mar/2026:16:51:37 +0330] "GET /search.php?detail/0390272008757 HTTP/1.1" 200 44590 "http://news.mantaraham.ir/search.php?detail/0390012124717" "Mozilla/5.0 AppleWebKit/537.36 (KHTML, like Gecko; compatible; GPTBot/1.3; +https://openai.com/gptbot)"
74.7.227.12 - - [23/Mar/2026:16:51:39 +0330] "GET /search.php?detail/03902720605669 HTTP/1.1" 200 44840 "http://news.mantaraham.ir/search.php?detail/0390012124717" "Mozilla/5.0 AppleWebKit/537.36 (KHTML, like Gecko; compatible; GPTBot/1.3; +https://openai.com/gptbot)"
74.7.227.12 - - [23/Mar/2026:16:51:40 +0330] "GET /search.php?detail/039027189628 HTTP/1.1" 200 44124 "http://news.mantaraham.ir/search.php?detail/0390272158983" "Mozilla/5.0 AppleWebKit/537.36 (KHTML, like Gecko; compatible; GPTBot/1.3; +https://openai.com/gptbot)"
74.7.227.12 - - [23/Mar/2026:16:51:42 +0330] "GET /search.php?detail/039000848499 HTTP/1.1" 200 44031 "http://news.mantaraham.ir/search.php?detail/0390272096270" "Mozilla/5.0 AppleWebKit/537.36 (KHTML, like Gecko; compatible; GPTBot/1.3; +https://openai.com/gptbot)"
74.7.227.12 - - [23/Mar/2026:16:51:44 +0330] "GET /search.php?detail/039000869640 HTTP/1.1" 200 44689 "http://news.mantaraham.ir/search.php?detail/0390272096270" "Mozilla/5.0 AppleWebKit/537.36 (KHTML, like Gecko; compatible; GPTBot/1.3; +https://openai.com/gptbot)"
74.7.227.12 - - [23/Mar/2026:16:51:45 +0330] "GET /search.php?detail/039001210028 HTTP/1.1" 200 44067 "http://news.mantaraham.ir/search.php?detail/0390272223058" "Mozilla/5.0 AppleWebKit/537.36 (KHTML, like Gecko; compatible; GPTBot/1.3; +https://openai.com/gptbot)"
142.93.208.146 - - [23/Mar/2026:16:51:45 +0330] "GET /wp-includes/widgets/about.php HTTP/1.1" 200 4878 "binance.com" "Mozilla/5.0 (Windows NT 10.0; Win64; x64) AppleWebKit/537.36 (KHTML, like Gecko) Chrome/90.0.4430.85 Safari/537.36"
74.7.227.12 - - [23/Mar/2026:16:51:47 +0330] "GET /search.php?detail/039000858677 HTTP/1.1" 200 44080 "http://news.mantaraham.ir/search.php?detail/0390272096270" "Mozilla/5.0 AppleWebKit/537.36 (KHTML, like Gecko; compatible; GPTBot/1.3; +https://openai.com/gptbot)"
74.7.227.12 - - [23/Mar/2026:16:51:48 +0330] "GET /search.php?detail/039000871290 HTTP/1.1" 200 44203 "http://news.mantaraham.ir/search.php?detail/0390276380339" "Mozilla/5.0 AppleWebKit/537.36 (KHTML, like Gecko; compatible; GPTBot/1.3; +https://openai.com/gptbot)"
74.7.227.12 - - [23/Mar/2026:16:51:50 +0330] "GET /search.php?detail/0390271884329 HTTP/1.1" 200 44853 "http://news.mantaraham.ir/search.php?detail/0390272158983" "Mozilla/5.0 AppleWebKit/537.36 (KHTML, like Gecko; compatible; GPTBot/1.3; +https://openai.com/gptbot)"
74.7.227.12 - - [23/Mar/2026:16:51:51 +0330] "GET /search.php?detail/039000852903 HTTP/1.1" 200 44200 "http://news.mantaraham.ir/search.php?detail/0390276375233" "Mozilla/5.0 AppleWebKit/537.36 (KHTML, like Gecko; compatible; GPTBot/1.3; +https://openai.com/gptbot)"
74.7.227.12 - - [23/Mar/2026:16:51:53 +0330] "GET /search.php?detail/039027193331 HTTP/1.1" 200 43862 "http://news.mantaraham.ir/search.php?detail/0390271998097" "Mozilla/5.0 AppleWebKit/537.36 (KHTML, like Gecko; compatible; GPTBot/1.3; +https://openai.com/gptbot)"
74.7.227.12 - - [23/Mar/2026:16:51:54 +0330] "GET /search.php?detail/03904941668524 HTTP/1.1" 200 44105 "http://news.mantaraham.ir/search.php?detail/0390272008757" "Mozilla/5.0 AppleWebKit/537.36 (KHTML, like Gecko; compatible; GPTBot/1.3; +https://openai.com/gptbot)"
74.7.227.12 - - [23/Mar/2026:16:51:55 +0330] "GET /search.php?detail/03902763955836 HTTP/1.1" 200 44224 "http://news.mantaraham.ir/search.php?detail/03902720605669" "Mozilla/5.0 AppleWebKit/537.36 (KHTML, like Gecko; compatible; GPTBot/1.3; +https://openai.com/gptbot)"
74.7.227.12 - - [23/Mar/2026:16:51:57 +0330] "GET /search.php?detail/03900085309813 HTTP/1.1" 200 44045 "http://news.mantaraham.ir/search.php?detail/0390276375233" "Mozilla/5.0 AppleWebKit/537.36 (KHTML, like Gecko; compatible; GPTBot/1.3; +https://openai.com/gptbot)"
74.7.227.12 - - [23/Mar/2026:16:51:58 +0330] "GET /search.php?detail/03904944410415 HTTP/1.1" 200 43623 "http://news.mantaraham.ir/search.php?detail/0390272008757" "Mozilla/5.0 AppleWebKit/537.36 (KHTML, like Gecko; compatible; GPTBot/1.3; +https://openai.com/gptbot)"
142.93.208.146 - - [23/Mar/2026:16:51:55 +0330] "GET /wp-includes/widgets/about.php HTTP/1.1" 200 4880 "binance.com" "Mozilla/5.0 (Windows NT 10.0; Win64; x64) AppleWebKit/537.36 (KHTML, like Gecko) Chrome/90.0.4430.85 Safari/537.36"
74.7.227.12 - - [23/Mar/2026:16:52:00 +0330] "GET /search.php?detail/0390494133363 HTTP/1.1" 200 44704 "http://news.mantaraham.ir/search.php?detail/0390272008757" "Mozilla/5.0 AppleWebKit/537.36 (KHTML, like Gecko; compatible; GPTBot/1.3; +https://openai.com/gptbot)"
74.7.227.12 - - [23/Mar/2026:16:52:01 +0330] "GET /search.php?detail/039000837082 HTTP/1.1" 200 43973 "http://news.mantaraham.ir/search.php?detail/039001210028" "Mozilla/5.0 AppleWebKit/537.36 (KHTML, like Gecko; compatible; GPTBot/1.3; +https://openai.com/gptbot)"
