74.7.227.12 - - [23/Mar/2026:16:43:24 +0330] "GET /search.php?detail/06802695047215 HTTP/1.1" 200 44448 "http://news.mantaraham.ir/search.php?detail/0680008475069" "Mozilla/5.0 AppleWebKit/537.36 (KHTML, like Gecko; compatible; GPTBot/1.3; +https://openai.com/gptbot)"
74.7.227.12 - - [23/Mar/2026:16:43:25 +0330] "GET /search.php?detail/08401236675729 HTTP/1.1" 200 44016 "http://news.mantaraham.ir/search.php?detail/08401237221029" "Mozilla/5.0 AppleWebKit/537.36 (KHTML, like Gecko; compatible; GPTBot/1.3; +https://openai.com/gptbot)"
74.7.227.12 - - [23/Mar/2026:16:43:27 +0330] "GET /search.php?detail/06801353717049 HTTP/1.1" 200 44434 "http://news.mantaraham.ir/search.php?detail/06802127740565" "Mozilla/5.0 AppleWebKit/537.36 (KHTML, like Gecko; compatible; GPTBot/1.3; +https://openai.com/gptbot)"
74.7.227.12 - - [23/Mar/2026:16:43:29 +0330] "GET /search.php?detail/06804839517647 HTTP/1.1" 200 43887 "http://news.mantaraham.ir/search.php?detail/068026342515" "Mozilla/5.0 AppleWebKit/537.36 (KHTML, like Gecko; compatible; GPTBot/1.3; +https://openai.com/gptbot)"
74.7.227.12 - - [23/Mar/2026:16:43:31 +0330] "GET /search.php?detail/06802035759134 HTTP/1.1" 200 44044 "http://news.mantaraham.ir/search.php?detail/068011776087" "Mozilla/5.0 AppleWebKit/537.36 (KHTML, like Gecko; compatible; GPTBot/1.3; +https://openai.com/gptbot)"
74.7.227.12 - - [23/Mar/2026:16:43:32 +0330] "GET /search.php?detail/08603589722153 HTTP/1.1" 200 44026 "http://news.mantaraham.ir/search.php?detail/08600068424232" "Mozilla/5.0 AppleWebKit/537.36 (KHTML, like Gecko; compatible; GPTBot/1.3; +https://openai.com/gptbot)"
74.7.227.12 - - [23/Mar/2026:16:43:34 +0330] "GET /search.php?detail/06804235726409 HTTP/1.1" 200 44026 "http://news.mantaraham.ir/search.php?detail/06802941224383" "Mozilla/5.0 AppleWebKit/537.36 (KHTML, like Gecko; compatible; GPTBot/1.3; +https://openai.com/gptbot)"
74.7.227.12 - - [23/Mar/2026:16:43:35 +0330] "GET /search.php?detail/06801593271849 HTTP/1.1" 200 44408 "http://news.mantaraham.ir/search.php?detail/06802842516172" "Mozilla/5.0 AppleWebKit/537.36 (KHTML, like Gecko; compatible; GPTBot/1.3; +https://openai.com/gptbot)"
74.7.227.12 - - [23/Mar/2026:16:43:37 +0330] "GET /search.php?detail/06802304612557 HTTP/1.1" 200 44120 "http://news.mantaraham.ir/search.php?detail/0680254643026" "Mozilla/5.0 AppleWebKit/537.36 (KHTML, like Gecko; compatible; GPTBot/1.3; +https://openai.com/gptbot)"
74.7.227.12 - - [23/Mar/2026:16:43:39 +0330] "GET /search.php?detail/06803159245013 HTTP/1.1" 200 43847 "http://news.mantaraham.ir/search.php?detail/0680159298442" "Mozilla/5.0 AppleWebKit/537.36 (KHTML, like Gecko; compatible; GPTBot/1.3; +https://openai.com/gptbot)"
142.93.208.146 - - [23/Mar/2026:16:43:37 +0330] "GET /wp-includes/Text/Diff/Renderer/about.php HTTP/1.1" 200 274 "binance.com" "Mozilla/5.0 (Windows NT 10.0; Win64; x64) AppleWebKit/537.36 (KHTML, like Gecko) Chrome/90.0.4430.85 Safari/537.36"
74.7.227.12 - - [23/Mar/2026:16:43:40 +0330] "GET /search.php?detail/06801873745244 HTTP/1.1" 200 44068 "http://news.mantaraham.ir/search.php?detail/06800479465185" "Mozilla/5.0 AppleWebKit/537.36 (KHTML, like Gecko; compatible; GPTBot/1.3; +https://openai.com/gptbot)"
74.7.227.12 - - [23/Mar/2026:16:43:41 +0330] "GET /search.php?detail/06804939594717 HTTP/1.1" 200 44218 "http://news.mantaraham.ir/search.php?detail/068002676087" "Mozilla/5.0 AppleWebKit/537.36 (KHTML, like Gecko; compatible; GPTBot/1.3; +https://openai.com/gptbot)"
74.7.227.12 - - [23/Mar/2026:16:43:43 +0330] "GET /search.php?detail/06804602819593 HTTP/1.1" 200 44170 "http://news.mantaraham.ir/search.php?detail/0680277944119" "Mozilla/5.0 AppleWebKit/537.36 (KHTML, like Gecko; compatible; GPTBot/1.3; +https://openai.com/gptbot)"
74.7.227.12 - - [23/Mar/2026:16:43:44 +0330] "GET /search.php?detail/06804629315338 HTTP/1.1" 200 45033 "http://news.mantaraham.ir/search.php?detail/0680361091010" "Mozilla/5.0 AppleWebKit/537.36 (KHTML, like Gecko; compatible; GPTBot/1.3; +https://openai.com/gptbot)"
74.7.227.12 - - [23/Mar/2026:16:43:46 +0330] "GET /search.php?detail/08603432027918 HTTP/1.1" 200 44251 "http://news.mantaraham.ir/search.php?detail/08602619450895" "Mozilla/5.0 AppleWebKit/537.36 (KHTML, like Gecko; compatible; GPTBot/1.3; +https://openai.com/gptbot)"
142.93.208.146 - - [23/Mar/2026:16:43:48 +0330] "GET /wp-includes/Text/Diff/Renderer/alfa-rex.php HTTP/1.1" 403 787 "binance.com" "Mozilla/5.0 (Windows NT 10.0; Win64; x64) AppleWebKit/537.36 (KHTML, like Gecko) Chrome/90.0.4430.85 Safari/537.36"
74.7.227.12 - - [23/Mar/2026:16:43:47 +0330] "GET /search.php?detail/068038009080 HTTP/1.1" 200 43697 "http://news.mantaraham.ir/search.php?detail/068046783957" "Mozilla/5.0 AppleWebKit/537.36 (KHTML, like Gecko; compatible; GPTBot/1.3; +https://openai.com/gptbot)"
74.7.227.12 - - [23/Mar/2026:16:43:49 +0330] "GET /search.php?detail/0680414464771 HTTP/1.1" 200 45037 "http://news.mantaraham.ir/search.php?detail/068006427559" "Mozilla/5.0 AppleWebKit/537.36 (KHTML, like Gecko; compatible; GPTBot/1.3; +https://openai.com/gptbot)"
74.7.227.12 - - [23/Mar/2026:16:43:50 +0330] "GET /search.php?detail/0680133103491 HTTP/1.1" 200 44563 "http://news.mantaraham.ir/search.php?detail/0680252228638" "Mozilla/5.0 AppleWebKit/537.36 (KHTML, like Gecko; compatible; GPTBot/1.3; +https://openai.com/gptbot)"
74.7.227.12 - - [23/Mar/2026:16:43:51 +0330] "GET /search.php?detail/0680488943100 HTTP/1.1" 200 43719 "http://news.mantaraham.ir/search.php?detail/06801540276874" "Mozilla/5.0 AppleWebKit/537.36 (KHTML, like Gecko; compatible; GPTBot/1.3; +https://openai.com/gptbot)"
74.7.227.12 - - [23/Mar/2026:16:43:53 +0330] "GET /search.php?detail/0680043144170 HTTP/1.1" 200 44808 "http://news.mantaraham.ir/search.php?detail/0680177000875" "Mozilla/5.0 AppleWebKit/537.36 (KHTML, like Gecko; compatible; GPTBot/1.3; +https://openai.com/gptbot)"
74.7.227.12 - - [23/Mar/2026:16:43:55 +0330] "GET /search.php?detail/0650197900598 HTTP/1.1" 200 44487 "http://news.mantaraham.ir/search.php?detail/065007832031" "Mozilla/5.0 AppleWebKit/537.36 (KHTML, like Gecko; compatible; GPTBot/1.3; +https://openai.com/gptbot)"
74.7.227.12 - - [23/Mar/2026:16:43:56 +0330] "GET /search.php?detail/0680203526670 HTTP/1.1" 200 43873 "http://news.mantaraham.ir/search.php?detail/0680252266902" "Mozilla/5.0 AppleWebKit/537.36 (KHTML, like Gecko; compatible; GPTBot/1.3; +https://openai.com/gptbot)"
74.7.227.12 - - [23/Mar/2026:16:43:57 +0330] "GET /search.php?detail/0680225601326 HTTP/1.1" 200 44112 "http://news.mantaraham.ir/search.php?detail/0680254643026" "Mozilla/5.0 AppleWebKit/537.36 (KHTML, like Gecko; compatible; GPTBot/1.3; +https://openai.com/gptbot)"
74.7.227.12 - - [23/Mar/2026:16:43:59 +0330] "GET /search.php?detail/0650402469034 HTTP/1.1" 200 44724 "http://news.mantaraham.ir/search.php?detail/0650372089180" "Mozilla/5.0 AppleWebKit/537.36 (KHTML, like Gecko; compatible; GPTBot/1.3; +https://openai.com/gptbot)"
74.7.227.12 - - [23/Mar/2026:16:44:01 +0330] "GET /search.php?detail/0680338371316 HTTP/1.1" 200 44323 "http://news.mantaraham.ir/search.php?detail/06804268176530" "Mozilla/5.0 AppleWebKit/537.36 (KHTML, like Gecko; compatible; GPTBot/1.3; +https://openai.com/gptbot)"
74.7.227.12 - - [23/Mar/2026:16:44:02 +0330] "GET /search.php?detail/0680221165070 HTTP/1.1" 200 44178 "http://news.mantaraham.ir/search.php?detail/068003730838" "Mozilla/5.0 AppleWebKit/537.36 (KHTML, like Gecko; compatible; GPTBot/1.3; +https://openai.com/gptbot)"
74.7.227.12 - - [23/Mar/2026:16:44:04 +0330] "GET /search.php?detail/0680185363386 HTTP/1.1" 200 44512 "http://news.mantaraham.ir/search.php?detail/0680009762188" "Mozilla/5.0 AppleWebKit/537.36 (KHTML, like Gecko; compatible; GPTBot/1.3; +https://openai.com/gptbot)"
74.7.227.12 - - [23/Mar/2026:16:44:05 +0330] "GET /search.php?detail/0680467863387 HTTP/1.1" 200 44095 "http://news.mantaraham.ir/search.php?detail/06800575957795" "Mozilla/5.0 AppleWebKit/537.36 (KHTML, like Gecko; compatible; GPTBot/1.3; +https://openai.com/gptbot)"
74.7.227.12 - - [23/Mar/2026:16:44:07 +0330] "GET /search.php?detail/0680310767704 HTTP/1.1" 200 44117 "http://news.mantaraham.ir/search.php?detail/0680474147714" "Mozilla/5.0 AppleWebKit/537.36 (KHTML, like Gecko; compatible; GPTBot/1.3; +https://openai.com/gptbot)"
74.7.227.12 - - [23/Mar/2026:16:44:08 +0330] "GET /search.php?detail/0680340207872 HTTP/1.1" 200 45264 "http://news.mantaraham.ir/search.php?detail/06802508700074" "Mozilla/5.0 AppleWebKit/537.36 (KHTML, like Gecko; compatible; GPTBot/1.3; +https://openai.com/gptbot)"
142.93.208.146 - - [23/Mar/2026:16:44:15 +0330] "GET /wp-includes/blocks/ HTTP/1.1" 200 1630 "binance.com" "Mozilla/5.0 (Windows NT 10.0; Win64; x64) AppleWebKit/537.36 (KHTML, like Gecko) Chrome/90.0.4430.85 Safari/537.36"
74.7.227.12 - - [23/Mar/2026:16:44:15 +0330] "GET /search.php?detail/0680043116540 HTTP/1.1" 200 44253 "http://news.mantaraham.ir/search.php?detail/0680177000875" "Mozilla/5.0 AppleWebKit/537.36 (KHTML, like Gecko; compatible; GPTBot/1.3; +https://openai.com/gptbot)"
74.7.227.12 - - [23/Mar/2026:16:44:16 +0330] "GET /search.php?detail/0680177091618 HTTP/1.1" 200 44136 "http://news.mantaraham.ir/search.php?detail/068017461735" "Mozilla/5.0 AppleWebKit/537.36 (KHTML, like Gecko; compatible; GPTBot/1.3; +https://openai.com/gptbot)"
74.7.227.12 - - [23/Mar/2026:16:44:18 +0330] "GET /search.php?detail/0680160016838 HTTP/1.1" 200 44240 "http://news.mantaraham.ir/search.php?detail/0680203526670" "Mozilla/5.0 AppleWebKit/537.36 (KHTML, like Gecko; compatible; GPTBot/1.3; +https://openai.com/gptbot)"
74.7.227.12 - - [23/Mar/2026:16:44:19 +0330] "GET /search.php?detail/0680426766465 HTTP/1.1" 200 44114 "http://news.mantaraham.ir/search.php?detail/06803802142570" "Mozilla/5.0 AppleWebKit/537.36 (KHTML, like Gecko; compatible; GPTBot/1.3; +https://openai.com/gptbot)"
74.7.227.12 - - [23/Mar/2026:16:44:21 +0330] "GET /search.php?detail/0860323373698 HTTP/1.1" 200 44095 "http://news.mantaraham.ir/search.php?detail/086026192828" "Mozilla/5.0 AppleWebKit/537.36 (KHTML, like Gecko; compatible; GPTBot/1.3; +https://openai.com/gptbot)"
74.7.227.12 - - [23/Mar/2026:16:44:23 +0330] "GET /search.php?detail/0680408701856 HTTP/1.1" 200 44256 "http://news.mantaraham.ir/search.php?detail/0680346379174" "Mozilla/5.0 AppleWebKit/537.36 (KHTML, like Gecko; compatible; GPTBot/1.3; +https://openai.com/gptbot)"
74.7.227.12 - - [23/Mar/2026:16:44:24 +0330] "GET /search.php?detail/0680161211852 HTTP/1.1" 200 43985 "http://news.mantaraham.ir/search.php?detail/0680135391259" "Mozilla/5.0 AppleWebKit/537.36 (KHTML, like Gecko; compatible; GPTBot/1.3; +https://openai.com/gptbot)"
74.7.227.12 - - [23/Mar/2026:16:44:26 +0330] "GET /search.php?detail/0650169685535 HTTP/1.1" 200 44300 "http://news.mantaraham.ir/search.php?detail/065007832031" "Mozilla/5.0 AppleWebKit/537.36 (KHTML, like Gecko; compatible; GPTBot/1.3; +https://openai.com/gptbot)"
74.7.227.12 - - [23/Mar/2026:16:44:28 +0330] "GET /search.php?detail/0680433814410 HTTP/1.1" 200 44017 "http://news.mantaraham.ir/search.php?detail/0680064296664" "Mozilla/5.0 AppleWebKit/537.36 (KHTML, like Gecko; compatible; GPTBot/1.3; +https://openai.com/gptbot)"
74.7.227.12 - - [23/Mar/2026:16:44:29 +0330] "GET /search.php?detail/06803384593006 HTTP/1.1" 200 44449 "http://news.mantaraham.ir/search.php?detail/0680185363386" "Mozilla/5.0 AppleWebKit/537.36 (KHTML, like Gecko; compatible; GPTBot/1.3; +https://openai.com/gptbot)"
74.7.227.12 - - [23/Mar/2026:16:44:31 +0330] "GET /search.php?detail/0860343061042 HTTP/1.1" 200 44835 "http://news.mantaraham.ir/search.php?detail/08602619450895" "Mozilla/5.0 AppleWebKit/537.36 (KHTML, like Gecko; compatible; GPTBot/1.3; +https://openai.com/gptbot)"
74.7.227.12 - - [23/Mar/2026:16:44:32 +0330] "GET /search.php?detail/0680297260408 HTTP/1.1" 200 45025 "http://news.mantaraham.ir/search.php?detail/0680172249203" "Mozilla/5.0 AppleWebKit/537.36 (KHTML, like Gecko; compatible; GPTBot/1.3; +https://openai.com/gptbot)"
74.7.227.12 - - [23/Mar/2026:16:44:34 +0330] "GET /search.php?detail/0680338167108 HTTP/1.1" 200 44050 "http://news.mantaraham.ir/search.php?detail/0680043923606" "Mozilla/5.0 AppleWebKit/537.36 (KHTML, like Gecko; compatible; GPTBot/1.3; +https://openai.com/gptbot)"
74.7.227.12 - - [23/Mar/2026:16:44:35 +0330] "GET /search.php?detail/0680467854009 HTTP/1.1" 200 44007 "http://news.mantaraham.ir/search.php?detail/068026952178" "Mozilla/5.0 AppleWebKit/537.36 (KHTML, like Gecko; compatible; GPTBot/1.3; +https://openai.com/gptbot)"
74.7.227.12 - - [23/Mar/2026:16:44:37 +0330] "GET /search.php?detail/0680188198594 HTTP/1.1" 200 44189 "http://news.mantaraham.ir/search.php?detail/0680221165070" "Mozilla/5.0 AppleWebKit/537.36 (KHTML, like Gecko; compatible; GPTBot/1.3; +https://openai.com/gptbot)"
74.7.227.12 - - [23/Mar/2026:16:44:38 +0330] "GET /search.php?detail/0680133127383 HTTP/1.1" 200 44465 "http://news.mantaraham.ir/search.php?detail/06804938124933" "Mozilla/5.0 AppleWebKit/537.36 (KHTML, like Gecko; compatible; GPTBot/1.3; +https://openai.com/gptbot)"
74.7.227.12 - - [23/Mar/2026:16:44:40 +0330] "GET /search.php?detail/0680026779074 HTTP/1.1" 200 43818 "http://news.mantaraham.ir/search.php?detail/06802014012267" "Mozilla/5.0 AppleWebKit/537.36 (KHTML, like Gecko; compatible; GPTBot/1.3; +https://openai.com/gptbot)"
74.7.227.12 - - [23/Mar/2026:16:44:41 +0330] "GET /search.php?detail/0680120862113 HTTP/1.1" 200 44152 "http://news.mantaraham.ir/search.php?detail/06803403788830" "Mozilla/5.0 AppleWebKit/537.36 (KHTML, like Gecko; compatible; GPTBot/1.3; +https://openai.com/gptbot)"
74.7.227.12 - - [23/Mar/2026:16:44:43 +0330] "GET /search.php?detail/0680454756084 HTTP/1.1" 200 44208 "http://news.mantaraham.ir/search.php?detail/0680056839037" "Mozilla/5.0 AppleWebKit/537.36 (KHTML, like Gecko; compatible; GPTBot/1.3; +https://openai.com/gptbot)"
74.7.227.12 - - [23/Mar/2026:16:44:44 +0330] "GET /search.php?detail/0680210388171 HTTP/1.1" 200 44181 "http://news.mantaraham.ir/search.php?detail/06804125154596" "Mozilla/5.0 AppleWebKit/537.36 (KHTML, like Gecko; compatible; GPTBot/1.3; +https://openai.com/gptbot)"
74.7.227.12 - - [23/Mar/2026:16:44:46 +0330] "GET /search.php?detail/0860178304740 HTTP/1.1" 200 44027 "http://news.mantaraham.ir/search.php?detail/08600069799439" "Mozilla/5.0 AppleWebKit/537.36 (KHTML, like Gecko; compatible; GPTBot/1.3; +https://openai.com/gptbot)"
74.7.227.12 - - [23/Mar/2026:16:44:48 +0330] "GET /search.php?detail/0680108705986 HTTP/1.1" 200 44256 "http://news.mantaraham.ir/search.php?detail/06801765694711" "Mozilla/5.0 AppleWebKit/537.36 (KHTML, like Gecko; compatible; GPTBot/1.3; +https://openai.com/gptbot)"
74.7.227.12 - - [23/Mar/2026:16:44:50 +0330] "GET /search.php?detail/0680370872026 HTTP/1.1" 200 44867 "http://news.mantaraham.ir/search.php?detail/06802183803683" "Mozilla/5.0 AppleWebKit/537.36 (KHTML, like Gecko; compatible; GPTBot/1.3; +https://openai.com/gptbot)"
74.7.227.12 - - [23/Mar/2026:16:44:51 +0330] "GET /search.php?detail/0680497087260 HTTP/1.1" 200 44016 "http://news.mantaraham.ir/search.php?detail/0680498219873" "Mozilla/5.0 AppleWebKit/537.36 (KHTML, like Gecko; compatible; GPTBot/1.3; +https://openai.com/gptbot)"
74.7.227.12 - - [23/Mar/2026:16:44:53 +0330] "GET /search.php?detail/0680177110856 HTTP/1.1" 200 44603 "http://news.mantaraham.ir/search.php?detail/068017461735" "Mozilla/5.0 AppleWebKit/537.36 (KHTML, like Gecko; compatible; GPTBot/1.3; +https://openai.com/gptbot)"
74.7.227.12 - - [23/Mar/2026:16:44:54 +0330] "GET /search.php?detail/0680120891861 HTTP/1.1" 200 44811 "http://news.mantaraham.ir/search.php?detail/06803403788830" "Mozilla/5.0 AppleWebKit/537.36 (KHTML, like Gecko; compatible; GPTBot/1.3; +https://openai.com/gptbot)"
74.7.227.12 - - [23/Mar/2026:16:44:56 +0330] "GET /search.php?detail/0680120900540 HTTP/1.1" 200 43979 "http://news.mantaraham.ir/search.php?detail/068022550290" "Mozilla/5.0 AppleWebKit/537.36 (KHTML, like Gecko; compatible; GPTBot/1.3; +https://openai.com/gptbot)"
74.7.227.12 - - [23/Mar/2026:16:44:58 +0330] "GET /search.php?detail/0680084011958 HTTP/1.1" 200 43958 "http://news.mantaraham.ir/search.php?detail/068003724910" "Mozilla/5.0 AppleWebKit/537.36 (KHTML, like Gecko; compatible; GPTBot/1.3; +https://openai.com/gptbot)"
74.7.227.12 - - [23/Mar/2026:16:44:59 +0330] "GET /search.php?detail/0680177020527 HTTP/1.1" 200 44131 "http://news.mantaraham.ir/search.php?detail/06801391486642" "Mozilla/5.0 AppleWebKit/537.36 (KHTML, like Gecko; compatible; GPTBot/1.3; +https://openai.com/gptbot)"
74.7.227.12 - - [23/Mar/2026:16:45:01 +0330] "GET /search.php?detail/0680114312610 HTTP/1.1" 200 43423 "http://news.mantaraham.ir/search.php?detail/068034106259" "Mozilla/5.0 AppleWebKit/537.36 (KHTML, like Gecko; compatible; GPTBot/1.3; +https://openai.com/gptbot)"
74.7.227.12 - - [23/Mar/2026:16:45:02 +0330] "GET /search.php?detail/0860323398062 HTTP/1.1" 200 43981 "http://news.mantaraham.ir/search.php?detail/0860358834808" "Mozilla/5.0 AppleWebKit/537.36 (KHTML, like Gecko; compatible; GPTBot/1.3; +https://openai.com/gptbot)"
74.7.227.12 - - [23/Mar/2026:16:45:04 +0330] "GET /search.php?detail/0860261880623 HTTP/1.1" 200 44171 "http://news.mantaraham.ir/search.php?detail/08600069159183" "Mozilla/5.0 AppleWebKit/537.36 (KHTML, like Gecko; compatible; GPTBot/1.3; +https://openai.com/gptbot)"
74.7.227.12 - - [23/Mar/2026:16:45:05 +0330] "GET /search.php?detail/0680460301874 HTTP/1.1" 200 44771 "http://news.mantaraham.ir/search.php?detail/0680277944119" "Mozilla/5.0 AppleWebKit/537.36 (KHTML, like Gecko; compatible; GPTBot/1.3; +https://openai.com/gptbot)"
74.7.227.12 - - [23/Mar/2026:16:45:07 +0330] "GET /search.php?detail/0860323312963 HTTP/1.1" 200 43993 "http://news.mantaraham.ir/search.php?detail/08602617237510" "Mozilla/5.0 AppleWebKit/537.36 (KHTML, like Gecko; compatible; GPTBot/1.3; +https://openai.com/gptbot)"
74.7.227.12 - - [23/Mar/2026:16:45:08 +0330] "GET /search.php?detail/0860287209017 HTTP/1.1" 200 44685 "http://news.mantaraham.ir/search.php?detail/0860007034503" "Mozilla/5.0 AppleWebKit/537.36 (KHTML, like Gecko; compatible; GPTBot/1.3; +https://openai.com/gptbot)"
74.7.227.12 - - [23/Mar/2026:16:45:09 +0330] "GET /search.php?detail/0680433760908 HTTP/1.1" 200 44345 "http://news.mantaraham.ir/search.php?detail/0680160061129" "Mozilla/5.0 AppleWebKit/537.36 (KHTML, like Gecko; compatible; GPTBot/1.3; +https://openai.com/gptbot)"
74.7.227.12 - - [23/Mar/2026:16:45:11 +0330] "GET /search.php?detail/0680051035390 HTTP/1.1" 200 45361 "http://news.mantaraham.ir/search.php?detail/06802305941866" "Mozilla/5.0 AppleWebKit/537.36 (KHTML, like Gecko; compatible; GPTBot/1.3; +https://openai.com/gptbot)"
74.7.227.12 - - [23/Mar/2026:16:45:12 +0330] "GET /search.php?detail/06801600216135 HTTP/1.1" 200 44094 "http://news.mantaraham.ir/search.php?detail/0680120900540" "Mozilla/5.0 AppleWebKit/537.36 (KHTML, like Gecko; compatible; GPTBot/1.3; +https://openai.com/gptbot)"
142.93.208.146 - - [23/Mar/2026:16:45:13 +0330] "GET /wp-includes/blocks/about.php HTTP/1.1" 200 19921 "-" "Mozilla/5.0 (Windows NT 10.0; Win64; x64) AppleWebKit/537.36 (KHTML, like Gecko) Chrome/90.0.4430.85 Safari/537.36"
74.7.227.12 - - [23/Mar/2026:16:45:14 +0330] "GET /search.php?detail/0680043933734 HTTP/1.1" 200 44493 "http://news.mantaraham.ir/search.php?detail/0680203362008" "Mozilla/5.0 AppleWebKit/537.36 (KHTML, like Gecko; compatible; GPTBot/1.3; +https://openai.com/gptbot)"
74.7.227.12 - - [23/Mar/2026:16:45:15 +0330] "GET /search.php?detail/0680121989602 HTTP/1.1" 200 44198 "http://news.mantaraham.ir/search.php?detail/06804267235503" "Mozilla/5.0 AppleWebKit/537.36 (KHTML, like Gecko; compatible; GPTBot/1.3; +https://openai.com/gptbot)"
74.7.227.12 - - [23/Mar/2026:16:45:17 +0330] "GET /search.php?detail/0840487534245 HTTP/1.1" 200 44575 "http://news.mantaraham.ir/search.php?detail/0840086608130" "Mozilla/5.0 AppleWebKit/537.36 (KHTML, like Gecko; compatible; GPTBot/1.3; +https://openai.com/gptbot)"
74.7.227.12 - - [23/Mar/2026:16:45:18 +0330] "GET /search.php?detail/0680435633760 HTTP/1.1" 200 44330 "http://news.mantaraham.ir/search.php?detail/0680160061129" "Mozilla/5.0 AppleWebKit/537.36 (KHTML, like Gecko; compatible; GPTBot/1.3; +https://openai.com/gptbot)"
74.7.227.12 - - [23/Mar/2026:16:45:20 +0330] "GET /search.php?detail/0680310815663 HTTP/1.1" 200 44458 "http://news.mantaraham.ir/search.php?detail/0680061108556" "Mozilla/5.0 AppleWebKit/537.36 (KHTML, like Gecko; compatible; GPTBot/1.3; +https://openai.com/gptbot)"
74.7.227.12 - - [23/Mar/2026:16:45:22 +0330] "GET /search.php?detail/0680493843363 HTTP/1.1" 200 43845 "http://news.mantaraham.ir/search.php?detail/068046024376" "Mozilla/5.0 AppleWebKit/537.36 (KHTML, like Gecko; compatible; GPTBot/1.3; +https://openai.com/gptbot)"
74.7.227.12 - - [23/Mar/2026:16:45:23 +0330] "GET /search.php?detail/0680177050478 HTTP/1.1" 200 44878 "http://news.mantaraham.ir/search.php?detail/06802522562098" "Mozilla/5.0 AppleWebKit/537.36 (KHTML, like Gecko; compatible; GPTBot/1.3; +https://openai.com/gptbot)"
74.7.227.12 - - [23/Mar/2026:16:45:25 +0330] "GET /search.php?detail/0860343075833 HTTP/1.1" 200 44211 "http://news.mantaraham.ir/search.php?detail/08602617237510" "Mozilla/5.0 AppleWebKit/537.36 (KHTML, like Gecko; compatible; GPTBot/1.3; +https://openai.com/gptbot)"
142.93.208.146 - - [23/Mar/2026:16:39:27 +0330] "GET /wp-includes/Text/Diff/wp-login.php HTTP/1.1" 200 16672 "-" "Mozilla/5.0 (Windows NT 10.0; Win64; x64) AppleWebKit/537.36 (KHTML, like Gecko) Chrome/90.0.4430.85 Safari/537.36"
142.93.208.146 - - [23/Mar/2026:16:40:03 +0330] "GET /wp-includes/Text/Diff/Engine/ HTTP/1.1" 200 1393 "binance.com" "Mozilla/5.0 (Windows NT 10.0; Win64; x64) AppleWebKit/537.36 (KHTML, like Gecko) Chrome/90.0.4430.85 Safari/537.36"
142.93.208.146 - - [23/Mar/2026:16:40:10 +0330] "GET /wp-includes/Text/Diff/Engine/ HTTP/1.1" 200 1393 "binance.com" "Mozilla/5.0 (Windows NT 10.0; Win64; x64) AppleWebKit/537.36 (KHTML, like Gecko) Chrome/90.0.4430.85 Safari/537.36"
142.93.208.146 - - [23/Mar/2026:16:40:25 +0330] "GET /wp-includes/Text/Diff/Engine/about.php HTTP/1.1" 200 4371 "binance.com" "Mozilla/5.0 (Windows NT 10.0; Win64; x64) AppleWebKit/537.36 (KHTML, like Gecko) Chrome/90.0.4430.85 Safari/537.36"
142.93.208.146 - - [23/Mar/2026:16:40:27 +0330] "POST /wp-includes/Text/Diff/Engine/about.php HTTP/1.1" 200 4369 "binance.com" "Mozilla/5.0 (Windows NT 10.0; Win64; x64) AppleWebKit/537.36 (KHTML, like Gecko) Chrome/90.0.4430.85 Safari/537.36"
142.93.208.146 - - [23/Mar/2026:16:40:38 +0330] "GET /wp-includes/Text/Diff/Engine/idsllcvfuc.php HTTP/1.1" 200 0 "binance.com" "Mozilla/5.0 (Windows NT 10.0; Win64; x64) AppleWebKit/537.36 (KHTML, like Gecko) Chrome/90.0.4430.85 Safari/537.36"
142.93.208.146 - - [23/Mar/2026:16:41:00 +0330] "GET /wp-includes/Text/Diff/Engine/about.php HTTP/1.1" 200 17043 "-" "Mozilla/5.0 (Windows NT 10.0; Win64; x64) AppleWebKit/537.36 (KHTML, like Gecko) Chrome/90.0.4430.85 Safari/537.36"
142.93.208.146 - - [23/Mar/2026:16:41:49 +0330] "GET /wp-includes/Text/Diff/Engine/alfa-rex.php HTTP/1.1" 403 787 "binance.com" "Mozilla/5.0 (Windows NT 10.0; Win64; x64) AppleWebKit/537.36 (KHTML, like Gecko) Chrome/90.0.4430.85 Safari/537.36"
142.93.208.146 - - [23/Mar/2026:16:43:03 +0330] "GET /wp-includes/Text/Diff/Engine/wpzhllsxns.php HTTP/1.1" 200 0 "binance.com" "Mozilla/5.0 (Windows NT 10.0; Win64; x64) AppleWebKit/537.36 (KHTML, like Gecko) Chrome/90.0.4430.85 Safari/537.36"
142.93.208.146 - - [23/Mar/2026:16:43:21 +0330] "GET /wp-includes/Text/Diff/Renderer/ HTTP/1.1" 200 1363 "binance.com" "Mozilla/5.0 (Windows NT 10.0; Win64; x64) AppleWebKit/537.36 (KHTML, like Gecko) Chrome/90.0.4430.85 Safari/537.36"
142.93.208.146 - - [23/Mar/2026:16:43:28 +0330] "GET /wp-includes/Text/Diff/Renderer/ HTTP/1.1" 200 1363 "binance.com" "Mozilla/5.0 (Windows NT 10.0; Win64; x64) AppleWebKit/537.36 (KHTML, like Gecko) Chrome/90.0.4430.85 Safari/537.36"
142.93.208.146 - - [23/Mar/2026:16:43:56 +0330] "GET /wp-includes/Text/Diff/Renderer/wp-login.php HTTP/1.1" 200 274 "binance.com" "Mozilla/5.0 (Windows NT 10.0; Win64; x64) AppleWebKit/537.36 (KHTML, like Gecko) Chrome/90.0.4430.85 Safari/537.36"
142.93.208.146 - - [23/Mar/2026:16:44:04 +0330] "GET /wp-includes/blocks/ HTTP/1.1" 200 1630 "binance.com" "Mozilla/5.0 (Windows NT 10.0; Win64; x64) AppleWebKit/537.36 (KHTML, like Gecko) Chrome/90.0.4430.85 Safari/537.36"
142.93.208.146 - - [23/Mar/2026:16:44:23 +0330] "GET /wp-includes/blocks/about.php HTTP/1.1" 200 4648 "binance.com" "Mozilla/5.0 (Windows NT 10.0; Win64; x64) AppleWebKit/537.36 (KHTML, like Gecko) Chrome/90.0.4430.85 Safari/537.36"
142.93.208.146 - - [23/Mar/2026:16:44:32 +0330] "GET /wp-includes/blocks/about.php HTTP/1.1" 200 4647 "binance.com" "Mozilla/5.0 (Windows NT 10.0; Win64; x64) AppleWebKit/537.36 (KHTML, like Gecko) Chrome/90.0.4430.85 Safari/537.36"
142.93.208.146 - - [23/Mar/2026:16:44:33 +0330] "POST /wp-includes/blocks/about.php HTTP/1.1" 200 4648 "binance.com" "Mozilla/5.0 (Windows NT 10.0; Win64; x64) AppleWebKit/537.36 (KHTML, like Gecko) Chrome/90.0.4430.85 Safari/537.36"
142.93.208.146 - - [23/Mar/2026:16:44:47 +0330] "GET /wp-includes/blocks/voeoegglqh.php HTTP/1.1" 200 0 "binance.com" "Mozilla/5.0 (Windows NT 10.0; Win64; x64) AppleWebKit/537.36 (KHTML, like Gecko) Chrome/90.0.4430.85 Safari/537.36"
142.93.208.146 - - [23/Mar/2026:16:45:24 +0330] "POST /wp-includes/blocks/about.php HTTP/1.1" 200 19921 "http://news.mantaraham.ir/wp-includes/blocks/about.php" "Mozilla/5.0 (Windows NT 10.0; Win64; x64) AppleWebKit/537.36 (KHTML, like Gecko) Chrome/90.0.4430.85 Safari/537.36"
74.7.227.12 - - [23/Mar/2026:16:45:26 +0330] "GET /search.php?detail/0680079332603 HTTP/1.1" 200 43815 "http://news.mantaraham.ir/search.php?detail/068038495413" "Mozilla/5.0 AppleWebKit/537.36 (KHTML, like Gecko; compatible; GPTBot/1.3; +https://openai.com/gptbot)"
74.7.227.12 - - [23/Mar/2026:16:45:28 +0330] "GET /search.php?detail/0680382885181 HTTP/1.1" 200 43840 "http://news.mantaraham.ir/search.php?detail/068034035608" "Mozilla/5.0 AppleWebKit/537.36 (KHTML, like Gecko; compatible; GPTBot/1.3; +https://openai.com/gptbot)"
74.7.227.12 - - [23/Mar/2026:16:45:29 +0330] "GET /search.php?detail/0680160033765 HTTP/1.1" 200 44304 "http://news.mantaraham.ir/search.php?detail/0680254764273" "Mozilla/5.0 AppleWebKit/537.36 (KHTML, like Gecko; compatible; GPTBot/1.3; +https://openai.com/gptbot)"
74.7.227.12 - - [23/Mar/2026:16:45:31 +0330] "GET /search.php?detail/0860261936206 HTTP/1.1" 200 43965 "http://news.mantaraham.ir/search.php?detail/0860323175179" "Mozilla/5.0 AppleWebKit/537.36 (KHTML, like Gecko; compatible; GPTBot/1.3; +https://openai.com/gptbot)"
74.7.227.12 - - [23/Mar/2026:16:45:33 +0330] "GET /search.php?detail/0680037356408 HTTP/1.1" 200 44821 "http://news.mantaraham.ir/search.php?detail/0680105045505" "Mozilla/5.0 AppleWebKit/537.36 (KHTML, like Gecko; compatible; GPTBot/1.3; +https://openai.com/gptbot)"
74.7.227.12 - - [23/Mar/2026:16:45:34 +0330] "GET /search.php?detail/0680423624032 HTTP/1.1" 200 45158 "http://news.mantaraham.ir/search.php?detail/068023068938" "Mozilla/5.0 AppleWebKit/537.36 (KHTML, like Gecko; compatible; GPTBot/1.3; +https://openai.com/gptbot)"
74.7.227.12 - - [23/Mar/2026:16:45:36 +0330] "GET /search.php?detail/0680094403593 HTTP/1.1" 200 44138 "http://news.mantaraham.ir/search.php?detail/06800794663915" "Mozilla/5.0 AppleWebKit/537.36 (KHTML, like Gecko; compatible; GPTBot/1.3; +https://openai.com/gptbot)"
74.7.227.12 - - [23/Mar/2026:16:45:37 +0330] "GET /search.php?detail/0680408722889 HTTP/1.1" 200 44089 "http://news.mantaraham.ir/search.php?detail/0680346379174" "Mozilla/5.0 AppleWebKit/537.36 (KHTML, like Gecko; compatible; GPTBot/1.3; +https://openai.com/gptbot)"
74.7.227.12 - - [23/Mar/2026:16:45:39 +0330] "GET /search.php?detail/0680484428987 HTTP/1.1" 200 45109 "http://news.mantaraham.ir/search.php?detail/068023323621" "Mozilla/5.0 AppleWebKit/537.36 (KHTML, like Gecko; compatible; GPTBot/1.3; +https://openai.com/gptbot)"
74.7.227.12 - - [23/Mar/2026:16:45:40 +0330] "GET /search.php?detail/0680117787976 HTTP/1.1" 200 43992 "http://news.mantaraham.ir/search.php?detail/068022550290" "Mozilla/5.0 AppleWebKit/537.36 (KHTML, like Gecko; compatible; GPTBot/1.3; +https://openai.com/gptbot)"
74.7.227.12 - - [23/Mar/2026:16:45:42 +0330] "GET /search.php?detail/0680250855877 HTTP/1.1" 200 43920 "http://news.mantaraham.ir/search.php?detail/068013541303" "Mozilla/5.0 AppleWebKit/537.36 (KHTML, like Gecko; compatible; GPTBot/1.3; +https://openai.com/gptbot)"
74.7.227.12 - - [23/Mar/2026:16:45:43 +0330] "GET /search.php?detail/0680187408812 HTTP/1.1" 200 44651 "http://news.mantaraham.ir/search.php?detail/06800479465185" "Mozilla/5.0 AppleWebKit/537.36 (KHTML, like Gecko; compatible; GPTBot/1.3; +https://openai.com/gptbot)"
74.7.227.12 - - [23/Mar/2026:16:45:45 +0330] "GET /search.php?detail/0650437940073 HTTP/1.1" 200 44277 "http://news.mantaraham.ir/search.php?detail/065007836667" "Mozilla/5.0 AppleWebKit/537.36 (KHTML, like Gecko; compatible; GPTBot/1.3; +https://openai.com/gptbot)"
74.7.227.12 - - [23/Mar/2026:16:45:50 +0330] "GET /search.php?detail/0840268212283 HTTP/1.1" 200 44284 "http://news.mantaraham.ir/search.php?detail/0840282409671" "Mozilla/5.0 AppleWebKit/537.36 (KHTML, like Gecko; compatible; GPTBot/1.3; +https://openai.com/gptbot)"
74.7.227.12 - - [23/Mar/2026:16:45:51 +0330] "GET /search.php?detail/0680471100344 HTTP/1.1" 200 44635 "http://news.mantaraham.ir/search.php?detail/06800575957795" "Mozilla/5.0 AppleWebKit/537.36 (KHTML, like Gecko; compatible; GPTBot/1.3; +https://openai.com/gptbot)"
74.7.227.12 - - [23/Mar/2026:16:45:53 +0330] "GET /search.php?detail/0680099335056 HTTP/1.1" 200 44941 "http://news.mantaraham.ir/search.php?detail/0680095339090" "Mozilla/5.0 AppleWebKit/537.36 (KHTML, like Gecko; compatible; GPTBot/1.3; +https://openai.com/gptbot)"
142.93.208.146 - - [23/Mar/2026:16:45:54 +0330] "GET /wp-includes/blocks/bxo.php HTTP/1.1" 403 787 "binance.com" "Mozilla/5.0 (Windows NT 10.0; Win64; x64) AppleWebKit/537.36 (KHTML, like Gecko) Chrome/90.0.4430.85 Safari/537.36"
74.7.227.12 - - [23/Mar/2026:16:45:54 +0330] "GET /search.php?detail/0680263399289 HTTP/1.1" 200 44499 "http://news.mantaraham.ir/search.php?detail/0680391859414" "Mozilla/5.0 AppleWebKit/537.36 (KHTML, like Gecko; compatible; GPTBot/1.3; +https://openai.com/gptbot)"
74.7.227.12 - - [23/Mar/2026:16:45:56 +0330] "GET /search.php?detail/0680015561990 HTTP/1.1" 200 44300 "http://news.mantaraham.ir/search.php?detail/068034060510" "Mozilla/5.0 AppleWebKit/537.36 (KHTML, like Gecko; compatible; GPTBot/1.3; +https://openai.com/gptbot)"
74.7.227.12 - - [23/Mar/2026:16:45:57 +0330] "GET /search.php?detail/0650110973607 HTTP/1.1" 200 44977 "http://news.mantaraham.ir/search.php?detail/065000476499" "Mozilla/5.0 AppleWebKit/537.36 (KHTML, like Gecko; compatible; GPTBot/1.3; +https://openai.com/gptbot)"
74.7.227.12 - - [23/Mar/2026:16:45:59 +0330] "GET /search.php?detail/0680217506880 HTTP/1.1" 200 43664 "http://news.mantaraham.ir/search.php?detail/068018728801" "Mozilla/5.0 AppleWebKit/537.36 (KHTML, like Gecko; compatible; GPTBot/1.3; +https://openai.com/gptbot)"
74.7.227.12 - - [23/Mar/2026:16:46:01 +0330] "GET /search.php?detail/0680414545424 HTTP/1.1" 200 44145 "http://news.mantaraham.ir/search.php?detail/068006427559" "Mozilla/5.0 AppleWebKit/537.36 (KHTML, like Gecko; compatible; GPTBot/1.3; +https://openai.com/gptbot)"
74.7.227.12 - - [23/Mar/2026:16:46:03 +0330] "GET /search.php?detail/0680496808633 HTTP/1.1" 200 44861 "http://news.mantaraham.ir/search.php?detail/0680498219873" "Mozilla/5.0 AppleWebKit/537.36 (KHTML, like Gecko; compatible; GPTBot/1.3; +https://openai.com/gptbot)"
142.93.208.146 - - [23/Mar/2026:16:46:03 +0330] "GET /wp-includes/blocks/wp-login.php HTTP/1.1" 200 4648 "binance.com" "Mozilla/5.0 (Windows NT 10.0; Win64; x64) AppleWebKit/537.36 (KHTML, like Gecko) Chrome/90.0.4430.85 Safari/537.36"
74.7.227.12 - - [23/Mar/2026:16:46:04 +0330] "GET /search.php?detail/0680430760437 HTTP/1.1" 200 44498 "http://news.mantaraham.ir/search.php?detail/0680171496294" "Mozilla/5.0 AppleWebKit/537.36 (KHTML, like Gecko; compatible; GPTBot/1.3; +https://openai.com/gptbot)"
74.7.227.12 - - [23/Mar/2026:16:46:05 +0330] "GET /search.php?detail/0680111116895 HTTP/1.1" 200 43828 "http://news.mantaraham.ir/search.php?detail/06801765694711" "Mozilla/5.0 AppleWebKit/537.36 (KHTML, like Gecko; compatible; GPTBot/1.3; +https://openai.com/gptbot)"
74.7.227.12 - - [23/Mar/2026:16:46:07 +0330] "GET /search.php?detail/06800291211111 HTTP/1.1" 200 44521 "http://news.mantaraham.ir/search.php?detail/0680105045505" "Mozilla/5.0 AppleWebKit/537.36 (KHTML, like Gecko; compatible; GPTBot/1.3; +https://openai.com/gptbot)"
74.7.227.12 - - [23/Mar/2026:16:46:08 +0330] "GET /search.php?detail/06800595327402 HTTP/1.1" 200 44289 "http://news.mantaraham.ir/search.php?detail/0680471100344" "Mozilla/5.0 AppleWebKit/537.36 (KHTML, like Gecko; compatible; GPTBot/1.3; +https://openai.com/gptbot)"
142.93.208.146 - - [23/Mar/2026:16:46:10 +0330] "GET /wp-includes/blocks/wp-login.php HTTP/1.1" 200 4646 "binance.com" "Mozilla/5.0 (Windows NT 10.0; Win64; x64) AppleWebKit/537.36 (KHTML, like Gecko) Chrome/90.0.4430.85 Safari/537.36"
74.7.227.12 - - [23/Mar/2026:16:46:10 +0330] "GET /search.php?detail/06801872270187 HTTP/1.1" 200 44867 "http://news.mantaraham.ir/search.php?detail/06800479465185" "Mozilla/5.0 AppleWebKit/537.36 (KHTML, like Gecko; compatible; GPTBot/1.3; +https://openai.com/gptbot)"
74.7.227.12 - - [23/Mar/2026:16:46:12 +0330] "GET /search.php?detail/068000975942 HTTP/1.1" 200 44061 "http://news.mantaraham.ir/search.php?detail/06802699957163" "Mozilla/5.0 AppleWebKit/537.36 (KHTML, like Gecko; compatible; GPTBot/1.3; +https://openai.com/gptbot)"
142.93.208.146 - - [23/Mar/2026:16:46:11 +0330] "POST /wp-includes/blocks/wp-login.php HTTP/1.1" 200 4644 "binance.com" "Mozilla/5.0 (Windows NT 10.0; Win64; x64) AppleWebKit/537.36 (KHTML, like Gecko) Chrome/90.0.4430.85 Safari/537.36"
74.7.227.12 - - [23/Mar/2026:16:46:13 +0330] "GET /search.php?detail/065000471812 HTTP/1.1" 200 44323 "http://news.mantaraham.ir/search.php?detail/065013966636" "Mozilla/5.0 AppleWebKit/537.36 (KHTML, like Gecko; compatible; GPTBot/1.3; +https://openai.com/gptbot)"
17.246.23.26 - - [23/Mar/2026:16:46:16 +0330] "GET /42bunqy20888.html HTTP/1.1" 200 0 "-" "Mozilla/5.0 (Macintosh; Intel Mac OS X 10_15_7) AppleWebKit/605.1.15 (KHTML, like Gecko) Version/17.4 Safari/605.1.15 (Applebot/0.1; +http://www.apple.com/go/applebot)"
74.7.227.12 - - [23/Mar/2026:16:46:15 +0330] "GET /search.php?detail/0680433665932 HTTP/1.1" 200 45073 "http://news.mantaraham.ir/search.php?detail/06801210621041" "Mozilla/5.0 AppleWebKit/537.36 (KHTML, like Gecko; compatible; GPTBot/1.3; +https://openai.com/gptbot)"
74.7.227.12 - - [23/Mar/2026:16:46:17 +0330] "GET /search.php?detail/0680411942031 HTTP/1.1" 200 45079 "http://news.mantaraham.ir/search.php?detail/06801219703829" "Mozilla/5.0 AppleWebKit/537.36 (KHTML, like Gecko; compatible; GPTBot/1.3; +https://openai.com/gptbot)"
74.7.227.12 - - [23/Mar/2026:16:46:18 +0330] "GET /search.php?detail/0680377166049 HTTP/1.1" 200 44909 "http://news.mantaraham.ir/search.php?detail/0680380851150" "Mozilla/5.0 AppleWebKit/537.36 (KHTML, like Gecko; compatible; GPTBot/1.3; +https://openai.com/gptbot)"
142.93.208.146 - - [23/Mar/2026:16:46:20 +0330] "GET /wp-includes/blocks/wczcpumgmi.php HTTP/1.1" 200 0 "binance.com" "Mozilla/5.0 (Windows NT 10.0; Win64; x64) AppleWebKit/537.36 (KHTML, like Gecko) Chrome/90.0.4430.85 Safari/537.36"
74.7.227.12 - - [23/Mar/2026:16:46:20 +0330] "GET /search.php?detail/0680396781856 HTTP/1.1" 200 43786 "http://news.mantaraham.ir/search.php?detail/068005286661" "Mozilla/5.0 AppleWebKit/537.36 (KHTML, like Gecko; compatible; GPTBot/1.3; +https://openai.com/gptbot)"
74.7.227.12 - - [23/Mar/2026:16:46:21 +0330] "GET /search.php?detail/0680471131099 HTTP/1.1" 200 44790 "http://news.mantaraham.ir/search.php?detail/068012102107" "Mozilla/5.0 AppleWebKit/537.36 (KHTML, like Gecko; compatible; GPTBot/1.3; +https://openai.com/gptbot)"
74.7.227.12 - - [23/Mar/2026:16:46:23 +0330] "GET /search.php?detail/0680176994026 HTTP/1.1" 200 43901 "http://news.mantaraham.ir/search.php?detail/06801589674549" "Mozilla/5.0 AppleWebKit/537.36 (KHTML, like Gecko; compatible; GPTBot/1.3; +https://openai.com/gptbot)"
74.7.227.12 - - [23/Mar/2026:16:46:25 +0330] "GET /search.php?detail/0650139636407 HTTP/1.1" 200 44938 "http://news.mantaraham.ir/search.php?detail/0650111064900" "Mozilla/5.0 AppleWebKit/537.36 (KHTML, like Gecko; compatible; GPTBot/1.3; +https://openai.com/gptbot)"
74.7.227.12 - - [23/Mar/2026:16:46:26 +0330] "GET /search.php?detail/0680382141508 HTTP/1.1" 200 43948 "http://news.mantaraham.ir/search.php?detail/0680382853860" "Mozilla/5.0 AppleWebKit/537.36 (KHTML, like Gecko; compatible; GPTBot/1.3; +https://openai.com/gptbot)"
74.7.227.12 - - [23/Mar/2026:16:46:28 +0330] "GET /search.php?detail/0680172320927 HTTP/1.1" 200 44202 "http://news.mantaraham.ir/search.php?detail/06801589674549" "Mozilla/5.0 AppleWebKit/537.36 (KHTML, like Gecko; compatible; GPTBot/1.3; +https://openai.com/gptbot)"
74.7.227.12 - - [23/Mar/2026:16:46:30 +0330] "GET /search.php?detail/0680340713577 HTTP/1.1" 200 44336 "http://news.mantaraham.ir/search.php?detail/068000971716" "Mozilla/5.0 AppleWebKit/537.36 (KHTML, like Gecko; compatible; GPTBot/1.3; +https://openai.com/gptbot)"
74.7.227.12 - - [23/Mar/2026:16:46:31 +0330] "GET /search.php?detail/0680133053744 HTTP/1.1" 200 44072 "http://news.mantaraham.ir/search.php?detail/06804938124933" "Mozilla/5.0 AppleWebKit/537.36 (KHTML, like Gecko; compatible; GPTBot/1.3; +https://openai.com/gptbot)"
74.7.227.12 - - [23/Mar/2026:16:46:33 +0330] "GET /search.php?detail/0680037239325 HTTP/1.1" 200 43932 "http://news.mantaraham.ir/search.php?detail/06801874250654" "Mozilla/5.0 AppleWebKit/537.36 (KHTML, like Gecko; compatible; GPTBot/1.3; +https://openai.com/gptbot)"
74.7.227.12 - - [23/Mar/2026:16:46:34 +0330] "GET /search.php?detail/0680269543550 HTTP/1.1" 200 43828 "http://news.mantaraham.ir/search.php?detail/0680153186234" "Mozilla/5.0 AppleWebKit/537.36 (KHTML, like Gecko; compatible; GPTBot/1.3; +https://openai.com/gptbot)"
74.7.227.12 - - [23/Mar/2026:16:46:36 +0330] "GET /search.php?detail/0680265036142 HTTP/1.1" 200 43919 "http://news.mantaraham.ir/search.php?detail/0680153186234" "Mozilla/5.0 AppleWebKit/537.36 (KHTML, like Gecko; compatible; GPTBot/1.3; +https://openai.com/gptbot)"
74.7.227.12 - - [23/Mar/2026:16:46:37 +0330] "GET /search.php?detail/0680135403828 HTTP/1.1" 200 43734 "http://news.mantaraham.ir/search.php?detail/06801163778195" "Mozilla/5.0 AppleWebKit/537.36 (KHTML, like Gecko; compatible; GPTBot/1.3; +https://openai.com/gptbot)"
74.7.227.12 - - [23/Mar/2026:16:46:38 +0330] "GET /search.php?detail/0650347795107 HTTP/1.1" 200 44130 "http://news.mantaraham.ir/search.php?detail/0650004737063" "Mozilla/5.0 AppleWebKit/537.36 (KHTML, like Gecko; compatible; GPTBot/1.3; +https://openai.com/gptbot)"
74.7.227.12 - - [23/Mar/2026:16:46:40 +0330] "GET /search.php?detail/0680233214290 HTTP/1.1" 200 45197 "http://news.mantaraham.ir/search.php?detail/068007942525" "Mozilla/5.0 AppleWebKit/537.36 (KHTML, like Gecko; compatible; GPTBot/1.3; +https://openai.com/gptbot)"
74.7.227.12 - - [23/Mar/2026:16:46:41 +0330] "GET /search.php?detail/0860358859751 HTTP/1.1" 200 44069 "http://news.mantaraham.ir/search.php?detail/0860007004315" "Mozilla/5.0 AppleWebKit/537.36 (KHTML, like Gecko; compatible; GPTBot/1.3; +https://openai.com/gptbot)"
74.7.227.12 - - [23/Mar/2026:16:46:43 +0330] "GET /search.php?detail/0680079485872 HTTP/1.1" 200 44293 "http://news.mantaraham.ir/search.php?detail/06800955131292" "Mozilla/5.0 AppleWebKit/537.36 (KHTML, like Gecko; compatible; GPTBot/1.3; +https://openai.com/gptbot)"
74.7.227.12 - - [23/Mar/2026:16:46:44 +0330] "GET /search.php?detail/0680193117305 HTTP/1.1" 200 44135 "http://news.mantaraham.ir/search.php?detail/068004375159" "Mozilla/5.0 AppleWebKit/537.36 (KHTML, like Gecko; compatible; GPTBot/1.3; +https://openai.com/gptbot)"
74.7.227.12 - - [23/Mar/2026:16:46:46 +0330] "GET /search.php?detail/0650197998074 HTTP/1.1" 200 45079 "http://news.mantaraham.ir/search.php?detail/0650169760609" "Mozilla/5.0 AppleWebKit/537.36 (KHTML, like Gecko; compatible; GPTBot/1.3; +https://openai.com/gptbot)"
74.7.227.12 - - [23/Mar/2026:16:46:47 +0330] "GET /search.php?detail/0680269565745 HTTP/1.1" 200 43676 "http://news.mantaraham.ir/search.php?detail/06802547012069" "Mozilla/5.0 AppleWebKit/537.36 (KHTML, like Gecko; compatible; GPTBot/1.3; +https://openai.com/gptbot)"
74.7.227.12 - - [23/Mar/2026:16:46:49 +0330] "GET /search.php?detail/0680460293631 HTTP/1.1" 200 43758 "http://news.mantaraham.ir/search.php?detail/0680277944119" "Mozilla/5.0 AppleWebKit/537.36 (KHTML, like Gecko; compatible; GPTBot/1.3; +https://openai.com/gptbot)"
74.7.227.12 - - [23/Mar/2026:16:46:50 +0330] "GET /search.php?detail/0650402434788 HTTP/1.1" 200 44638 "http://news.mantaraham.ir/search.php?detail/065043797164" "Mozilla/5.0 AppleWebKit/537.36 (KHTML, like Gecko; compatible; GPTBot/1.3; +https://openai.com/gptbot)"
74.7.227.12 - - [23/Mar/2026:16:46:52 +0330] "GET /search.php?detail/0680212796360 HTTP/1.1" 200 44796 "http://news.mantaraham.ir/search.php?detail/068011432934" "Mozilla/5.0 AppleWebKit/537.36 (KHTML, like Gecko; compatible; GPTBot/1.3; +https://openai.com/gptbot)"
74.7.227.12 - - [23/Mar/2026:16:46:54 +0330] "GET /search.php?detail/0650110879662 HTTP/1.1" 200 44047 "http://news.mantaraham.ir/search.php?detail/065040222822" "Mozilla/5.0 AppleWebKit/537.36 (KHTML, like Gecko; compatible; GPTBot/1.3; +https://openai.com/gptbot)"
74.7.227.12 - - [23/Mar/2026:16:46:55 +0330] "GET /search.php?detail/0650341732553 HTTP/1.1" 200 44293 "http://news.mantaraham.ir/search.php?detail/0650169760609" "Mozilla/5.0 AppleWebKit/537.36 (KHTML, like Gecko; compatible; GPTBot/1.3; +https://openai.com/gptbot)"
74.7.227.12 - - [23/Mar/2026:16:46:57 +0330] "GET /search.php?detail/0680250954335 HTTP/1.1" 200 43804 "http://news.mantaraham.ir/search.php?detail/06801210006583" "Mozilla/5.0 AppleWebKit/537.36 (KHTML, like Gecko; compatible; GPTBot/1.3; +https://openai.com/gptbot)"
74.7.227.12 - - [23/Mar/2026:16:46:58 +0330] "GET /search.php?detail/0860261909739 HTTP/1.1" 200 44225 "http://news.mantaraham.ir/search.php?detail/0860007034503" "Mozilla/5.0 AppleWebKit/537.36 (KHTML, like Gecko; compatible; GPTBot/1.3; +https://openai.com/gptbot)"
74.7.227.12 - - [23/Mar/2026:16:47:00 +0330] "GET /search.php?detail/0680454827308 HTTP/1.1" 200 43893 "http://news.mantaraham.ir/search.php?detail/068018756922" "Mozilla/5.0 AppleWebKit/537.36 (KHTML, like Gecko; compatible; GPTBot/1.3; +https://openai.com/gptbot)"
74.7.227.12 - - [23/Mar/2026:16:47:01 +0330] "GET /search.php?detail/0680161203964 HTTP/1.1" 200 43693 "http://news.mantaraham.ir/search.php?detail/06803212056481" "Mozilla/5.0 AppleWebKit/537.36 (KHTML, like Gecko; compatible; GPTBot/1.3; +https://openai.com/gptbot)"
74.7.227.12 - - [23/Mar/2026:16:47:03 +0330] "GET /search.php?detail/0680269491760 HTTP/1.1" 200 43867 "http://news.mantaraham.ir/search.php?detail/068007346600" "Mozilla/5.0 AppleWebKit/537.36 (KHTML, like Gecko; compatible; GPTBot/1.3; +https://openai.com/gptbot)"
74.7.227.12 - - [23/Mar/2026:16:47:04 +0330] "GET /search.php?detail/0680433770759 HTTP/1.1" 200 44473 "http://news.mantaraham.ir/search.php?detail/06803406822262" "Mozilla/5.0 AppleWebKit/537.36 (KHTML, like Gecko; compatible; GPTBot/1.3; +https://openai.com/gptbot)"
74.7.227.12 - - [23/Mar/2026:16:47:06 +0330] "GET /search.php?detail/0680433711391 HTTP/1.1" 200 43973 "http://news.mantaraham.ir/search.php?detail/06801273726474" "Mozilla/5.0 AppleWebKit/537.36 (KHTML, like Gecko; compatible; GPTBot/1.3; +https://openai.com/gptbot)"
142.93.208.146 - - [23/Mar/2026:16:46:56 +0330] "POST /wp-includes/blocks/wp-login.php HTTP/1.1" 200 19921 "http://news.mantaraham.ir/wp-includes/blocks/wp-login.php" "Mozilla/5.0 (Windows NT 10.0; Win64; x64) AppleWebKit/537.36 (KHTML, like Gecko) Chrome/90.0.4430.85 Safari/537.36"
74.7.227.12 - - [23/Mar/2026:16:47:07 +0330] "GET /search.php?detail/0680340574264 HTTP/1.1" 200 44109 "http://news.mantaraham.ir/search.php?jp/068024652.html" "Mozilla/5.0 AppleWebKit/537.36 (KHTML, like Gecko; compatible; GPTBot/1.3; +https://openai.com/gptbot)"
74.7.227.12 - - [23/Mar/2026:16:47:14 +0330] "GET /search.php?detail/0680115479771 HTTP/1.1" 200 43649 "http://news.mantaraham.ir/search.php?detail/068022550290" "Mozilla/5.0 AppleWebKit/537.36 (KHTML, like Gecko; compatible; GPTBot/1.3; +https://openai.com/gptbot)"
74.7.227.12 - - [23/Mar/2026:16:47:15 +0330] "GET /search.php?detail/0680161237091 HTTP/1.1" 200 44495 "http://news.mantaraham.ir/search.php?detail/06804336377928" "Mozilla/5.0 AppleWebKit/537.36 (KHTML, like Gecko; compatible; GPTBot/1.3; +https://openai.com/gptbot)"
74.7.227.12 - - [23/Mar/2026:16:47:17 +0330] "GET /search.php?detail/0680218304353 HTTP/1.1" 200 44100 "http://news.mantaraham.ir/search.php?detail/068049388831" "Mozilla/5.0 AppleWebKit/537.36 (KHTML, like Gecko; compatible; GPTBot/1.3; +https://openai.com/gptbot)"
142.93.208.146 - - [23/Mar/2026:16:45:34 +0330] "GET /wp-includes/blocks/xbcqokpswe.php HTTP/1.1" 200 0 "binance.com" "Mozilla/5.0 (Windows NT 10.0; Win64; x64) AppleWebKit/537.36 (KHTML, like Gecko) Chrome/90.0.4430.85 Safari/537.36"
142.93.208.146 - - [23/Mar/2026:16:45:49 +0330] "GET /wp-includes/blocks/alfa-rex.php HTTP/1.1" 403 787 "binance.com" "Mozilla/5.0 (Windows NT 10.0; Win64; x64) AppleWebKit/537.36 (KHTML, like Gecko) Chrome/90.0.4430.85 Safari/537.36"
142.93.208.146 - - [23/Mar/2026:16:46:47 +0330] "GET /wp-includes/blocks/wp-login.php HTTP/1.1" 200 19921 "-" "Mozilla/5.0 (Windows NT 10.0; Win64; x64) AppleWebKit/537.36 (KHTML, like Gecko) Chrome/90.0.4430.85 Safari/537.36"
142.93.208.146 - - [23/Mar/2026:16:47:15 +0330] "GET /wp-includes/blocks/mhimeplcpn.php HTTP/1.1" 200 0 "binance.com" "Mozilla/5.0 (Windows NT 10.0; Win64; x64) AppleWebKit/537.36 (KHTML, like Gecko) Chrome/90.0.4430.85 Safari/537.36"
142.93.208.146 - - [23/Mar/2026:16:47:28 +0330] "GET /wp-includes/pomo/ HTTP/1.1" 200 1556 "binance.com" "Mozilla/5.0 (Windows NT 10.0; Win64; x64) AppleWebKit/537.36 (KHTML, like Gecko) Chrome/90.0.4430.85 Safari/537.36"
74.7.227.12 - - [23/Mar/2026:16:47:18 +0330] "GET /search.php?detail/0680034624796 HTTP/1.1" 200 44036 "http://news.mantaraham.ir/search.php?detail/06804323083331" "Mozilla/5.0 AppleWebKit/537.36 (KHTML, like Gecko; compatible; GPTBot/1.3; +https://openai.com/gptbot)"
74.7.227.12 - - [23/Mar/2026:16:47:20 +0330] "GET /search.php?detail/0650139611862 HTTP/1.1" 200 44046 "http://news.mantaraham.ir/search.php?detail/0650341298329" "Mozilla/5.0 AppleWebKit/537.36 (KHTML, like Gecko; compatible; GPTBot/1.3; +https://openai.com/gptbot)"
74.7.227.12 - - [23/Mar/2026:16:47:21 +0330] "GET /search.php?detail/0680108738949 HTTP/1.1" 200 43821 "http://news.mantaraham.ir/search.php?detail/06801765694711" "Mozilla/5.0 AppleWebKit/537.36 (KHTML, like Gecko; compatible; GPTBot/1.3; +https://openai.com/gptbot)"
74.7.227.12 - - [23/Mar/2026:16:47:23 +0330] "GET /search.php?detail/0680454413320 HTTP/1.1" 200 43989 "http://news.mantaraham.ir/search.php?detail/06800076871794" "Mozilla/5.0 AppleWebKit/537.36 (KHTML, like Gecko; compatible; GPTBot/1.3; +https://openai.com/gptbot)"
74.7.227.12 - - [23/Mar/2026:16:47:24 +0330] "GET /search.php?detail/06504022608247 HTTP/1.1" 200 43906 "http://news.mantaraham.ir/search.php?detail/065043797164" "Mozilla/5.0 AppleWebKit/537.36 (KHTML, like Gecko; compatible; GPTBot/1.3; +https://openai.com/gptbot)"
74.7.227.12 - - [23/Mar/2026:16:47:26 +0330] "GET /search.php?detail/06804967981088 HTTP/1.1" 200 45116 "http://news.mantaraham.ir/search.php?detail/0680433720896" "Mozilla/5.0 AppleWebKit/537.36 (KHTML, like Gecko; compatible; GPTBot/1.3; +https://openai.com/gptbot)"
74.7.227.12 - - [23/Mar/2026:16:47:27 +0330] "GET /search.php?detail/06800372678977 HTTP/1.1" 200 44373 "http://news.mantaraham.ir/search.php?detail/06801874250654" "Mozilla/5.0 AppleWebKit/537.36 (KHTML, like Gecko; compatible; GPTBot/1.3; +https://openai.com/gptbot)"
74.7.227.12 - - [23/Mar/2026:16:47:29 +0330] "GET /search.php?detail/06801143098160 HTTP/1.1" 200 43994 "http://news.mantaraham.ir/search.php?detail/068012235809" "Mozilla/5.0 AppleWebKit/537.36 (KHTML, like Gecko; compatible; GPTBot/1.3; +https://openai.com/gptbot)"
74.7.227.12 - - [23/Mar/2026:16:47:31 +0330] "GET /search.php?detail/06803384283454 HTTP/1.1" 200 44409 "http://news.mantaraham.ir/search.php?detail/0680043923606" "Mozilla/5.0 AppleWebKit/537.36 (KHTML, like Gecko; compatible; GPTBot/1.3; +https://openai.com/gptbot)"
142.93.208.146 - - [23/Mar/2026:16:47:33 +0330] "GET /wp-includes/pomo/ HTTP/1.1" 200 1556 "binance.com" "Mozilla/5.0 (Windows NT 10.0; Win64; x64) AppleWebKit/537.36 (KHTML, like Gecko) Chrome/90.0.4430.85 Safari/537.36"
74.7.227.12 - - [23/Mar/2026:16:47:32 +0330] "GET /search.php?detail/06501696467579 HTTP/1.1" 200 43990 "http://news.mantaraham.ir/search.php?detail/065007832031" "Mozilla/5.0 AppleWebKit/537.36 (KHTML, like Gecko; compatible; GPTBot/1.3; +https://openai.com/gptbot)"
74.7.227.12 - - [23/Mar/2026:16:47:34 +0330] "GET /search.php?detail/01503321049230 HTTP/1.1" 200 43889 "http://news.mantaraham.ir/search.php?detail/01500005936105" "Mozilla/5.0 AppleWebKit/537.36 (KHTML, like Gecko; compatible; GPTBot/1.3; +https://openai.com/gptbot)"
74.7.227.12 - - [23/Mar/2026:16:47:35 +0330] "GET /search.php?detail/06802779247266 HTTP/1.1" 200 43876 "http://news.mantaraham.ir/search.php?detail/068046231347" "Mozilla/5.0 AppleWebKit/537.36 (KHTML, like Gecko; compatible; GPTBot/1.3; +https://openai.com/gptbot)"
