69.197.149.50 - - [23/Mar/2026:17:03:05 +0330] "GET /wp-includes/admin.php HTTP/1.1" 200 0 "https://news.mantaraham.ir/wp-includes/admin.php" "Mozilla/5.0 (Windows NT 10.0; Win64; x64) AppleWebKit/537.36 (KHTML, like Gecko) Chrome/58.0.3029.110 Safari/537.3"
69.197.149.50 - - [23/Mar/2026:17:02:19 +0330] "GET /wp-includes/admin.php HTTP/1.1" 200 0 "https://news.mantaraham.ir/wp-includes/admin.php" "Mozilla/5.0 (Windows NT 10.0; Win64; x64) AppleWebKit/537.36 (KHTML, like Gecko) Chrome/58.0.3029.110 Safari/537.3"
142.93.208.146 - - [23/Mar/2026:17:02:28 +0330] "GET /wp-includes/css/dist/ytbvmdifhc.php HTTP/1.1" 200 0 "binance.com" "Mozilla/5.0 (Windows NT 10.0; Win64; x64) AppleWebKit/537.36 (KHTML, like Gecko) Chrome/90.0.4430.85 Safari/537.36"
142.93.208.146 - - [23/Mar/2026:17:03:00 +0330] "GET /wp-includes/css/dist/wp-login.php HTTP/1.1" 200 19741 "-" "Mozilla/5.0 (Windows NT 10.0; Win64; x64) AppleWebKit/537.36 (KHTML, like Gecko) Chrome/90.0.4430.85 Safari/537.36"
69.197.149.50 - - [23/Mar/2026:17:03:57 +0330] "GET /wp-includes/admin.php HTTP/1.1" 200 0 "https://news.mantaraham.ir/wp-includes/admin.php" "Mozilla/5.0 (Windows NT 10.0; Win64; x64) AppleWebKit/537.36 (KHTML, like Gecko) Chrome/58.0.3029.110 Safari/537.3"
69.197.149.50 - - [23/Mar/2026:17:04:39 +0330] "GET /wp-includes/admin.php HTTP/1.1" 200 0 "https://news.mantaraham.ir/wp-includes/admin.php" "Mozilla/5.0 (Windows NT 10.0; Win64; x64) AppleWebKit/537.36 (KHTML, like Gecko) Chrome/58.0.3029.110 Safari/537.3"
69.197.149.50 - - [23/Mar/2026:17:04:41 +0330] "GET /wp-includes/admin.php HTTP/1.1" 200 0 "https://news.mantaraham.ir/wp-includes/admin.php" "Mozilla/5.0 (Windows NT 10.0; Win64; x64) AppleWebKit/537.36 (KHTML, like Gecko) Chrome/58.0.3029.110 Safari/537.3"
142.93.208.146 - - [23/Mar/2026:17:04:58 +0330] "POST /wp-includes/images/about.php HTTP/1.1" 200 5824 "binance.com" "Mozilla/5.0 (Windows NT 10.0; Win64; x64) AppleWebKit/537.36 (KHTML, like Gecko) Chrome/90.0.4430.85 Safari/537.36"
142.93.208.146 - - [23/Mar/2026:17:05:16 +0330] "GET /wp-includes/images/xnaheafuex.php HTTP/1.1" 200 0 "binance.com" "Mozilla/5.0 (Windows NT 10.0; Win64; x64) AppleWebKit/537.36 (KHTML, like Gecko) Chrome/90.0.4430.85 Safari/537.36"
69.197.149.50 - - [23/Mar/2026:17:05:33 +0330] "GET /wp-includes/admin.php HTTP/1.1" 200 0 "https://news.mantaraham.ir/wp-includes/admin.php" "Mozilla/5.0 (Windows NT 10.0; Win64; x64) AppleWebKit/537.36 (KHTML, like Gecko) Chrome/58.0.3029.110 Safari/537.3"
69.197.149.50 - - [23/Mar/2026:17:05:59 +0330] "GET /wp-includes/admin.php HTTP/1.1" 200 0 "https://news.mantaraham.ir/wp-includes/admin.php" "Mozilla/5.0 (Windows NT 10.0; Win64; x64) AppleWebKit/537.36 (KHTML, like Gecko) Chrome/58.0.3029.110 Safari/537.3"
69.197.149.50 - - [23/Mar/2026:17:06:15 +0330] "GET /wp-includes/admin.php HTTP/1.1" 200 0 "https://news.mantaraham.ir/wp-includes/admin.php" "Mozilla/5.0 (Windows NT 10.0; Win64; x64) AppleWebKit/537.36 (KHTML, like Gecko) Chrome/58.0.3029.110 Safari/537.3"
69.197.149.50 - - [23/Mar/2026:17:06:31 +0330] "GET /wp-includes/admin.php HTTP/1.1" 200 0 "https://news.mantaraham.ir/wp-includes/admin.php" "Mozilla/5.0 (Windows NT 10.0; Win64; x64) AppleWebKit/537.36 (KHTML, like Gecko) Chrome/58.0.3029.110 Safari/537.3"
142.93.208.146 - - [23/Mar/2026:17:06:43 +0330] "POST /wp-includes/images/wp-login.php HTTP/1.1" 200 5812 "binance.com" "Mozilla/5.0 (Windows NT 10.0; Win64; x64) AppleWebKit/537.36 (KHTML, like Gecko) Chrome/90.0.4430.85 Safari/537.36"
69.197.149.50 - - [23/Mar/2026:17:06:50 +0330] "GET /wp-includes/admin.php HTTP/1.1" 200 0 "https://news.mantaraham.ir/wp-includes/admin.php" "Mozilla/5.0 (Windows NT 10.0; Win64; x64) AppleWebKit/537.36 (KHTML, like Gecko) Chrome/58.0.3029.110 Safari/537.3"
142.93.208.146 - - [23/Mar/2026:17:06:59 +0330] "GET /wp-includes/images/etmwnhbbaq.php HTTP/1.1" 200 0 "binance.com" "Mozilla/5.0 (Windows NT 10.0; Win64; x64) AppleWebKit/537.36 (KHTML, like Gecko) Chrome/90.0.4430.85 Safari/537.36"
69.197.149.50 - - [23/Mar/2026:17:07:24 +0330] "GET /wp-includes/admin.php HTTP/1.1" 200 0 "https://news.mantaraham.ir/wp-includes/admin.php" "Mozilla/5.0 (Windows NT 10.0; Win64; x64) AppleWebKit/537.36 (KHTML, like Gecko) Chrome/58.0.3029.110 Safari/537.3"
142.93.208.146 - - [23/Mar/2026:17:07:42 +0330] "GET /wp-includes/images/wp-login.php HTTP/1.1" 200 32622 "-" "Mozilla/5.0 (Windows NT 10.0; Win64; x64) AppleWebKit/537.36 (KHTML, like Gecko) Chrome/90.0.4430.85 Safari/537.36"
69.197.149.50 - - [23/Mar/2026:17:07:46 +0330] "GET /wp-includes/admin.php HTTP/1.1" 200 0 "https://news.mantaraham.ir/wp-includes/admin.php" "Mozilla/5.0 (Windows NT 10.0; Win64; x64) AppleWebKit/537.36 (KHTML, like Gecko) Chrome/58.0.3029.110 Safari/537.3"
69.197.149.50 - - [23/Mar/2026:17:08:14 +0330] "GET /wp-includes/admin.php HTTP/1.1" 200 0 "https://news.mantaraham.ir/wp-includes/admin.php" "Mozilla/5.0 (Windows NT 10.0; Win64; x64) AppleWebKit/537.36 (KHTML, like Gecko) Chrome/58.0.3029.110 Safari/537.3"
69.197.149.50 - - [23/Mar/2026:17:08:32 +0330] "GET /wp-includes/admin.php HTTP/1.1" 200 0 "https://news.mantaraham.ir/wp-includes/admin.php" "Mozilla/5.0 (Windows NT 10.0; Win64; x64) AppleWebKit/537.36 (KHTML, like Gecko) Chrome/58.0.3029.110 Safari/537.3"
69.197.149.50 - - [23/Mar/2026:17:04:34 +0330] "GET /wp-includes/admin.php HTTP/1.1" 200 0 "https://news.mantaraham.ir/wp-includes/admin.php" "Mozilla/5.0 (Windows NT 10.0; Win64; x64) AppleWebKit/537.36 (KHTML, like Gecko) Chrome/58.0.3029.110 Safari/537.3"
69.197.149.50 - - [23/Mar/2026:17:05:05 +0330] "GET /wp-includes/admin.php HTTP/1.1" 200 0 "https://news.mantaraham.ir/wp-includes/admin.php" "Mozilla/5.0 (Windows NT 10.0; Win64; x64) AppleWebKit/537.36 (KHTML, like Gecko) Chrome/58.0.3029.110 Safari/537.3"
142.93.208.146 - - [23/Mar/2026:17:05:56 +0330] "GET /wp-includes/images/about.php HTTP/1.1" 200 32622 "-" "Mozilla/5.0 (Windows NT 10.0; Win64; x64) AppleWebKit/537.36 (KHTML, like Gecko) Chrome/90.0.4430.85 Safari/537.36"
69.197.149.50 - - [23/Mar/2026:17:06:27 +0330] "GET /wp-includes/admin.php HTTP/1.1" 200 0 "https://news.mantaraham.ir/wp-includes/admin.php" "Mozilla/5.0 (Windows NT 10.0; Win64; x64) AppleWebKit/537.36 (KHTML, like Gecko) Chrome/58.0.3029.110 Safari/537.3"
69.197.149.50 - - [23/Mar/2026:17:09:13 +0330] "GET /wp-includes/admin.php HTTP/1.1" 200 0 "https://news.mantaraham.ir/wp-includes/admin.php" "Mozilla/5.0 (Windows NT 10.0; Win64; x64) AppleWebKit/537.36 (KHTML, like Gecko) Chrome/58.0.3029.110 Safari/537.3"
69.197.149.50 - - [23/Mar/2026:17:09:19 +0330] "GET /wp-includes/admin.php HTTP/1.1" 200 0 "https://news.mantaraham.ir/wp-includes/admin.php" "Mozilla/5.0 (Windows NT 10.0; Win64; x64) AppleWebKit/537.36 (KHTML, like Gecko) Chrome/58.0.3029.110 Safari/537.3"
142.93.208.146 - - [23/Mar/2026:17:09:51 +0330] "GET /wp-includes/images/media/rzzkmjefhx.php HTTP/1.1" 200 0 "binance.com" "Mozilla/5.0 (Windows NT 10.0; Win64; x64) AppleWebKit/537.36 (KHTML, like Gecko) Chrome/90.0.4430.85 Safari/537.36"
69.197.149.50 - - [23/Mar/2026:17:10:02 +0330] "GET /wp-includes/admin.php HTTP/1.1" 200 0 "https://news.mantaraham.ir/wp-includes/admin.php" "Mozilla/5.0 (Windows NT 10.0; Win64; x64) AppleWebKit/537.36 (KHTML, like Gecko) Chrome/58.0.3029.110 Safari/537.3"
69.197.149.50 - - [23/Mar/2026:17:10:12 +0330] "GET /wp-includes/admin.php HTTP/1.1" 200 0 "https://news.mantaraham.ir/wp-includes/admin.php" "Mozilla/5.0 (Windows NT 10.0; Win64; x64) AppleWebKit/537.36 (KHTML, like Gecko) Chrome/58.0.3029.110 Safari/537.3"
69.197.149.50 - - [23/Mar/2026:17:11:08 +0330] "GET /wp-includes/admin.php HTTP/1.1" 200 0 "https://news.mantaraham.ir/wp-includes/admin.php" "Mozilla/5.0 (Windows NT 10.0; Win64; x64) AppleWebKit/537.36 (KHTML, like Gecko) Chrome/58.0.3029.110 Safari/537.3"
69.197.149.50 - - [23/Mar/2026:17:11:13 +0330] "GET /wp-includes/admin.php HTTP/1.1" 200 0 "https://news.mantaraham.ir/wp-includes/admin.php" "Mozilla/5.0 (Windows NT 10.0; Win64; x64) AppleWebKit/537.36 (KHTML, like Gecko) Chrome/58.0.3029.110 Safari/537.3"
142.93.208.146 - - [23/Mar/2026:17:11:48 +0330] "POST /wp-includes/images/media/wp-login.php HTTP/1.1" 200 4802 "binance.com" "Mozilla/5.0 (Windows NT 10.0; Win64; x64) AppleWebKit/537.36 (KHTML, like Gecko) Chrome/90.0.4430.85 Safari/537.36"
142.93.208.146 - - [23/Mar/2026:17:12:04 +0330] "GET /wp-includes/images/media/tfeluiompf.php HTTP/1.1" 200 0 "binance.com" "Mozilla/5.0 (Windows NT 10.0; Win64; x64) AppleWebKit/537.36 (KHTML, like Gecko) Chrome/90.0.4430.85 Safari/537.36"
69.197.149.50 - - [23/Mar/2026:17:12:20 +0330] "GET /wp-includes/admin.php HTTP/1.1" 200 0 "https://news.mantaraham.ir/wp-includes/admin.php" "Mozilla/5.0 (Windows NT 10.0; Win64; x64) AppleWebKit/537.36 (KHTML, like Gecko) Chrome/58.0.3029.110 Safari/537.3"
142.93.208.146 - - [23/Mar/2026:17:12:45 +0330] "GET /wp-includes/images/media/wp-login.php HTTP/1.1" 200 21667 "-" "Mozilla/5.0 (Windows NT 10.0; Win64; x64) AppleWebKit/537.36 (KHTML, like Gecko) Chrome/90.0.4430.85 Safari/537.36"
69.197.149.50 - - [23/Mar/2026:17:12:50 +0330] "GET /wp-includes/admin.php HTTP/1.1" 200 0 "https://news.mantaraham.ir/wp-includes/admin.php" "Mozilla/5.0 (Windows NT 10.0; Win64; x64) AppleWebKit/537.36 (KHTML, like Gecko) Chrome/58.0.3029.110 Safari/537.3"
69.197.149.50 - - [23/Mar/2026:17:09:04 +0330] "GET /wp-includes/admin.php HTTP/1.1" 200 0 "https://news.mantaraham.ir/wp-includes/admin.php" "Mozilla/5.0 (Windows NT 10.0; Win64; x64) AppleWebKit/537.36 (KHTML, like Gecko) Chrome/58.0.3029.110 Safari/537.3"
142.93.208.146 - - [23/Mar/2026:17:09:38 +0330] "POST /wp-includes/images/media/about.php HTTP/1.1" 200 4803 "binance.com" "Mozilla/5.0 (Windows NT 10.0; Win64; x64) AppleWebKit/537.36 (KHTML, like Gecko) Chrome/90.0.4430.85 Safari/537.36"
142.93.208.146 - - [23/Mar/2026:17:10:33 +0330] "GET /wp-includes/images/media/about.php HTTP/1.1" 200 21667 "-" "Mozilla/5.0 (Windows NT 10.0; Win64; x64) AppleWebKit/537.36 (KHTML, like Gecko) Chrome/90.0.4430.85 Safari/537.36"
69.197.149.50 - - [23/Mar/2026:17:10:38 +0330] "GET /wp-includes/admin.php HTTP/1.1" 200 0 "https://news.mantaraham.ir/wp-includes/admin.php" "Mozilla/5.0 (Windows NT 10.0; Win64; x64) AppleWebKit/537.36 (KHTML, like Gecko) Chrome/58.0.3029.110 Safari/537.3"
69.197.149.50 - - [23/Mar/2026:17:10:54 +0330] "GET /wp-includes/admin.php HTTP/1.1" 200 0 "https://news.mantaraham.ir/wp-includes/admin.php" "Mozilla/5.0 (Windows NT 10.0; Win64; x64) AppleWebKit/537.36 (KHTML, like Gecko) Chrome/58.0.3029.110 Safari/537.3"
39.194.3.56 - - [23/Mar/2026:17:11:28 +0330] "GET /News.php HTTP/1.1" 200 0 "-" "Mozilla/5.0 (Windows NT 10.0; Win64; x64; rv:120.0) Gecko/20100101 Firefox/120.0"
69.197.149.50 - - [23/Mar/2026:17:11:53 +0330] "GET /wp-includes/admin.php HTTP/1.1" 200 0 "https://news.mantaraham.ir/wp-includes/admin.php" "Mozilla/5.0 (Windows NT 10.0; Win64; x64) AppleWebKit/537.36 (KHTML, like Gecko) Chrome/58.0.3029.110 Safari/537.3"
69.197.149.50 - - [23/Mar/2026:17:12:33 +0330] "GET /wp-includes/admin.php HTTP/1.1" 200 0 "https://news.mantaraham.ir/wp-includes/admin.php" "Mozilla/5.0 (Windows NT 10.0; Win64; x64) AppleWebKit/537.36 (KHTML, like Gecko) Chrome/58.0.3029.110 Safari/537.3"
69.197.149.50 - - [23/Mar/2026:17:13:56 +0330] "GET /wp-includes/admin.php HTTP/1.1" 200 0 "https://news.mantaraham.ir/wp-includes/admin.php" "Mozilla/5.0 (Windows NT 10.0; Win64; x64) AppleWebKit/537.36 (KHTML, like Gecko) Chrome/58.0.3029.110 Safari/537.3"
69.197.149.50 - - [23/Mar/2026:17:14:34 +0330] "GET /wp-includes/admin.php HTTP/1.1" 200 0 "https://news.mantaraham.ir/wp-includes/admin.php" "Mozilla/5.0 (Windows NT 10.0; Win64; x64) AppleWebKit/537.36 (KHTML, like Gecko) Chrome/58.0.3029.110 Safari/537.3"
69.197.149.50 - - [23/Mar/2026:17:14:38 +0330] "GET /wp-includes/admin.php HTTP/1.1" 200 0 "https://news.mantaraham.ir/wp-includes/admin.php" "Mozilla/5.0 (Windows NT 10.0; Win64; x64) AppleWebKit/537.36 (KHTML, like Gecko) Chrome/58.0.3029.110 Safari/537.3"
69.197.149.50 - - [23/Mar/2026:17:15:01 +0330] "GET /wp-includes/admin.php HTTP/1.1" 200 0 "https://news.mantaraham.ir/wp-includes/admin.php" "Mozilla/5.0 (Windows NT 10.0; Win64; x64) AppleWebKit/537.36 (KHTML, like Gecko) Chrome/58.0.3029.110 Safari/537.3"
142.93.208.146 - - [23/Mar/2026:17:15:08 +0330] "GET /wp-includes/images/wlw/wowmeolaqi.php HTTP/1.1" 200 0 "binance.com" "Mozilla/5.0 (Windows NT 10.0; Win64; x64) AppleWebKit/537.36 (KHTML, like Gecko) Chrome/90.0.4430.85 Safari/537.36"
69.197.149.50 - - [23/Mar/2026:17:15:20 +0330] "GET /wp-includes/admin.php HTTP/1.1" 200 0 "https://news.mantaraham.ir/wp-includes/admin.php" "Mozilla/5.0 (Windows NT 10.0; Win64; x64) AppleWebKit/537.36 (KHTML, like Gecko) Chrome/58.0.3029.110 Safari/537.3"
69.197.149.50 - - [23/Mar/2026:17:15:32 +0330] "GET /wp-includes/admin.php HTTP/1.1" 200 0 "https://news.mantaraham.ir/wp-includes/admin.php" "Mozilla/5.0 (Windows NT 10.0; Win64; x64) AppleWebKit/537.36 (KHTML, like Gecko) Chrome/58.0.3029.110 Safari/537.3"
142.93.208.146 - - [23/Mar/2026:17:17:09 +0330] "POST /wp-includes/js/codemirror/about.php HTTP/1.1" 200 4777 "binance.com" "Mozilla/5.0 (Windows NT 10.0; Win64; x64) AppleWebKit/537.36 (KHTML, like Gecko) Chrome/90.0.4430.85 Safari/537.36"
69.197.149.50 - - [23/Mar/2026:17:14:27 +0330] "GET /wp-includes/admin.php HTTP/1.1" 200 0 "https://news.mantaraham.ir/wp-includes/admin.php" "Mozilla/5.0 (Windows NT 10.0; Win64; x64) AppleWebKit/537.36 (KHTML, like Gecko) Chrome/58.0.3029.110 Safari/537.3"
142.93.208.146 - - [23/Mar/2026:17:14:56 +0330] "POST /wp-includes/images/wlw/about.php HTTP/1.1" 200 4299 "binance.com" "Mozilla/5.0 (Windows NT 10.0; Win64; x64) AppleWebKit/537.36 (KHTML, like Gecko) Chrome/90.0.4430.85 Safari/537.36"
142.93.208.146 - - [23/Mar/2026:17:15:51 +0330] "GET /wp-includes/images/wlw/about.php HTTP/1.1" 200 16395 "-" "Mozilla/5.0 (Windows NT 10.0; Win64; x64) AppleWebKit/537.36 (KHTML, like Gecko) Chrome/90.0.4430.85 Safari/537.36"
69.197.149.50 - - [23/Mar/2026:17:15:53 +0330] "GET /wp-includes/admin.php HTTP/1.1" 200 0 "https://news.mantaraham.ir/wp-includes/admin.php" "Mozilla/5.0 (Windows NT 10.0; Win64; x64) AppleWebKit/537.36 (KHTML, like Gecko) Chrome/58.0.3029.110 Safari/537.3"
69.197.149.50 - - [23/Mar/2026:17:16:37 +0330] "GET /wp-includes/admin.php HTTP/1.1" 200 0 "https://news.mantaraham.ir/wp-includes/admin.php" "Mozilla/5.0 (Windows NT 10.0; Win64; x64) AppleWebKit/537.36 (KHTML, like Gecko) Chrome/58.0.3029.110 Safari/537.3"
69.197.149.50 - - [23/Mar/2026:17:16:49 +0330] "GET /wp-includes/admin.php HTTP/1.1" 200 0 "https://news.mantaraham.ir/wp-includes/admin.php" "Mozilla/5.0 (Windows NT 10.0; Win64; x64) AppleWebKit/537.36 (KHTML, like Gecko) Chrome/58.0.3029.110 Safari/537.3"
142.93.208.146 - - [23/Mar/2026:17:17:21 +0330] "GET /wp-includes/js/codemirror/wbcnndihic.php HTTP/1.1" 200 0 "binance.com" "Mozilla/5.0 (Windows NT 10.0; Win64; x64) AppleWebKit/537.36 (KHTML, like Gecko) Chrome/90.0.4430.85 Safari/537.36"
69.197.149.50 - - [23/Mar/2026:17:18:23 +0330] "GET /wp-includes/admin.php HTTP/1.1" 200 0 "https://news.mantaraham.ir/wp-includes/admin.php" "Mozilla/5.0 (Windows NT 10.0; Win64; x64) AppleWebKit/537.36 (KHTML, like Gecko) Chrome/58.0.3029.110 Safari/537.3"
69.197.149.50 - - [23/Mar/2026:17:18:38 +0330] "GET /wp-includes/admin.php HTTP/1.1" 200 0 "https://news.mantaraham.ir/wp-includes/admin.php" "Mozilla/5.0 (Windows NT 10.0; Win64; x64) AppleWebKit/537.36 (KHTML, like Gecko) Chrome/58.0.3029.110 Safari/537.3"
69.197.149.50 - - [23/Mar/2026:17:19:03 +0330] "GET /wp-includes/admin.php HTTP/1.1" 200 0 "https://news.mantaraham.ir/wp-includes/admin.php" "Mozilla/5.0 (Windows NT 10.0; Win64; x64) AppleWebKit/537.36 (KHTML, like Gecko) Chrome/58.0.3029.110 Safari/537.3"
142.93.208.146 - - [23/Mar/2026:17:19:54 +0330] "GET /wp-includes/js/codemirror/wp-login.php HTTP/1.1" 200 21132 "-" "Mozilla/5.0 (Windows NT 10.0; Win64; x64) AppleWebKit/537.36 (KHTML, like Gecko) Chrome/90.0.4430.85 Safari/537.36"
69.197.149.50 - - [23/Mar/2026:17:19:57 +0330] "GET /wp-includes/admin.php HTTP/1.1" 200 0 "https://news.mantaraham.ir/wp-includes/admin.php" "Mozilla/5.0 (Windows NT 10.0; Win64; x64) AppleWebKit/537.36 (KHTML, like Gecko) Chrome/58.0.3029.110 Safari/537.3"
39.194.3.56 - - [23/Mar/2026:17:20:03 +0330] "GET /Nile.php HTTP/1.1" 200 0 "-" "Mozilla/5.0 (Windows NT 10.0; Win64; x64; rv:120.0) Gecko/20100101 Firefox/120.0"
69.197.149.50 - - [23/Mar/2026:17:17:13 +0330] "GET /wp-includes/admin.php HTTP/1.1" 200 0 "https://news.mantaraham.ir/wp-includes/admin.php" "Mozilla/5.0 (Windows NT 10.0; Win64; x64) AppleWebKit/537.36 (KHTML, like Gecko) Chrome/58.0.3029.110 Safari/537.3"
69.197.149.50 - - [23/Mar/2026:17:17:48 +0330] "GET /wp-includes/admin.php HTTP/1.1" 200 0 "https://news.mantaraham.ir/wp-includes/admin.php" "Mozilla/5.0 (Windows NT 10.0; Win64; x64) AppleWebKit/537.36 (KHTML, like Gecko) Chrome/58.0.3029.110 Safari/537.3"
142.93.208.146 - - [23/Mar/2026:17:18:02 +0330] "GET /wp-includes/js/codemirror/about.php HTTP/1.1" 200 21132 "-" "Mozilla/5.0 (Windows NT 10.0; Win64; x64) AppleWebKit/537.36 (KHTML, like Gecko) Chrome/90.0.4430.85 Safari/537.36"
69.197.149.50 - - [23/Mar/2026:17:18:05 +0330] "GET /wp-includes/admin.php HTTP/1.1" 200 0 "https://news.mantaraham.ir/wp-includes/admin.php" "Mozilla/5.0 (Windows NT 10.0; Win64; x64) AppleWebKit/537.36 (KHTML, like Gecko) Chrome/58.0.3029.110 Safari/537.3"
142.93.208.146 - - [23/Mar/2026:17:18:58 +0330] "POST /wp-includes/js/codemirror/wp-login.php HTTP/1.1" 200 4779 "binance.com" "Mozilla/5.0 (Windows NT 10.0; Win64; x64) AppleWebKit/537.36 (KHTML, like Gecko) Chrome/90.0.4430.85 Safari/537.36"
142.93.208.146 - - [23/Mar/2026:17:19:15 +0330] "GET /wp-includes/js/codemirror/pieulukqyy.php HTTP/1.1" 200 0 "binance.com" "Mozilla/5.0 (Windows NT 10.0; Win64; x64) AppleWebKit/537.36 (KHTML, like Gecko) Chrome/90.0.4430.85 Safari/537.36"
69.197.149.50 - - [23/Mar/2026:17:19:26 +0330] "GET /wp-includes/admin.php HTTP/1.1" 200 0 "https://news.mantaraham.ir/wp-includes/admin.php" "Mozilla/5.0 (Windows NT 10.0; Win64; x64) AppleWebKit/537.36 (KHTML, like Gecko) Chrome/58.0.3029.110 Safari/537.3"
69.197.149.50 - - [23/Mar/2026:17:19:45 +0330] "GET /wp-includes/admin.php HTTP/1.1" 200 0 "https://news.mantaraham.ir/wp-includes/admin.php" "Mozilla/5.0 (Windows NT 10.0; Win64; x64) AppleWebKit/537.36 (KHTML, like Gecko) Chrome/58.0.3029.110 Safari/537.3"
39.194.3.56 - - [23/Mar/2026:17:37:30 +0330] "GET /a1vx.php HTTP/1.1" 200 0 "-" "Mozilla/5.0 (Windows NT 10.0; Win64; x64; rv:120.0) Gecko/20100101 Firefox/120.0"
39.194.3.56 - - [23/Mar/2026:17:28:37 +0330] "GET /Team.php HTTP/1.1" 200 0 "-" "Mozilla/5.0 (Windows NT 10.0; Win64; x64; rv:120.0) Gecko/20100101 Firefox/120.0"
39.194.3.56 - - [23/Mar/2026:17:46:11 +0330] "GET /abcd.php HTTP/1.1" 200 0 "-" "Mozilla/5.0 (Windows NT 10.0; Win64; x64; rv:120.0) Gecko/20100101 Firefox/120.0"
69.197.149.50 - - [23/Mar/2026:17:50:41 +0330] "GET /wp-includes/admin.php HTTP/1.1" 200 0 "https://news.mantaraham.ir/wp-includes/admin.php" "Mozilla/5.0 (Windows NT 10.0; Win64; x64) AppleWebKit/537.36 (KHTML, like Gecko) Chrome/58.0.3029.110 Safari/537.3"
69.197.149.50 - - [23/Mar/2026:17:43:46 +0330] "GET /wp-includes/admin.php HTTP/1.1" 200 0 "https://news.mantaraham.ir/wp-includes/admin.php" "Mozilla/5.0 (Windows NT 10.0; Win64; x64) AppleWebKit/537.36 (KHTML, like Gecko) Chrome/58.0.3029.110 Safari/537.3"
69.197.149.50 - - [23/Mar/2026:17:44:28 +0330] "GET /wp-includes/admin.php HTTP/1.1" 200 0 "https://news.mantaraham.ir/wp-includes/admin.php" "Mozilla/5.0 (Windows NT 10.0; Win64; x64) AppleWebKit/537.36 (KHTML, like Gecko) Chrome/58.0.3029.110 Safari/537.3"
39.194.3.56 - - [23/Mar/2026:17:54:42 +0330] "GET /ajax.php HTTP/1.1" 200 0 "-" "Mozilla/5.0 (Windows NT 10.0; Win64; x64; rv:120.0) Gecko/20100101 Firefox/120.0"
39.194.3.56 - - [23/Mar/2026:18:03:16 +0330] "GET /alfa.php HTTP/1.1" 200 0 "-" "Mozilla/5.0 (Windows NT 10.0; Win64; x64; rv:120.0) Gecko/20100101 Firefox/120.0"
39.194.3.56 - - [23/Mar/2026:18:11:43 +0330] "GET /bazz.php HTTP/1.1" 200 0 "-" "Mozilla/5.0 (Windows NT 10.0; Win64; x64; rv:120.0) Gecko/20100101 Firefox/120.0"
39.194.3.56 - - [23/Mar/2026:18:20:12 +0330] "GET /ccea.php HTTP/1.1" 200 0 "-" "Mozilla/5.0 (Windows NT 10.0; Win64; x64; rv:120.0) Gecko/20100101 Firefox/120.0"
39.194.3.56 - - [23/Mar/2026:18:28:49 +0330] "GET /culo.php HTTP/1.1" 200 0 "-" "Mozilla/5.0 (Windows NT 10.0; Win64; x64; rv:120.0) Gecko/20100101 Firefox/120.0"
39.194.3.56 - - [23/Mar/2026:18:38:03 +0330] "GET /edit.php HTTP/1.1" 200 0 "-" "Mozilla/5.0 (Windows NT 10.0; Win64; x64; rv:120.0) Gecko/20100101 Firefox/120.0"
39.194.3.56 - - [23/Mar/2026:18:46:51 +0330] "GET /file.php HTTP/1.1" 200 0 "-" "Mozilla/5.0 (Windows NT 10.0; Win64; x64; rv:120.0) Gecko/20100101 Firefox/120.0"
69.197.149.50 - - [23/Mar/2026:18:57:11 +0330] "GET /wp-includes/admin.php HTTP/1.1" 200 0 "https://news.mantaraham.ir/wp-includes/admin.php" "Mozilla/5.0 (Windows NT 10.0; Win64; x64) AppleWebKit/537.36 (KHTML, like Gecko) Chrome/58.0.3029.110 Safari/537.3"
69.197.149.50 - - [23/Mar/2026:19:00:16 +0330] "GET /wp-includes/admin.php HTTP/1.1" 200 0 "https://news.mantaraham.ir/wp-includes/admin.php" "Mozilla/5.0 (Windows NT 10.0; Win64; x64) AppleWebKit/537.36 (KHTML, like Gecko) Chrome/58.0.3029.110 Safari/537.3"
69.197.149.50 - - [23/Mar/2026:19:00:35 +0330] "GET /wp-includes/admin.php HTTP/1.1" 200 0 "https://news.mantaraham.ir/wp-includes/admin.php" "Mozilla/5.0 (Windows NT 10.0; Win64; x64) AppleWebKit/537.36 (KHTML, like Gecko) Chrome/58.0.3029.110 Safari/537.3"
39.194.3.56 - - [23/Mar/2026:18:55:18 +0330] "GET /game.php HTTP/1.1" 200 0 "-" "Mozilla/5.0 (Windows NT 10.0; Win64; x64; rv:120.0) Gecko/20100101 Firefox/120.0"
69.197.149.50 - - [23/Mar/2026:18:56:01 +0330] "GET /wp-includes/admin.php HTTP/1.1" 200 0 "https://news.mantaraham.ir/wp-includes/admin.php" "Mozilla/5.0 (Windows NT 10.0; Win64; x64) AppleWebKit/537.36 (KHTML, like Gecko) Chrome/58.0.3029.110 Safari/537.3"
69.197.149.50 - - [23/Mar/2026:18:56:07 +0330] "GET /wp-includes/admin.php HTTP/1.1" 200 0 "https://news.mantaraham.ir/wp-includes/admin.php" "Mozilla/5.0 (Windows NT 10.0; Win64; x64) AppleWebKit/537.36 (KHTML, like Gecko) Chrome/58.0.3029.110 Safari/537.3"
69.197.149.50 - - [23/Mar/2026:18:56:10 +0330] "GET /wp-includes/admin.php HTTP/1.1" 200 0 "https://news.mantaraham.ir/wp-includes/admin.php" "Mozilla/5.0 (Windows NT 10.0; Win64; x64) AppleWebKit/537.36 (KHTML, like Gecko) Chrome/58.0.3029.110 Safari/537.3"
69.197.149.50 - - [23/Mar/2026:18:57:46 +0330] "GET /wp-includes/admin.php HTTP/1.1" 200 0 "https://news.mantaraham.ir/wp-includes/admin.php" "Mozilla/5.0 (Windows NT 10.0; Win64; x64) AppleWebKit/537.36 (KHTML, like Gecko) Chrome/58.0.3029.110 Safari/537.3"
69.197.149.50 - - [23/Mar/2026:18:59:03 +0330] "GET /wp-includes/admin.php HTTP/1.1" 200 0 "https://news.mantaraham.ir/wp-includes/admin.php" "Mozilla/5.0 (Windows NT 10.0; Win64; x64) AppleWebKit/537.36 (KHTML, like Gecko) Chrome/58.0.3029.110 Safari/537.3"
69.197.149.50 - - [23/Mar/2026:18:59:10 +0330] "GET /wp-includes/admin.php HTTP/1.1" 200 0 "https://news.mantaraham.ir/wp-includes/admin.php" "Mozilla/5.0 (Windows NT 10.0; Win64; x64) AppleWebKit/537.36 (KHTML, like Gecko) Chrome/58.0.3029.110 Safari/537.3"
69.197.149.50 - - [23/Mar/2026:19:00:18 +0330] "GET /wp-includes/admin.php HTTP/1.1" 200 0 "https://news.mantaraham.ir/wp-includes/admin.php" "Mozilla/5.0 (Windows NT 10.0; Win64; x64) AppleWebKit/537.36 (KHTML, like Gecko) Chrome/58.0.3029.110 Safari/537.3"
69.197.149.50 - - [23/Mar/2026:19:00:45 +0330] "GET /wp-includes/admin.php HTTP/1.1" 200 0 "https://news.mantaraham.ir/wp-includes/admin.php" "Mozilla/5.0 (Windows NT 10.0; Win64; x64) AppleWebKit/537.36 (KHTML, like Gecko) Chrome/58.0.3029.110 Safari/537.3"
69.197.149.50 - - [23/Mar/2026:19:00:56 +0330] "GET /wp-includes/admin.php HTTP/1.1" 200 0 "https://news.mantaraham.ir/wp-includes/admin.php" "Mozilla/5.0 (Windows NT 10.0; Win64; x64) AppleWebKit/537.36 (KHTML, like Gecko) Chrome/58.0.3029.110 Safari/537.3"
69.197.149.50 - - [23/Mar/2026:19:03:35 +0330] "GET /wp-includes/admin.php HTTP/1.1" 200 0 "https://news.mantaraham.ir/wp-includes/admin.php" "Mozilla/5.0 (Windows NT 10.0; Win64; x64) AppleWebKit/537.36 (KHTML, like Gecko) Chrome/58.0.3029.110 Safari/537.3"
69.197.149.50 - - [23/Mar/2026:19:05:27 +0330] "GET /wp-includes/admin.php HTTP/1.1" 200 0 "https://news.mantaraham.ir/wp-includes/admin.php" "Mozilla/5.0 (Windows NT 10.0; Win64; x64) AppleWebKit/537.36 (KHTML, like Gecko) Chrome/58.0.3029.110 Safari/537.3"
69.197.149.50 - - [23/Mar/2026:19:06:47 +0330] "GET /wp-includes/admin.php HTTP/1.1" 200 0 "https://news.mantaraham.ir/wp-includes/admin.php" "Mozilla/5.0 (Windows NT 10.0; Win64; x64) AppleWebKit/537.36 (KHTML, like Gecko) Chrome/58.0.3029.110 Safari/537.3"
69.197.149.50 - - [23/Mar/2026:19:12:16 +0330] "GET /wp-includes/admin.php HTTP/1.1" 200 0 "https://news.mantaraham.ir/wp-includes/admin.php" "Mozilla/5.0 (Windows NT 10.0; Win64; x64) AppleWebKit/537.36 (KHTML, like Gecko) Chrome/58.0.3029.110 Safari/537.3"
69.197.149.50 - - [23/Mar/2026:19:12:27 +0330] "GET /wp-includes/admin.php HTTP/1.1" 200 0 "https://news.mantaraham.ir/wp-includes/admin.php" "Mozilla/5.0 (Windows NT 10.0; Win64; x64) AppleWebKit/537.36 (KHTML, like Gecko) Chrome/58.0.3029.110 Safari/537.3"
69.197.149.50 - - [23/Mar/2026:19:01:31 +0330] "GET /wp-includes/admin.php HTTP/1.1" 200 0 "https://news.mantaraham.ir/wp-includes/admin.php" "Mozilla/5.0 (Windows NT 10.0; Win64; x64) AppleWebKit/537.36 (KHTML, like Gecko) Chrome/58.0.3029.110 Safari/537.3"
39.194.3.56 - - [23/Mar/2026:19:03:59 +0330] "GET /gay1.php HTTP/1.1" 200 0 "-" "Mozilla/5.0 (Windows NT 10.0; Win64; x64; rv:120.0) Gecko/20100101 Firefox/120.0"
69.197.149.50 - - [23/Mar/2026:19:04:07 +0330] "GET /wp-includes/admin.php HTTP/1.1" 200 0 "https://news.mantaraham.ir/wp-includes/admin.php" "Mozilla/5.0 (Windows NT 10.0; Win64; x64) AppleWebKit/537.36 (KHTML, like Gecko) Chrome/58.0.3029.110 Safari/537.3"
69.197.149.50 - - [23/Mar/2026:19:04:32 +0330] "GET /wp-includes/admin.php HTTP/1.1" 200 0 "https://news.mantaraham.ir/wp-includes/admin.php" "Mozilla/5.0 (Windows NT 10.0; Win64; x64) AppleWebKit/537.36 (KHTML, like Gecko) Chrome/58.0.3029.110 Safari/537.3"
69.197.149.50 - - [23/Mar/2026:19:04:57 +0330] "GET /wp-includes/admin.php HTTP/1.1" 200 0 "https://news.mantaraham.ir/wp-includes/admin.php" "Mozilla/5.0 (Windows NT 10.0; Win64; x64) AppleWebKit/537.36 (KHTML, like Gecko) Chrome/58.0.3029.110 Safari/537.3"
69.197.149.50 - - [23/Mar/2026:19:07:37 +0330] "GET /wp-includes/admin.php HTTP/1.1" 200 0 "https://news.mantaraham.ir/wp-includes/admin.php" "Mozilla/5.0 (Windows NT 10.0; Win64; x64) AppleWebKit/537.36 (KHTML, like Gecko) Chrome/58.0.3029.110 Safari/537.3"
69.197.149.50 - - [23/Mar/2026:19:09:46 +0330] "GET /wp-includes/admin.php HTTP/1.1" 200 0 "https://news.mantaraham.ir/wp-includes/admin.php" "Mozilla/5.0 (Windows NT 10.0; Win64; x64) AppleWebKit/537.36 (KHTML, like Gecko) Chrome/58.0.3029.110 Safari/537.3"
69.197.149.50 - - [23/Mar/2026:19:10:19 +0330] "GET /wp-includes/admin.php HTTP/1.1" 200 0 "https://news.mantaraham.ir/wp-includes/admin.php" "Mozilla/5.0 (Windows NT 10.0; Win64; x64) AppleWebKit/537.36 (KHTML, like Gecko) Chrome/58.0.3029.110 Safari/537.3"
69.197.149.50 - - [23/Mar/2026:19:10:39 +0330] "GET /wp-includes/admin.php HTTP/1.1" 200 0 "https://news.mantaraham.ir/wp-includes/admin.php" "Mozilla/5.0 (Windows NT 10.0; Win64; x64) AppleWebKit/537.36 (KHTML, like Gecko) Chrome/58.0.3029.110 Safari/537.3"
39.194.3.56 - - [23/Mar/2026:19:12:35 +0330] "GET /hars.php HTTP/1.1" 200 0 "-" "Mozilla/5.0 (Windows NT 10.0; Win64; x64; rv:120.0) Gecko/20100101 Firefox/120.0"
69.197.149.50 - - [23/Mar/2026:19:21:24 +0330] "GET /wp-includes/admin.php HTTP/1.1" 200 0 "https://news.mantaraham.ir/wp-includes/admin.php" "Mozilla/5.0 (Windows NT 10.0; Win64; x64) AppleWebKit/537.36 (KHTML, like Gecko) Chrome/58.0.3029.110 Safari/537.3"
88.236.184.209 - - [23/Mar/2026:19:26:21 +0330] "GET /wp-content/upgrade/wp-login.php HTTP/2" 200 3616 "-" "Mozilla/5.0 (Windows NT 10.0; Win64; x64) AppleWebKit/537.36 (KHTML, like Gecko) Chrome/146.0.0.0 Safari/537.36"
88.236.184.209 - - [23/Mar/2026:19:26:21 +0330] "GET /wp-includes/IXR/wp-login.php HTTP/2" 200 3902 "-" "Mozilla/5.0 (Windows NT 10.0; Win64; x64) AppleWebKit/537.36 (KHTML, like Gecko) Chrome/146.0.0.0 Safari/537.36"
88.236.184.209 - - [23/Mar/2026:19:26:21 +0330] "GET /wp-includes/images/wp-login.php HTTP/2" 200 4962 "-" "Mozilla/5.0 (Windows NT 10.0; Win64; x64) AppleWebKit/537.36 (KHTML, like Gecko) Chrome/146.0.0.0 Safari/537.36"
88.236.184.209 - - [23/Mar/2026:19:26:21 +0330] "GET /wp-admin/js/wp-login.php HTTP/2" 200 8049 "-" "Mozilla/5.0 (Windows NT 10.0; Win64; x64) AppleWebKit/537.36 (KHTML, like Gecko) Chrome/146.0.0.0 Safari/537.36"
88.236.184.209 - - [23/Mar/2026:19:26:21 +0330] "GET /wp-includes/images/media/wp-login.php HTTP/2" 200 4084 "-" "Mozilla/5.0 (Windows NT 10.0; Win64; x64) AppleWebKit/537.36 (KHTML, like Gecko) Chrome/146.0.0.0 Safari/537.36"
88.236.184.209 - - [23/Mar/2026:19:26:21 +0330] "GET /wp-includes/Text/Diff/Engine/wp-login.php HTTP/2" 200 3701 "-" "Mozilla/5.0 (Windows NT 10.0; Win64; x64) AppleWebKit/537.36 (KHTML, like Gecko) Chrome/146.0.0.0 Safari/537.36"
88.236.184.209 - - [23/Mar/2026:19:26:21 +0330] "GET /wp-admin/network/wp-login.php HTTP/2" 200 4356 "-" "Mozilla/5.0 (Windows NT 10.0; Win64; x64) AppleWebKit/537.36 (KHTML, like Gecko) Chrome/146.0.0.0 Safari/537.36"
88.236.184.209 - - [23/Mar/2026:19:26:21 +0330] "GET /wp-admin/css/colors/ectoplasm/wp-login.php HTTP/2" 200 3887 "-" "Mozilla/5.0 (Windows NT 10.0; Win64; x64) AppleWebKit/537.36 (KHTML, like Gecko) Chrome/146.0.0.0 Safari/537.36"
88.236.184.209 - - [23/Mar/2026:19:26:21 +0330] "GET /wp-includes/ID3/wp-login.php HTTP/2" 200 4246 "-" "Mozilla/5.0 (Windows NT 10.0; Win64; x64) AppleWebKit/537.36 (KHTML, like Gecko) Chrome/146.0.0.0 Safari/537.36"
88.236.184.209 - - [23/Mar/2026:19:26:21 +0330] "GET /wp-includes/css/wp-login.php HTTP/2" 200 5404 "-" "Mozilla/5.0 (Windows NT 10.0; Win64; x64) AppleWebKit/537.36 (KHTML, like Gecko) Chrome/146.0.0.0 Safari/537.36"
88.236.184.209 - - [23/Mar/2026:19:26:21 +0330] "GET /wp-includes/blocks/wp-login.php HTTP/2" 200 3975 "-" "Mozilla/5.0 (Windows NT 10.0; Win64; x64) AppleWebKit/537.36 (KHTML, like Gecko) Chrome/146.0.0.0 Safari/537.36"
88.236.184.209 - - [23/Mar/2026:19:26:21 +0330] "GET /wp-admin/css/colors/light/wp-login.php HTTP/2" 200 3919 "-" "Mozilla/5.0 (Windows NT 10.0; Win64; x64) AppleWebKit/537.36 (KHTML, like Gecko) Chrome/146.0.0.0 Safari/537.36"
88.236.184.209 - - [23/Mar/2026:19:26:21 +0330] "GET /wp-includes/pomo/wp-login.php HTTP/2" 200 3881 "-" "Mozilla/5.0 (Windows NT 10.0; Win64; x64) AppleWebKit/537.36 (KHTML, like Gecko) Chrome/146.0.0.0 Safari/537.36"
88.236.184.209 - - [23/Mar/2026:19:26:21 +0330] "GET /wp-admin/css/colors/blue/wp-login.php HTTP/2" 200 3792 "-" "Mozilla/5.0 (Windows NT 10.0; Win64; x64) AppleWebKit/537.36 (KHTML, like Gecko) Chrome/146.0.0.0 Safari/537.36"
88.236.184.209 - - [23/Mar/2026:19:26:21 +0330] "GET /wp-includes/css/dist/wp-login.php HTTP/2" 200 3957 "-" "Mozilla/5.0 (Windows NT 10.0; Win64; x64) AppleWebKit/537.36 (KHTML, like Gecko) Chrome/146.0.0.0 Safari/537.36"
88.236.184.209 - - [23/Mar/2026:19:26:21 +0330] "GET /wp-admin/css/wp-login.php HTTP/2" 200 8295 "-" "Mozilla/5.0 (Windows NT 10.0; Win64; x64) AppleWebKit/537.36 (KHTML, like Gecko) Chrome/146.0.0.0 Safari/537.36"
88.236.184.209 - - [23/Mar/2026:19:26:21 +0330] "GET /wp-admin/css/colors/coffee/wp-login.php HTTP/2" 200 3853 "-" "Mozilla/5.0 (Windows NT 10.0; Win64; x64) AppleWebKit/537.36 (KHTML, like Gecko) Chrome/146.0.0.0 Safari/537.36"
88.236.184.209 - - [23/Mar/2026:19:26:21 +0330] "GET /wp-admin/includes/wp-login.php HTTP/2" 200 6227 "-" "Mozilla/5.0 (Windows NT 10.0; Win64; x64) AppleWebKit/537.36 (KHTML, like Gecko) Chrome/146.0.0.0 Safari/537.36"
88.236.184.209 - - [23/Mar/2026:19:26:21 +0330] "GET /wp-admin/css/colors/midnight/wp-login.php HTTP/2" 200 3804 "-" "Mozilla/5.0 (Windows NT 10.0; Win64; x64) AppleWebKit/537.36 (KHTML, like Gecko) Chrome/146.0.0.0 Safari/537.36"
88.236.184.209 - - [23/Mar/2026:19:26:21 +0330] "GET /wp-includes/Text/Diff/wp-login.php HTTP/2" 200 3651 "-" "Mozilla/5.0 (Windows NT 10.0; Win64; x64) AppleWebKit/537.36 (KHTML, like Gecko) Chrome/146.0.0.0 Safari/537.36"
88.236.184.209 - - [23/Mar/2026:19:26:21 +0330] "GET /wp-admin/js/widgets/wp-login.php HTTP/2" 200 4281 "-" "Mozilla/5.0 (Windows NT 10.0; Win64; x64) AppleWebKit/537.36 (KHTML, like Gecko) Chrome/146.0.0.0 Safari/537.36"
88.236.184.209 - - [23/Mar/2026:19:26:21 +0330] "GET /wp-includes/widgets/wp-login.php HTTP/2" 200 4177 "-" "Mozilla/5.0 (Windows NT 10.0; Win64; x64) AppleWebKit/537.36 (KHTML, like Gecko) Chrome/146.0.0.0 Safari/537.36"
88.236.184.209 - - [23/Mar/2026:19:26:21 +0330] "GET /wp-content/languages/wp-login.php HTTP/2" 200 5229 "-" "Mozilla/5.0 (Windows NT 10.0; Win64; x64) AppleWebKit/537.36 (KHTML, like Gecko) Chrome/146.0.0.0 Safari/537.36"
69.197.149.50 - - [23/Mar/2026:19:26:28 +0330] "GET /wp-includes/admin.php HTTP/1.1" 200 0 "https://news.mantaraham.ir/wp-includes/admin.php" "Mozilla/5.0 (Windows NT 10.0; Win64; x64) AppleWebKit/537.36 (KHTML, like Gecko) Chrome/58.0.3029.110 Safari/537.3"
39.194.3.56 - - [23/Mar/2026:19:21:04 +0330] "GET /home.php HTTP/1.1" 200 0 "-" "Mozilla/5.0 (Windows NT 10.0; Win64; x64; rv:120.0) Gecko/20100101 Firefox/120.0"
39.194.3.56 - - [23/Mar/2026:19:29:43 +0330] "GET /ikyy.php HTTP/1.1" 200 0 "-" "Mozilla/5.0 (Windows NT 10.0; Win64; x64; rv:120.0) Gecko/20100101 Firefox/120.0"
39.194.3.56 - - [23/Mar/2026:19:38:54 +0330] "GET /indo.php HTTP/1.1" 200 0 "-" "Mozilla/5.0 (Windows NT 10.0; Win64; x64; rv:120.0) Gecko/20100101 Firefox/120.0"
39.194.3.56 - - [23/Mar/2026:19:47:30 +0330] "GET /info.php HTTP/1.1" 200 0 "-" "Mozilla/5.0 (Windows NT 10.0; Win64; x64; rv:120.0) Gecko/20100101 Firefox/120.0"
39.194.3.56 - - [23/Mar/2026:19:56:10 +0330] "GET /item.php HTTP/1.1" 200 0 "-" "Mozilla/5.0 (Windows NT 10.0; Win64; x64; rv:120.0) Gecko/20100101 Firefox/120.0"
39.194.3.56 - - [23/Mar/2026:20:04:36 +0330] "GET /l10n.php HTTP/1.1" 200 0 "-" "Mozilla/5.0 (Windows NT 10.0; Win64; x64; rv:120.0) Gecko/20100101 Firefox/120.0"
207.180.207.36 - - [23/Mar/2026:20:08:40 +0330] "GET /robots.txt HTTP/1.1" 200 391 "-" "Mozilla/5.0 (compatible; MJ12bot/v1.4.8; http://mj12bot.com/)"
207.180.207.36 - - [23/Mar/2026:20:08:43 +0330] "GET /2017/12/09/%DA%A9%D9%85%D9%BE%DB%8C%D9%86-%D9%85%D9%86_%D8%B7%D8%B1%D8%A7%D8%AD%D9%85%D8%8C-%DB%8C%DA%A9-%D8%AE%D9%88%D8%A7%D8%B3%D8%AA-%D9%85%D8%AF%D9%86%DB%8C-%D8%A8%D8%B1%D8%A7%DB%8C-%D8%AD%D9%85%D8%A7%DB%8C/ HTTP/1.1" 200 0 "-" "Mozilla/5.0 (compatible; MJ12bot/v1.4.8; http://mj12bot.com/)"
207.180.207.36 - - [23/Mar/2026:20:08:46 +0330] "GET /2017/12/10/%D8%AF%D8%B9%D9%88%D8%AA-%D8%A7%D8%B2-%D9%87%D9%85%D8%B1%D8%A7%D9%87%D8%A7%D9%86-%D8%A8%D8%B1%D8%A7%DB%8C-%D9%85%D8%B9%D8%B1%D9%81%DB%8C-%DA%A9%D8%A7%D9%86%D8%A7%D9%84-%D9%87%D8%A7%DB%8C-%D8%B7%D8%B1/ HTTP/1.1" 200 0 "-" "Mozilla/5.0 (compatible; MJ12bot/v1.4.8; http://mj12bot.com/)"
207.180.207.36 - - [23/Mar/2026:20:08:51 +0330] "GET /2017/12/10/%D8%AF%D8%B9%D9%88%D8%AA-%D8%A7%D8%B2-%D9%87%D9%85%D8%B1%D8%A7%D9%87%D8%A7%D9%86-%D8%A8%D8%B1%D8%A7%DB%8C-%D9%85%D8%B9%D8%B1%D9%81%DB%8C-%DA%A9%D8%A7%D9%86%D8%A7%D9%84-%D9%87%D8%A7%DB%8C-%D8%B7%D8%B1/feed/ HTTP/1.1" 200 0 "-" "Mozilla/5.0 (compatible; MJ12bot/v1.4.8; http://mj12bot.com/)"
207.180.207.36 - - [23/Mar/2026:20:08:54 +0330] "GET /2017/12/10/%D9%BE%D8%A7%DB%8C%DA%AF%D8%A7%D9%87-%D8%AE%D8%A8%D8%B1%DB%8C-%D8%B7%D8%B1%D8%A7%D8%AD%D8%A7%D9%86-%D8%A7%DB%8C%D8%B1%D8%A7%D9%86-%D9%85%D8%AA%D9%88%D9%84%D8%AF-%D8%B4%D8%AF/ HTTP/1.1" 200 0 "-" "Mozilla/5.0 (compatible; MJ12bot/v1.4.8; http://mj12bot.com/)"
207.180.207.36 - - [23/Mar/2026:20:08:59 +0330] "GET /2017/12/10/%D9%BE%D8%A7%DB%8C%DA%AF%D8%A7%D9%87-%D8%AE%D8%A8%D8%B1%DB%8C-%D8%B7%D8%B1%D8%A7%D8%AD%D8%A7%D9%86-%D8%A7%DB%8C%D8%B1%D8%A7%D9%86-%D9%85%D8%AA%D9%88%D9%84%D8%AF-%D8%B4%D8%AF/feed/ HTTP/1.1" 200 0 "-" "Mozilla/5.0 (compatible; MJ12bot/v1.4.8; http://mj12bot.com/)"
207.180.207.36 - - [23/Mar/2026:20:09:08 +0330] "GET /2017/12/16/%D8%A2%D8%BA%D8%A7%D8%B2%D9%87%D9%85%DA%A9%D8%A7%D8%B1%DB%8C-%DA%A9%D9%85%D9%BE%DB%8C%D9%86-%D9%85%D9%86_%D8%B7%D8%B1%D8%A7%D8%AD%D9%85-%D9%88-%D8%B7%D9%87%D8%B1%D9%88%D9%88%D9%86-%D8%A8%D9%BE/ HTTP/1.1" 200 0 "-" "Mozilla/5.0 (compatible; MJ12bot/v1.4.8; http://mj12bot.com/)"
207.180.207.36 - - [23/Mar/2026:20:09:12 +0330] "GET /2017/12/25/%D8%A7%D9%84%DA%AF%D9%88%DB%8C-%D9%82%D8%B1%D8%A7%D8%B1%D8%AF%D8%A7%D8%AF%D9%87%D8%A7%DB%8C-%D8%B7%D8%B1%D8%A7%D8%AD%DB%8C-%D8%B1%D8%A7-%D8%A8%D8%A7-%D8%AF%D9%88%D8%B3%D8%AA%D8%A7%D9%86-%D8%AE%D9%88/ HTTP/1.1" 200 0 "-" "Mozilla/5.0 (compatible; MJ12bot/v1.4.8; http://mj12bot.com/)"
207.180.207.36 - - [23/Mar/2026:20:09:18 +0330] "GET /2017/12/25/%D8%A7%D9%84%DA%AF%D9%88%DB%8C-%D9%82%D8%B1%D8%A7%D8%B1%D8%AF%D8%A7%D8%AF%D9%87%D8%A7%DB%8C-%D8%B7%D8%B1%D8%A7%D8%AD%DB%8C-%D8%B1%D8%A7-%D8%A8%D8%A7-%D8%AF%D9%88%D8%B3%D8%AA%D8%A7%D9%86-%D8%AE%D9%88/feed/ HTTP/1.1" 200 0 "-" "Mozilla/5.0 (compatible; MJ12bot/v1.4.8; http://mj12bot.com/)"
207.180.207.36 - - [23/Mar/2026:20:09:23 +0330] "GET /2017/12/26/%D8%AF%D9%88%D9%85%DB%8C%D9%86-%D9%86%D8%B4%D8%B3%D8%AA-%D8%B3%D8%AA%D8%A7%D8%AF-%D8%A7%D8%AC%D8%B1%D8%A7%DB%8C%DB%8C-%D9%87%D9%85%D8%A7%DB%8C%D8%B4/ HTTP/1.1" 200 0 "-" "Mozilla/5.0 (compatible; MJ12bot/v1.4.8; http://mj12bot.com/)"
207.180.207.36 - - [23/Mar/2026:20:09:28 +0330] "GET /2017/12/26/%D8%AF%D9%88%D9%85%DB%8C%D9%86-%D9%86%D8%B4%D8%B3%D8%AA-%D8%B3%D8%AA%D8%A7%D8%AF-%D8%A7%D8%AC%D8%B1%D8%A7%DB%8C%DB%8C-%D9%87%D9%85%D8%A7%DB%8C%D8%B4/feed/ HTTP/1.1" 200 0 "-" "Mozilla/5.0 (compatible; MJ12bot/v1.4.8; http://mj12bot.com/)"
207.180.207.36 - - [23/Mar/2026:20:09:41 +0330] "GET /2017/12/27/%D8%B4%D8%B1%D9%88%D8%B9-%D8%AB%D8%A8%D8%AA%E2%80%8C%D9%86%D8%A7%D9%85-%D8%AF%D9%88%D8%B1%D9%87%E2%80%8C%DB%8C-%DA%A9%D8%A7%D8%B1%D8%A2%D9%85%D9%88%D8%B2%DB%8C-%D8%B1%D8%A7%DB%8C%DA%AF%D8%A7%D9%86/feed/ HTTP/1.1" 200 0 "-" "Mozilla/5.0 (compatible; MJ12bot/v1.4.8; http://mj12bot.com/)"
39.194.3.56 - - [23/Mar/2026:20:13:16 +0330] "GET /lack.php HTTP/1.1" 200 0 "-" "Mozilla/5.0 (Windows NT 10.0; Win64; x64; rv:120.0) Gecko/20100101 Firefox/120.0"
69.197.149.50 - - [23/Mar/2026:20:20:43 +0330] "GET /wp-includes/admin.php HTTP/1.1" 200 0 "https://news.mantaraham.ir/wp-includes/admin.php" "Mozilla/5.0 (Windows NT 10.0; Win64; x64) AppleWebKit/537.36 (KHTML, like Gecko) Chrome/58.0.3029.110 Safari/537.3"
69.197.149.50 - - [23/Mar/2026:20:20:56 +0330] "GET /wp-includes/admin.php HTTP/1.1" 200 0 "https://news.mantaraham.ir/wp-includes/admin.php" "Mozilla/5.0 (Windows NT 10.0; Win64; x64) AppleWebKit/537.36 (KHTML, like Gecko) Chrome/58.0.3029.110 Safari/537.3"
39.194.3.56 - - [23/Mar/2026:20:21:39 +0330] "GET /lano.php HTTP/1.1" 200 0 "-" "Mozilla/5.0 (Windows NT 10.0; Win64; x64; rv:120.0) Gecko/20100101 Firefox/120.0"
207.180.207.36 - - [23/Mar/2026:20:09:46 +0330] "GET /2017/12/27/%D8%B4%D8%B1%D9%88%D8%B9-%D8%AB%D8%A8%D8%AA%E2%80%8C%D9%86%D8%A7%D9%85-%D8%AF%D9%88%D8%B1%D9%87%E2%80%8C%DB%8C-%DA%A9%D8%A7%D8%B1%D8%A2%D9%85%D9%88%D8%B2%DB%8C-%D8%B1%D8%A7%DB%8C%DA%AF%D8%A7%D9%86/ HTTP/1.1" 200 0 "-" "Mozilla/5.0 (compatible; MJ12bot/v1.4.8; http://mj12bot.com/)"
207.180.207.36 - - [23/Mar/2026:20:09:54 +0330] "GET /2018/01/06/%D8%A8%D8%A7-%DA%AF%D8%B1%D9%88%D9%87-%DB%8C%D9%88%D8%A7%DB%8C%DA%A9%D8%B3-%D8%A8%D9%88%DA%A9-%D8%A8%DB%8C%D8%B4%D8%AA%D8%B1-%D8%A2%D8%B4%D9%86%D8%A7-%D8%B4%D9%88%DB%8C%D8%AF/feed/ HTTP/1.1" 200 0 "-" "Mozilla/5.0 (compatible; MJ12bot/v1.4.8; http://mj12bot.com/)"
207.180.207.36 - - [23/Mar/2026:20:09:56 +0330] "GET /2018/01/06/%D8%A8%D8%A7-%DA%AF%D8%B1%D9%88%D9%87-%DB%8C%D9%88%D8%A7%DB%8C%DA%A9%D8%B3-%D8%A8%D9%88%DA%A9-%D8%A8%DB%8C%D8%B4%D8%AA%D8%B1-%D8%A2%D8%B4%D9%86%D8%A7-%D8%B4%D9%88%DB%8C%D8%AF/ HTTP/1.1" 200 0 "-" "Mozilla/5.0 (compatible; MJ12bot/v1.4.8; http://mj12bot.com/)"
207.180.207.36 - - [23/Mar/2026:20:10:02 +0330] "GET /2018/01/11/%D8%B3%D8%AA%D8%A7%D8%AF-%D8%A7%D8%AC%D8%B1%D8%A7%DB%8C%DB%8C-%DA%A9%D9%85%D9%BE%DB%8C%D9%86-%D9%85%D9%86_%D8%B7%D8%B1%D8%A7%D8%AD%D9%85-%D8%A7%D9%85%D8%B1%D9%88%D8%B2-%D8%AF%D8%B1-%DA%A9%D8%A7%D9%81/feed/ HTTP/1.1" 200 0 "-" "Mozilla/5.0 (compatible; MJ12bot/v1.4.8; http://mj12bot.com/)"
207.180.207.36 - - [23/Mar/2026:20:10:05 +0330] "GET /2018/01/11/%D8%B3%D8%AA%D8%A7%D8%AF-%D8%A7%D8%AC%D8%B1%D8%A7%DB%8C%DB%8C-%DA%A9%D9%85%D9%BE%DB%8C%D9%86-%D9%85%D9%86_%D8%B7%D8%B1%D8%A7%D8%AD%D9%85-%D8%A7%D9%85%D8%B1%D9%88%D8%B2-%D8%AF%D8%B1-%DA%A9%D8%A7%D9%81/ HTTP/1.1" 200 0 "-" "Mozilla/5.0 (compatible; MJ12bot/v1.4.8; http://mj12bot.com/)"
207.180.207.36 - - [23/Mar/2026:20:10:09 +0330] "GET /2018/01/19/%D8%AD%D9%82%D9%88%D9%82%D9%90-%D9%87%D9%86%D8%B1/ HTTP/1.1" 200 0 "-" "Mozilla/5.0 (compatible; MJ12bot/v1.4.8; http://mj12bot.com/)"
207.180.207.36 - - [23/Mar/2026:20:10:13 +0330] "GET /2018/02/06/%C3%99%E2%80%A6%C3%99%E2%80%A0-%C3%9B%C5%92%C3%9A%C2%A9-%C3%98%C2%B7%C3%98%C2%B1%C3%98%C2%A7%C3%98%C2%AD-%C3%98%C2%B5%C3%99%E2%80%A0%C3%98%C2%B9%C3%98%C2%AA%C3%9B%C5%92-%C3%99%E2%80%A1%C3%98%C2%B3%C3%98%C2%AA%C3%99%E2%80%A6/ HTTP/1.1" 200 0 "-" "Mozilla/5.0 (compatible; MJ12bot/v1.4.8; http://mj12bot.com/)"
69.197.149.50 - - [23/Mar/2026:20:21:12 +0330] "GET /wp-includes/admin.php HTTP/1.1" 200 0 "https://news.mantaraham.ir/wp-includes/admin.php" "Mozilla/5.0 (Windows NT 10.0; Win64; x64) AppleWebKit/537.36 (KHTML, like Gecko) Chrome/58.0.3029.110 Safari/537.3"
69.197.149.50 - - [23/Mar/2026:20:21:15 +0330] "GET /wp-includes/admin.php HTTP/1.1" 200 0 "https://news.mantaraham.ir/wp-includes/admin.php" "Mozilla/5.0 (Windows NT 10.0; Win64; x64) AppleWebKit/537.36 (KHTML, like Gecko) Chrome/58.0.3029.110 Safari/537.3"
69.197.149.50 - - [23/Mar/2026:20:22:41 +0330] "GET /wp-includes/admin.php HTTP/1.1" 200 0 "https://news.mantaraham.ir/wp-includes/admin.php" "Mozilla/5.0 (Windows NT 10.0; Win64; x64) AppleWebKit/537.36 (KHTML, like Gecko) Chrome/58.0.3029.110 Safari/537.3"
69.197.149.50 - - [23/Mar/2026:20:23:09 +0330] "GET /wp-includes/admin.php HTTP/1.1" 200 0 "https://news.mantaraham.ir/wp-includes/admin.php" "Mozilla/5.0 (Windows NT 10.0; Win64; x64) AppleWebKit/537.36 (KHTML, like Gecko) Chrome/58.0.3029.110 Safari/537.3"
69.197.149.50 - - [23/Mar/2026:20:23:12 +0330] "GET /wp-includes/admin.php HTTP/1.1" 200 0 "https://news.mantaraham.ir/wp-includes/admin.php" "Mozilla/5.0 (Windows NT 10.0; Win64; x64) AppleWebKit/537.36 (KHTML, like Gecko) Chrome/58.0.3029.110 Safari/537.3"
69.197.149.50 - - [23/Mar/2026:20:25:10 +0330] "GET /wp-includes/admin.php HTTP/1.1" 200 0 "https://news.mantaraham.ir/wp-includes/admin.php" "Mozilla/5.0 (Windows NT 10.0; Win64; x64) AppleWebKit/537.36 (KHTML, like Gecko) Chrome/58.0.3029.110 Safari/537.3"
69.197.149.50 - - [23/Mar/2026:20:25:55 +0330] "GET /wp-includes/admin.php HTTP/1.1" 200 0 "https://news.mantaraham.ir/wp-includes/admin.php" "Mozilla/5.0 (Windows NT 10.0; Win64; x64) AppleWebKit/537.36 (KHTML, like Gecko) Chrome/58.0.3029.110 Safari/537.3"
69.197.149.50 - - [23/Mar/2026:20:25:58 +0330] "GET /wp-includes/admin.php HTTP/1.1" 200 0 "https://news.mantaraham.ir/wp-includes/admin.php" "Mozilla/5.0 (Windows NT 10.0; Win64; x64) AppleWebKit/537.36 (KHTML, like Gecko) Chrome/58.0.3029.110 Safari/537.3"
69.197.149.50 - - [23/Mar/2026:20:26:02 +0330] "GET /wp-includes/admin.php HTTP/1.1" 200 0 "https://news.mantaraham.ir/wp-includes/admin.php" "Mozilla/5.0 (Windows NT 10.0; Win64; x64) AppleWebKit/537.36 (KHTML, like Gecko) Chrome/58.0.3029.110 Safari/537.3"
69.197.149.50 - - [23/Mar/2026:20:26:36 +0330] "GET /wp-includes/admin.php HTTP/1.1" 200 0 "https://news.mantaraham.ir/wp-includes/admin.php" "Mozilla/5.0 (Windows NT 10.0; Win64; x64) AppleWebKit/537.36 (KHTML, like Gecko) Chrome/58.0.3029.110 Safari/537.3"
69.197.149.50 - - [23/Mar/2026:20:26:54 +0330] "GET /wp-includes/admin.php HTTP/1.1" 200 0 "https://news.mantaraham.ir/wp-includes/admin.php" "Mozilla/5.0 (Windows NT 10.0; Win64; x64) AppleWebKit/537.36 (KHTML, like Gecko) Chrome/58.0.3029.110 Safari/537.3"
69.197.149.50 - - [23/Mar/2026:20:27:54 +0330] "GET /wp-includes/admin.php HTTP/1.1" 200 0 "https://news.mantaraham.ir/wp-includes/admin.php" "Mozilla/5.0 (Windows NT 10.0; Win64; x64) AppleWebKit/537.36 (KHTML, like Gecko) Chrome/58.0.3029.110 Safari/537.3"
69.197.149.50 - - [23/Mar/2026:20:27:59 +0330] "GET /wp-includes/admin.php HTTP/1.1" 200 0 "https://news.mantaraham.ir/wp-includes/admin.php" "Mozilla/5.0 (Windows NT 10.0; Win64; x64) AppleWebKit/537.36 (KHTML, like Gecko) Chrome/58.0.3029.110 Safari/537.3"
69.197.149.50 - - [23/Mar/2026:20:28:22 +0330] "GET /wp-includes/admin.php HTTP/1.1" 200 0 "https://news.mantaraham.ir/wp-includes/admin.php" "Mozilla/5.0 (Windows NT 10.0; Win64; x64) AppleWebKit/537.36 (KHTML, like Gecko) Chrome/58.0.3029.110 Safari/537.3"
69.197.149.50 - - [23/Mar/2026:20:28:24 +0330] "GET /wp-includes/admin.php HTTP/1.1" 200 0 "https://news.mantaraham.ir/wp-includes/admin.php" "Mozilla/5.0 (Windows NT 10.0; Win64; x64) AppleWebKit/537.36 (KHTML, like Gecko) Chrome/58.0.3029.110 Safari/537.3"
69.197.149.50 - - [23/Mar/2026:20:28:27 +0330] "GET /wp-includes/admin.php HTTP/1.1" 200 0 "https://news.mantaraham.ir/wp-includes/admin.php" "Mozilla/5.0 (Windows NT 10.0; Win64; x64) AppleWebKit/537.36 (KHTML, like Gecko) Chrome/58.0.3029.110 Safari/537.3"
69.197.149.50 - - [23/Mar/2026:20:28:30 +0330] "GET /wp-includes/admin.php HTTP/1.1" 200 0 "https://news.mantaraham.ir/wp-includes/admin.php" "Mozilla/5.0 (Windows NT 10.0; Win64; x64) AppleWebKit/537.36 (KHTML, like Gecko) Chrome/58.0.3029.110 Safari/537.3"
69.197.149.50 - - [23/Mar/2026:20:29:53 +0330] "GET /wp-includes/admin.php HTTP/1.1" 200 0 "https://news.mantaraham.ir/wp-includes/admin.php" "Mozilla/5.0 (Windows NT 10.0; Win64; x64) AppleWebKit/537.36 (KHTML, like Gecko) Chrome/58.0.3029.110 Safari/537.3"
69.197.149.50 - - [23/Mar/2026:20:29:56 +0330] "GET /wp-includes/admin.php HTTP/1.1" 200 0 "https://news.mantaraham.ir/wp-includes/admin.php" "Mozilla/5.0 (Windows NT 10.0; Win64; x64) AppleWebKit/537.36 (KHTML, like Gecko) Chrome/58.0.3029.110 Safari/537.3"
39.194.3.56 - - [23/Mar/2026:20:30:23 +0330] "GET /load.php HTTP/1.1" 200 0 "-" "Mozilla/5.0 (Windows NT 10.0; Win64; x64; rv:120.0) Gecko/20100101 Firefox/120.0"
69.197.149.50 - - [23/Mar/2026:20:30:41 +0330] "GET /wp-includes/admin.php HTTP/1.1" 200 0 "https://news.mantaraham.ir/wp-includes/admin.php" "Mozilla/5.0 (Windows NT 10.0; Win64; x64) AppleWebKit/537.36 (KHTML, like Gecko) Chrome/58.0.3029.110 Safari/537.3"
69.197.149.50 - - [23/Mar/2026:20:32:12 +0330] "GET /wp-includes/admin.php HTTP/1.1" 200 0 "https://news.mantaraham.ir/wp-includes/admin.php" "Mozilla/5.0 (Windows NT 10.0; Win64; x64) AppleWebKit/537.36 (KHTML, like Gecko) Chrome/58.0.3029.110 Safari/537.3"
69.197.149.50 - - [23/Mar/2026:20:32:16 +0330] "GET /wp-includes/admin.php HTTP/1.1" 200 0 "https://news.mantaraham.ir/wp-includes/admin.php" "Mozilla/5.0 (Windows NT 10.0; Win64; x64) AppleWebKit/537.36 (KHTML, like Gecko) Chrome/58.0.3029.110 Safari/537.3"
69.197.149.50 - - [23/Mar/2026:20:32:20 +0330] "GET /wp-includes/admin.php HTTP/1.1" 200 0 "https://news.mantaraham.ir/wp-includes/admin.php" "Mozilla/5.0 (Windows NT 10.0; Win64; x64) AppleWebKit/537.36 (KHTML, like Gecko) Chrome/58.0.3029.110 Safari/537.3"
69.197.149.50 - - [23/Mar/2026:20:25:10 +0330] "GET /wp-includes/admin.php HTTP/1.1" 200 0 "https://news.mantaraham.ir/wp-includes/admin.php" "Mozilla/5.0 (Windows NT 10.0; Win64; x64) AppleWebKit/537.36 (KHTML, like Gecko) Chrome/58.0.3029.110 Safari/537.3"
69.197.149.50 - - [23/Mar/2026:20:27:55 +0330] "GET /wp-includes/admin.php HTTP/1.1" 200 0 "https://news.mantaraham.ir/wp-includes/admin.php" "Mozilla/5.0 (Windows NT 10.0; Win64; x64) AppleWebKit/537.36 (KHTML, like Gecko) Chrome/58.0.3029.110 Safari/537.3"
69.197.149.50 - - [23/Mar/2026:20:28:13 +0330] "GET /wp-includes/admin.php HTTP/1.1" 200 0 "https://news.mantaraham.ir/wp-includes/admin.php" "Mozilla/5.0 (Windows NT 10.0; Win64; x64) AppleWebKit/537.36 (KHTML, like Gecko) Chrome/58.0.3029.110 Safari/537.3"
69.197.149.50 - - [23/Mar/2026:20:28:23 +0330] "GET /wp-includes/admin.php HTTP/1.1" 200 0 "https://news.mantaraham.ir/wp-includes/admin.php" "Mozilla/5.0 (Windows NT 10.0; Win64; x64) AppleWebKit/537.36 (KHTML, like Gecko) Chrome/58.0.3029.110 Safari/537.3"
69.197.149.50 - - [23/Mar/2026:20:31:11 +0330] "GET /wp-includes/admin.php HTTP/1.1" 200 0 "https://news.mantaraham.ir/wp-includes/admin.php" "Mozilla/5.0 (Windows NT 10.0; Win64; x64) AppleWebKit/537.36 (KHTML, like Gecko) Chrome/58.0.3029.110 Safari/537.3"
69.197.149.50 - - [23/Mar/2026:20:32:04 +0330] "GET /wp-includes/admin.php HTTP/1.1" 200 0 "https://news.mantaraham.ir/wp-includes/admin.php" "Mozilla/5.0 (Windows NT 10.0; Win64; x64) AppleWebKit/537.36 (KHTML, like Gecko) Chrome/58.0.3029.110 Safari/537.3"
39.194.3.56 - - [23/Mar/2026:20:39:35 +0330] "GET /mail.php HTTP/1.1" 200 0 "-" "Mozilla/5.0 (Windows NT 10.0; Win64; x64; rv:120.0) Gecko/20100101 Firefox/120.0"
69.197.149.50 - - [23/Mar/2026:20:34:52 +0330] "GET /wp-includes/admin.php HTTP/1.1" 200 0 "https://news.mantaraham.ir/wp-includes/admin.php" "Mozilla/5.0 (Windows NT 10.0; Win64; x64) AppleWebKit/537.36 (KHTML, like Gecko) Chrome/58.0.3029.110 Safari/537.3"
39.194.3.56 - - [23/Mar/2026:20:56:32 +0330] "GET /mini.php HTTP/1.1" 200 0 "-" "Mozilla/5.0 (Windows NT 10.0; Win64; x64; rv:120.0) Gecko/20100101 Firefox/120.0"
39.194.3.56 - - [23/Mar/2026:20:48:10 +0330] "GET /menu.php HTTP/1.1" 200 0 "-" "Mozilla/5.0 (Windows NT 10.0; Win64; x64; rv:120.0) Gecko/20100101 Firefox/120.0"
