69.197.149.50 - - [23/Mar/2026:16:26:31 +0330] "GET /wp-includes/admin.php HTTP/1.1" 200 0 "https://news.mantaraham.ir/wp-includes/admin.php" "Mozilla/5.0 (Windows NT 10.0; Win64; x64) AppleWebKit/537.36 (KHTML, like Gecko) Chrome/58.0.3029.110 Safari/537.3"
142.93.208.146 - - [23/Mar/2026:16:27:01 +0330] "GET /wp-admin/js/widgets/wp-login.php HTTP/1.1" 200 25134 "-" "Mozilla/5.0 (Windows NT 10.0; Win64; x64) AppleWebKit/537.36 (KHTML, like Gecko) Chrome/90.0.4430.85 Safari/537.36"
69.197.149.50 - - [23/Mar/2026:16:27:35 +0330] "GET /wp-includes/admin.php HTTP/1.1" 200 0 "https://news.mantaraham.ir/wp-includes/admin.php" "Mozilla/5.0 (Windows NT 10.0; Win64; x64) AppleWebKit/537.36 (KHTML, like Gecko) Chrome/58.0.3029.110 Safari/537.3"
69.197.149.50 - - [23/Mar/2026:16:28:50 +0330] "GET /wp-includes/admin.php HTTP/1.1" 200 0 "https://news.mantaraham.ir/wp-includes/admin.php" "Mozilla/5.0 (Windows NT 10.0; Win64; x64) AppleWebKit/537.36 (KHTML, like Gecko) Chrome/58.0.3029.110 Safari/537.3"
142.93.208.146 - - [23/Mar/2026:16:29:07 +0330] "POST /wp-includes/ID3/about.php HTTP/1.1" 200 4964 "binance.com" "Mozilla/5.0 (Windows NT 10.0; Win64; x64) AppleWebKit/537.36 (KHTML, like Gecko) Chrome/90.0.4430.85 Safari/537.36"
39.194.3.56 - - [23/Mar/2026:16:29:32 +0330] "GET /Akra.php HTTP/1.1" 200 0 "-" "Mozilla/5.0 (Windows NT 10.0; Win64; x64; rv:120.0) Gecko/20100101 Firefox/120.0"
69.197.149.50 - - [23/Mar/2026:16:29:43 +0330] "GET /wp-includes/admin.php HTTP/1.1" 200 0 "https://news.mantaraham.ir/wp-includes/admin.php" "Mozilla/5.0 (Windows NT 10.0; Win64; x64) AppleWebKit/537.36 (KHTML, like Gecko) Chrome/58.0.3029.110 Safari/537.3"
69.197.149.50 - - [23/Mar/2026:16:30:03 +0330] "GET /wp-includes/admin.php HTTP/1.1" 200 0 "https://news.mantaraham.ir/wp-includes/admin.php" "Mozilla/5.0 (Windows NT 10.0; Win64; x64) AppleWebKit/537.36 (KHTML, like Gecko) Chrome/58.0.3029.110 Safari/537.3"
69.197.149.50 - - [23/Mar/2026:16:25:16 +0330] "GET /wp-includes/admin.php HTTP/1.1" 200 0 "https://news.mantaraham.ir/wp-includes/admin.php" "Mozilla/5.0 (Windows NT 10.0; Win64; x64) AppleWebKit/537.36 (KHTML, like Gecko) Chrome/58.0.3029.110 Safari/537.3"
142.93.208.146 - - [23/Mar/2026:16:25:29 +0330] "GET /wp-admin/js/widgets/about.php HTTP/1.1" 200 25134 "-" "Mozilla/5.0 (Windows NT 10.0; Win64; x64) AppleWebKit/537.36 (KHTML, like Gecko) Chrome/90.0.4430.85 Safari/537.36"
69.197.149.50 - - [23/Mar/2026:16:25:43 +0330] "GET /wp-includes/admin.php HTTP/1.1" 200 0 "https://news.mantaraham.ir/wp-includes/admin.php" "Mozilla/5.0 (Windows NT 10.0; Win64; x64) AppleWebKit/537.36 (KHTML, like Gecko) Chrome/58.0.3029.110 Safari/537.3"
69.197.149.50 - - [23/Mar/2026:16:25:51 +0330] "GET /wp-includes/admin.php HTTP/1.1" 200 0 "https://news.mantaraham.ir/wp-includes/admin.php" "Mozilla/5.0 (Windows NT 10.0; Win64; x64) AppleWebKit/537.36 (KHTML, like Gecko) Chrome/58.0.3029.110 Safari/537.3"
69.197.149.50 - - [23/Mar/2026:16:25:53 +0330] "GET /wp-includes/admin.php HTTP/1.1" 200 0 "https://news.mantaraham.ir/wp-includes/admin.php" "Mozilla/5.0 (Windows NT 10.0; Win64; x64) AppleWebKit/537.36 (KHTML, like Gecko) Chrome/58.0.3029.110 Safari/537.3"
142.93.208.146 - - [23/Mar/2026:16:26:07 +0330] "POST /wp-admin/js/widgets/wp-login.php HTTP/1.1" 200 5004 "binance.com" "Mozilla/5.0 (Windows NT 10.0; Win64; x64) AppleWebKit/537.36 (KHTML, like Gecko) Chrome/90.0.4430.85 Safari/537.36"
69.197.149.50 - - [23/Mar/2026:16:26:15 +0330] "GET /wp-includes/admin.php HTTP/1.1" 200 0 "https://news.mantaraham.ir/wp-includes/admin.php" "Mozilla/5.0 (Windows NT 10.0; Win64; x64) AppleWebKit/537.36 (KHTML, like Gecko) Chrome/58.0.3029.110 Safari/537.3"
69.197.149.50 - - [23/Mar/2026:16:27:07 +0330] "GET /wp-includes/admin.php HTTP/1.1" 200 0 "https://news.mantaraham.ir/wp-includes/admin.php" "Mozilla/5.0 (Windows NT 10.0; Win64; x64) AppleWebKit/537.36 (KHTML, like Gecko) Chrome/58.0.3029.110 Safari/537.3"
69.197.149.50 - - [23/Mar/2026:16:28:41 +0330] "GET /wp-includes/admin.php HTTP/1.1" 200 0 "https://news.mantaraham.ir/wp-includes/admin.php" "Mozilla/5.0 (Windows NT 10.0; Win64; x64) AppleWebKit/537.36 (KHTML, like Gecko) Chrome/58.0.3029.110 Safari/537.3"
69.197.149.50 - - [23/Mar/2026:16:28:54 +0330] "GET /wp-includes/admin.php HTTP/1.1" 200 0 "https://news.mantaraham.ir/wp-includes/admin.php" "Mozilla/5.0 (Windows NT 10.0; Win64; x64) AppleWebKit/537.36 (KHTML, like Gecko) Chrome/58.0.3029.110 Safari/537.3"
69.197.149.50 - - [23/Mar/2026:16:29:15 +0330] "GET /wp-includes/admin.php HTTP/1.1" 200 0 "https://news.mantaraham.ir/wp-includes/admin.php" "Mozilla/5.0 (Windows NT 10.0; Win64; x64) AppleWebKit/537.36 (KHTML, like Gecko) Chrome/58.0.3029.110 Safari/537.3"
142.93.208.146 - - [23/Mar/2026:16:29:18 +0330] "GET /wp-includes/ID3/aeehtmdgwc.php HTTP/1.1" 200 0 "binance.com" "Mozilla/5.0 (Windows NT 10.0; Win64; x64) AppleWebKit/537.36 (KHTML, like Gecko) Chrome/90.0.4430.85 Safari/537.36"
69.197.149.50 - - [23/Mar/2026:16:29:31 +0330] "GET /wp-includes/admin.php HTTP/1.1" 200 0 "https://news.mantaraham.ir/wp-includes/admin.php" "Mozilla/5.0 (Windows NT 10.0; Win64; x64) AppleWebKit/537.36 (KHTML, like Gecko) Chrome/58.0.3029.110 Safari/537.3"
142.93.208.146 - - [23/Mar/2026:16:29:59 +0330] "GET /wp-includes/ID3/about.php HTTP/1.1" 200 22476 "-" "Mozilla/5.0 (Windows NT 10.0; Win64; x64) AppleWebKit/537.36 (KHTML, like Gecko) Chrome/90.0.4430.85 Safari/537.36"
69.197.149.50 - - [23/Mar/2026:16:30:29 +0330] "GET /wp-includes/admin.php HTTP/1.1" 200 0 "https://news.mantaraham.ir/wp-includes/admin.php" "Mozilla/5.0 (Windows NT 10.0; Win64; x64) AppleWebKit/537.36 (KHTML, like Gecko) Chrome/58.0.3029.110 Safari/537.3"
142.93.208.146 - - [23/Mar/2026:16:30:41 +0330] "POST /wp-includes/ID3/wp-login.php HTTP/1.1" 200 4960 "binance.com" "Mozilla/5.0 (Windows NT 10.0; Win64; x64) AppleWebKit/537.36 (KHTML, like Gecko) Chrome/90.0.4430.85 Safari/537.36"
142.93.208.146 - - [23/Mar/2026:16:30:56 +0330] "GET /wp-includes/ID3/ezemkewpje.php HTTP/1.1" 200 0 "binance.com" "Mozilla/5.0 (Windows NT 10.0; Win64; x64) AppleWebKit/537.36 (KHTML, like Gecko) Chrome/90.0.4430.85 Safari/537.36"
69.197.149.50 - - [23/Mar/2026:16:31:09 +0330] "GET /wp-includes/admin.php HTTP/1.1" 200 0 "https://news.mantaraham.ir/wp-includes/admin.php" "Mozilla/5.0 (Windows NT 10.0; Win64; x64) AppleWebKit/537.36 (KHTML, like Gecko) Chrome/58.0.3029.110 Safari/537.3"
69.197.149.50 - - [23/Mar/2026:16:31:19 +0330] "GET /wp-includes/admin.php HTTP/1.1" 200 0 "https://news.mantaraham.ir/wp-includes/admin.php" "Mozilla/5.0 (Windows NT 10.0; Win64; x64) AppleWebKit/537.36 (KHTML, like Gecko) Chrome/58.0.3029.110 Safari/537.3"
69.197.149.50 - - [23/Mar/2026:16:31:43 +0330] "GET /wp-includes/admin.php HTTP/1.1" 200 0 "https://news.mantaraham.ir/wp-includes/admin.php" "Mozilla/5.0 (Windows NT 10.0; Win64; x64) AppleWebKit/537.36 (KHTML, like Gecko) Chrome/58.0.3029.110 Safari/537.3"
103.148.210.109 - - [23/Mar/2026:16:31:48 +0330] "GET /wp-content/languages/wp-login.php HTTP/2" 200 5056 "-" "Mozilla/5.0 (Windows NT 10.0; Win64; x64) AppleWebKit/537.36 (KHTML, like Gecko) Chrome/146.0.0.0 Safari/537.36"
103.148.210.109 - - [23/Mar/2026:16:31:48 +0330] "GET /wp-admin/css/colors/midnight/about.php HTTP/2" 200 3810 "-" "Mozilla/5.0 (Windows NT 10.0; Win64; x64) AppleWebKit/537.36 (KHTML, like Gecko) Chrome/146.0.0.0 Safari/537.36"
103.148.210.109 - - [23/Mar/2026:16:31:48 +0330] "GET /wp-admin/js/wp-login.php HTTP/2" 200 7954 "-" "Mozilla/5.0 (Windows NT 10.0; Win64; x64) AppleWebKit/537.36 (KHTML, like Gecko) Chrome/146.0.0.0 Safari/537.36"
103.148.210.109 - - [23/Mar/2026:16:31:48 +0330] "GET /wp-admin/network/wp-login.php HTTP/2" 200 4359 "-" "Mozilla/5.0 (Windows NT 10.0; Win64; x64) AppleWebKit/537.36 (KHTML, like Gecko) Chrome/146.0.0.0 Safari/537.36"
103.148.210.109 - - [23/Mar/2026:16:31:48 +0330] "GET /wp-admin/css/about.php HTTP/2" 200 8468 "-" "Mozilla/5.0 (Windows NT 10.0; Win64; x64) AppleWebKit/537.36 (KHTML, like Gecko) Chrome/146.0.0.0 Safari/537.36"
103.148.210.109 - - [23/Mar/2026:16:31:48 +0330] "GET /wp-admin/css/colors/light/wp-login.php HTTP/2" 200 3916 "-" "Mozilla/5.0 (Windows NT 10.0; Win64; x64) AppleWebKit/537.36 (KHTML, like Gecko) Chrome/146.0.0.0 Safari/537.36"
103.148.210.109 - - [23/Mar/2026:16:31:48 +0330] "GET /wp-content/upgrade/about.php HTTP/2" 200 3606 "-" "Mozilla/5.0 (Windows NT 10.0; Win64; x64) AppleWebKit/537.36 (KHTML, like Gecko) Chrome/146.0.0.0 Safari/537.36"
103.148.210.109 - - [23/Mar/2026:16:31:48 +0330] "GET /wp-admin/css/colors/midnight/wp-login.php HTTP/2" 200 3810 "-" "Mozilla/5.0 (Windows NT 10.0; Win64; x64) AppleWebKit/537.36 (KHTML, like Gecko) Chrome/146.0.0.0 Safari/537.36"
103.148.210.109 - - [23/Mar/2026:16:31:48 +0330] "GET /wp-admin/js/widgets/wp-login.php HTTP/2" 200 4287 "-" "Mozilla/5.0 (Windows NT 10.0; Win64; x64) AppleWebKit/537.36 (KHTML, like Gecko) Chrome/146.0.0.0 Safari/537.36"
103.148.210.109 - - [23/Mar/2026:16:31:48 +0330] "GET /wp-content/languages/about.php HTTP/2" 200 5056 "-" "Mozilla/5.0 (Windows NT 10.0; Win64; x64) AppleWebKit/537.36 (KHTML, like Gecko) Chrome/146.0.0.0 Safari/537.36"
103.148.210.109 - - [23/Mar/2026:16:31:48 +0330] "GET /wp-admin/css/wp-login.php HTTP/2" 200 8240 "-" "Mozilla/5.0 (Windows NT 10.0; Win64; x64) AppleWebKit/537.36 (KHTML, like Gecko) Chrome/146.0.0.0 Safari/537.36"
103.148.210.109 - - [23/Mar/2026:16:31:48 +0330] "GET /wp-admin/includes/wp-login.php HTTP/2" 200 6284 "-" "Mozilla/5.0 (Windows NT 10.0; Win64; x64) AppleWebKit/537.36 (KHTML, like Gecko) Chrome/146.0.0.0 Safari/537.36"
103.148.210.109 - - [23/Mar/2026:16:31:48 +0330] "GET /wp-admin/js/widgets/about.php HTTP/2" 200 4287 "-" "Mozilla/5.0 (Windows NT 10.0; Win64; x64) AppleWebKit/537.36 (KHTML, like Gecko) Chrome/146.0.0.0 Safari/537.36"
103.148.210.109 - - [23/Mar/2026:16:31:48 +0330] "GET /wp-admin/css/colors/blue/about.php HTTP/2" 200 3804 "-" "Mozilla/5.0 (Windows NT 10.0; Win64; x64) AppleWebKit/537.36 (KHTML, like Gecko) Chrome/146.0.0.0 Safari/537.36"
103.148.210.109 - - [23/Mar/2026:16:31:48 +0330] "GET /wp-admin/css/colors/about.php HTTP/2" 200 4032 "-" "Mozilla/5.0 (Windows NT 10.0; Win64; x64) AppleWebKit/537.36 (KHTML, like Gecko) Chrome/146.0.0.0 Safari/537.36"
103.148.210.109 - - [23/Mar/2026:16:31:48 +0330] "GET /wp-admin/css/colors/light/about.php HTTP/2" 200 3915 "-" "Mozilla/5.0 (Windows NT 10.0; Win64; x64) AppleWebKit/537.36 (KHTML, like Gecko) Chrome/146.0.0.0 Safari/537.36"
103.148.210.109 - - [23/Mar/2026:16:31:48 +0330] "GET /wp-includes/ID3/about.php HTTP/2" 200 4255 "-" "Mozilla/5.0 (Windows NT 10.0; Win64; x64) AppleWebKit/537.36 (KHTML, like Gecko) Chrome/146.0.0.0 Safari/537.36"
103.148.210.109 - - [23/Mar/2026:16:31:48 +0330] "GET /wp-admin/css/colors/coffee/about.php HTTP/2" 200 3868 "-" "Mozilla/5.0 (Windows NT 10.0; Win64; x64) AppleWebKit/537.36 (KHTML, like Gecko) Chrome/146.0.0.0 Safari/537.36"
103.148.210.109 - - [23/Mar/2026:16:31:48 +0330] "GET /wp-admin/css/colors/blue/wp-login.php HTTP/2" 200 3793 "-" "Mozilla/5.0 (Windows NT 10.0; Win64; x64) AppleWebKit/537.36 (KHTML, like Gecko) Chrome/146.0.0.0 Safari/537.36"
103.148.210.109 - - [23/Mar/2026:16:31:48 +0330] "GET /wp-admin/css/colors/ectoplasm/wp-login.php HTTP/2" 200 3886 "-" "Mozilla/5.0 (Windows NT 10.0; Win64; x64) AppleWebKit/537.36 (KHTML, like Gecko) Chrome/146.0.0.0 Safari/537.36"
103.148.210.109 - - [23/Mar/2026:16:31:48 +0330] "GET /wp-admin/css/colors/coffee/wp-login.php HTTP/2" 200 3868 "-" "Mozilla/5.0 (Windows NT 10.0; Win64; x64) AppleWebKit/537.36 (KHTML, like Gecko) Chrome/146.0.0.0 Safari/537.36"
103.148.210.109 - - [23/Mar/2026:16:31:48 +0330] "GET /wp-content/upgrade/wp-login.php HTTP/2" 200 3773 "-" "Mozilla/5.0 (Windows NT 10.0; Win64; x64) AppleWebKit/537.36 (KHTML, like Gecko) Chrome/146.0.0.0 Safari/537.36"
103.148.210.109 - - [23/Mar/2026:16:31:48 +0330] "GET /wp-admin/css/colors/ectoplasm/about.php HTTP/2" 200 3886 "-" "Mozilla/5.0 (Windows NT 10.0; Win64; x64) AppleWebKit/537.36 (KHTML, like Gecko) Chrome/146.0.0.0 Safari/537.36"
69.197.149.50 - - [23/Mar/2026:16:32:19 +0330] "GET /wp-includes/admin.php HTTP/1.1" 200 0 "https://news.mantaraham.ir/wp-includes/admin.php" "Mozilla/5.0 (Windows NT 10.0; Win64; x64) AppleWebKit/537.36 (KHTML, like Gecko) Chrome/58.0.3029.110 Safari/537.3"
142.93.208.146 - - [23/Mar/2026:16:32:52 +0330] "GET /wp-includes/IXR/vqspuvclcf.php HTTP/1.1" 200 0 "binance.com" "Mozilla/5.0 (Windows NT 10.0; Win64; x64) AppleWebKit/537.36 (KHTML, like Gecko) Chrome/90.0.4430.85 Safari/537.36"
69.197.149.50 - - [23/Mar/2026:16:33:16 +0330] "GET /wp-includes/admin.php HTTP/1.1" 200 0 "https://news.mantaraham.ir/wp-includes/admin.php" "Mozilla/5.0 (Windows NT 10.0; Win64; x64) AppleWebKit/537.36 (KHTML, like Gecko) Chrome/58.0.3029.110 Safari/537.3"
142.93.208.146 - - [23/Mar/2026:16:33:33 +0330] "GET /wp-includes/IXR/about.php HTTP/1.1" 200 18861 "-" "Mozilla/5.0 (Windows NT 10.0; Win64; x64) AppleWebKit/537.36 (KHTML, like Gecko) Chrome/90.0.4430.85 Safari/537.36"
69.197.149.50 - - [23/Mar/2026:16:33:42 +0330] "GET /wp-includes/admin.php HTTP/1.1" 200 0 "https://news.mantaraham.ir/wp-includes/admin.php" "Mozilla/5.0 (Windows NT 10.0; Win64; x64) AppleWebKit/537.36 (KHTML, like Gecko) Chrome/58.0.3029.110 Safari/537.3"
69.197.149.50 - - [23/Mar/2026:16:34:32 +0330] "GET /wp-includes/admin.php HTTP/1.1" 200 0 "https://news.mantaraham.ir/wp-includes/admin.php" "Mozilla/5.0 (Windows NT 10.0; Win64; x64) AppleWebKit/537.36 (KHTML, like Gecko) Chrome/58.0.3029.110 Safari/537.3"
142.93.208.146 - - [23/Mar/2026:16:31:40 +0330] "GET /wp-includes/ID3/wp-login.php HTTP/1.1" 200 22476 "-" "Mozilla/5.0 (Windows NT 10.0; Win64; x64) AppleWebKit/537.36 (KHTML, like Gecko) Chrome/90.0.4430.85 Safari/537.36"
69.197.149.50 - - [23/Mar/2026:16:31:50 +0330] "GET /wp-includes/admin.php HTTP/1.1" 200 0 "https://news.mantaraham.ir/wp-includes/admin.php" "Mozilla/5.0 (Windows NT 10.0; Win64; x64) AppleWebKit/537.36 (KHTML, like Gecko) Chrome/58.0.3029.110 Safari/537.3"
69.197.149.50 - - [23/Mar/2026:16:32:05 +0330] "GET /wp-includes/admin.php HTTP/1.1" 200 0 "https://news.mantaraham.ir/wp-includes/admin.php" "Mozilla/5.0 (Windows NT 10.0; Win64; x64) AppleWebKit/537.36 (KHTML, like Gecko) Chrome/58.0.3029.110 Safari/537.3"
103.148.210.109 - - [23/Mar/2026:16:32:15 +0330] "POST /wp-content/languages/about.php HTTP/2" 200 5056 "https://news.mantaraham.ir/wp-content/languages/about.php" "Mozilla/5.0 (Windows NT 10.0; Win64; x64) AppleWebKit/537.36 (KHTML, like Gecko) Chrome/146.0.0.0 Safari/537.36"
142.93.208.146 - - [23/Mar/2026:16:32:32 +0330] "POST /wp-includes/IXR/about.php HTTP/1.1" 200 4606 "binance.com" "Mozilla/5.0 (Windows NT 10.0; Win64; x64) AppleWebKit/537.36 (KHTML, like Gecko) Chrome/90.0.4430.85 Safari/537.36"
69.197.149.50 - - [23/Mar/2026:16:33:01 +0330] "GET /wp-includes/admin.php HTTP/1.1" 200 0 "https://news.mantaraham.ir/wp-includes/admin.php" "Mozilla/5.0 (Windows NT 10.0; Win64; x64) AppleWebKit/537.36 (KHTML, like Gecko) Chrome/58.0.3029.110 Safari/537.3"
69.197.149.50 - - [23/Mar/2026:16:34:14 +0330] "GET /wp-includes/admin.php HTTP/1.1" 200 0 "https://news.mantaraham.ir/wp-includes/admin.php" "Mozilla/5.0 (Windows NT 10.0; Win64; x64) AppleWebKit/537.36 (KHTML, like Gecko) Chrome/58.0.3029.110 Safari/537.3"
69.197.149.50 - - [23/Mar/2026:16:34:30 +0330] "GET /wp-includes/admin.php HTTP/1.1" 200 0 "https://news.mantaraham.ir/wp-includes/admin.php" "Mozilla/5.0 (Windows NT 10.0; Win64; x64) AppleWebKit/537.36 (KHTML, like Gecko) Chrome/58.0.3029.110 Safari/537.3"
142.93.208.146 - - [23/Mar/2026:16:34:59 +0330] "GET /wp-includes/IXR/nsnqycleea.php HTTP/1.1" 200 0 "binance.com" "Mozilla/5.0 (Windows NT 10.0; Win64; x64) AppleWebKit/537.36 (KHTML, like Gecko) Chrome/90.0.4430.85 Safari/537.36"
142.93.208.146 - - [23/Mar/2026:16:35:46 +0330] "GET /wp-includes/IXR/wp-login.php HTTP/1.1" 200 18861 "-" "Mozilla/5.0 (Windows NT 10.0; Win64; x64) AppleWebKit/537.36 (KHTML, like Gecko) Chrome/90.0.4430.85 Safari/537.36"
69.197.149.50 - - [23/Mar/2026:16:35:51 +0330] "GET /wp-includes/admin.php HTTP/1.1" 200 0 "https://news.mantaraham.ir/wp-includes/admin.php" "Mozilla/5.0 (Windows NT 10.0; Win64; x64) AppleWebKit/537.36 (KHTML, like Gecko) Chrome/58.0.3029.110 Safari/537.3"
69.197.149.50 - - [23/Mar/2026:16:36:22 +0330] "GET /wp-includes/admin.php HTTP/1.1" 200 0 "https://news.mantaraham.ir/wp-includes/admin.php" "Mozilla/5.0 (Windows NT 10.0; Win64; x64) AppleWebKit/537.36 (KHTML, like Gecko) Chrome/58.0.3029.110 Safari/537.3"
69.197.149.50 - - [23/Mar/2026:16:36:50 +0330] "GET /wp-includes/admin.php HTTP/1.1" 200 0 "https://news.mantaraham.ir/wp-includes/admin.php" "Mozilla/5.0 (Windows NT 10.0; Win64; x64) AppleWebKit/537.36 (KHTML, like Gecko) Chrome/58.0.3029.110 Safari/537.3"
69.197.149.50 - - [23/Mar/2026:16:37:05 +0330] "GET /wp-includes/admin.php HTTP/1.1" 200 0 "https://news.mantaraham.ir/wp-includes/admin.php" "Mozilla/5.0 (Windows NT 10.0; Win64; x64) AppleWebKit/537.36 (KHTML, like Gecko) Chrome/58.0.3029.110 Safari/537.3"
69.197.149.50 - - [23/Mar/2026:16:37:30 +0330] "GET /wp-includes/admin.php HTTP/1.1" 200 0 "https://news.mantaraham.ir/wp-includes/admin.php" "Mozilla/5.0 (Windows NT 10.0; Win64; x64) AppleWebKit/537.36 (KHTML, like Gecko) Chrome/58.0.3029.110 Safari/537.3"
142.93.208.146 - - [23/Mar/2026:16:38:18 +0330] "GET /wp-includes/Text/Diff/about.php HTTP/1.1" 200 16679 "-" "Mozilla/5.0 (Windows NT 10.0; Win64; x64) AppleWebKit/537.36 (KHTML, like Gecko) Chrome/90.0.4430.85 Safari/537.36"
142.93.208.146 - - [23/Mar/2026:16:34:48 +0330] "POST /wp-includes/IXR/wp-login.php HTTP/1.1" 200 4606 "binance.com" "Mozilla/5.0 (Windows NT 10.0; Win64; x64) AppleWebKit/537.36 (KHTML, like Gecko) Chrome/90.0.4430.85 Safari/537.36"
69.197.149.50 - - [23/Mar/2026:16:34:51 +0330] "GET /wp-includes/admin.php HTTP/1.1" 200 0 "https://news.mantaraham.ir/wp-includes/admin.php" "Mozilla/5.0 (Windows NT 10.0; Win64; x64) AppleWebKit/537.36 (KHTML, like Gecko) Chrome/58.0.3029.110 Safari/537.3"
69.197.149.50 - - [23/Mar/2026:16:35:14 +0330] "GET /wp-includes/admin.php HTTP/1.1" 200 0 "https://news.mantaraham.ir/wp-includes/admin.php" "Mozilla/5.0 (Windows NT 10.0; Win64; x64) AppleWebKit/537.36 (KHTML, like Gecko) Chrome/58.0.3029.110 Safari/537.3"
69.197.149.50 - - [23/Mar/2026:16:35:28 +0330] "GET /wp-includes/admin.php HTTP/1.1" 200 0 "https://news.mantaraham.ir/wp-includes/admin.php" "Mozilla/5.0 (Windows NT 10.0; Win64; x64) AppleWebKit/537.36 (KHTML, like Gecko) Chrome/58.0.3029.110 Safari/537.3"
69.197.149.50 - - [23/Mar/2026:16:37:10 +0330] "GET /wp-includes/admin.php HTTP/1.1" 200 0 "https://news.mantaraham.ir/wp-includes/admin.php" "Mozilla/5.0 (Windows NT 10.0; Win64; x64) AppleWebKit/537.36 (KHTML, like Gecko) Chrome/58.0.3029.110 Safari/537.3"
142.93.208.146 - - [23/Mar/2026:16:37:25 +0330] "POST /wp-includes/Text/Diff/about.php HTTP/1.1" 200 4299 "binance.com" "Mozilla/5.0 (Windows NT 10.0; Win64; x64) AppleWebKit/537.36 (KHTML, like Gecko) Chrome/90.0.4430.85 Safari/537.36"
142.93.208.146 - - [23/Mar/2026:16:37:37 +0330] "GET /wp-includes/Text/Diff/dvevruurgd.php HTTP/1.1" 200 0 "binance.com" "Mozilla/5.0 (Windows NT 10.0; Win64; x64) AppleWebKit/537.36 (KHTML, like Gecko) Chrome/90.0.4430.85 Safari/537.36"
69.197.149.50 - - [23/Mar/2026:16:37:54 +0330] "GET /wp-includes/admin.php HTTP/1.1" 200 0 "https://news.mantaraham.ir/wp-includes/admin.php" "Mozilla/5.0 (Windows NT 10.0; Win64; x64) AppleWebKit/537.36 (KHTML, like Gecko) Chrome/58.0.3029.110 Safari/537.3"
39.194.3.56 - - [23/Mar/2026:16:37:58 +0330] "GET /Cgi1.php HTTP/1.1" 200 0 "-" "Mozilla/5.0 (Windows NT 10.0; Win64; x64; rv:120.0) Gecko/20100101 Firefox/120.0"
69.197.149.50 - - [23/Mar/2026:16:38:04 +0330] "GET /wp-includes/admin.php HTTP/1.1" 200 0 "https://news.mantaraham.ir/wp-includes/admin.php" "Mozilla/5.0 (Windows NT 10.0; Win64; x64) AppleWebKit/537.36 (KHTML, like Gecko) Chrome/58.0.3029.110 Safari/537.3"
69.197.149.50 - - [23/Mar/2026:16:38:24 +0330] "GET /wp-includes/admin.php HTTP/1.1" 200 0 "https://news.mantaraham.ir/wp-includes/admin.php" "Mozilla/5.0 (Windows NT 10.0; Win64; x64) AppleWebKit/537.36 (KHTML, like Gecko) Chrome/58.0.3029.110 Safari/537.3"
69.197.149.50 - - [23/Mar/2026:16:38:39 +0330] "GET /wp-includes/admin.php HTTP/1.1" 200 0 "https://news.mantaraham.ir/wp-includes/admin.php" "Mozilla/5.0 (Windows NT 10.0; Win64; x64) AppleWebKit/537.36 (KHTML, like Gecko) Chrome/58.0.3029.110 Safari/537.3"
69.197.149.50 - - [23/Mar/2026:16:38:49 +0330] "GET /wp-includes/admin.php HTTP/1.1" 200 0 "https://news.mantaraham.ir/wp-includes/admin.php" "Mozilla/5.0 (Windows NT 10.0; Win64; x64) AppleWebKit/537.36 (KHTML, like Gecko) Chrome/58.0.3029.110 Safari/537.3"
69.197.149.50 - - [23/Mar/2026:16:38:52 +0330] "GET /wp-includes/admin.php HTTP/1.1" 200 0 "https://news.mantaraham.ir/wp-includes/admin.php" "Mozilla/5.0 (Windows NT 10.0; Win64; x64) AppleWebKit/537.36 (KHTML, like Gecko) Chrome/58.0.3029.110 Safari/537.3"
142.93.208.146 - - [23/Mar/2026:16:39:07 +0330] "POST /wp-includes/Text/Diff/wp-login.php HTTP/1.1" 200 4300 "binance.com" "Mozilla/5.0 (Windows NT 10.0; Win64; x64) AppleWebKit/537.36 (KHTML, like Gecko) Chrome/90.0.4430.85 Safari/537.36"
142.93.208.146 - - [23/Mar/2026:16:39:19 +0330] "GET /wp-includes/Text/Diff/vlrihbomly.php HTTP/1.1" 200 0 "binance.com" "Mozilla/5.0 (Windows NT 10.0; Win64; x64) AppleWebKit/537.36 (KHTML, like Gecko) Chrome/90.0.4430.85 Safari/537.36"
69.197.149.50 - - [23/Mar/2026:16:39:30 +0330] "GET /wp-includes/admin.php HTTP/1.1" 200 0 "https://news.mantaraham.ir/wp-includes/admin.php" "Mozilla/5.0 (Windows NT 10.0; Win64; x64) AppleWebKit/537.36 (KHTML, like Gecko) Chrome/58.0.3029.110 Safari/537.3"
142.93.208.146 - - [23/Mar/2026:16:40:56 +0330] "GET /wp-includes/Text/Diff/Engine/idsllcvfuc.php HTTP/1.1" 200 0 "binance.com" "Mozilla/5.0 (Windows NT 10.0; Win64; x64) AppleWebKit/537.36 (KHTML, like Gecko) Chrome/90.0.4430.85 Safari/537.36"
69.197.149.50 - - [23/Mar/2026:16:41:17 +0330] "GET /wp-includes/admin.php HTTP/1.1" 200 0 "https://news.mantaraham.ir/wp-includes/admin.php" "Mozilla/5.0 (Windows NT 10.0; Win64; x64) AppleWebKit/537.36 (KHTML, like Gecko) Chrome/58.0.3029.110 Safari/537.3"
142.93.208.146 - - [23/Mar/2026:16:41:39 +0330] "GET /wp-includes/Text/Diff/Engine/about.php HTTP/1.1" 200 17050 "-" "Mozilla/5.0 (Windows NT 10.0; Win64; x64) AppleWebKit/537.36 (KHTML, like Gecko) Chrome/90.0.4430.85 Safari/537.36"
69.197.149.50 - - [23/Mar/2026:16:41:42 +0330] "GET /wp-includes/admin.php HTTP/1.1" 200 0 "https://news.mantaraham.ir/wp-includes/admin.php" "Mozilla/5.0 (Windows NT 10.0; Win64; x64) AppleWebKit/537.36 (KHTML, like Gecko) Chrome/58.0.3029.110 Safari/537.3"
142.93.208.146 - - [23/Mar/2026:16:42:26 +0330] "POST /wp-includes/Text/Diff/Engine/wp-login.php HTTP/1.1" 200 4373 "binance.com" "Mozilla/5.0 (Windows NT 10.0; Win64; x64) AppleWebKit/537.36 (KHTML, like Gecko) Chrome/90.0.4430.85 Safari/537.36"
69.197.149.50 - - [23/Mar/2026:16:42:31 +0330] "GET /wp-includes/admin.php HTTP/1.1" 200 0 "https://news.mantaraham.ir/wp-includes/admin.php" "Mozilla/5.0 (Windows NT 10.0; Win64; x64) AppleWebKit/537.36 (KHTML, like Gecko) Chrome/58.0.3029.110 Safari/537.3"
69.197.149.50 - - [23/Mar/2026:16:42:45 +0330] "GET /wp-includes/admin.php HTTP/1.1" 200 0 "https://news.mantaraham.ir/wp-includes/admin.php" "Mozilla/5.0 (Windows NT 10.0; Win64; x64) AppleWebKit/537.36 (KHTML, like Gecko) Chrome/58.0.3029.110 Safari/537.3"
69.197.149.50 - - [23/Mar/2026:16:42:58 +0330] "GET /wp-includes/admin.php HTTP/1.1" 200 0 "https://news.mantaraham.ir/wp-includes/admin.php" "Mozilla/5.0 (Windows NT 10.0; Win64; x64) AppleWebKit/537.36 (KHTML, like Gecko) Chrome/58.0.3029.110 Safari/537.3"
142.93.208.146 - - [23/Mar/2026:16:43:10 +0330] "GET /wp-includes/Text/Diff/Engine/wp-login.php HTTP/1.1" 200 17050 "-" "Mozilla/5.0 (Windows NT 10.0; Win64; x64) AppleWebKit/537.36 (KHTML, like Gecko) Chrome/90.0.4430.85 Safari/537.36"
69.197.149.50 - - [23/Mar/2026:16:43:13 +0330] "GET /wp-includes/admin.php HTTP/1.1" 200 0 "https://news.mantaraham.ir/wp-includes/admin.php" "Mozilla/5.0 (Windows NT 10.0; Win64; x64) AppleWebKit/537.36 (KHTML, like Gecko) Chrome/58.0.3029.110 Safari/537.3"
69.197.149.50 - - [23/Mar/2026:16:43:41 +0330] "GET /wp-includes/admin.php HTTP/1.1" 200 0 "https://news.mantaraham.ir/wp-includes/admin.php" "Mozilla/5.0 (Windows NT 10.0; Win64; x64) AppleWebKit/537.36 (KHTML, like Gecko) Chrome/58.0.3029.110 Safari/537.3"
69.197.149.50 - - [23/Mar/2026:16:44:30 +0330] "GET /wp-includes/admin.php HTTP/1.1" 200 0 "https://news.mantaraham.ir/wp-includes/admin.php" "Mozilla/5.0 (Windows NT 10.0; Win64; x64) AppleWebKit/537.36 (KHTML, like Gecko) Chrome/58.0.3029.110 Safari/537.3"
69.197.149.50 - - [23/Mar/2026:16:44:37 +0330] "GET /wp-includes/admin.php HTTP/1.1" 200 0 "https://news.mantaraham.ir/wp-includes/admin.php" "Mozilla/5.0 (Windows NT 10.0; Win64; x64) AppleWebKit/537.36 (KHTML, like Gecko) Chrome/58.0.3029.110 Safari/537.3"
69.197.149.50 - - [23/Mar/2026:16:39:12 +0330] "GET /wp-includes/admin.php HTTP/1.1" 200 0 "https://news.mantaraham.ir/wp-includes/admin.php" "Mozilla/5.0 (Windows NT 10.0; Win64; x64) AppleWebKit/537.36 (KHTML, like Gecko) Chrome/58.0.3029.110 Safari/537.3"
142.93.208.146 - - [23/Mar/2026:16:39:52 +0330] "GET /wp-includes/Text/Diff/wp-login.php HTTP/1.1" 200 16679 "-" "Mozilla/5.0 (Windows NT 10.0; Win64; x64) AppleWebKit/537.36 (KHTML, like Gecko) Chrome/90.0.4430.85 Safari/537.36"
69.197.149.50 - - [23/Mar/2026:16:39:56 +0330] "GET /wp-includes/admin.php HTTP/1.1" 200 0 "https://news.mantaraham.ir/wp-includes/admin.php" "Mozilla/5.0 (Windows NT 10.0; Win64; x64) AppleWebKit/537.36 (KHTML, like Gecko) Chrome/58.0.3029.110 Safari/537.3"
69.197.149.50 - - [23/Mar/2026:16:40:24 +0330] "GET /wp-includes/admin.php HTTP/1.1" 200 0 "https://news.mantaraham.ir/wp-includes/admin.php" "Mozilla/5.0 (Windows NT 10.0; Win64; x64) AppleWebKit/537.36 (KHTML, like Gecko) Chrome/58.0.3029.110 Safari/537.3"
69.197.149.50 - - [23/Mar/2026:16:40:30 +0330] "GET /wp-includes/admin.php HTTP/1.1" 200 0 "https://news.mantaraham.ir/wp-includes/admin.php" "Mozilla/5.0 (Windows NT 10.0; Win64; x64) AppleWebKit/537.36 (KHTML, like Gecko) Chrome/58.0.3029.110 Safari/537.3"
142.93.208.146 - - [23/Mar/2026:16:40:44 +0330] "POST /wp-includes/Text/Diff/Engine/about.php HTTP/1.1" 200 4373 "binance.com" "Mozilla/5.0 (Windows NT 10.0; Win64; x64) AppleWebKit/537.36 (KHTML, like Gecko) Chrome/90.0.4430.85 Safari/537.36"
69.197.149.50 - - [23/Mar/2026:16:41:06 +0330] "GET /wp-includes/admin.php HTTP/1.1" 200 0 "https://news.mantaraham.ir/wp-includes/admin.php" "Mozilla/5.0 (Windows NT 10.0; Win64; x64) AppleWebKit/537.36 (KHTML, like Gecko) Chrome/58.0.3029.110 Safari/537.3"
69.197.149.50 - - [23/Mar/2026:16:42:01 +0330] "GET /wp-includes/admin.php HTTP/1.1" 200 0 "https://news.mantaraham.ir/wp-includes/admin.php" "Mozilla/5.0 (Windows NT 10.0; Win64; x64) AppleWebKit/537.36 (KHTML, like Gecko) Chrome/58.0.3029.110 Safari/537.3"
69.197.149.50 - - [23/Mar/2026:16:42:20 +0330] "GET /wp-includes/admin.php HTTP/1.1" 200 0 "https://news.mantaraham.ir/wp-includes/admin.php" "Mozilla/5.0 (Windows NT 10.0; Win64; x64) AppleWebKit/537.36 (KHTML, like Gecko) Chrome/58.0.3029.110 Safari/537.3"
142.93.208.146 - - [23/Mar/2026:16:42:34 +0330] "GET /wp-includes/Text/Diff/Engine/jhbaroxqgm.php HTTP/1.1" 200 0 "binance.com" "Mozilla/5.0 (Windows NT 10.0; Win64; x64) AppleWebKit/537.36 (KHTML, like Gecko) Chrome/90.0.4430.85 Safari/537.36"
69.197.149.50 - - [23/Mar/2026:16:43:58 +0330] "GET /wp-includes/admin.php HTTP/1.1" 200 0 "https://news.mantaraham.ir/wp-includes/admin.php" "Mozilla/5.0 (Windows NT 10.0; Win64; x64) AppleWebKit/537.36 (KHTML, like Gecko) Chrome/58.0.3029.110 Safari/537.3"
69.197.149.50 - - [23/Mar/2026:16:44:40 +0330] "GET /wp-includes/admin.php HTTP/1.1" 200 0 "https://news.mantaraham.ir/wp-includes/admin.php" "Mozilla/5.0 (Windows NT 10.0; Win64; x64) AppleWebKit/537.36 (KHTML, like Gecko) Chrome/58.0.3029.110 Safari/537.3"
69.197.149.50 - - [23/Mar/2026:16:44:59 +0330] "GET /wp-includes/admin.php HTTP/1.1" 200 0 "https://news.mantaraham.ir/wp-includes/admin.php" "Mozilla/5.0 (Windows NT 10.0; Win64; x64) AppleWebKit/537.36 (KHTML, like Gecko) Chrome/58.0.3029.110 Safari/537.3"
142.93.208.146 - - [23/Mar/2026:16:45:05 +0330] "GET /wp-includes/blocks/voeoegglqh.php HTTP/1.1" 200 0 "binance.com" "Mozilla/5.0 (Windows NT 10.0; Win64; x64) AppleWebKit/537.36 (KHTML, like Gecko) Chrome/90.0.4430.85 Safari/537.36"
69.197.149.50 - - [23/Mar/2026:16:46:13 +0330] "GET /wp-includes/admin.php HTTP/1.1" 200 0 "https://news.mantaraham.ir/wp-includes/admin.php" "Mozilla/5.0 (Windows NT 10.0; Win64; x64) AppleWebKit/537.36 (KHTML, like Gecko) Chrome/58.0.3029.110 Safari/537.3"
69.197.149.50 - - [23/Mar/2026:16:46:16 +0330] "GET /wp-includes/admin.php HTTP/1.1" 200 0 "https://news.mantaraham.ir/wp-includes/admin.php" "Mozilla/5.0 (Windows NT 10.0; Win64; x64) AppleWebKit/537.36 (KHTML, like Gecko) Chrome/58.0.3029.110 Safari/537.3"
39.194.3.56 - - [23/Mar/2026:16:46:19 +0330] "GET /I18n.php HTTP/1.1" 200 0 "-" "Mozilla/5.0 (Windows NT 10.0; Win64; x64; rv:120.0) Gecko/20100101 Firefox/120.0"
142.93.208.146 - - [23/Mar/2026:16:46:28 +0330] "POST /wp-includes/blocks/wp-login.php HTTP/1.1" 200 4653 "binance.com" "Mozilla/5.0 (Windows NT 10.0; Win64; x64) AppleWebKit/537.36 (KHTML, like Gecko) Chrome/90.0.4430.85 Safari/537.36"
69.197.149.50 - - [23/Mar/2026:16:46:32 +0330] "GET /wp-includes/admin.php HTTP/1.1" 200 0 "https://news.mantaraham.ir/wp-includes/admin.php" "Mozilla/5.0 (Windows NT 10.0; Win64; x64) AppleWebKit/537.36 (KHTML, like Gecko) Chrome/58.0.3029.110 Safari/537.3"
142.93.208.146 - - [23/Mar/2026:16:46:40 +0330] "GET /wp-includes/blocks/wczcpumgmi.php HTTP/1.1" 200 0 "binance.com" "Mozilla/5.0 (Windows NT 10.0; Win64; x64) AppleWebKit/537.36 (KHTML, like Gecko) Chrome/90.0.4430.85 Safari/537.36"
142.93.208.146 - - [23/Mar/2026:16:47:21 +0330] "GET /wp-includes/blocks/wp-login.php HTTP/1.1" 200 19928 "-" "Mozilla/5.0 (Windows NT 10.0; Win64; x64) AppleWebKit/537.36 (KHTML, like Gecko) Chrome/90.0.4430.85 Safari/537.36"
69.197.149.50 - - [23/Mar/2026:16:47:26 +0330] "GET /wp-includes/admin.php HTTP/1.1" 200 0 "https://news.mantaraham.ir/wp-includes/admin.php" "Mozilla/5.0 (Windows NT 10.0; Win64; x64) AppleWebKit/537.36 (KHTML, like Gecko) Chrome/58.0.3029.110 Safari/537.3"
142.93.208.146 - - [23/Mar/2026:16:44:55 +0330] "POST /wp-includes/blocks/about.php HTTP/1.1" 200 4653 "binance.com" "Mozilla/5.0 (Windows NT 10.0; Win64; x64) AppleWebKit/537.36 (KHTML, like Gecko) Chrome/90.0.4430.85 Safari/537.36"
69.197.149.50 - - [23/Mar/2026:16:45:18 +0330] "GET /wp-includes/admin.php HTTP/1.1" 200 0 "https://news.mantaraham.ir/wp-includes/admin.php" "Mozilla/5.0 (Windows NT 10.0; Win64; x64) AppleWebKit/537.36 (KHTML, like Gecko) Chrome/58.0.3029.110 Safari/537.3"
69.197.149.50 - - [23/Mar/2026:16:45:29 +0330] "GET /wp-includes/admin.php HTTP/1.1" 200 0 "https://news.mantaraham.ir/wp-includes/admin.php" "Mozilla/5.0 (Windows NT 10.0; Win64; x64) AppleWebKit/537.36 (KHTML, like Gecko) Chrome/58.0.3029.110 Safari/537.3"
142.93.208.146 - - [23/Mar/2026:16:45:40 +0330] "GET /wp-includes/blocks/about.php HTTP/1.1" 200 19928 "-" "Mozilla/5.0 (Windows NT 10.0; Win64; x64) AppleWebKit/537.36 (KHTML, like Gecko) Chrome/90.0.4430.85 Safari/537.36"
69.197.149.50 - - [23/Mar/2026:16:46:05 +0330] "GET /wp-includes/admin.php HTTP/1.1" 200 0 "https://news.mantaraham.ir/wp-includes/admin.php" "Mozilla/5.0 (Windows NT 10.0; Win64; x64) AppleWebKit/537.36 (KHTML, like Gecko) Chrome/58.0.3029.110 Safari/537.3"
69.197.149.50 - - [23/Mar/2026:16:46:50 +0330] "GET /wp-includes/admin.php HTTP/1.1" 200 0 "https://news.mantaraham.ir/wp-includes/admin.php" "Mozilla/5.0 (Windows NT 10.0; Win64; x64) AppleWebKit/537.36 (KHTML, like Gecko) Chrome/58.0.3029.110 Safari/537.3"
69.197.149.50 - - [23/Mar/2026:16:48:23 +0330] "GET /wp-includes/admin.php HTTP/1.1" 200 0 "https://news.mantaraham.ir/wp-includes/admin.php" "Mozilla/5.0 (Windows NT 10.0; Win64; x64) AppleWebKit/537.36 (KHTML, like Gecko) Chrome/58.0.3029.110 Safari/537.3"
69.197.149.50 - - [23/Mar/2026:16:48:38 +0330] "GET /wp-includes/admin.php HTTP/1.1" 200 0 "https://news.mantaraham.ir/wp-includes/admin.php" "Mozilla/5.0 (Windows NT 10.0; Win64; x64) AppleWebKit/537.36 (KHTML, like Gecko) Chrome/58.0.3029.110 Safari/537.3"
69.197.149.50 - - [23/Mar/2026:16:49:36 +0330] "GET /wp-includes/admin.php HTTP/1.1" 200 0 "https://news.mantaraham.ir/wp-includes/admin.php" "Mozilla/5.0 (Windows NT 10.0; Win64; x64) AppleWebKit/537.36 (KHTML, like Gecko) Chrome/58.0.3029.110 Safari/537.3"
69.197.149.50 - - [23/Mar/2026:16:49:48 +0330] "GET /wp-includes/admin.php HTTP/1.1" 200 0 "https://news.mantaraham.ir/wp-includes/admin.php" "Mozilla/5.0 (Windows NT 10.0; Win64; x64) AppleWebKit/537.36 (KHTML, like Gecko) Chrome/58.0.3029.110 Safari/537.3"
142.93.208.146 - - [23/Mar/2026:16:50:04 +0330] "POST /wp-includes/pomo/wp-login.php HTTP/1.1" 200 4561 "binance.com" "Mozilla/5.0 (Windows NT 10.0; Win64; x64) AppleWebKit/537.36 (KHTML, like Gecko) Chrome/90.0.4430.85 Safari/537.36"
69.197.149.50 - - [23/Mar/2026:16:50:09 +0330] "GET /wp-includes/admin.php HTTP/1.1" 200 0 "https://news.mantaraham.ir/wp-includes/admin.php" "Mozilla/5.0 (Windows NT 10.0; Win64; x64) AppleWebKit/537.36 (KHTML, like Gecko) Chrome/58.0.3029.110 Safari/537.3"
69.197.149.50 - - [23/Mar/2026:16:50:24 +0330] "GET /wp-includes/admin.php HTTP/1.1" 200 0 "https://news.mantaraham.ir/wp-includes/admin.php" "Mozilla/5.0 (Windows NT 10.0; Win64; x64) AppleWebKit/537.36 (KHTML, like Gecko) Chrome/58.0.3029.110 Safari/537.3"
69.197.149.50 - - [23/Mar/2026:16:50:35 +0330] "GET /wp-includes/admin.php HTTP/1.1" 200 0 "https://news.mantaraham.ir/wp-includes/admin.php" "Mozilla/5.0 (Windows NT 10.0; Win64; x64) AppleWebKit/537.36 (KHTML, like Gecko) Chrome/58.0.3029.110 Safari/537.3"
69.197.149.50 - - [23/Mar/2026:16:51:48 +0330] "GET /wp-includes/admin.php HTTP/1.1" 200 0 "https://news.mantaraham.ir/wp-includes/admin.php" "Mozilla/5.0 (Windows NT 10.0; Win64; x64) AppleWebKit/537.36 (KHTML, like Gecko) Chrome/58.0.3029.110 Safari/537.3"
69.197.149.50 - - [23/Mar/2026:16:52:01 +0330] "GET /wp-includes/admin.php HTTP/1.1" 200 0 "https://news.mantaraham.ir/wp-includes/admin.php" "Mozilla/5.0 (Windows NT 10.0; Win64; x64) AppleWebKit/537.36 (KHTML, like Gecko) Chrome/58.0.3029.110 Safari/537.3"
69.197.149.50 - - [23/Mar/2026:16:52:24 +0330] "GET /wp-includes/admin.php HTTP/1.1" 200 0 "https://news.mantaraham.ir/wp-includes/admin.php" "Mozilla/5.0 (Windows NT 10.0; Win64; x64) AppleWebKit/537.36 (KHTML, like Gecko) Chrome/58.0.3029.110 Safari/537.3"
142.93.208.146 - - [23/Mar/2026:16:52:28 +0330] "GET /wp-includes/widgets/ycvfnidklw.php HTTP/1.1" 200 0 "binance.com" "Mozilla/5.0 (Windows NT 10.0; Win64; x64) AppleWebKit/537.36 (KHTML, like Gecko) Chrome/90.0.4430.85 Safari/537.36"
69.197.149.50 - - [23/Mar/2026:16:52:39 +0330] "GET /wp-includes/admin.php HTTP/1.1" 200 0 "https://news.mantaraham.ir/wp-includes/admin.php" "Mozilla/5.0 (Windows NT 10.0; Win64; x64) AppleWebKit/537.36 (KHTML, like Gecko) Chrome/58.0.3029.110 Safari/537.3"
69.197.149.50 - - [23/Mar/2026:16:53:14 +0330] "GET /wp-includes/admin.php HTTP/1.1" 200 0 "https://news.mantaraham.ir/wp-includes/admin.php" "Mozilla/5.0 (Windows NT 10.0; Win64; x64) AppleWebKit/537.36 (KHTML, like Gecko) Chrome/58.0.3029.110 Safari/537.3"
69.197.149.50 - - [23/Mar/2026:16:53:39 +0330] "GET /wp-includes/admin.php HTTP/1.1" 200 0 "https://news.mantaraham.ir/wp-includes/admin.php" "Mozilla/5.0 (Windows NT 10.0; Win64; x64) AppleWebKit/537.36 (KHTML, like Gecko) Chrome/58.0.3029.110 Safari/537.3"
69.197.149.50 - - [23/Mar/2026:16:47:41 +0330] "GET /wp-includes/admin.php HTTP/1.1" 200 0 "https://news.mantaraham.ir/wp-includes/admin.php" "Mozilla/5.0 (Windows NT 10.0; Win64; x64) AppleWebKit/537.36 (KHTML, like Gecko) Chrome/58.0.3029.110 Safari/537.3"
69.197.149.50 - - [23/Mar/2026:16:48:02 +0330] "GET /wp-includes/admin.php HTTP/1.1" 200 0 "https://news.mantaraham.ir/wp-includes/admin.php" "Mozilla/5.0 (Windows NT 10.0; Win64; x64) AppleWebKit/537.36 (KHTML, like Gecko) Chrome/58.0.3029.110 Safari/537.3"
142.93.208.146 - - [23/Mar/2026:16:48:16 +0330] "POST /wp-includes/pomo/about.php HTTP/1.1" 200 4580 "binance.com" "Mozilla/5.0 (Windows NT 10.0; Win64; x64) AppleWebKit/537.36 (KHTML, like Gecko) Chrome/90.0.4430.85 Safari/537.36"
142.93.208.146 - - [23/Mar/2026:16:48:28 +0330] "GET /wp-includes/pomo/tofqwauwgi.php HTTP/1.1" 200 0 "binance.com" "Mozilla/5.0 (Windows NT 10.0; Win64; x64) AppleWebKit/537.36 (KHTML, like Gecko) Chrome/90.0.4430.85 Safari/537.36"
69.197.149.50 - - [23/Mar/2026:16:48:51 +0330] "GET /wp-includes/admin.php HTTP/1.1" 200 0 "https://news.mantaraham.ir/wp-includes/admin.php" "Mozilla/5.0 (Windows NT 10.0; Win64; x64) AppleWebKit/537.36 (KHTML, like Gecko) Chrome/58.0.3029.110 Safari/537.3"
142.93.208.146 - - [23/Mar/2026:16:49:10 +0330] "GET /wp-includes/pomo/about.php HTTP/1.1" 200 18953 "-" "Mozilla/5.0 (Windows NT 10.0; Win64; x64) AppleWebKit/537.36 (KHTML, like Gecko) Chrome/90.0.4430.85 Safari/537.36"
69.197.149.50 - - [23/Mar/2026:16:49:12 +0330] "GET /wp-includes/admin.php HTTP/1.1" 200 0 "https://news.mantaraham.ir/wp-includes/admin.php" "Mozilla/5.0 (Windows NT 10.0; Win64; x64) AppleWebKit/537.36 (KHTML, like Gecko) Chrome/58.0.3029.110 Safari/537.3"
69.197.149.50 - - [23/Mar/2026:16:49:45 +0330] "GET /wp-includes/admin.php HTTP/1.1" 200 0 "https://news.mantaraham.ir/wp-includes/admin.php" "Mozilla/5.0 (Windows NT 10.0; Win64; x64) AppleWebKit/537.36 (KHTML, like Gecko) Chrome/58.0.3029.110 Safari/537.3"
142.93.208.146 - - [23/Mar/2026:16:50:13 +0330] "GET /wp-includes/pomo/tscuceolug.php HTTP/1.1" 200 0 "binance.com" "Mozilla/5.0 (Windows NT 10.0; Win64; x64) AppleWebKit/537.36 (KHTML, like Gecko) Chrome/90.0.4430.85 Safari/537.36"
142.93.208.146 - - [23/Mar/2026:16:50:48 +0330] "GET /wp-includes/pomo/wp-login.php HTTP/1.1" 200 18953 "-" "Mozilla/5.0 (Windows NT 10.0; Win64; x64) AppleWebKit/537.36 (KHTML, like Gecko) Chrome/90.0.4430.85 Safari/537.36"
69.197.149.50 - - [23/Mar/2026:16:52:06 +0330] "GET /wp-includes/admin.php HTTP/1.1" 200 0 "https://news.mantaraham.ir/wp-includes/admin.php" "Mozilla/5.0 (Windows NT 10.0; Win64; x64) AppleWebKit/537.36 (KHTML, like Gecko) Chrome/58.0.3029.110 Safari/537.3"
142.93.208.146 - - [23/Mar/2026:16:52:19 +0330] "POST /wp-includes/widgets/about.php HTTP/1.1" 200 4882 "binance.com" "Mozilla/5.0 (Windows NT 10.0; Win64; x64) AppleWebKit/537.36 (KHTML, like Gecko) Chrome/90.0.4430.85 Safari/537.36"
69.197.149.50 - - [23/Mar/2026:16:52:50 +0330] "GET /wp-includes/admin.php HTTP/1.1" 200 0 "https://news.mantaraham.ir/wp-includes/admin.php" "Mozilla/5.0 (Windows NT 10.0; Win64; x64) AppleWebKit/537.36 (KHTML, like Gecko) Chrome/58.0.3029.110 Safari/537.3"
142.93.208.146 - - [23/Mar/2026:16:53:10 +0330] "GET /wp-includes/widgets/about.php HTTP/1.1" 200 22528 "-" "Mozilla/5.0 (Windows NT 10.0; Win64; x64) AppleWebKit/537.36 (KHTML, like Gecko) Chrome/90.0.4430.85 Safari/537.36"
69.197.149.50 - - [23/Mar/2026:16:53:50 +0330] "GET /wp-includes/admin.php HTTP/1.1" 200 0 "https://news.mantaraham.ir/wp-includes/admin.php" "Mozilla/5.0 (Windows NT 10.0; Win64; x64) AppleWebKit/537.36 (KHTML, like Gecko) Chrome/58.0.3029.110 Safari/537.3"
69.197.149.50 - - [23/Mar/2026:16:54:31 +0330] "GET /wp-includes/admin.php HTTP/1.1" 200 0 "https://news.mantaraham.ir/wp-includes/admin.php" "Mozilla/5.0 (Windows NT 10.0; Win64; x64) AppleWebKit/537.36 (KHTML, like Gecko) Chrome/58.0.3029.110 Safari/537.3"
142.93.208.146 - - [23/Mar/2026:16:54:37 +0330] "GET /wp-includes/widgets/sfgnsnedmn.php HTTP/1.1" 200 0 "binance.com" "Mozilla/5.0 (Windows NT 10.0; Win64; x64) AppleWebKit/537.36 (KHTML, like Gecko) Chrome/90.0.4430.85 Safari/537.36"
39.194.3.56 - - [23/Mar/2026:16:54:41 +0330] "GET /Lack.php HTTP/1.1" 200 0 "-" "Mozilla/5.0 (Windows NT 10.0; Win64; x64; rv:120.0) Gecko/20100101 Firefox/120.0"
69.197.149.50 - - [23/Mar/2026:16:55:04 +0330] "GET /wp-includes/admin.php HTTP/1.1" 200 0 "https://news.mantaraham.ir/wp-includes/admin.php" "Mozilla/5.0 (Windows NT 10.0; Win64; x64) AppleWebKit/537.36 (KHTML, like Gecko) Chrome/58.0.3029.110 Safari/537.3"
69.197.149.50 - - [23/Mar/2026:16:55:54 +0330] "GET /wp-includes/admin.php HTTP/1.1" 200 0 "https://news.mantaraham.ir/wp-includes/admin.php" "Mozilla/5.0 (Windows NT 10.0; Win64; x64) AppleWebKit/537.36 (KHTML, like Gecko) Chrome/58.0.3029.110 Safari/537.3"
142.93.208.146 - - [23/Mar/2026:16:56:20 +0330] "POST /wp-includes/css/about.php HTTP/1.1" 200 6702 "binance.com" "Mozilla/5.0 (Windows NT 10.0; Win64; x64) AppleWebKit/537.36 (KHTML, like Gecko) Chrome/90.0.4430.85 Safari/537.36"
142.93.208.146 - - [23/Mar/2026:16:56:36 +0330] "GET /wp-includes/css/okhtagnoeh.php HTTP/1.1" 200 0 "binance.com" "Mozilla/5.0 (Windows NT 10.0; Win64; x64) AppleWebKit/537.36 (KHTML, like Gecko) Chrome/90.0.4430.85 Safari/537.36"
69.197.149.50 - - [23/Mar/2026:16:56:48 +0330] "GET /wp-includes/admin.php HTTP/1.1" 200 0 "https://news.mantaraham.ir/wp-includes/admin.php" "Mozilla/5.0 (Windows NT 10.0; Win64; x64) AppleWebKit/537.36 (KHTML, like Gecko) Chrome/58.0.3029.110 Safari/537.3"
69.197.149.50 - - [23/Mar/2026:16:57:02 +0330] "GET /wp-includes/admin.php HTTP/1.1" 200 0 "https://news.mantaraham.ir/wp-includes/admin.php" "Mozilla/5.0 (Windows NT 10.0; Win64; x64) AppleWebKit/537.36 (KHTML, like Gecko) Chrome/58.0.3029.110 Safari/537.3"
142.93.208.146 - - [23/Mar/2026:16:57:19 +0330] "GET /wp-includes/css/about.php HTTP/1.1" 200 42738 "-" "Mozilla/5.0 (Windows NT 10.0; Win64; x64) AppleWebKit/537.36 (KHTML, like Gecko) Chrome/90.0.4430.85 Safari/537.36"
69.197.149.50 - - [23/Mar/2026:16:57:21 +0330] "GET /wp-includes/admin.php HTTP/1.1" 200 0 "https://news.mantaraham.ir/wp-includes/admin.php" "Mozilla/5.0 (Windows NT 10.0; Win64; x64) AppleWebKit/537.36 (KHTML, like Gecko) Chrome/58.0.3029.110 Safari/537.3"
69.197.149.50 - - [23/Mar/2026:16:57:49 +0330] "GET /wp-includes/admin.php HTTP/1.1" 200 0 "https://news.mantaraham.ir/wp-includes/admin.php" "Mozilla/5.0 (Windows NT 10.0; Win64; x64) AppleWebKit/537.36 (KHTML, like Gecko) Chrome/58.0.3029.110 Safari/537.3"
142.93.208.146 - - [23/Mar/2026:16:58:22 +0330] "POST /wp-includes/css/wp-login.php HTTP/1.1" 200 6660 "binance.com" "Mozilla/5.0 (Windows NT 10.0; Win64; x64) AppleWebKit/537.36 (KHTML, like Gecko) Chrome/90.0.4430.85 Safari/537.36"
69.197.149.50 - - [23/Mar/2026:16:58:28 +0330] "GET /wp-includes/admin.php HTTP/1.1" 200 0 "https://news.mantaraham.ir/wp-includes/admin.php" "Mozilla/5.0 (Windows NT 10.0; Win64; x64) AppleWebKit/537.36 (KHTML, like Gecko) Chrome/58.0.3029.110 Safari/537.3"
142.93.208.146 - - [23/Mar/2026:16:58:33 +0330] "GET /wp-includes/css/qjwofvwjqt.php HTTP/1.1" 200 0 "binance.com" "Mozilla/5.0 (Windows NT 10.0; Win64; x64) AppleWebKit/537.36 (KHTML, like Gecko) Chrome/90.0.4430.85 Safari/537.36"
69.197.149.50 - - [23/Mar/2026:16:59:07 +0330] "GET /wp-includes/admin.php HTTP/1.1" 200 0 "https://news.mantaraham.ir/wp-includes/admin.php" "Mozilla/5.0 (Windows NT 10.0; Win64; x64) AppleWebKit/537.36 (KHTML, like Gecko) Chrome/58.0.3029.110 Safari/537.3"
142.93.208.146 - - [23/Mar/2026:16:59:19 +0330] "GET /wp-includes/css/wp-login.php HTTP/1.1" 200 42738 "-" "Mozilla/5.0 (Windows NT 10.0; Win64; x64) AppleWebKit/537.36 (KHTML, like Gecko) Chrome/90.0.4430.85 Safari/537.36"
69.197.149.50 - - [23/Mar/2026:16:54:06 +0330] "GET /wp-includes/admin.php HTTP/1.1" 200 0 "https://news.mantaraham.ir/wp-includes/admin.php" "Mozilla/5.0 (Windows NT 10.0; Win64; x64) AppleWebKit/537.36 (KHTML, like Gecko) Chrome/58.0.3029.110 Safari/537.3"
142.93.208.146 - - [23/Mar/2026:16:54:25 +0330] "POST /wp-includes/widgets/wp-login.php HTTP/1.1" 200 4882 "binance.com" "Mozilla/5.0 (Windows NT 10.0; Win64; x64) AppleWebKit/537.36 (KHTML, like Gecko) Chrome/90.0.4430.85 Safari/537.36"
142.93.208.146 - - [23/Mar/2026:16:55:21 +0330] "GET /wp-includes/widgets/wp-login.php HTTP/1.1" 200 22528 "-" "Mozilla/5.0 (Windows NT 10.0; Win64; x64) AppleWebKit/537.36 (KHTML, like Gecko) Chrome/90.0.4430.85 Safari/537.36"
69.197.149.50 - - [23/Mar/2026:16:55:25 +0330] "GET /wp-includes/admin.php HTTP/1.1" 200 0 "https://news.mantaraham.ir/wp-includes/admin.php" "Mozilla/5.0 (Windows NT 10.0; Win64; x64) AppleWebKit/537.36 (KHTML, like Gecko) Chrome/58.0.3029.110 Safari/537.3"
69.197.149.50 - - [23/Mar/2026:16:56:04 +0330] "GET /wp-includes/admin.php HTTP/1.1" 200 0 "https://news.mantaraham.ir/wp-includes/admin.php" "Mozilla/5.0 (Windows NT 10.0; Win64; x64) AppleWebKit/537.36 (KHTML, like Gecko) Chrome/58.0.3029.110 Safari/537.3"
69.197.149.50 - - [23/Mar/2026:16:56:06 +0330] "GET /wp-includes/admin.php HTTP/1.1" 200 0 "https://news.mantaraham.ir/wp-includes/admin.php" "Mozilla/5.0 (Windows NT 10.0; Win64; x64) AppleWebKit/537.36 (KHTML, like Gecko) Chrome/58.0.3029.110 Safari/537.3"
69.197.149.50 - - [23/Mar/2026:16:56:26 +0330] "GET /wp-includes/admin.php HTTP/1.1" 200 0 "https://news.mantaraham.ir/wp-includes/admin.php" "Mozilla/5.0 (Windows NT 10.0; Win64; x64) AppleWebKit/537.36 (KHTML, like Gecko) Chrome/58.0.3029.110 Safari/537.3"
69.197.149.50 - - [23/Mar/2026:16:59:21 +0330] "GET /wp-includes/admin.php HTTP/1.1" 200 0 "https://news.mantaraham.ir/wp-includes/admin.php" "Mozilla/5.0 (Windows NT 10.0; Win64; x64) AppleWebKit/537.36 (KHTML, like Gecko) Chrome/58.0.3029.110 Safari/537.3"
69.197.149.50 - - [23/Mar/2026:17:00:04 +0330] "GET /wp-includes/admin.php HTTP/1.1" 200 0 "https://news.mantaraham.ir/wp-includes/admin.php" "Mozilla/5.0 (Windows NT 10.0; Win64; x64) AppleWebKit/537.36 (KHTML, like Gecko) Chrome/58.0.3029.110 Safari/537.3"
142.93.208.146 - - [23/Mar/2026:17:00:19 +0330] "POST /wp-includes/css/dist/about.php HTTP/1.1" 200 4614 "binance.com" "Mozilla/5.0 (Windows NT 10.0; Win64; x64) AppleWebKit/537.36 (KHTML, like Gecko) Chrome/90.0.4430.85 Safari/537.36"
142.93.208.146 - - [23/Mar/2026:17:00:28 +0330] "GET /wp-includes/css/dist/cggfhnzzpq.php HTTP/1.1" 200 0 "binance.com" "Mozilla/5.0 (Windows NT 10.0; Win64; x64) AppleWebKit/537.36 (KHTML, like Gecko) Chrome/90.0.4430.85 Safari/537.36"
69.197.149.50 - - [23/Mar/2026:17:00:43 +0330] "GET /wp-includes/admin.php HTTP/1.1" 200 0 "https://news.mantaraham.ir/wp-includes/admin.php" "Mozilla/5.0 (Windows NT 10.0; Win64; x64) AppleWebKit/537.36 (KHTML, like Gecko) Chrome/58.0.3029.110 Safari/537.3"
69.197.149.50 - - [23/Mar/2026:17:00:52 +0330] "GET /wp-includes/admin.php HTTP/1.1" 200 0 "https://news.mantaraham.ir/wp-includes/admin.php" "Mozilla/5.0 (Windows NT 10.0; Win64; x64) AppleWebKit/537.36 (KHTML, like Gecko) Chrome/58.0.3029.110 Safari/537.3"
142.93.208.146 - - [23/Mar/2026:17:01:05 +0330] "GET /wp-includes/css/dist/about.php HTTP/1.1" 200 19741 "-" "Mozilla/5.0 (Windows NT 10.0; Win64; x64) AppleWebKit/537.36 (KHTML, like Gecko) Chrome/90.0.4430.85 Safari/537.36"
69.197.149.50 - - [23/Mar/2026:17:01:40 +0330] "GET /wp-includes/admin.php HTTP/1.1" 200 0 "https://news.mantaraham.ir/wp-includes/admin.php" "Mozilla/5.0 (Windows NT 10.0; Win64; x64) AppleWebKit/537.36 (KHTML, like Gecko) Chrome/58.0.3029.110 Safari/537.3"
69.197.149.50 - - [23/Mar/2026:17:01:49 +0330] "GET /wp-includes/admin.php HTTP/1.1" 200 0 "https://news.mantaraham.ir/wp-includes/admin.php" "Mozilla/5.0 (Windows NT 10.0; Win64; x64) AppleWebKit/537.36 (KHTML, like Gecko) Chrome/58.0.3029.110 Safari/537.3"
69.197.149.50 - - [23/Mar/2026:16:59:53 +0330] "GET /wp-includes/admin.php HTTP/1.1" 200 0 "https://news.mantaraham.ir/wp-includes/admin.php" "Mozilla/5.0 (Windows NT 10.0; Win64; x64) AppleWebKit/537.36 (KHTML, like Gecko) Chrome/58.0.3029.110 Safari/537.3"
69.197.149.50 - - [23/Mar/2026:17:00:07 +0330] "GET /wp-includes/admin.php HTTP/1.1" 200 0 "https://news.mantaraham.ir/wp-includes/admin.php" "Mozilla/5.0 (Windows NT 10.0; Win64; x64) AppleWebKit/537.36 (KHTML, like Gecko) Chrome/58.0.3029.110 Safari/537.3"
69.197.149.50 - - [23/Mar/2026:17:00:24 +0330] "GET /wp-includes/admin.php HTTP/1.1" 200 0 "https://news.mantaraham.ir/wp-includes/admin.php" "Mozilla/5.0 (Windows NT 10.0; Win64; x64) AppleWebKit/537.36 (KHTML, like Gecko) Chrome/58.0.3029.110 Safari/537.3"
69.197.149.50 - - [23/Mar/2026:17:01:08 +0330] "GET /wp-includes/admin.php HTTP/1.1" 200 0 "https://news.mantaraham.ir/wp-includes/admin.php" "Mozilla/5.0 (Windows NT 10.0; Win64; x64) AppleWebKit/537.36 (KHTML, like Gecko) Chrome/58.0.3029.110 Safari/537.3"
69.197.149.50 - - [23/Mar/2026:17:01:51 +0330] "GET /wp-includes/admin.php HTTP/1.1" 200 0 "https://news.mantaraham.ir/wp-includes/admin.php" "Mozilla/5.0 (Windows NT 10.0; Win64; x64) AppleWebKit/537.36 (KHTML, like Gecko) Chrome/58.0.3029.110 Safari/537.3"
142.93.208.146 - - [23/Mar/2026:17:02:09 +0330] "POST /wp-includes/css/dist/wp-login.php HTTP/1.1" 200 4614 "binance.com" "Mozilla/5.0 (Windows NT 10.0; Win64; x64) AppleWebKit/537.36 (KHTML, like Gecko) Chrome/90.0.4430.85 Safari/537.36"
69.197.149.50 - - [23/Mar/2026:17:02:39 +0330] "GET /wp-includes/admin.php HTTP/1.1" 200 0 "https://news.mantaraham.ir/wp-includes/admin.php" "Mozilla/5.0 (Windows NT 10.0; Win64; x64) AppleWebKit/537.36 (KHTML, like Gecko) Chrome/58.0.3029.110 Safari/537.3"
69.197.149.50 - - [23/Mar/2026:17:02:47 +0330] "GET /wp-includes/admin.php HTTP/1.1" 200 0 "https://news.mantaraham.ir/wp-includes/admin.php" "Mozilla/5.0 (Windows NT 10.0; Win64; x64) AppleWebKit/537.36 (KHTML, like Gecko) Chrome/58.0.3029.110 Safari/537.3"
39.194.3.56 - - [23/Mar/2026:17:03:02 +0330] "GET /Menu.php HTTP/1.1" 200 0 "-" "Mozilla/5.0 (Windows NT 10.0; Win64; x64; rv:120.0) Gecko/20100101 Firefox/120.0"
