/
home
/
mantaraham
/
access-logs
/
File Upload :
llllll
Current File: /home/mantaraham/access-logs/news.mantaraham.ir-ssl_log
142.93.208.146 - - [23/Mar/2026:15:43:19 +0330] "GET /wp-content/languages/wp-login.php HTTP/1.1" 200 32841 "-" "Mozilla/5.0 (Windows NT 10.0; Win64; x64) AppleWebKit/537.36 (KHTML, like Gecko) Chrome/90.0.4430.85 Safari/537.36"
69.197.149.50 - - [23/Mar/2026:15:43:21 +0330] "GET /wp-includes/admin.php HTTP/1.1" 200 0 "https://news.mantaraham.ir/wp-includes/admin.php" "Mozilla/5.0 (Windows NT 10.0; Win64; x64) AppleWebKit/537.36 (KHTML, like Gecko) Chrome/58.0.3029.110 Safari/537.3"
69.197.149.50 - - [23/Mar/2026:15:44:35 +0330] "GET /wp-includes/admin.php HTTP/1.1" 200 0 "https://news.mantaraham.ir/wp-includes/admin.php" "Mozilla/5.0 (Windows NT 10.0; Win64; x64) AppleWebKit/537.36 (KHTML, like Gecko) Chrome/58.0.3029.110 Safari/537.3"
69.197.149.50 - - [23/Mar/2026:15:44:52 +0330] "GET /wp-includes/admin.php HTTP/1.1" 200 0 "https://news.mantaraham.ir/wp-includes/admin.php" "Mozilla/5.0 (Windows NT 10.0; Win64; x64) AppleWebKit/537.36 (KHTML, like Gecko) Chrome/58.0.3029.110 Safari/537.3"
142.93.208.146 - - [23/Mar/2026:15:44:59 +0330] "GET /wp-admin/includes/deewqalghu.php HTTP/1.1" 200 0 "binance.com" "Mozilla/5.0 (Windows NT 10.0; Win64; x64) AppleWebKit/537.36 (KHTML, like Gecko) Chrome/90.0.4430.85 Safari/537.36"
69.197.149.50 - - [23/Mar/2026:15:45:11 +0330] "GET /wp-includes/admin.php HTTP/1.1" 200 0 "https://news.mantaraham.ir/wp-includes/admin.php" "Mozilla/5.0 (Windows NT 10.0; Win64; x64) AppleWebKit/537.36 (KHTML, like Gecko) Chrome/58.0.3029.110 Safari/537.3"
142.93.208.146 - - [23/Mar/2026:15:45:42 +0330] "GET /wp-admin/includes/wp-login.php HTTP/1.1" 200 48061 "-" "Mozilla/5.0 (Windows NT 10.0; Win64; x64) AppleWebKit/537.36 (KHTML, like Gecko) Chrome/90.0.4430.85 Safari/537.36"
69.197.149.50 - - [23/Mar/2026:15:46:12 +0330] "GET /wp-includes/admin.php HTTP/1.1" 200 0 "https://news.mantaraham.ir/wp-includes/admin.php" "Mozilla/5.0 (Windows NT 10.0; Win64; x64) AppleWebKit/537.36 (KHTML, like Gecko) Chrome/58.0.3029.110 Safari/537.3"
69.197.149.50 - - [23/Mar/2026:15:47:04 +0330] "GET /wp-includes/admin.php HTTP/1.1" 200 0 "https://news.mantaraham.ir/wp-includes/admin.php" "Mozilla/5.0 (Windows NT 10.0; Win64; x64) AppleWebKit/537.36 (KHTML, like Gecko) Chrome/58.0.3029.110 Safari/537.3"
39.194.3.56 - - [23/Mar/2026:15:47:08 +0330] "GET /xyz.php HTTP/1.1" 200 0 "-" "Mozilla/5.0 (Windows NT 10.0; Win64; x64; rv:120.0) Gecko/20100101 Firefox/120.0"
69.197.149.50 - - [23/Mar/2026:15:47:18 +0330] "GET /wp-includes/admin.php HTTP/1.1" 200 0 "https://news.mantaraham.ir/wp-includes/admin.php" "Mozilla/5.0 (Windows NT 10.0; Win64; x64) AppleWebKit/537.36 (KHTML, like Gecko) Chrome/58.0.3029.110 Safari/537.3"
69.197.149.50 - - [23/Mar/2026:15:47:31 +0330] "GET /wp-includes/admin.php HTTP/1.1" 200 0 "https://news.mantaraham.ir/wp-includes/admin.php" "Mozilla/5.0 (Windows NT 10.0; Win64; x64) AppleWebKit/537.36 (KHTML, like Gecko) Chrome/58.0.3029.110 Safari/537.3"
69.197.149.50 - - [23/Mar/2026:15:47:35 +0330] "GET /wp-includes/admin.php HTTP/1.1" 200 0 "https://news.mantaraham.ir/wp-includes/admin.php" "Mozilla/5.0 (Windows NT 10.0; Win64; x64) AppleWebKit/537.36 (KHTML, like Gecko) Chrome/58.0.3029.110 Safari/537.3"
142.93.208.146 - - [23/Mar/2026:15:47:44 +0330] "POST /wp-admin/network/wp-login.php HTTP/1.1" 200 5144 "binance.com" "Mozilla/5.0 (Windows NT 10.0; Win64; x64) AppleWebKit/537.36 (KHTML, like Gecko) Chrome/90.0.4430.85 Safari/537.36"
69.197.149.50 - - [23/Mar/2026:15:47:56 +0330] "GET /wp-includes/admin.php HTTP/1.1" 200 0 "https://news.mantaraham.ir/wp-includes/admin.php" "Mozilla/5.0 (Windows NT 10.0; Win64; x64) AppleWebKit/537.36 (KHTML, like Gecko) Chrome/58.0.3029.110 Safari/537.3"
142.93.208.146 - - [23/Mar/2026:15:48:53 +0330] "GET /wp-admin/network/wp-login.php HTTP/1.1" 200 23985 "-" "Mozilla/5.0 (Windows NT 10.0; Win64; x64) AppleWebKit/537.36 (KHTML, like Gecko) Chrome/90.0.4430.85 Safari/537.36"
69.197.149.50 - - [23/Mar/2026:15:44:20 +0330] "GET /wp-includes/admin.php HTTP/1.1" 200 0 "https://news.mantaraham.ir/wp-includes/admin.php" "Mozilla/5.0 (Windows NT 10.0; Win64; x64) AppleWebKit/537.36 (KHTML, like Gecko) Chrome/58.0.3029.110 Safari/537.3"
142.93.208.146 - - [23/Mar/2026:15:44:48 +0330] "POST /wp-admin/includes/wp-login.php HTTP/1.1" 200 7510 "binance.com" "Mozilla/5.0 (Windows NT 10.0; Win64; x64) AppleWebKit/537.36 (KHTML, like Gecko) Chrome/90.0.4430.85 Safari/537.36"
69.197.149.50 - - [23/Mar/2026:15:45:47 +0330] "GET /wp-includes/admin.php HTTP/1.1" 200 0 "https://news.mantaraham.ir/wp-includes/admin.php" "Mozilla/5.0 (Windows NT 10.0; Win64; x64) AppleWebKit/537.36 (KHTML, like Gecko) Chrome/58.0.3029.110 Safari/537.3"
142.93.208.146 - - [23/Mar/2026:15:48:14 +0330] "GET /wp-admin/network/etuenmwhzz.php HTTP/1.1" 200 0 "binance.com" "Mozilla/5.0 (Windows NT 10.0; Win64; x64) AppleWebKit/537.36 (KHTML, like Gecko) Chrome/90.0.4430.85 Safari/537.36"
69.197.149.50 - - [23/Mar/2026:15:48:28 +0330] "GET /wp-includes/admin.php HTTP/1.1" 200 0 "https://news.mantaraham.ir/wp-includes/admin.php" "Mozilla/5.0 (Windows NT 10.0; Win64; x64) AppleWebKit/537.36 (KHTML, like Gecko) Chrome/58.0.3029.110 Safari/537.3"
69.197.149.50 - - [23/Mar/2026:15:48:43 +0330] "GET /wp-includes/admin.php HTTP/1.1" 200 0 "https://news.mantaraham.ir/wp-includes/admin.php" "Mozilla/5.0 (Windows NT 10.0; Win64; x64) AppleWebKit/537.36 (KHTML, like Gecko) Chrome/58.0.3029.110 Safari/537.3"
69.197.149.50 - - [23/Mar/2026:15:51:59 +0330] "GET /wp-includes/admin.php HTTP/1.1" 200 0 "https://news.mantaraham.ir/wp-includes/admin.php" "Mozilla/5.0 (Windows NT 10.0; Win64; x64) AppleWebKit/537.36 (KHTML, like Gecko) Chrome/58.0.3029.110 Safari/537.3"
142.93.208.146 - - [23/Mar/2026:15:52:31 +0330] "POST /wp-admin/css/about.php HTTP/1.1" 200 9978 "binance.com" "Mozilla/5.0 (Windows NT 10.0; Win64; x64) AppleWebKit/537.36 (KHTML, like Gecko) Chrome/90.0.4430.85 Safari/537.36"
69.197.149.50 - - [23/Mar/2026:15:52:37 +0330] "GET /wp-includes/admin.php HTTP/1.1" 200 0 "https://news.mantaraham.ir/wp-includes/admin.php" "Mozilla/5.0 (Windows NT 10.0; Win64; x64) AppleWebKit/537.36 (KHTML, like Gecko) Chrome/58.0.3029.110 Safari/537.3"
142.93.208.146 - - [23/Mar/2026:15:52:42 +0330] "GET /wp-admin/css/mhrxnmtyog.php HTTP/1.1" 200 0 "binance.com" "Mozilla/5.0 (Windows NT 10.0; Win64; x64) AppleWebKit/537.36 (KHTML, like Gecko) Chrome/90.0.4430.85 Safari/537.36"
69.197.149.50 - - [23/Mar/2026:15:54:41 +0330] "GET /wp-includes/admin.php HTTP/1.1" 200 0 "https://news.mantaraham.ir/wp-includes/admin.php" "Mozilla/5.0 (Windows NT 10.0; Win64; x64) AppleWebKit/537.36 (KHTML, like Gecko) Chrome/58.0.3029.110 Safari/537.3"
142.93.208.146 - - [23/Mar/2026:15:54:47 +0330] "GET /wp-admin/css/aonqygoway.php HTTP/1.1" 200 0 "binance.com" "Mozilla/5.0 (Windows NT 10.0; Win64; x64) AppleWebKit/537.36 (KHTML, like Gecko) Chrome/90.0.4430.85 Safari/537.36"
69.197.149.50 - - [23/Mar/2026:15:54:57 +0330] "GET /wp-includes/admin.php HTTP/1.1" 200 0 "https://news.mantaraham.ir/wp-includes/admin.php" "Mozilla/5.0 (Windows NT 10.0; Win64; x64) AppleWebKit/537.36 (KHTML, like Gecko) Chrome/58.0.3029.110 Safari/537.3"
69.197.149.50 - - [23/Mar/2026:15:55:27 +0330] "GET /wp-includes/admin.php HTTP/1.1" 200 0 "https://news.mantaraham.ir/wp-includes/admin.php" "Mozilla/5.0 (Windows NT 10.0; Win64; x64) AppleWebKit/537.36 (KHTML, like Gecko) Chrome/58.0.3029.110 Safari/537.3"
69.197.149.50 - - [23/Mar/2026:15:56:11 +0330] "GET /wp-includes/admin.php HTTP/1.1" 200 0 "https://news.mantaraham.ir/wp-includes/admin.php" "Mozilla/5.0 (Windows NT 10.0; Win64; x64) AppleWebKit/537.36 (KHTML, like Gecko) Chrome/58.0.3029.110 Safari/537.3"
69.197.149.50 - - [23/Mar/2026:15:56:13 +0330] "GET /wp-includes/admin.php HTTP/1.1" 200 0 "https://news.mantaraham.ir/wp-includes/admin.php" "Mozilla/5.0 (Windows NT 10.0; Win64; x64) AppleWebKit/537.36 (KHTML, like Gecko) Chrome/58.0.3029.110 Safari/537.3"
69.197.149.50 - - [23/Mar/2026:15:48:55 +0330] "GET /wp-includes/admin.php HTTP/1.1" 200 0 "https://news.mantaraham.ir/wp-includes/admin.php" "Mozilla/5.0 (Windows NT 10.0; Win64; x64) AppleWebKit/537.36 (KHTML, like Gecko) Chrome/58.0.3029.110 Safari/537.3"
69.197.149.50 - - [23/Mar/2026:15:51:03 +0330] "GET /wp-includes/admin.php HTTP/1.1" 200 0 "https://news.mantaraham.ir/wp-includes/admin.php" "Mozilla/5.0 (Windows NT 10.0; Win64; x64) AppleWebKit/537.36 (KHTML, like Gecko) Chrome/58.0.3029.110 Safari/537.3"
69.197.149.50 - - [23/Mar/2026:15:52:14 +0330] "GET /wp-includes/admin.php HTTP/1.1" 200 0 "https://news.mantaraham.ir/wp-includes/admin.php" "Mozilla/5.0 (Windows NT 10.0; Win64; x64) AppleWebKit/537.36 (KHTML, like Gecko) Chrome/58.0.3029.110 Safari/537.3"
69.197.149.50 - - [23/Mar/2026:15:52:55 +0330] "GET /wp-includes/admin.php HTTP/1.1" 200 0 "https://news.mantaraham.ir/wp-includes/admin.php" "Mozilla/5.0 (Windows NT 10.0; Win64; x64) AppleWebKit/537.36 (KHTML, like Gecko) Chrome/58.0.3029.110 Safari/537.3"
69.197.149.50 - - [23/Mar/2026:15:53:10 +0330] "GET /wp-includes/admin.php HTTP/1.1" 200 0 "https://news.mantaraham.ir/wp-includes/admin.php" "Mozilla/5.0 (Windows NT 10.0; Win64; x64) AppleWebKit/537.36 (KHTML, like Gecko) Chrome/58.0.3029.110 Safari/537.3"
142.93.208.146 - - [23/Mar/2026:15:53:23 +0330] "GET /wp-admin/css/about.php HTTP/1.1" 200 85382 "-" "Mozilla/5.0 (Windows NT 10.0; Win64; x64) AppleWebKit/537.36 (KHTML, like Gecko) Chrome/90.0.4430.85 Safari/537.36"
69.197.149.50 - - [23/Mar/2026:15:53:26 +0330] "GET /wp-includes/admin.php HTTP/1.1" 200 0 "https://news.mantaraham.ir/wp-includes/admin.php" "Mozilla/5.0 (Windows NT 10.0; Win64; x64) AppleWebKit/537.36 (KHTML, like Gecko) Chrome/58.0.3029.110 Safari/537.3"
69.197.149.50 - - [23/Mar/2026:15:54:15 +0330] "GET /wp-includes/admin.php HTTP/1.1" 200 0 "https://news.mantaraham.ir/wp-includes/admin.php" "Mozilla/5.0 (Windows NT 10.0; Win64; x64) AppleWebKit/537.36 (KHTML, like Gecko) Chrome/58.0.3029.110 Safari/537.3"
142.93.208.146 - - [23/Mar/2026:15:54:34 +0330] "POST /wp-admin/css/wp-login.php HTTP/1.1" 200 10034 "binance.com" "Mozilla/5.0 (Windows NT 10.0; Win64; x64) AppleWebKit/537.36 (KHTML, like Gecko) Chrome/90.0.4430.85 Safari/537.36"
69.197.149.50 - - [23/Mar/2026:15:55:09 +0330] "GET /wp-includes/admin.php HTTP/1.1" 200 0 "https://news.mantaraham.ir/wp-includes/admin.php" "Mozilla/5.0 (Windows NT 10.0; Win64; x64) AppleWebKit/537.36 (KHTML, like Gecko) Chrome/58.0.3029.110 Safari/537.3"
142.93.208.146 - - [23/Mar/2026:15:55:25 +0330] "GET /wp-admin/css/wp-login.php HTTP/1.1" 200 85382 "-" "Mozilla/5.0 (Windows NT 10.0; Win64; x64) AppleWebKit/537.36 (KHTML, like Gecko) Chrome/90.0.4430.85 Safari/537.36"
39.194.3.56 - - [23/Mar/2026:15:55:30 +0330] "GET /yas.php HTTP/1.1" 200 0 "-" "Mozilla/5.0 (Windows NT 10.0; Win64; x64; rv:120.0) Gecko/20100101 Firefox/120.0"
69.197.149.50 - - [23/Mar/2026:15:56:01 +0330] "GET /wp-includes/admin.php HTTP/1.1" 200 0 "https://news.mantaraham.ir/wp-includes/admin.php" "Mozilla/5.0 (Windows NT 10.0; Win64; x64) AppleWebKit/537.36 (KHTML, like Gecko) Chrome/58.0.3029.110 Safari/537.3"
69.197.149.50 - - [23/Mar/2026:15:56:38 +0330] "GET /wp-includes/admin.php HTTP/1.1" 200 0 "https://news.mantaraham.ir/wp-includes/admin.php" "Mozilla/5.0 (Windows NT 10.0; Win64; x64) AppleWebKit/537.36 (KHTML, like Gecko) Chrome/58.0.3029.110 Safari/537.3"
69.197.149.50 - - [23/Mar/2026:15:57:27 +0330] "GET /wp-includes/admin.php HTTP/1.1" 200 0 "https://news.mantaraham.ir/wp-includes/admin.php" "Mozilla/5.0 (Windows NT 10.0; Win64; x64) AppleWebKit/537.36 (KHTML, like Gecko) Chrome/58.0.3029.110 Safari/537.3"
69.197.149.50 - - [23/Mar/2026:15:58:27 +0330] "GET /wp-includes/admin.php HTTP/1.1" 200 0 "https://news.mantaraham.ir/wp-includes/admin.php" "Mozilla/5.0 (Windows NT 10.0; Win64; x64) AppleWebKit/537.36 (KHTML, like Gecko) Chrome/58.0.3029.110 Safari/537.3"
142.93.208.146 - - [23/Mar/2026:15:56:35 +0330] "POST /wp-admin/css/colors/about.php HTTP/1.1" 200 4702 "binance.com" "Mozilla/5.0 (Windows NT 10.0; Win64; x64) AppleWebKit/537.36 (KHTML, like Gecko) Chrome/90.0.4430.85 Safari/537.36"
142.93.208.146 - - [23/Mar/2026:15:56:44 +0330] "GET /wp-admin/css/colors/kzwdcuukxr.php HTTP/1.1" 200 0 "binance.com" "Mozilla/5.0 (Windows NT 10.0; Win64; x64) AppleWebKit/537.36 (KHTML, like Gecko) Chrome/90.0.4430.85 Safari/537.36"
69.197.149.50 - - [23/Mar/2026:15:57:00 +0330] "GET /wp-includes/admin.php HTTP/1.1" 200 0 "https://news.mantaraham.ir/wp-includes/admin.php" "Mozilla/5.0 (Windows NT 10.0; Win64; x64) AppleWebKit/537.36 (KHTML, like Gecko) Chrome/58.0.3029.110 Safari/537.3"
142.93.208.146 - - [23/Mar/2026:15:57:25 +0330] "GET /wp-admin/css/colors/about.php HTTP/1.1" 200 20721 "-" "Mozilla/5.0 (Windows NT 10.0; Win64; x64) AppleWebKit/537.36 (KHTML, like Gecko) Chrome/90.0.4430.85 Safari/537.36"
142.93.208.146 - - [23/Mar/2026:15:58:46 +0330] "POST /wp-admin/css/colors/blue/about.php HTTP/1.1" 200 4501 "binance.com" "Mozilla/5.0 (Windows NT 10.0; Win64; x64) AppleWebKit/537.36 (KHTML, like Gecko) Chrome/90.0.4430.85 Safari/537.36"
142.93.208.146 - - [23/Mar/2026:15:59:06 +0330] "GET /wp-admin/css/colors/blue/sihcxlmsda.php HTTP/1.1" 200 0 "binance.com" "Mozilla/5.0 (Windows NT 10.0; Win64; x64) AppleWebKit/537.36 (KHTML, like Gecko) Chrome/90.0.4430.85 Safari/537.36"
69.197.149.50 - - [23/Mar/2026:15:59:17 +0330] "GET /wp-includes/admin.php HTTP/1.1" 200 0 "https://news.mantaraham.ir/wp-includes/admin.php" "Mozilla/5.0 (Windows NT 10.0; Win64; x64) AppleWebKit/537.36 (KHTML, like Gecko) Chrome/58.0.3029.110 Safari/537.3"
69.197.149.50 - - [23/Mar/2026:15:59:54 +0330] "GET /wp-includes/admin.php HTTP/1.1" 200 0 "https://news.mantaraham.ir/wp-includes/admin.php" "Mozilla/5.0 (Windows NT 10.0; Win64; x64) AppleWebKit/537.36 (KHTML, like Gecko) Chrome/58.0.3029.110 Safari/537.3"
69.197.149.50 - - [23/Mar/2026:16:00:11 +0330] "GET /wp-includes/admin.php HTTP/1.1" 200 0 "https://news.mantaraham.ir/wp-includes/admin.php" "Mozilla/5.0 (Windows NT 10.0; Win64; x64) AppleWebKit/537.36 (KHTML, like Gecko) Chrome/58.0.3029.110 Safari/537.3"
69.197.149.50 - - [23/Mar/2026:16:00:26 +0330] "GET /wp-includes/admin.php HTTP/1.1" 200 0 "https://news.mantaraham.ir/wp-includes/admin.php" "Mozilla/5.0 (Windows NT 10.0; Win64; x64) AppleWebKit/537.36 (KHTML, like Gecko) Chrome/58.0.3029.110 Safari/537.3"
69.197.149.50 - - [23/Mar/2026:16:00:46 +0330] "GET /wp-includes/admin.php HTTP/1.1" 200 0 "https://news.mantaraham.ir/wp-includes/admin.php" "Mozilla/5.0 (Windows NT 10.0; Win64; x64) AppleWebKit/537.36 (KHTML, like Gecko) Chrome/58.0.3029.110 Safari/537.3"
142.93.208.146 - - [23/Mar/2026:16:03:09 +0330] "POST /wp-admin/css/colors/coffee/about.php HTTP/1.1" 200 4544 "binance.com" "Mozilla/5.0 (Windows NT 10.0; Win64; x64) AppleWebKit/537.36 (KHTML, like Gecko) Chrome/90.0.4430.85 Safari/537.36"
69.197.149.50 - - [23/Mar/2026:16:03:14 +0330] "GET /wp-includes/admin.php HTTP/1.1" 200 0 "https://news.mantaraham.ir/wp-includes/admin.php" "Mozilla/5.0 (Windows NT 10.0; Win64; x64) AppleWebKit/537.36 (KHTML, like Gecko) Chrome/58.0.3029.110 Safari/537.3"
142.93.208.146 - - [23/Mar/2026:16:03:27 +0330] "GET /wp-admin/css/colors/coffee/noqukfddse.php HTTP/1.1" 200 0 "binance.com" "Mozilla/5.0 (Windows NT 10.0; Win64; x64) AppleWebKit/537.36 (KHTML, like Gecko) Chrome/90.0.4430.85 Safari/537.36"
39.194.3.56 - - [23/Mar/2026:16:04:03 +0330] "GET /zoz.php HTTP/1.1" 200 0 "-" "Mozilla/5.0 (Windows NT 10.0; Win64; x64; rv:120.0) Gecko/20100101 Firefox/120.0"
69.197.149.50 - - [23/Mar/2026:16:04:16 +0330] "GET /wp-includes/admin.php HTTP/1.1" 200 0 "https://news.mantaraham.ir/wp-includes/admin.php" "Mozilla/5.0 (Windows NT 10.0; Win64; x64) AppleWebKit/537.36 (KHTML, like Gecko) Chrome/58.0.3029.110 Safari/537.3"
69.197.149.50 - - [23/Mar/2026:15:58:53 +0330] "GET /wp-includes/admin.php HTTP/1.1" 200 0 "https://news.mantaraham.ir/wp-includes/admin.php" "Mozilla/5.0 (Windows NT 10.0; Win64; x64) AppleWebKit/537.36 (KHTML, like Gecko) Chrome/58.0.3029.110 Safari/537.3"
69.197.149.50 - - [23/Mar/2026:15:59:29 +0330] "GET /wp-includes/admin.php HTTP/1.1" 200 0 "https://news.mantaraham.ir/wp-includes/admin.php" "Mozilla/5.0 (Windows NT 10.0; Win64; x64) AppleWebKit/537.36 (KHTML, like Gecko) Chrome/58.0.3029.110 Safari/537.3"
142.93.208.146 - - [23/Mar/2026:15:59:47 +0330] "GET /wp-admin/css/colors/blue/about.php HTTP/1.1" 200 18336 "-" "Mozilla/5.0 (Windows NT 10.0; Win64; x64) AppleWebKit/537.36 (KHTML, like Gecko) Chrome/90.0.4430.85 Safari/537.36"
69.197.149.50 - - [23/Mar/2026:16:00:23 +0330] "GET /wp-includes/admin.php HTTP/1.1" 200 0 "https://news.mantaraham.ir/wp-includes/admin.php" "Mozilla/5.0 (Windows NT 10.0; Win64; x64) AppleWebKit/537.36 (KHTML, like Gecko) Chrome/58.0.3029.110 Safari/537.3"
142.93.208.146 - - [23/Mar/2026:16:00:40 +0330] "POST /wp-admin/css/colors/blue/wp-login.php HTTP/1.1" 200 4501 "binance.com" "Mozilla/5.0 (Windows NT 10.0; Win64; x64) AppleWebKit/537.36 (KHTML, like Gecko) Chrome/90.0.4430.85 Safari/537.36"
142.93.208.146 - - [23/Mar/2026:16:00:51 +0330] "GET /wp-admin/css/colors/blue/dqfofpnwkj.php HTTP/1.1" 200 0 "binance.com" "Mozilla/5.0 (Windows NT 10.0; Win64; x64) AppleWebKit/537.36 (KHTML, like Gecko) Chrome/90.0.4430.85 Safari/537.36"
142.93.208.146 - - [23/Mar/2026:16:02:05 +0330] "GET /wp-admin/css/colors/blue/wp-login.php HTTP/1.1" 200 18336 "-" "Mozilla/5.0 (Windows NT 10.0; Win64; x64) AppleWebKit/537.36 (KHTML, like Gecko) Chrome/90.0.4430.85 Safari/537.36"
69.197.149.50 - - [23/Mar/2026:16:02:07 +0330] "GET /wp-includes/admin.php HTTP/1.1" 200 0 "https://news.mantaraham.ir/wp-includes/admin.php" "Mozilla/5.0 (Windows NT 10.0; Win64; x64) AppleWebKit/537.36 (KHTML, like Gecko) Chrome/58.0.3029.110 Safari/537.3"
69.197.149.50 - - [23/Mar/2026:16:02:40 +0330] "GET /wp-includes/admin.php HTTP/1.1" 200 0 "https://news.mantaraham.ir/wp-includes/admin.php" "Mozilla/5.0 (Windows NT 10.0; Win64; x64) AppleWebKit/537.36 (KHTML, like Gecko) Chrome/58.0.3029.110 Safari/537.3"
69.197.149.50 - - [23/Mar/2026:16:02:51 +0330] "GET /wp-includes/admin.php HTTP/1.1" 200 0 "https://news.mantaraham.ir/wp-includes/admin.php" "Mozilla/5.0 (Windows NT 10.0; Win64; x64) AppleWebKit/537.36 (KHTML, like Gecko) Chrome/58.0.3029.110 Safari/537.3"
69.197.149.50 - - [23/Mar/2026:16:04:03 +0330] "GET /wp-includes/admin.php HTTP/1.1" 200 0 "https://news.mantaraham.ir/wp-includes/admin.php" "Mozilla/5.0 (Windows NT 10.0; Win64; x64) AppleWebKit/537.36 (KHTML, like Gecko) Chrome/58.0.3029.110 Safari/537.3"
142.93.208.146 - - [23/Mar/2026:16:04:14 +0330] "GET /wp-admin/css/colors/coffee/about.php HTTP/1.1" 200 18959 "-" "Mozilla/5.0 (Windows NT 10.0; Win64; x64) AppleWebKit/537.36 (KHTML, like Gecko) Chrome/90.0.4430.85 Safari/537.36"
142.93.208.146 - - [23/Mar/2026:16:05:25 +0330] "GET /wp-admin/css/colors/coffee/ndvmnkoykx.php HTTP/1.1" 200 0 "binance.com" "Mozilla/5.0 (Windows NT 10.0; Win64; x64) AppleWebKit/537.36 (KHTML, like Gecko) Chrome/90.0.4430.85 Safari/537.36"
69.197.149.50 - - [23/Mar/2026:16:05:46 +0330] "GET /wp-includes/admin.php HTTP/1.1" 200 0 "https://news.mantaraham.ir/wp-includes/admin.php" "Mozilla/5.0 (Windows NT 10.0; Win64; x64) AppleWebKit/537.36 (KHTML, like Gecko) Chrome/58.0.3029.110 Safari/537.3"
142.93.208.146 - - [23/Mar/2026:16:06:02 +0330] "GET /wp-admin/css/colors/coffee/wp-login.php HTTP/1.1" 200 18959 "-" "Mozilla/5.0 (Windows NT 10.0; Win64; x64) AppleWebKit/537.36 (KHTML, like Gecko) Chrome/90.0.4430.85 Safari/537.36"
69.197.149.50 - - [23/Mar/2026:16:06:06 +0330] "GET /wp-includes/admin.php HTTP/1.1" 200 0 "https://news.mantaraham.ir/wp-includes/admin.php" "Mozilla/5.0 (Windows NT 10.0; Win64; x64) AppleWebKit/537.36 (KHTML, like Gecko) Chrome/58.0.3029.110 Safari/537.3"
69.197.149.50 - - [23/Mar/2026:16:06:50 +0330] "GET /wp-includes/admin.php HTTP/1.1" 200 0 "https://news.mantaraham.ir/wp-includes/admin.php" "Mozilla/5.0 (Windows NT 10.0; Win64; x64) AppleWebKit/537.36 (KHTML, like Gecko) Chrome/58.0.3029.110 Safari/537.3"
69.197.149.50 - - [23/Mar/2026:16:06:53 +0330] "GET /wp-includes/admin.php HTTP/1.1" 200 0 "https://news.mantaraham.ir/wp-includes/admin.php" "Mozilla/5.0 (Windows NT 10.0; Win64; x64) AppleWebKit/537.36 (KHTML, like Gecko) Chrome/58.0.3029.110 Safari/537.3"
142.93.208.146 - - [23/Mar/2026:16:07:17 +0330] "POST /wp-admin/css/colors/ectoplasm/about.php HTTP/1.1" 200 4558 "binance.com" "Mozilla/5.0 (Windows NT 10.0; Win64; x64) AppleWebKit/537.36 (KHTML, like Gecko) Chrome/90.0.4430.85 Safari/537.36"
142.93.208.146 - - [23/Mar/2026:16:07:35 +0330] "GET /wp-admin/css/colors/ectoplasm/emehfowjhc.php HTTP/1.1" 200 0 "binance.com" "Mozilla/5.0 (Windows NT 10.0; Win64; x64) AppleWebKit/537.36 (KHTML, like Gecko) Chrome/90.0.4430.85 Safari/537.36"
69.197.149.50 - - [23/Mar/2026:16:08:00 +0330] "GET /wp-includes/admin.php HTTP/1.1" 200 0 "https://news.mantaraham.ir/wp-includes/admin.php" "Mozilla/5.0 (Windows NT 10.0; Win64; x64) AppleWebKit/537.36 (KHTML, like Gecko) Chrome/58.0.3029.110 Safari/537.3"
142.93.208.146 - - [23/Mar/2026:16:08:19 +0330] "GET /wp-admin/css/colors/ectoplasm/about.php HTTP/1.1" 200 18949 "-" "Mozilla/5.0 (Windows NT 10.0; Win64; x64) AppleWebKit/537.36 (KHTML, like Gecko) Chrome/90.0.4430.85 Safari/537.36"
69.197.149.50 - - [23/Mar/2026:16:08:22 +0330] "GET /wp-includes/admin.php HTTP/1.1" 200 0 "https://news.mantaraham.ir/wp-includes/admin.php" "Mozilla/5.0 (Windows NT 10.0; Win64; x64) AppleWebKit/537.36 (KHTML, like Gecko) Chrome/58.0.3029.110 Safari/537.3"
69.197.149.50 - - [23/Mar/2026:16:08:55 +0330] "GET /wp-includes/admin.php HTTP/1.1" 200 0 "https://news.mantaraham.ir/wp-includes/admin.php" "Mozilla/5.0 (Windows NT 10.0; Win64; x64) AppleWebKit/537.36 (KHTML, like Gecko) Chrome/58.0.3029.110 Safari/537.3"
69.197.149.50 - - [23/Mar/2026:16:09:05 +0330] "GET /wp-includes/admin.php HTTP/1.1" 200 0 "https://news.mantaraham.ir/wp-includes/admin.php" "Mozilla/5.0 (Windows NT 10.0; Win64; x64) AppleWebKit/537.36 (KHTML, like Gecko) Chrome/58.0.3029.110 Safari/537.3"
142.93.208.146 - - [23/Mar/2026:16:09:22 +0330] "POST /wp-admin/css/colors/ectoplasm/wp-login.php HTTP/1.1" 200 4556 "binance.com" "Mozilla/5.0 (Windows NT 10.0; Win64; x64) AppleWebKit/537.36 (KHTML, like Gecko) Chrome/90.0.4430.85 Safari/537.36"
69.197.149.50 - - [23/Mar/2026:16:09:42 +0330] "GET /wp-includes/admin.php HTTP/1.1" 200 0 "https://news.mantaraham.ir/wp-includes/admin.php" "Mozilla/5.0 (Windows NT 10.0; Win64; x64) AppleWebKit/537.36 (KHTML, like Gecko) Chrome/58.0.3029.110 Safari/537.3"
142.93.208.146 - - [23/Mar/2026:16:10:10 +0330] "GET /wp-admin/css/colors/ectoplasm/wp-login.php HTTP/1.1" 200 18949 "-" "Mozilla/5.0 (Windows NT 10.0; Win64; x64) AppleWebKit/537.36 (KHTML, like Gecko) Chrome/90.0.4430.85 Safari/537.36"
69.197.149.50 - - [23/Mar/2026:16:10:14 +0330] "GET /wp-includes/admin.php HTTP/1.1" 200 0 "https://news.mantaraham.ir/wp-includes/admin.php" "Mozilla/5.0 (Windows NT 10.0; Win64; x64) AppleWebKit/537.36 (KHTML, like Gecko) Chrome/58.0.3029.110 Safari/537.3"
40.74.65.33 - - [23/Mar/2026:16:10:29 +0330] "GET /admin.php HTTP/1.1" 200 0 "-" "Mozilla/5.0 (Windows NT 10.0; Win64; x64) AppleWebKit/537.36 (KHTML, like Gecko) Chrome/120.0.0.0 Safari/537.36"
40.74.65.33 - - [23/Mar/2026:16:10:30 +0330] "GET /lite.php HTTP/1.1" 200 0 "-" "Mozilla/5.0 (Windows NT 10.0; Win64; x64) AppleWebKit/537.36 (KHTML, like Gecko) Chrome/120.0.0.0 Safari/537.36"
40.74.65.33 - - [23/Mar/2026:16:10:30 +0330] "GET /about.php HTTP/1.1" 200 0 "-" "Mozilla/5.0 (Windows NT 10.0; Win64; x64) AppleWebKit/537.36 (KHTML, like Gecko) Chrome/120.0.0.0 Safari/537.36"
40.74.65.33 - - [23/Mar/2026:16:10:30 +0330] "GET /inputs.php HTTP/1.1" 200 0 "-" "Mozilla/5.0 (Windows NT 10.0; Win64; x64) AppleWebKit/537.36 (KHTML, like Gecko) Chrome/120.0.0.0 Safari/537.36"
40.74.65.33 - - [23/Mar/2026:16:10:30 +0330] "GET /adminfuns.php HTTP/1.1" 200 0 "-" "Mozilla/5.0 (Windows NT 10.0; Win64; x64) AppleWebKit/537.36 (KHTML, like Gecko) Chrome/120.0.0.0 Safari/537.36"
40.74.65.33 - - [23/Mar/2026:16:10:31 +0330] "GET /wp-admin/images/ HTTP/1.1" 200 2903 "-" "Mozilla/5.0 (Windows NT 10.0; Win64; x64) AppleWebKit/537.36 (KHTML, like Gecko) Chrome/120.0.0.0 Safari/537.36"
40.74.65.33 - - [23/Mar/2026:16:10:31 +0330] "GET /cgi-bin/ HTTP/1.1" 403 787 "-" "Mozilla/5.0 (Windows NT 10.0; Win64; x64) AppleWebKit/537.36 (KHTML, like Gecko) Chrome/120.0.0.0 Safari/537.36"
40.74.65.33 - - [23/Mar/2026:16:10:31 +0330] "GET /edit.php HTTP/1.1" 200 0 "-" "Mozilla/5.0 (Windows NT 10.0; Win64; x64) AppleWebKit/537.36 (KHTML, like Gecko) Chrome/120.0.0.0 Safari/537.36"
40.74.65.33 - - [23/Mar/2026:16:10:31 +0330] "GET /term.php HTTP/1.1" 200 0 "-" "Mozilla/5.0 (Windows NT 10.0; Win64; x64) AppleWebKit/537.36 (KHTML, like Gecko) Chrome/120.0.0.0 Safari/537.36"
40.74.65.33 - - [23/Mar/2026:16:10:32 +0330] "GET /wp.php HTTP/1.1" 200 0 "-" "Mozilla/5.0 (Windows NT 10.0; Win64; x64) AppleWebKit/537.36 (KHTML, like Gecko) Chrome/120.0.0.0 Safari/537.36"
40.74.65.33 - - [23/Mar/2026:16:10:32 +0330] "GET /ioxi-o.php HTTP/1.1" 200 0 "-" "Mozilla/5.0 (Windows NT 10.0; Win64; x64) AppleWebKit/537.36 (KHTML, like Gecko) Chrome/120.0.0.0 Safari/537.36"
40.74.65.33 - - [23/Mar/2026:16:10:32 +0330] "GET /wp-admin/ HTTP/1.1" 200 1119 "-" "Mozilla/5.0 (Windows NT 10.0; Win64; x64) AppleWebKit/537.36 (KHTML, like Gecko) Chrome/120.0.0.0 Safari/537.36"
40.74.65.33 - - [23/Mar/2026:16:10:32 +0330] "GET /system_core.php HTTP/1.1" 200 0 "-" "Mozilla/5.0 (Windows NT 10.0; Win64; x64) AppleWebKit/537.36 (KHTML, like Gecko) Chrome/120.0.0.0 Safari/537.36"
40.74.65.33 - - [23/Mar/2026:16:10:33 +0330] "GET /wp-content/uploads/ HTTP/1.1" 200 1110 "-" "Mozilla/5.0 (Windows NT 10.0; Win64; x64) AppleWebKit/537.36 (KHTML, like Gecko) Chrome/120.0.0.0 Safari/537.36"
40.74.65.33 - - [23/Mar/2026:16:10:33 +0330] "GET /goods.php HTTP/1.1" 200 0 "-" "Mozilla/5.0 (Windows NT 10.0; Win64; x64) AppleWebKit/537.36 (KHTML, like Gecko) Chrome/120.0.0.0 Safari/537.36"
40.74.65.33 - - [23/Mar/2026:16:10:33 +0330] "GET /bolt.php HTTP/1.1" 200 0 "-" "Mozilla/5.0 (Windows NT 10.0; Win64; x64) AppleWebKit/537.36 (KHTML, like Gecko) Chrome/120.0.0.0 Safari/537.36"
40.74.65.33 - - [23/Mar/2026:16:10:34 +0330] "GET /file.php HTTP/1.1" 200 0 "-" "Mozilla/5.0 (Windows NT 10.0; Win64; x64) AppleWebKit/537.36 (KHTML, like Gecko) Chrome/120.0.0.0 Safari/537.36"
40.74.65.33 - - [23/Mar/2026:16:10:34 +0330] "GET /404.php HTTP/1.1" 200 0 "-" "Mozilla/5.0 (Windows NT 10.0; Win64; x64) AppleWebKit/537.36 (KHTML, like Gecko) Chrome/120.0.0.0 Safari/537.36"
40.74.65.33 - - [23/Mar/2026:16:10:34 +0330] "GET /wk/index.php HTTP/1.1" 200 0 "-" "Mozilla/5.0 (Windows NT 10.0; Win64; x64) AppleWebKit/537.36 (KHTML, like Gecko) Chrome/120.0.0.0 Safari/537.36"
40.74.65.33 - - [23/Mar/2026:16:10:34 +0330] "GET /wp-content/admin.php HTTP/1.1" 200 0 "-" "Mozilla/5.0 (Windows NT 10.0; Win64; x64) AppleWebKit/537.36 (KHTML, like Gecko) Chrome/120.0.0.0 Safari/537.36"
40.74.65.33 - - [23/Mar/2026:16:10:35 +0330] "GET /wp-content/themes/admin.php HTTP/1.1" 200 0 "-" "Mozilla/5.0 (Windows NT 10.0; Win64; x64) AppleWebKit/537.36 (KHTML, like Gecko) Chrome/120.0.0.0 Safari/537.36"
40.74.65.33 - - [23/Mar/2026:16:10:35 +0330] "GET /.well-known/logs233/index.php HTTP/1.1" 200 0 "-" "Mozilla/5.0 (Windows NT 10.0; Win64; x64) AppleWebKit/537.36 (KHTML, like Gecko) Chrome/120.0.0.0 Safari/537.36"
40.74.65.33 - - [23/Mar/2026:16:10:35 +0330] "GET /as.php HTTP/1.1" 200 0 "-" "Mozilla/5.0 (Windows NT 10.0; Win64; x64) AppleWebKit/537.36 (KHTML, like Gecko) Chrome/120.0.0.0 Safari/537.36"
40.74.65.33 - - [23/Mar/2026:16:10:35 +0330] "GET /wp-admin/js/ HTTP/1.1" 200 3229 "-" "Mozilla/5.0 (Windows NT 10.0; Win64; x64) AppleWebKit/537.36 (KHTML, like Gecko) Chrome/120.0.0.0 Safari/537.36"
69.197.149.50 - - [23/Mar/2026:16:04:38 +0330] "GET /wp-includes/admin.php HTTP/1.1" 200 0 "https://news.mantaraham.ir/wp-includes/admin.php" "Mozilla/5.0 (Windows NT 10.0; Win64; x64) AppleWebKit/537.36 (KHTML, like Gecko) Chrome/58.0.3029.110 Safari/537.3"
69.197.149.50 - - [23/Mar/2026:16:04:50 +0330] "GET /wp-includes/admin.php HTTP/1.1" 200 0 "https://news.mantaraham.ir/wp-includes/admin.php" "Mozilla/5.0 (Windows NT 10.0; Win64; x64) AppleWebKit/537.36 (KHTML, like Gecko) Chrome/58.0.3029.110 Safari/537.3"
69.197.149.50 - - [23/Mar/2026:16:04:54 +0330] "GET /wp-includes/admin.php HTTP/1.1" 200 0 "https://news.mantaraham.ir/wp-includes/admin.php" "Mozilla/5.0 (Windows NT 10.0; Win64; x64) AppleWebKit/537.36 (KHTML, like Gecko) Chrome/58.0.3029.110 Safari/537.3"
142.93.208.146 - - [23/Mar/2026:16:05:05 +0330] "POST /wp-admin/css/colors/coffee/wp-login.php HTTP/1.1" 200 4530 "binance.com" "Mozilla/5.0 (Windows NT 10.0; Win64; x64) AppleWebKit/537.36 (KHTML, like Gecko) Chrome/90.0.4430.85 Safari/537.36"
69.197.149.50 - - [23/Mar/2026:16:05:36 +0330] "GET /wp-includes/admin.php HTTP/1.1" 200 0 "https://news.mantaraham.ir/wp-includes/admin.php" "Mozilla/5.0 (Windows NT 10.0; Win64; x64) AppleWebKit/537.36 (KHTML, like Gecko) Chrome/58.0.3029.110 Safari/537.3"
69.197.149.50 - - [23/Mar/2026:16:06:38 +0330] "GET /wp-includes/admin.php HTTP/1.1" 200 0 "https://news.mantaraham.ir/wp-includes/admin.php" "Mozilla/5.0 (Windows NT 10.0; Win64; x64) AppleWebKit/537.36 (KHTML, like Gecko) Chrome/58.0.3029.110 Safari/537.3"
69.197.149.50 - - [23/Mar/2026:16:07:22 +0330] "GET /wp-includes/admin.php HTTP/1.1" 200 0 "https://news.mantaraham.ir/wp-includes/admin.php" "Mozilla/5.0 (Windows NT 10.0; Win64; x64) AppleWebKit/537.36 (KHTML, like Gecko) Chrome/58.0.3029.110 Safari/537.3"
69.197.149.50 - - [23/Mar/2026:16:07:48 +0330] "GET /wp-includes/admin.php HTTP/1.1" 200 0 "https://news.mantaraham.ir/wp-includes/admin.php" "Mozilla/5.0 (Windows NT 10.0; Win64; x64) AppleWebKit/537.36 (KHTML, like Gecko) Chrome/58.0.3029.110 Safari/537.3"
69.197.149.50 - - [23/Mar/2026:16:09:09 +0330] "GET /wp-includes/admin.php HTTP/1.1" 200 0 "https://news.mantaraham.ir/wp-includes/admin.php" "Mozilla/5.0 (Windows NT 10.0; Win64; x64) AppleWebKit/537.36 (KHTML, like Gecko) Chrome/58.0.3029.110 Safari/537.3"
69.197.149.50 - - [23/Mar/2026:16:09:26 +0330] "GET /wp-includes/admin.php HTTP/1.1" 200 0 "https://news.mantaraham.ir/wp-includes/admin.php" "Mozilla/5.0 (Windows NT 10.0; Win64; x64) AppleWebKit/537.36 (KHTML, like Gecko) Chrome/58.0.3029.110 Safari/537.3"
142.93.208.146 - - [23/Mar/2026:16:09:32 +0330] "GET /wp-admin/css/colors/ectoplasm/ryddziarci.php HTTP/1.1" 200 0 "binance.com" "Mozilla/5.0 (Windows NT 10.0; Win64; x64) AppleWebKit/537.36 (KHTML, like Gecko) Chrome/90.0.4430.85 Safari/537.36"
69.197.149.50 - - [23/Mar/2026:16:09:57 +0330] "GET /wp-includes/admin.php HTTP/1.1" 200 0 "https://news.mantaraham.ir/wp-includes/admin.php" "Mozilla/5.0 (Windows NT 10.0; Win64; x64) AppleWebKit/537.36 (KHTML, like Gecko) Chrome/58.0.3029.110 Safari/537.3"
69.197.149.50 - - [23/Mar/2026:16:10:38 +0330] "GET /wp-includes/admin.php HTTP/1.1" 200 0 "https://news.mantaraham.ir/wp-includes/admin.php" "Mozilla/5.0 (Windows NT 10.0; Win64; x64) AppleWebKit/537.36 (KHTML, like Gecko) Chrome/58.0.3029.110 Safari/537.3"
69.197.149.50 - - [23/Mar/2026:16:10:47 +0330] "GET /wp-includes/admin.php HTTP/1.1" 200 0 "https://news.mantaraham.ir/wp-includes/admin.php" "Mozilla/5.0 (Windows NT 10.0; Win64; x64) AppleWebKit/537.36 (KHTML, like Gecko) Chrome/58.0.3029.110 Safari/537.3"
69.197.149.50 - - [23/Mar/2026:16:10:52 +0330] "GET /wp-includes/admin.php HTTP/1.1" 200 0 "https://news.mantaraham.ir/wp-includes/admin.php" "Mozilla/5.0 (Windows NT 10.0; Win64; x64) AppleWebKit/537.36 (KHTML, like Gecko) Chrome/58.0.3029.110 Safari/537.3"
40.74.65.33 - - [23/Mar/2026:16:10:36 +0330] "GET /randkeyword.PhP7 HTTP/1.1" 200 0 "-" "Mozilla/5.0 (Windows NT 10.0; Win64; x64) AppleWebKit/537.36 (KHTML, like Gecko) Chrome/120.0.0.0 Safari/537.36"
40.74.65.33 - - [23/Mar/2026:16:10:36 +0330] "GET /wp-content/uploads/index.php HTTP/1.1" 200 0 "-" "Mozilla/5.0 (Windows NT 10.0; Win64; x64) AppleWebKit/537.36 (KHTML, like Gecko) Chrome/120.0.0.0 Safari/537.36"
40.74.65.33 - - [23/Mar/2026:16:10:36 +0330] "GET /abcd.php HTTP/1.1" 200 0 "-" "Mozilla/5.0 (Windows NT 10.0; Win64; x64) AppleWebKit/537.36 (KHTML, like Gecko) Chrome/120.0.0.0 Safari/537.36"
40.74.65.33 - - [23/Mar/2026:16:10:36 +0330] "GET /index/function.php HTTP/1.1" 200 0 "-" "Mozilla/5.0 (Windows NT 10.0; Win64; x64) AppleWebKit/537.36 (KHTML, like Gecko) Chrome/120.0.0.0 Safari/537.36"
40.74.65.33 - - [23/Mar/2026:16:10:37 +0330] "GET /rip.php HTTP/1.1" 200 0 "-" "Mozilla/5.0 (Windows NT 10.0; Win64; x64) AppleWebKit/537.36 (KHTML, like Gecko) Chrome/120.0.0.0 Safari/537.36"
40.74.65.33 - - [23/Mar/2026:16:10:37 +0330] "GET /wp-admin/maint/ HTTP/1.1" 200 1141 "-" "Mozilla/5.0 (Windows NT 10.0; Win64; x64) AppleWebKit/537.36 (KHTML, like Gecko) Chrome/120.0.0.0 Safari/537.36"
40.74.65.33 - - [23/Mar/2026:16:10:37 +0330] "GET /wp-content.php HTTP/1.1" 200 0 "-" "Mozilla/5.0 (Windows NT 10.0; Win64; x64) AppleWebKit/537.36 (KHTML, like Gecko) Chrome/120.0.0.0 Safari/537.36"
40.74.65.33 - - [23/Mar/2026:16:10:37 +0330] "GET /wp-admin/css/colors/coffee/ HTTP/1.1" 200 1270 "-" "Mozilla/5.0 (Windows NT 10.0; Win64; x64) AppleWebKit/537.36 (KHTML, like Gecko) Chrome/120.0.0.0 Safari/537.36"
40.74.65.33 - - [23/Mar/2026:16:10:38 +0330] "GET /wp-admin/js/widgets/ HTTP/1.1" 200 1472 "-" "Mozilla/5.0 (Windows NT 10.0; Win64; x64) AppleWebKit/537.36 (KHTML, like Gecko) Chrome/120.0.0.0 Safari/537.36"
40.74.65.33 - - [23/Mar/2026:16:10:38 +0330] "GET /wp-includes/ID3/ HTTP/1.1" 200 1528 "-" "Mozilla/5.0 (Windows NT 10.0; Win64; x64) AppleWebKit/537.36 (KHTML, like Gecko) Chrome/120.0.0.0 Safari/537.36"
40.74.65.33 - - [23/Mar/2026:16:10:38 +0330] "GET /ws.php HTTP/1.1" 200 0 "-" "Mozilla/5.0 (Windows NT 10.0; Win64; x64) AppleWebKit/537.36 (KHTML, like Gecko) Chrome/120.0.0.0 Safari/537.36"
40.74.65.33 - - [23/Mar/2026:16:10:39 +0330] "GET /0x.php HTTP/1.1" 200 0 "-" "Mozilla/5.0 (Windows NT 10.0; Win64; x64) AppleWebKit/537.36 (KHTML, like Gecko) Chrome/120.0.0.0 Safari/537.36"
40.74.65.33 - - [23/Mar/2026:16:10:39 +0330] "GET /an.php HTTP/1.1" 200 0 "-" "Mozilla/5.0 (Windows NT 10.0; Win64; x64) AppleWebKit/537.36 (KHTML, like Gecko) Chrome/120.0.0.0 Safari/537.36"
40.74.65.33 - - [23/Mar/2026:16:10:39 +0330] "GET /dropdown.php HTTP/1.1" 200 0 "-" "Mozilla/5.0 (Windows NT 10.0; Win64; x64) AppleWebKit/537.36 (KHTML, like Gecko) Chrome/120.0.0.0 Safari/537.36"
40.74.65.33 - - [23/Mar/2026:16:10:39 +0330] "GET /update/da222.php HTTP/1.1" 200 0 "-" "Mozilla/5.0 (Windows NT 10.0; Win64; x64) AppleWebKit/537.36 (KHTML, like Gecko) Chrome/120.0.0.0 Safari/537.36"
40.74.65.33 - - [23/Mar/2026:16:10:40 +0330] "GET /wp-admin/css/ HTTP/1.1" 200 3419 "-" "Mozilla/5.0 (Windows NT 10.0; Win64; x64) AppleWebKit/537.36 (KHTML, like Gecko) Chrome/120.0.0.0 Safari/537.36"
40.74.65.33 - - [23/Mar/2026:16:10:40 +0330] "GET /wp-admin/includes/ HTTP/1.1" 200 2705 "-" "Mozilla/5.0 (Windows NT 10.0; Win64; x64) AppleWebKit/537.36 (KHTML, like Gecko) Chrome/120.0.0.0 Safari/537.36"
69.197.149.50 - - [23/Mar/2026:16:11:09 +0330] "GET /wp-includes/admin.php HTTP/1.1" 200 0 "https://news.mantaraham.ir/wp-includes/admin.php" "Mozilla/5.0 (Windows NT 10.0; Win64; x64) AppleWebKit/537.36 (KHTML, like Gecko) Chrome/58.0.3029.110 Safari/537.3"
39.194.3.56 - - [23/Mar/2026:16:12:26 +0330] "GET /zzz.php HTTP/1.1" 200 0 "-" "Mozilla/5.0 (Windows NT 10.0; Win64; x64; rv:120.0) Gecko/20100101 Firefox/120.0"
74.7.241.28 - - [23/Mar/2026:16:12:36 +0330] "GET / HTTP/2" 200 0 "-" "Mozilla/5.0 AppleWebKit/537.36 (KHTML, like Gecko; compatible; GPTBot/1.3; +https://openai.com/gptbot)"
74.7.228.22 - - [23/Mar/2026:16:12:36 +0330] "GET /robots.txt HTTP/2" 200 110 "-" "Mozilla/5.0 (Macintosh; Intel Mac OS X 10_15_7) AppleWebKit/537.36 (KHTML, like Gecko) Chrome/131.0.0.0 Safari/537.36; compatible; OAI-SearchBot/1.3; robots.txt; +https://openai.com/searchbot"
69.197.149.50 - - [23/Mar/2026:16:12:46 +0330] "GET /wp-includes/admin.php HTTP/1.1" 200 0 "https://news.mantaraham.ir/wp-includes/admin.php" "Mozilla/5.0 (Windows NT 10.0; Win64; x64) AppleWebKit/537.36 (KHTML, like Gecko) Chrome/58.0.3029.110 Safari/537.3"
142.93.208.146 - - [23/Mar/2026:16:13:03 +0330] "POST /wp-admin/css/colors/light/wp-login.php HTTP/1.1" 200 4612 "binance.com" "Mozilla/5.0 (Windows NT 10.0; Win64; x64) AppleWebKit/537.36 (KHTML, like Gecko) Chrome/90.0.4430.85 Safari/537.36"
142.93.208.146 - - [23/Mar/2026:16:13:22 +0330] "GET /wp-admin/css/colors/light/dgjfoqlfzz.php HTTP/1.1" 200 0 "binance.com" "Mozilla/5.0 (Windows NT 10.0; Win64; x64) AppleWebKit/537.36 (KHTML, like Gecko) Chrome/90.0.4430.85 Safari/537.36"
69.197.149.50 - - [23/Mar/2026:16:13:36 +0330] "GET /wp-includes/admin.php HTTP/1.1" 200 0 "https://news.mantaraham.ir/wp-includes/admin.php" "Mozilla/5.0 (Windows NT 10.0; Win64; x64) AppleWebKit/537.36 (KHTML, like Gecko) Chrome/58.0.3029.110 Safari/537.3"
69.197.149.50 - - [23/Mar/2026:16:13:57 +0330] "GET /wp-includes/admin.php HTTP/1.1" 200 0 "https://news.mantaraham.ir/wp-includes/admin.php" "Mozilla/5.0 (Windows NT 10.0; Win64; x64) AppleWebKit/537.36 (KHTML, like Gecko) Chrome/58.0.3029.110 Safari/537.3"
142.93.208.146 - - [23/Mar/2026:16:11:00 +0330] "POST /wp-admin/css/colors/light/about.php HTTP/1.1" 200 4614 "binance.com" "Mozilla/5.0 (Windows NT 10.0; Win64; x64) AppleWebKit/537.36 (KHTML, like Gecko) Chrome/90.0.4430.85 Safari/537.36"
142.93.208.146 - - [23/Mar/2026:16:11:17 +0330] "GET /wp-admin/css/colors/light/yevruornjb.php HTTP/1.1" 200 0 "binance.com" "Mozilla/5.0 (Windows NT 10.0; Win64; x64) AppleWebKit/537.36 (KHTML, like Gecko) Chrome/90.0.4430.85 Safari/537.36"
69.197.149.50 - - [23/Mar/2026:16:11:45 +0330] "GET /wp-includes/admin.php HTTP/1.1" 200 0 "https://news.mantaraham.ir/wp-includes/admin.php" "Mozilla/5.0 (Windows NT 10.0; Win64; x64) AppleWebKit/537.36 (KHTML, like Gecko) Chrome/58.0.3029.110 Safari/537.3"
69.197.149.50 - - [23/Mar/2026:16:12:02 +0330] "GET /wp-includes/admin.php HTTP/1.1" 200 0 "https://news.mantaraham.ir/wp-includes/admin.php" "Mozilla/5.0 (Windows NT 10.0; Win64; x64) AppleWebKit/537.36 (KHTML, like Gecko) Chrome/58.0.3029.110 Safari/537.3"
142.93.208.146 - - [23/Mar/2026:16:12:10 +0330] "GET /wp-admin/css/colors/light/about.php HTTP/1.1" 200 19506 "-" "Mozilla/5.0 (Windows NT 10.0; Win64; x64) AppleWebKit/537.36 (KHTML, like Gecko) Chrome/90.0.4430.85 Safari/537.36"
69.197.149.50 - - [23/Mar/2026:16:12:13 +0330] "GET /wp-includes/admin.php HTTP/1.1" 200 0 "https://news.mantaraham.ir/wp-includes/admin.php" "Mozilla/5.0 (Windows NT 10.0; Win64; x64) AppleWebKit/537.36 (KHTML, like Gecko) Chrome/58.0.3029.110 Safari/537.3"
69.197.149.50 - - [23/Mar/2026:16:12:50 +0330] "GET /wp-includes/admin.php HTTP/1.1" 200 0 "https://news.mantaraham.ir/wp-includes/admin.php" "Mozilla/5.0 (Windows NT 10.0; Win64; x64) AppleWebKit/537.36 (KHTML, like Gecko) Chrome/58.0.3029.110 Safari/537.3"
69.197.149.50 - - [23/Mar/2026:16:14:18 +0330] "GET /wp-includes/admin.php HTTP/1.1" 200 0 "https://news.mantaraham.ir/wp-includes/admin.php" "Mozilla/5.0 (Windows NT 10.0; Win64; x64) AppleWebKit/537.36 (KHTML, like Gecko) Chrome/58.0.3029.110 Safari/537.3"
142.93.208.146 - - [23/Mar/2026:16:15:25 +0330] "POST /wp-admin/css/colors/midnight/about.php HTTP/1.1" 200 4478 "binance.com" "Mozilla/5.0 (Windows NT 10.0; Win64; x64) AppleWebKit/537.36 (KHTML, like Gecko) Chrome/90.0.4430.85 Safari/537.36"
69.197.149.50 - - [23/Mar/2026:16:15:29 +0330] "GET /wp-includes/admin.php HTTP/1.1" 200 0 "https://news.mantaraham.ir/wp-includes/admin.php" "Mozilla/5.0 (Windows NT 10.0; Win64; x64) AppleWebKit/537.36 (KHTML, like Gecko) Chrome/58.0.3029.110 Safari/537.3"
142.93.208.146 - - [23/Mar/2026:16:15:35 +0330] "GET /wp-admin/css/colors/midnight/asidlulbqe.php HTTP/1.1" 200 0 "binance.com" "Mozilla/5.0 (Windows NT 10.0; Win64; x64) AppleWebKit/537.36 (KHTML, like Gecko) Chrome/90.0.4430.85 Safari/537.36"
69.197.149.50 - - [23/Mar/2026:16:16:03 +0330] "GET /wp-includes/admin.php HTTP/1.1" 200 0 "https://news.mantaraham.ir/wp-includes/admin.php" "Mozilla/5.0 (Windows NT 10.0; Win64; x64) AppleWebKit/537.36 (KHTML, like Gecko) Chrome/58.0.3029.110 Safari/537.3"
69.197.149.50 - - [23/Mar/2026:16:16:15 +0330] "GET /wp-includes/admin.php HTTP/1.1" 200 0 "https://news.mantaraham.ir/wp-includes/admin.php" "Mozilla/5.0 (Windows NT 10.0; Win64; x64) AppleWebKit/537.36 (KHTML, like Gecko) Chrome/58.0.3029.110 Safari/537.3"
69.197.149.50 - - [23/Mar/2026:16:16:32 +0330] "GET /wp-includes/admin.php HTTP/1.1" 200 0 "https://news.mantaraham.ir/wp-includes/admin.php" "Mozilla/5.0 (Windows NT 10.0; Win64; x64) AppleWebKit/537.36 (KHTML, like Gecko) Chrome/58.0.3029.110 Safari/537.3"
142.93.208.146 - - [23/Mar/2026:16:17:30 +0330] "GET /wp-admin/css/colors/midnight/nrmxiiirsi.php HTTP/1.1" 200 0 "binance.com" "Mozilla/5.0 (Windows NT 10.0; Win64; x64) AppleWebKit/537.36 (KHTML, like Gecko) Chrome/90.0.4430.85 Safari/537.36"
69.197.149.50 - - [23/Mar/2026:16:17:52 +0330] "GET /wp-includes/admin.php HTTP/1.1" 200 0 "https://news.mantaraham.ir/wp-includes/admin.php" "Mozilla/5.0 (Windows NT 10.0; Win64; x64) AppleWebKit/537.36 (KHTML, like Gecko) Chrome/58.0.3029.110 Safari/537.3"
69.197.149.50 - - [23/Mar/2026:16:18:12 +0330] "GET /wp-includes/admin.php HTTP/1.1" 200 0 "https://news.mantaraham.ir/wp-includes/admin.php" "Mozilla/5.0 (Windows NT 10.0; Win64; x64) AppleWebKit/537.36 (KHTML, like Gecko) Chrome/58.0.3029.110 Safari/537.3"
69.197.149.50 - - [23/Mar/2026:16:18:36 +0330] "GET /wp-includes/admin.php HTTP/1.1" 200 0 "https://news.mantaraham.ir/wp-includes/admin.php" "Mozilla/5.0 (Windows NT 10.0; Win64; x64) AppleWebKit/537.36 (KHTML, like Gecko) Chrome/58.0.3029.110 Safari/537.3"
69.197.149.50 - - [23/Mar/2026:16:19:58 +0330] "GET /wp-includes/admin.php HTTP/1.1" 200 0 "https://news.mantaraham.ir/wp-includes/admin.php" "Mozilla/5.0 (Windows NT 10.0; Win64; x64) AppleWebKit/537.36 (KHTML, like Gecko) Chrome/58.0.3029.110 Safari/537.3"
39.194.3.56 - - [23/Mar/2026:16:20:45 +0330] "GET /1337.php HTTP/1.1" 200 0 "-" "Mozilla/5.0 (Windows NT 10.0; Win64; x64; rv:120.0) Gecko/20100101 Firefox/120.0"
69.197.149.50 - - [23/Mar/2026:16:21:00 +0330] "GET /wp-includes/admin.php HTTP/1.1" 200 0 "https://news.mantaraham.ir/wp-includes/admin.php" "Mozilla/5.0 (Windows NT 10.0; Win64; x64) AppleWebKit/537.36 (KHTML, like Gecko) Chrome/58.0.3029.110 Safari/537.3"
69.197.149.50 - - [23/Mar/2026:16:22:20 +0330] "GET /wp-includes/admin.php HTTP/1.1" 200 0 "https://news.mantaraham.ir/wp-includes/admin.php" "Mozilla/5.0 (Windows NT 10.0; Win64; x64) AppleWebKit/537.36 (KHTML, like Gecko) Chrome/58.0.3029.110 Safari/537.3"
69.197.149.50 - - [23/Mar/2026:16:22:31 +0330] "GET /wp-includes/admin.php HTTP/1.1" 200 0 "https://news.mantaraham.ir/wp-includes/admin.php" "Mozilla/5.0 (Windows NT 10.0; Win64; x64) AppleWebKit/537.36 (KHTML, like Gecko) Chrome/58.0.3029.110 Safari/537.3"
142.93.208.146 - - [23/Mar/2026:16:14:15 +0330] "GET /wp-admin/css/colors/light/wp-login.php HTTP/1.1" 200 19506 "-" "Mozilla/5.0 (Windows NT 10.0; Win64; x64) AppleWebKit/537.36 (KHTML, like Gecko) Chrome/90.0.4430.85 Safari/537.36"
69.197.149.50 - - [23/Mar/2026:16:15:00 +0330] "GET /wp-includes/admin.php HTTP/1.1" 200 0 "https://news.mantaraham.ir/wp-includes/admin.php" "Mozilla/5.0 (Windows NT 10.0; Win64; x64) AppleWebKit/537.36 (KHTML, like Gecko) Chrome/58.0.3029.110 Safari/537.3"
69.197.149.50 - - [23/Mar/2026:16:15:07 +0330] "GET /wp-includes/admin.php HTTP/1.1" 200 0 "https://news.mantaraham.ir/wp-includes/admin.php" "Mozilla/5.0 (Windows NT 10.0; Win64; x64) AppleWebKit/537.36 (KHTML, like Gecko) Chrome/58.0.3029.110 Safari/537.3"
69.197.149.50 - - [23/Mar/2026:16:15:54 +0330] "GET /wp-includes/admin.php HTTP/1.1" 200 0 "https://news.mantaraham.ir/wp-includes/admin.php" "Mozilla/5.0 (Windows NT 10.0; Win64; x64) AppleWebKit/537.36 (KHTML, like Gecko) Chrome/58.0.3029.110 Safari/537.3"
142.93.208.146 - - [23/Mar/2026:16:16:12 +0330] "GET /wp-admin/css/colors/midnight/about.php HTTP/1.1" 200 18372 "-" "Mozilla/5.0 (Windows NT 10.0; Win64; x64) AppleWebKit/537.36 (KHTML, like Gecko) Chrome/90.0.4430.85 Safari/537.36"
69.197.149.50 - - [23/Mar/2026:16:16:54 +0330] "GET /wp-includes/admin.php HTTP/1.1" 200 0 "https://news.mantaraham.ir/wp-includes/admin.php" "Mozilla/5.0 (Windows NT 10.0; Win64; x64) AppleWebKit/537.36 (KHTML, like Gecko) Chrome/58.0.3029.110 Safari/537.3"
142.93.208.146 - - [23/Mar/2026:16:17:09 +0330] "POST /wp-admin/css/colors/midnight/wp-login.php HTTP/1.1" 200 4498 "binance.com" "Mozilla/5.0 (Windows NT 10.0; Win64; x64) AppleWebKit/537.36 (KHTML, like Gecko) Chrome/90.0.4430.85 Safari/537.36"
69.197.149.50 - - [23/Mar/2026:16:17:41 +0330] "GET /wp-includes/admin.php HTTP/1.1" 200 0 "https://news.mantaraham.ir/wp-includes/admin.php" "Mozilla/5.0 (Windows NT 10.0; Win64; x64) AppleWebKit/537.36 (KHTML, like Gecko) Chrome/58.0.3029.110 Safari/537.3"
142.93.208.146 - - [23/Mar/2026:16:18:08 +0330] "GET /wp-admin/css/colors/midnight/wp-login.php HTTP/1.1" 200 18372 "-" "Mozilla/5.0 (Windows NT 10.0; Win64; x64) AppleWebKit/537.36 (KHTML, like Gecko) Chrome/90.0.4430.85 Safari/537.36"
69.197.149.50 - - [23/Mar/2026:16:18:53 +0330] "GET /wp-includes/admin.php HTTP/1.1" 200 0 "https://news.mantaraham.ir/wp-includes/admin.php" "Mozilla/5.0 (Windows NT 10.0; Win64; x64) AppleWebKit/537.36 (KHTML, like Gecko) Chrome/58.0.3029.110 Safari/537.3"
69.197.149.50 - - [23/Mar/2026:16:20:31 +0330] "GET /wp-includes/admin.php HTTP/1.1" 200 0 "https://news.mantaraham.ir/wp-includes/admin.php" "Mozilla/5.0 (Windows NT 10.0; Win64; x64) AppleWebKit/537.36 (KHTML, like Gecko) Chrome/58.0.3029.110 Safari/537.3"
69.197.149.50 - - [23/Mar/2026:16:22:34 +0330] "GET /wp-includes/admin.php HTTP/1.1" 200 0 "https://news.mantaraham.ir/wp-includes/admin.php" "Mozilla/5.0 (Windows NT 10.0; Win64; x64) AppleWebKit/537.36 (KHTML, like Gecko) Chrome/58.0.3029.110 Safari/537.3"
142.93.208.146 - - [23/Mar/2026:16:23:01 +0330] "GET /wp-admin/js/cdrgtocznm.php HTTP/1.1" 200 0 "binance.com" "Mozilla/5.0 (Windows NT 10.0; Win64; x64) AppleWebKit/537.36 (KHTML, like Gecko) Chrome/90.0.4430.85 Safari/537.36"
142.93.208.146 - - [23/Mar/2026:16:23:38 +0330] "GET /wp-admin/js/wp-login.php HTTP/1.1" 200 74532 "-" "Mozilla/5.0 (Windows NT 10.0; Win64; x64) AppleWebKit/537.36 (KHTML, like Gecko) Chrome/90.0.4430.85 Safari/537.36"
142.93.208.146 - - [23/Mar/2026:16:24:43 +0330] "POST /wp-admin/js/widgets/about.php HTTP/1.1" 200 5004 "binance.com" "Mozilla/5.0 (Windows NT 10.0; Win64; x64) AppleWebKit/537.36 (KHTML, like Gecko) Chrome/90.0.4430.85 Safari/537.36"
69.197.149.50 - - [23/Mar/2026:16:25:07 +0330] "GET /wp-includes/admin.php HTTP/1.1" 200 0 "https://news.mantaraham.ir/wp-includes/admin.php" "Mozilla/5.0 (Windows NT 10.0; Win64; x64) AppleWebKit/537.36 (KHTML, like Gecko) Chrome/58.0.3029.110 Safari/537.3"
142.93.208.146 - - [23/Mar/2026:16:22:51 +0330] "POST /wp-admin/js/wp-login.php HTTP/1.1" 200 9451 "binance.com" "Mozilla/5.0 (Windows NT 10.0; Win64; x64) AppleWebKit/537.36 (KHTML, like Gecko) Chrome/90.0.4430.85 Safari/537.36"
69.197.149.50 - - [23/Mar/2026:16:22:55 +0330] "GET /wp-includes/admin.php HTTP/1.1" 200 0 "https://news.mantaraham.ir/wp-includes/admin.php" "Mozilla/5.0 (Windows NT 10.0; Win64; x64) AppleWebKit/537.36 (KHTML, like Gecko) Chrome/58.0.3029.110 Safari/537.3"
69.197.149.50 - - [23/Mar/2026:16:23:13 +0330] "GET /wp-includes/admin.php HTTP/1.1" 200 0 "https://news.mantaraham.ir/wp-includes/admin.php" "Mozilla/5.0 (Windows NT 10.0; Win64; x64) AppleWebKit/537.36 (KHTML, like Gecko) Chrome/58.0.3029.110 Safari/537.3"
69.197.149.50 - - [23/Mar/2026:16:23:30 +0330] "GET /wp-includes/admin.php HTTP/1.1" 200 0 "https://news.mantaraham.ir/wp-includes/admin.php" "Mozilla/5.0 (Windows NT 10.0; Win64; x64) AppleWebKit/537.36 (KHTML, like Gecko) Chrome/58.0.3029.110 Safari/537.3"
69.197.149.50 - - [23/Mar/2026:16:23:42 +0330] "GET /wp-includes/admin.php HTTP/1.1" 200 0 "https://news.mantaraham.ir/wp-includes/admin.php" "Mozilla/5.0 (Windows NT 10.0; Win64; x64) AppleWebKit/537.36 (KHTML, like Gecko) Chrome/58.0.3029.110 Safari/537.3"
69.197.149.50 - - [23/Mar/2026:16:24:18 +0330] "GET /wp-includes/admin.php HTTP/1.1" 200 0 "https://news.mantaraham.ir/wp-includes/admin.php" "Mozilla/5.0 (Windows NT 10.0; Win64; x64) AppleWebKit/537.36 (KHTML, like Gecko) Chrome/58.0.3029.110 Safari/537.3"
69.197.149.50 - - [23/Mar/2026:16:24:26 +0330] "GET /wp-includes/admin.php HTTP/1.1" 200 0 "https://news.mantaraham.ir/wp-includes/admin.php" "Mozilla/5.0 (Windows NT 10.0; Win64; x64) AppleWebKit/537.36 (KHTML, like Gecko) Chrome/58.0.3029.110 Safari/537.3"
69.197.149.50 - - [23/Mar/2026:16:24:49 +0330] "GET /wp-includes/admin.php HTTP/1.1" 200 0 "https://news.mantaraham.ir/wp-includes/admin.php" "Mozilla/5.0 (Windows NT 10.0; Win64; x64) AppleWebKit/537.36 (KHTML, like Gecko) Chrome/58.0.3029.110 Safari/537.3"
142.93.208.146 - - [23/Mar/2026:16:24:55 +0330] "GET /wp-admin/js/widgets/cthmegjimm.php HTTP/1.1" 200 0 "binance.com" "Mozilla/5.0 (Windows NT 10.0; Win64; x64) AppleWebKit/537.36 (KHTML, like Gecko) Chrome/90.0.4430.85 Safari/537.36"
69.197.149.50 - - [23/Mar/2026:16:25:31 +0330] "GET /wp-includes/admin.php HTTP/1.1" 200 0 "https://news.mantaraham.ir/wp-includes/admin.php" "Mozilla/5.0 (Windows NT 10.0; Win64; x64) AppleWebKit/537.36 (KHTML, like Gecko) Chrome/58.0.3029.110 Safari/537.3"
142.93.208.146 - - [23/Mar/2026:16:26:17 +0330] "GET /wp-admin/js/widgets/cjtxrgfezg.php HTTP/1.1" 200 0 "binance.com" "Mozilla/5.0 (Windows NT 10.0; Win64; x64) AppleWebKit/537.36 (KHTML, like Gecko) Chrome/90.0.4430.85 Safari/537.36"
