39.194.3.56 - - [23/Mar/2026:21:04:55 +0330] "GET /mlro.php HTTP/1.1" 200 0 "-" "Mozilla/5.0 (Windows NT 10.0; Win64; x64; rv:120.0) Gecko/20100101 Firefox/120.0"
39.194.3.56 - - [23/Mar/2026:21:13:16 +0330] "GET /mntp.php HTTP/1.1" 200 0 "-" "Mozilla/5.0 (Windows NT 10.0; Win64; x64; rv:120.0) Gecko/20100101 Firefox/120.0"
40.77.167.40 - - [23/Mar/2026:21:03:06 +0330] "GET /-wpt-tmp-E0P4E4EjPWXTDQkO.maintenance HTTP/2" 200 0 "-" "Mozilla/5.0 AppleWebKit/537.36 (KHTML, like Gecko; compatible; bingbot/2.0; +http://www.bing.com/bingbot.htm) Chrome/116.0.1938.76 Safari/537.36"
39.194.3.56 - - [23/Mar/2026:21:30:05 +0330] "GET /root.php HTTP/1.1" 200 0 "-" "Mozilla/5.0 (Windows NT 10.0; Win64; x64; rv:120.0) Gecko/20100101 Firefox/120.0"
39.194.3.56 - - [23/Mar/2026:21:21:41 +0330] "GET /okxh.php HTTP/1.1" 200 0 "-" "Mozilla/5.0 (Windows NT 10.0; Win64; x64; rv:120.0) Gecko/20100101 Firefox/120.0"
39.194.3.56 - - [23/Mar/2026:21:38:36 +0330] "GET /rzki.php HTTP/1.1" 200 0 "-" "Mozilla/5.0 (Windows NT 10.0; Win64; x64; rv:120.0) Gecko/20100101 Firefox/120.0"
69.197.149.50 - - [23/Mar/2026:21:45:41 +0330] "GET /wp-includes/admin.php HTTP/1.1" 200 0 "https://news.mantaraham.ir/wp-includes/admin.php" "Mozilla/5.0 (Windows NT 10.0; Win64; x64) AppleWebKit/537.36 (KHTML, like Gecko) Chrome/58.0.3029.110 Safari/537.3"
69.197.149.50 - - [23/Mar/2026:21:45:45 +0330] "GET /wp-includes/admin.php HTTP/1.1" 200 0 "https://news.mantaraham.ir/wp-includes/admin.php" "Mozilla/5.0 (Windows NT 10.0; Win64; x64) AppleWebKit/537.36 (KHTML, like Gecko) Chrome/58.0.3029.110 Safari/537.3"
69.197.149.50 - - [23/Mar/2026:21:45:51 +0330] "GET /wp-includes/admin.php HTTP/1.1" 200 0 "https://news.mantaraham.ir/wp-includes/admin.php" "Mozilla/5.0 (Windows NT 10.0; Win64; x64) AppleWebKit/537.36 (KHTML, like Gecko) Chrome/58.0.3029.110 Safari/537.3"
69.197.149.50 - - [23/Mar/2026:21:46:06 +0330] "GET /wp-includes/admin.php HTTP/1.1" 200 0 "https://news.mantaraham.ir/wp-includes/admin.php" "Mozilla/5.0 (Windows NT 10.0; Win64; x64) AppleWebKit/537.36 (KHTML, like Gecko) Chrome/58.0.3029.110 Safari/537.3"
69.197.149.50 - - [23/Mar/2026:21:46:10 +0330] "GET /wp-includes/admin.php HTTP/1.1" 200 0 "https://news.mantaraham.ir/wp-includes/admin.php" "Mozilla/5.0 (Windows NT 10.0; Win64; x64) AppleWebKit/537.36 (KHTML, like Gecko) Chrome/58.0.3029.110 Safari/537.3"
69.197.149.50 - - [23/Mar/2026:21:46:16 +0330] "GET /wp-includes/admin.php HTTP/1.1" 200 0 "https://news.mantaraham.ir/wp-includes/admin.php" "Mozilla/5.0 (Windows NT 10.0; Win64; x64) AppleWebKit/537.36 (KHTML, like Gecko) Chrome/58.0.3029.110 Safari/537.3"
69.197.149.50 - - [23/Mar/2026:21:47:39 +0330] "GET /wp-includes/admin.php HTTP/1.1" 200 0 "https://news.mantaraham.ir/wp-includes/admin.php" "Mozilla/5.0 (Windows NT 10.0; Win64; x64) AppleWebKit/537.36 (KHTML, like Gecko) Chrome/58.0.3029.110 Safari/537.3"
69.197.149.50 - - [23/Mar/2026:21:47:41 +0330] "GET /wp-includes/admin.php HTTP/1.1" 200 0 "https://news.mantaraham.ir/wp-includes/admin.php" "Mozilla/5.0 (Windows NT 10.0; Win64; x64) AppleWebKit/537.36 (KHTML, like Gecko) Chrome/58.0.3029.110 Safari/537.3"
69.197.149.50 - - [23/Mar/2026:21:47:43 +0330] "GET /wp-includes/admin.php HTTP/1.1" 200 0 "https://news.mantaraham.ir/wp-includes/admin.php" "Mozilla/5.0 (Windows NT 10.0; Win64; x64) AppleWebKit/537.36 (KHTML, like Gecko) Chrome/58.0.3029.110 Safari/537.3"
69.197.149.50 - - [23/Mar/2026:21:47:54 +0330] "GET /wp-includes/admin.php HTTP/1.1" 200 0 "https://news.mantaraham.ir/wp-includes/admin.php" "Mozilla/5.0 (Windows NT 10.0; Win64; x64) AppleWebKit/537.36 (KHTML, like Gecko) Chrome/58.0.3029.110 Safari/537.3"
69.197.149.50 - - [23/Mar/2026:21:48:02 +0330] "GET /wp-includes/admin.php HTTP/1.1" 200 0 "https://news.mantaraham.ir/wp-includes/admin.php" "Mozilla/5.0 (Windows NT 10.0; Win64; x64) AppleWebKit/537.36 (KHTML, like Gecko) Chrome/58.0.3029.110 Safari/537.3"
69.197.149.50 - - [23/Mar/2026:21:48:06 +0330] "GET /wp-includes/admin.php HTTP/1.1" 200 0 "https://news.mantaraham.ir/wp-includes/admin.php" "Mozilla/5.0 (Windows NT 10.0; Win64; x64) AppleWebKit/537.36 (KHTML, like Gecko) Chrome/58.0.3029.110 Safari/537.3"
69.197.149.50 - - [23/Mar/2026:21:45:39 +0330] "GET /wp-includes/admin.php HTTP/1.1" 200 0 "https://news.mantaraham.ir/wp-includes/admin.php" "Mozilla/5.0 (Windows NT 10.0; Win64; x64) AppleWebKit/537.36 (KHTML, like Gecko) Chrome/58.0.3029.110 Safari/537.3"
69.197.149.50 - - [23/Mar/2026:21:45:57 +0330] "GET /wp-includes/admin.php HTTP/1.1" 200 0 "https://news.mantaraham.ir/wp-includes/admin.php" "Mozilla/5.0 (Windows NT 10.0; Win64; x64) AppleWebKit/537.36 (KHTML, like Gecko) Chrome/58.0.3029.110 Safari/537.3"
69.197.149.50 - - [23/Mar/2026:21:46:00 +0330] "GET /wp-includes/admin.php HTTP/1.1" 200 0 "https://news.mantaraham.ir/wp-includes/admin.php" "Mozilla/5.0 (Windows NT 10.0; Win64; x64) AppleWebKit/537.36 (KHTML, like Gecko) Chrome/58.0.3029.110 Safari/537.3"
69.197.149.50 - - [23/Mar/2026:21:46:06 +0330] "GET /wp-includes/admin.php HTTP/1.1" 200 0 "https://news.mantaraham.ir/wp-includes/admin.php" "Mozilla/5.0 (Windows NT 10.0; Win64; x64) AppleWebKit/537.36 (KHTML, like Gecko) Chrome/58.0.3029.110 Safari/537.3"
69.197.149.50 - - [23/Mar/2026:21:46:11 +0330] "GET /wp-includes/admin.php HTTP/1.1" 200 0 "https://news.mantaraham.ir/wp-includes/admin.php" "Mozilla/5.0 (Windows NT 10.0; Win64; x64) AppleWebKit/537.36 (KHTML, like Gecko) Chrome/58.0.3029.110 Safari/537.3"
69.197.149.50 - - [23/Mar/2026:21:46:17 +0330] "GET /wp-includes/admin.php HTTP/1.1" 200 0 "https://news.mantaraham.ir/wp-includes/admin.php" "Mozilla/5.0 (Windows NT 10.0; Win64; x64) AppleWebKit/537.36 (KHTML, like Gecko) Chrome/58.0.3029.110 Safari/537.3"
39.194.3.56 - - [23/Mar/2026:21:47:36 +0330] "GET /smtp.php HTTP/1.1" 200 0 "-" "Mozilla/5.0 (Windows NT 10.0; Win64; x64; rv:120.0) Gecko/20100101 Firefox/120.0"
69.197.149.50 - - [23/Mar/2026:21:47:37 +0330] "GET /wp-includes/admin.php HTTP/1.1" 200 0 "https://news.mantaraham.ir/wp-includes/admin.php" "Mozilla/5.0 (Windows NT 10.0; Win64; x64) AppleWebKit/537.36 (KHTML, like Gecko) Chrome/58.0.3029.110 Safari/537.3"
69.197.149.50 - - [23/Mar/2026:21:47:57 +0330] "GET /wp-includes/admin.php HTTP/1.1" 200 0 "https://news.mantaraham.ir/wp-includes/admin.php" "Mozilla/5.0 (Windows NT 10.0; Win64; x64) AppleWebKit/537.36 (KHTML, like Gecko) Chrome/58.0.3029.110 Safari/537.3"
69.197.149.50 - - [23/Mar/2026:21:48:11 +0330] "GET /wp-includes/admin.php HTTP/1.1" 200 0 "https://news.mantaraham.ir/wp-includes/admin.php" "Mozilla/5.0 (Windows NT 10.0; Win64; x64) AppleWebKit/537.36 (KHTML, like Gecko) Chrome/58.0.3029.110 Safari/537.3"
69.197.149.50 - - [23/Mar/2026:21:48:13 +0330] "GET /wp-includes/admin.php HTTP/1.1" 200 0 "https://news.mantaraham.ir/wp-includes/admin.php" "Mozilla/5.0 (Windows NT 10.0; Win64; x64) AppleWebKit/537.36 (KHTML, like Gecko) Chrome/58.0.3029.110 Safari/537.3"
69.197.149.50 - - [23/Mar/2026:21:48:27 +0330] "GET /wp-includes/admin.php HTTP/1.1" 200 0 "https://news.mantaraham.ir/wp-includes/admin.php" "Mozilla/5.0 (Windows NT 10.0; Win64; x64) AppleWebKit/537.36 (KHTML, like Gecko) Chrome/58.0.3029.110 Safari/537.3"
69.197.149.50 - - [23/Mar/2026:21:48:47 +0330] "GET /wp-includes/admin.php HTTP/1.1" 200 0 "https://news.mantaraham.ir/wp-includes/admin.php" "Mozilla/5.0 (Windows NT 10.0; Win64; x64) AppleWebKit/537.36 (KHTML, like Gecko) Chrome/58.0.3029.110 Safari/537.3"
69.197.149.50 - - [23/Mar/2026:21:53:27 +0330] "GET /wp-includes/admin.php HTTP/1.1" 200 0 "https://news.mantaraham.ir/wp-includes/admin.php" "Mozilla/5.0 (Windows NT 10.0; Win64; x64) AppleWebKit/537.36 (KHTML, like Gecko) Chrome/58.0.3029.110 Safari/537.3"
69.197.149.50 - - [23/Mar/2026:21:54:16 +0330] "GET /wp-includes/admin.php HTTP/1.1" 200 0 "https://news.mantaraham.ir/wp-includes/admin.php" "Mozilla/5.0 (Windows NT 10.0; Win64; x64) AppleWebKit/537.36 (KHTML, like Gecko) Chrome/58.0.3029.110 Safari/537.3"
69.197.149.50 - - [23/Mar/2026:21:54:23 +0330] "GET /wp-includes/admin.php HTTP/1.1" 200 0 "https://news.mantaraham.ir/wp-includes/admin.php" "Mozilla/5.0 (Windows NT 10.0; Win64; x64) AppleWebKit/537.36 (KHTML, like Gecko) Chrome/58.0.3029.110 Safari/537.3"
39.194.3.56 - - [23/Mar/2026:21:55:56 +0330] "GET /teaa.php HTTP/1.1" 200 0 "-" "Mozilla/5.0 (Windows NT 10.0; Win64; x64; rv:120.0) Gecko/20100101 Firefox/120.0"
69.197.149.50 - - [23/Mar/2026:21:58:54 +0330] "GET /wp-includes/admin.php HTTP/1.1" 200 0 "https://news.mantaraham.ir/wp-includes/admin.php" "Mozilla/5.0 (Windows NT 10.0; Win64; x64) AppleWebKit/537.36 (KHTML, like Gecko) Chrome/58.0.3029.110 Safari/537.3"
39.194.3.56 - - [23/Mar/2026:22:04:07 +0330] "GET /win3.php HTTP/1.1" 200 0 "-" "Mozilla/5.0 (Windows NT 10.0; Win64; x64; rv:120.0) Gecko/20100101 Firefox/120.0"
69.197.149.50 - - [23/Mar/2026:21:48:18 +0330] "GET /wp-includes/admin.php HTTP/1.1" 200 0 "https://news.mantaraham.ir/wp-includes/admin.php" "Mozilla/5.0 (Windows NT 10.0; Win64; x64) AppleWebKit/537.36 (KHTML, like Gecko) Chrome/58.0.3029.110 Safari/537.3"
69.197.149.50 - - [23/Mar/2026:21:51:36 +0330] "GET /wp-includes/admin.php HTTP/1.1" 200 0 "https://news.mantaraham.ir/wp-includes/admin.php" "Mozilla/5.0 (Windows NT 10.0; Win64; x64) AppleWebKit/537.36 (KHTML, like Gecko) Chrome/58.0.3029.110 Safari/537.3"
69.197.149.50 - - [23/Mar/2026:21:51:38 +0330] "GET /wp-includes/admin.php HTTP/1.1" 200 0 "https://news.mantaraham.ir/wp-includes/admin.php" "Mozilla/5.0 (Windows NT 10.0; Win64; x64) AppleWebKit/537.36 (KHTML, like Gecko) Chrome/58.0.3029.110 Safari/537.3"
69.197.149.50 - - [23/Mar/2026:21:51:43 +0330] "GET /wp-includes/admin.php HTTP/1.1" 200 0 "https://news.mantaraham.ir/wp-includes/admin.php" "Mozilla/5.0 (Windows NT 10.0; Win64; x64) AppleWebKit/537.36 (KHTML, like Gecko) Chrome/58.0.3029.110 Safari/537.3"
69.197.149.50 - - [23/Mar/2026:21:51:46 +0330] "GET /wp-includes/admin.php HTTP/1.1" 200 0 "https://news.mantaraham.ir/wp-includes/admin.php" "Mozilla/5.0 (Windows NT 10.0; Win64; x64) AppleWebKit/537.36 (KHTML, like Gecko) Chrome/58.0.3029.110 Safari/537.3"
69.197.149.50 - - [23/Mar/2026:21:51:53 +0330] "GET /wp-includes/admin.php HTTP/1.1" 200 0 "https://news.mantaraham.ir/wp-includes/admin.php" "Mozilla/5.0 (Windows NT 10.0; Win64; x64) AppleWebKit/537.36 (KHTML, like Gecko) Chrome/58.0.3029.110 Safari/537.3"
69.197.149.50 - - [23/Mar/2026:21:54:15 +0330] "GET /wp-includes/admin.php HTTP/1.1" 200 0 "https://news.mantaraham.ir/wp-includes/admin.php" "Mozilla/5.0 (Windows NT 10.0; Win64; x64) AppleWebKit/537.36 (KHTML, like Gecko) Chrome/58.0.3029.110 Safari/537.3"
69.197.149.50 - - [23/Mar/2026:21:54:17 +0330] "GET /wp-includes/admin.php HTTP/1.1" 200 0 "https://news.mantaraham.ir/wp-includes/admin.php" "Mozilla/5.0 (Windows NT 10.0; Win64; x64) AppleWebKit/537.36 (KHTML, like Gecko) Chrome/58.0.3029.110 Safari/537.3"
69.197.149.50 - - [23/Mar/2026:22:01:21 +0330] "GET /wp-includes/admin.php HTTP/1.1" 200 0 "https://news.mantaraham.ir/wp-includes/admin.php" "Mozilla/5.0 (Windows NT 10.0; Win64; x64) AppleWebKit/537.36 (KHTML, like Gecko) Chrome/58.0.3029.110 Safari/537.3"
69.197.149.50 - - [23/Mar/2026:22:07:10 +0330] "GET /wp-includes/admin.php HTTP/1.1" 200 0 "https://news.mantaraham.ir/wp-includes/admin.php" "Mozilla/5.0 (Windows NT 10.0; Win64; x64) AppleWebKit/537.36 (KHTML, like Gecko) Chrome/58.0.3029.110 Safari/537.3"
39.194.3.56 - - [23/Mar/2026:22:12:26 +0330] "GET /AdpAi.php HTTP/1.1" 200 0 "-" "Mozilla/5.0 (Windows NT 10.0; Win64; x64; rv:120.0) Gecko/20100101 Firefox/120.0"
39.194.3.56 - - [23/Mar/2026:22:20:48 +0330] "GET /Bet-I.php HTTP/1.1" 200 0 "-" "Mozilla/5.0 (Windows NT 10.0; Win64; x64; rv:120.0) Gecko/20100101 Firefox/120.0"
69.197.149.50 - - [23/Mar/2026:22:07:13 +0330] "GET /wp-includes/admin.php HTTP/1.1" 200 0 "https://news.mantaraham.ir/wp-includes/admin.php" "Mozilla/5.0 (Windows NT 10.0; Win64; x64) AppleWebKit/537.36 (KHTML, like Gecko) Chrome/58.0.3029.110 Safari/537.3"
39.194.3.56 - - [23/Mar/2026:22:37:05 +0330] "GET /Menus.php HTTP/1.1" 200 0 "-" "Mozilla/5.0 (Windows NT 10.0; Win64; x64; rv:120.0) Gecko/20100101 Firefox/120.0"
39.194.3.56 - - [23/Mar/2026:22:28:54 +0330] "GET /Hooks.php HTTP/1.1" 200 0 "-" "Mozilla/5.0 (Windows NT 10.0; Win64; x64; rv:120.0) Gecko/20100101 Firefox/120.0"
39.194.3.56 - - [23/Mar/2026:22:45:15 +0330] "GET /Proxy.php HTTP/1.1" 200 0 "-" "Mozilla/5.0 (Windows NT 10.0; Win64; x64; rv:120.0) Gecko/20100101 Firefox/120.0"
157.15.40.58 - - [23/Mar/2026:22:49:39 +0330] "GET / HTTP/1.1" 200 0 "-" "python-requests/2.32.5"
157.15.40.58 - - [23/Mar/2026:22:50:28 +0330] "GET /defunct.dat.txt HTTP/1.1" 200 0 "-" "python-requests/2.32.5"
157.15.40.58 - - [23/Mar/2026:22:51:08 +0330] "GET /defunct.dat.bak HTTP/1.1" 200 0 "-" "python-requests/2.32.5"
157.15.40.58 - - [23/Mar/2026:22:52:13 +0330] "GET /defunct.dat.zip HTTP/1.1" 200 0 "-" "python-requests/2.32.5"
157.15.40.58 - - [23/Mar/2026:22:53:17 +0330] "GET /defunct.dat.tmp HTTP/1.1" 200 0 "-" "python-requests/2.32.5"
157.15.40.58 - - [23/Mar/2026:22:53:46 +0330] "GET /defunct.dat.txt HTTP/1.1" 200 0 "-" "python-requests/2.32.5"
157.15.40.58 - - [23/Mar/2026:22:54:22 +0330] "GET /defunct.dat.txt.txt HTTP/1.1" 200 0 "-" "python-requests/2.32.5"
157.15.40.58 - - [23/Mar/2026:22:54:47 +0330] "GET /defunct.dat.txt.bak HTTP/1.1" 200 0 "-" "python-requests/2.32.5"
157.15.40.58 - - [23/Mar/2026:22:49:45 +0330] "GET /defunct.dat HTTP/1.1" 200 0 "-" "python-requests/2.32.5"
157.15.40.58 - - [23/Mar/2026:22:51:42 +0330] "GET /defunct.dat.old HTTP/1.1" 200 0 "-" "python-requests/2.32.5"
157.15.40.58 - - [23/Mar/2026:22:52:45 +0330] "GET /defunct.dat.backup HTTP/1.1" 200 0 "-" "python-requests/2.32.5"
39.194.3.56 - - [23/Mar/2026:22:53:54 +0330] "GET /Utils.php HTTP/1.1" 200 0 "-" "Mozilla/5.0 (Windows NT 10.0; Win64; x64; rv:120.0) Gecko/20100101 Firefox/120.0"
157.15.40.58 - - [23/Mar/2026:22:55:46 +0330] "GET /defunct.dat.txt.zip HTTP/1.1" 200 0 "-" "python-requests/2.32.5"
157.15.40.58 - - [23/Mar/2026:22:56:16 +0330] "GET /defunct.dat.txt.backup HTTP/1.1" 200 0 "-" "python-requests/2.32.5"
157.15.40.58 - - [23/Mar/2026:22:56:45 +0330] "GET /defunct.dat.txt.tmp HTTP/1.1" 200 0 "-" "python-requests/2.32.5"
157.15.40.58 - - [23/Mar/2026:22:57:12 +0330] "GET /defunct.dat.bak HTTP/1.1" 200 0 "-" "python-requests/2.32.5"
157.15.40.58 - - [23/Mar/2026:22:58:12 +0330] "GET /defunct.dat.bak.bak HTTP/1.1" 200 0 "-" "python-requests/2.32.5"
157.15.40.58 - - [23/Mar/2026:22:58:39 +0330] "GET /defunct.dat.bak.old HTTP/1.1" 200 0 "-" "python-requests/2.32.5"
69.197.149.50 - - [23/Mar/2026:22:59:30 +0330] "GET /wp-includes/admin.php HTTP/1.1" 200 0 "https://news.mantaraham.ir/wp-includes/admin.php" "Mozilla/5.0 (Windows NT 10.0; Win64; x64) AppleWebKit/537.36 (KHTML, like Gecko) Chrome/58.0.3029.110 Safari/537.3"
157.15.40.58 - - [23/Mar/2026:23:00:07 +0330] "GET /defunct.dat.bak.tmp HTTP/1.1" 200 0 "-" "python-requests/2.32.5"
69.197.149.50 - - [23/Mar/2026:23:00:34 +0330] "GET /wp-includes/admin.php HTTP/1.1" 200 0 "https://news.mantaraham.ir/wp-includes/admin.php" "Mozilla/5.0 (Windows NT 10.0; Win64; x64) AppleWebKit/537.36 (KHTML, like Gecko) Chrome/58.0.3029.110 Safari/537.3"
157.15.40.58 - - [23/Mar/2026:23:00:40 +0330] "GET /.config/htop/defunct.dat HTTP/1.1" 200 0 "-" "python-requests/2.32.5"
69.197.149.50 - - [23/Mar/2026:23:00:59 +0330] "GET /wp-includes/admin.php HTTP/1.1" 200 0 "https://news.mantaraham.ir/wp-includes/admin.php" "Mozilla/5.0 (Windows NT 10.0; Win64; x64) AppleWebKit/537.36 (KHTML, like Gecko) Chrome/58.0.3029.110 Safari/537.3"
157.15.40.58 - - [23/Mar/2026:23:01:13 +0330] "GET /.config/htop/defunct.dat.txt HTTP/1.1" 200 0 "-" "python-requests/2.32.5"
69.197.149.50 - - [23/Mar/2026:23:01:53 +0330] "GET /wp-includes/admin.php HTTP/1.1" 200 0 "https://news.mantaraham.ir/wp-includes/admin.php" "Mozilla/5.0 (Windows NT 10.0; Win64; x64) AppleWebKit/537.36 (KHTML, like Gecko) Chrome/58.0.3029.110 Safari/537.3"
69.197.149.50 - - [23/Mar/2026:23:02:02 +0330] "GET /wp-includes/admin.php HTTP/1.1" 200 0 "https://news.mantaraham.ir/wp-includes/admin.php" "Mozilla/5.0 (Windows NT 10.0; Win64; x64) AppleWebKit/537.36 (KHTML, like Gecko) Chrome/58.0.3029.110 Safari/537.3"
69.197.149.50 - - [23/Mar/2026:23:02:05 +0330] "GET /wp-includes/admin.php HTTP/1.1" 200 0 "https://news.mantaraham.ir/wp-includes/admin.php" "Mozilla/5.0 (Windows NT 10.0; Win64; x64) AppleWebKit/537.36 (KHTML, like Gecko) Chrome/58.0.3029.110 Safari/537.3"
157.15.40.58 - - [23/Mar/2026:23:02:50 +0330] "GET /.config/htop/defunct.dat.zip HTTP/1.1" 200 0 "-" "python-requests/2.32.5"
157.15.40.58 - - [23/Mar/2026:23:03:24 +0330] "GET /.config/htop/defunct.dat.backup HTTP/1.1" 200 0 "-" "python-requests/2.32.5"
157.15.40.58 - - [23/Mar/2026:23:03:50 +0330] "GET /.config/htop/defunct.dat.tmp HTTP/1.1" 200 0 "-" "python-requests/2.32.5"
157.15.40.58 - - [23/Mar/2026:23:04:21 +0330] "GET /defunct.dat.old HTTP/1.1" 200 0 "-" "python-requests/2.32.5"
69.197.149.50 - - [23/Mar/2026:23:04:42 +0330] "GET /wp-includes/admin.php HTTP/1.1" 200 0 "https://news.mantaraham.ir/wp-includes/admin.php" "Mozilla/5.0 (Windows NT 10.0; Win64; x64) AppleWebKit/537.36 (KHTML, like Gecko) Chrome/58.0.3029.110 Safari/537.3"
157.15.40.58 - - [23/Mar/2026:23:04:54 +0330] "GET /defunct.dat.old.txt HTTP/1.1" 200 0 "-" "python-requests/2.32.5"
69.197.149.50 - - [23/Mar/2026:23:05:06 +0330] "GET /wp-includes/admin.php HTTP/1.1" 200 0 "https://news.mantaraham.ir/wp-includes/admin.php" "Mozilla/5.0 (Windows NT 10.0; Win64; x64) AppleWebKit/537.36 (KHTML, like Gecko) Chrome/58.0.3029.110 Safari/537.3"
157.15.40.58 - - [23/Mar/2026:23:05:30 +0330] "GET /defunct.dat.old.bak HTTP/1.1" 200 0 "-" "python-requests/2.32.5"
157.15.40.58 - - [23/Mar/2026:23:06:05 +0330] "GET /defunct.dat.old.old HTTP/1.1" 200 0 "-" "python-requests/2.32.5"
157.15.40.58 - - [23/Mar/2026:22:55:19 +0330] "GET /defunct.dat.txt.old HTTP/1.1" 200 0 "-" "python-requests/2.32.5"
157.15.40.58 - - [23/Mar/2026:22:57:42 +0330] "GET /defunct.dat.bak.txt HTTP/1.1" 200 0 "-" "python-requests/2.32.5"
69.197.149.50 - - [23/Mar/2026:22:59:01 +0330] "GET /wp-includes/admin.php HTTP/1.1" 200 0 "https://news.mantaraham.ir/wp-includes/admin.php" "Mozilla/5.0 (Windows NT 10.0; Win64; x64) AppleWebKit/537.36 (KHTML, like Gecko) Chrome/58.0.3029.110 Safari/537.3"
157.15.40.58 - - [23/Mar/2026:22:59:09 +0330] "GET /defunct.dat.bak.zip HTTP/1.1" 200 0 "-" "python-requests/2.32.5"
69.197.149.50 - - [23/Mar/2026:22:59:34 +0330] "GET /wp-includes/admin.php HTTP/1.1" 200 0 "https://news.mantaraham.ir/wp-includes/admin.php" "Mozilla/5.0 (Windows NT 10.0; Win64; x64) AppleWebKit/537.36 (KHTML, like Gecko) Chrome/58.0.3029.110 Safari/537.3"
157.15.40.58 - - [23/Mar/2026:22:59:39 +0330] "GET /defunct.dat.bak.backup HTTP/1.1" 200 0 "-" "python-requests/2.32.5"
69.197.149.50 - - [23/Mar/2026:22:59:58 +0330] "GET /wp-includes/admin.php HTTP/1.1" 200 0 "https://news.mantaraham.ir/wp-includes/admin.php" "Mozilla/5.0 (Windows NT 10.0; Win64; x64) AppleWebKit/537.36 (KHTML, like Gecko) Chrome/58.0.3029.110 Safari/537.3"
157.15.40.58 - - [23/Mar/2026:23:01:43 +0330] "GET /.config/htop/defunct.dat.bak HTTP/1.1" 200 0 "-" "python-requests/2.32.5"
69.197.149.50 - - [23/Mar/2026:23:01:54 +0330] "GET /wp-includes/admin.php HTTP/1.1" 200 0 "https://news.mantaraham.ir/wp-includes/admin.php" "Mozilla/5.0 (Windows NT 10.0; Win64; x64) AppleWebKit/537.36 (KHTML, like Gecko) Chrome/58.0.3029.110 Safari/537.3"
157.15.40.58 - - [23/Mar/2026:23:02:19 +0330] "GET /.config/htop/defunct.dat.old HTTP/1.1" 200 0 "-" "python-requests/2.32.5"
39.194.3.56 - - [23/Mar/2026:23:02:21 +0330] "GET /Xxpop.php HTTP/1.1" 200 0 "-" "Mozilla/5.0 (Windows NT 10.0; Win64; x64; rv:120.0) Gecko/20100101 Firefox/120.0"
69.197.149.50 - - [23/Mar/2026:23:02:21 +0330] "GET /wp-includes/admin.php HTTP/1.1" 200 0 "https://news.mantaraham.ir/wp-includes/admin.php" "Mozilla/5.0 (Windows NT 10.0; Win64; x64) AppleWebKit/537.36 (KHTML, like Gecko) Chrome/58.0.3029.110 Safari/537.3"
69.197.149.50 - - [23/Mar/2026:23:03:40 +0330] "GET /wp-includes/admin.php HTTP/1.1" 200 0 "https://news.mantaraham.ir/wp-includes/admin.php" "Mozilla/5.0 (Windows NT 10.0; Win64; x64) AppleWebKit/537.36 (KHTML, like Gecko) Chrome/58.0.3029.110 Safari/537.3"
69.197.149.50 - - [23/Mar/2026:23:03:45 +0330] "GET /wp-includes/admin.php HTTP/1.1" 200 0 "https://news.mantaraham.ir/wp-includes/admin.php" "Mozilla/5.0 (Windows NT 10.0; Win64; x64) AppleWebKit/537.36 (KHTML, like Gecko) Chrome/58.0.3029.110 Safari/537.3"
69.197.149.50 - - [23/Mar/2026:23:04:40 +0330] "GET /wp-includes/admin.php HTTP/1.1" 200 0 "https://news.mantaraham.ir/wp-includes/admin.php" "Mozilla/5.0 (Windows NT 10.0; Win64; x64) AppleWebKit/537.36 (KHTML, like Gecko) Chrome/58.0.3029.110 Safari/537.3"
69.197.149.50 - - [23/Mar/2026:23:04:45 +0330] "GET /wp-includes/admin.php HTTP/1.1" 200 0 "https://news.mantaraham.ir/wp-includes/admin.php" "Mozilla/5.0 (Windows NT 10.0; Win64; x64) AppleWebKit/537.36 (KHTML, like Gecko) Chrome/58.0.3029.110 Safari/537.3"
69.197.149.50 - - [23/Mar/2026:23:05:36 +0330] "GET /wp-includes/admin.php HTTP/1.1" 200 0 "https://news.mantaraham.ir/wp-includes/admin.php" "Mozilla/5.0 (Windows NT 10.0; Win64; x64) AppleWebKit/537.36 (KHTML, like Gecko) Chrome/58.0.3029.110 Safari/537.3"
157.15.40.58 - - [23/Mar/2026:23:06:39 +0330] "GET /defunct.dat.old.zip HTTP/1.1" 200 0 "-" "python-requests/2.32.5"
69.197.149.50 - - [23/Mar/2026:23:06:47 +0330] "GET /wp-includes/admin.php HTTP/1.1" 200 0 "https://news.mantaraham.ir/wp-includes/admin.php" "Mozilla/5.0 (Windows NT 10.0; Win64; x64) AppleWebKit/537.36 (KHTML, like Gecko) Chrome/58.0.3029.110 Safari/537.3"
69.197.149.50 - - [23/Mar/2026:23:06:31 +0330] "GET /wp-includes/admin.php HTTP/1.1" 200 0 "https://news.mantaraham.ir/wp-includes/admin.php" "Mozilla/5.0 (Windows NT 10.0; Win64; x64) AppleWebKit/537.36 (KHTML, like Gecko) Chrome/58.0.3029.110 Safari/537.3"
69.197.149.50 - - [23/Mar/2026:23:06:43 +0330] "GET /wp-includes/admin.php HTTP/1.1" 200 0 "https://news.mantaraham.ir/wp-includes/admin.php" "Mozilla/5.0 (Windows NT 10.0; Win64; x64) AppleWebKit/537.36 (KHTML, like Gecko) Chrome/58.0.3029.110 Safari/537.3"
157.15.40.58 - - [23/Mar/2026:23:07:10 +0330] "GET /defunct.dat.old.backup HTTP/1.1" 200 0 "-" "python-requests/2.32.5"
69.197.149.50 - - [23/Mar/2026:23:07:12 +0330] "GET /wp-includes/admin.php HTTP/1.1" 200 0 "https://news.mantaraham.ir/wp-includes/admin.php" "Mozilla/5.0 (Windows NT 10.0; Win64; x64) AppleWebKit/537.36 (KHTML, like Gecko) Chrome/58.0.3029.110 Safari/537.3"
69.197.149.50 - - [23/Mar/2026:23:07:39 +0330] "GET /wp-includes/admin.php HTTP/1.1" 200 0 "https://news.mantaraham.ir/wp-includes/admin.php" "Mozilla/5.0 (Windows NT 10.0; Win64; x64) AppleWebKit/537.36 (KHTML, like Gecko) Chrome/58.0.3029.110 Safari/537.3"
157.15.40.58 - - [23/Mar/2026:23:07:42 +0330] "GET /defunct.dat.old.tmp HTTP/1.1" 200 0 "-" "python-requests/2.32.5"
157.15.40.58 - - [23/Mar/2026:23:08:17 +0330] "GET /.ssh/defunct.dat HTTP/1.1" 200 0 "-" "python-requests/2.32.5"
69.197.149.50 - - [23/Mar/2026:23:08:21 +0330] "GET /wp-includes/admin.php HTTP/1.1" 200 0 "https://news.mantaraham.ir/wp-includes/admin.php" "Mozilla/5.0 (Windows NT 10.0; Win64; x64) AppleWebKit/537.36 (KHTML, like Gecko) Chrome/58.0.3029.110 Safari/537.3"
69.197.149.50 - - [23/Mar/2026:23:08:33 +0330] "GET /wp-includes/admin.php HTTP/1.1" 200 0 "https://news.mantaraham.ir/wp-includes/admin.php" "Mozilla/5.0 (Windows NT 10.0; Win64; x64) AppleWebKit/537.36 (KHTML, like Gecko) Chrome/58.0.3029.110 Safari/537.3"
69.197.149.50 - - [23/Mar/2026:23:08:42 +0330] "GET /wp-includes/admin.php HTTP/1.1" 200 0 "https://news.mantaraham.ir/wp-includes/admin.php" "Mozilla/5.0 (Windows NT 10.0; Win64; x64) AppleWebKit/537.36 (KHTML, like Gecko) Chrome/58.0.3029.110 Safari/537.3"
157.15.40.58 - - [23/Mar/2026:23:09:21 +0330] "GET /.ssh/defunct.dat.bak HTTP/1.1" 200 0 "-" "python-requests/2.32.5"
69.197.149.50 - - [23/Mar/2026:23:09:24 +0330] "GET /wp-includes/admin.php HTTP/1.1" 200 0 "https://news.mantaraham.ir/wp-includes/admin.php" "Mozilla/5.0 (Windows NT 10.0; Win64; x64) AppleWebKit/537.36 (KHTML, like Gecko) Chrome/58.0.3029.110 Safari/537.3"
69.197.149.50 - - [23/Mar/2026:23:09:25 +0330] "GET /wp-includes/admin.php HTTP/1.1" 200 0 "https://news.mantaraham.ir/wp-includes/admin.php" "Mozilla/5.0 (Windows NT 10.0; Win64; x64) AppleWebKit/537.36 (KHTML, like Gecko) Chrome/58.0.3029.110 Safari/537.3"
69.197.149.50 - - [23/Mar/2026:23:09:49 +0330] "GET /wp-includes/admin.php HTTP/1.1" 200 0 "https://news.mantaraham.ir/wp-includes/admin.php" "Mozilla/5.0 (Windows NT 10.0; Win64; x64) AppleWebKit/537.36 (KHTML, like Gecko) Chrome/58.0.3029.110 Safari/537.3"
39.194.3.56 - - [23/Mar/2026:23:10:41 +0330] "GET /about.php HTTP/1.1" 200 0 "-" "Mozilla/5.0 (Windows NT 10.0; Win64; x64; rv:120.0) Gecko/20100101 Firefox/120.0"
69.197.149.50 - - [23/Mar/2026:23:11:12 +0330] "GET /wp-includes/admin.php HTTP/1.1" 200 0 "https://news.mantaraham.ir/wp-includes/admin.php" "Mozilla/5.0 (Windows NT 10.0; Win64; x64) AppleWebKit/537.36 (KHTML, like Gecko) Chrome/58.0.3029.110 Safari/537.3"
69.197.149.50 - - [23/Mar/2026:23:06:49 +0330] "GET /wp-includes/admin.php HTTP/1.1" 200 0 "https://news.mantaraham.ir/wp-includes/admin.php" "Mozilla/5.0 (Windows NT 10.0; Win64; x64) AppleWebKit/537.36 (KHTML, like Gecko) Chrome/58.0.3029.110 Safari/537.3"
69.197.149.50 - - [23/Mar/2026:23:07:36 +0330] "GET /wp-includes/admin.php HTTP/1.1" 200 0 "https://news.mantaraham.ir/wp-includes/admin.php" "Mozilla/5.0 (Windows NT 10.0; Win64; x64) AppleWebKit/537.36 (KHTML, like Gecko) Chrome/58.0.3029.110 Safari/537.3"
69.197.149.50 - - [23/Mar/2026:23:07:36 +0330] "GET /wp-includes/admin.php HTTP/1.1" 200 0 "https://news.mantaraham.ir/wp-includes/admin.php" "Mozilla/5.0 (Windows NT 10.0; Win64; x64) AppleWebKit/537.36 (KHTML, like Gecko) Chrome/58.0.3029.110 Safari/537.3"
69.197.149.50 - - [23/Mar/2026:23:07:40 +0330] "GET /wp-includes/admin.php HTTP/1.1" 200 0 "https://news.mantaraham.ir/wp-includes/admin.php" "Mozilla/5.0 (Windows NT 10.0; Win64; x64) AppleWebKit/537.36 (KHTML, like Gecko) Chrome/58.0.3029.110 Safari/537.3"
69.197.149.50 - - [23/Mar/2026:23:08:18 +0330] "GET /wp-includes/admin.php HTTP/1.1" 200 0 "https://news.mantaraham.ir/wp-includes/admin.php" "Mozilla/5.0 (Windows NT 10.0; Win64; x64) AppleWebKit/537.36 (KHTML, like Gecko) Chrome/58.0.3029.110 Safari/537.3"
69.197.149.50 - - [23/Mar/2026:23:08:43 +0330] "GET /wp-includes/admin.php HTTP/1.1" 200 0 "https://news.mantaraham.ir/wp-includes/admin.php" "Mozilla/5.0 (Windows NT 10.0; Win64; x64) AppleWebKit/537.36 (KHTML, like Gecko) Chrome/58.0.3029.110 Safari/537.3"
157.15.40.58 - - [23/Mar/2026:23:08:46 +0330] "GET /.ssh/defunct.dat.txt HTTP/1.1" 200 0 "-" "python-requests/2.32.5"
69.197.149.50 - - [23/Mar/2026:23:09:30 +0330] "GET /wp-includes/admin.php HTTP/1.1" 200 0 "https://news.mantaraham.ir/wp-includes/admin.php" "Mozilla/5.0 (Windows NT 10.0; Win64; x64) AppleWebKit/537.36 (KHTML, like Gecko) Chrome/58.0.3029.110 Safari/537.3"
157.15.40.58 - - [23/Mar/2026:23:09:54 +0330] "GET /.ssh/defunct.dat.old HTTP/1.1" 200 0 "-" "python-requests/2.32.5"
157.15.40.58 - - [23/Mar/2026:23:10:25 +0330] "GET /.ssh/defunct.dat.zip HTTP/1.1" 200 0 "-" "python-requests/2.32.5"
69.197.149.50 - - [23/Mar/2026:23:10:59 +0330] "GET /wp-includes/admin.php HTTP/1.1" 200 0 "https://news.mantaraham.ir/wp-includes/admin.php" "Mozilla/5.0 (Windows NT 10.0; Win64; x64) AppleWebKit/537.36 (KHTML, like Gecko) Chrome/58.0.3029.110 Safari/537.3"
157.15.40.58 - - [23/Mar/2026:23:11:00 +0330] "GET /.ssh/defunct.dat.backup HTTP/1.1" 200 0 "-" "python-requests/2.32.5"
69.197.149.50 - - [23/Mar/2026:23:11:18 +0330] "GET /wp-includes/admin.php HTTP/1.1" 200 0 "https://news.mantaraham.ir/wp-includes/admin.php" "Mozilla/5.0 (Windows NT 10.0; Win64; x64) AppleWebKit/537.36 (KHTML, like Gecko) Chrome/58.0.3029.110 Safari/537.3"
157.15.40.58 - - [23/Mar/2026:23:11:28 +0330] "GET /.ssh/defunct.dat.tmp HTTP/1.1" 200 0 "-" "python-requests/2.32.5"
69.197.149.50 - - [23/Mar/2026:23:11:38 +0330] "GET /wp-includes/admin.php HTTP/1.1" 200 0 "https://news.mantaraham.ir/wp-includes/admin.php" "Mozilla/5.0 (Windows NT 10.0; Win64; x64) AppleWebKit/537.36 (KHTML, like Gecko) Chrome/58.0.3029.110 Safari/537.3"
69.197.149.50 - - [23/Mar/2026:23:12:20 +0330] "GET /wp-includes/admin.php HTTP/1.1" 200 0 "https://news.mantaraham.ir/wp-includes/admin.php" "Mozilla/5.0 (Windows NT 10.0; Win64; x64) AppleWebKit/537.36 (KHTML, like Gecko) Chrome/58.0.3029.110 Safari/537.3"
69.197.149.50 - - [23/Mar/2026:23:12:24 +0330] "GET /wp-includes/admin.php HTTP/1.1" 200 0 "https://news.mantaraham.ir/wp-includes/admin.php" "Mozilla/5.0 (Windows NT 10.0; Win64; x64) AppleWebKit/537.36 (KHTML, like Gecko) Chrome/58.0.3029.110 Safari/537.3"
157.15.40.58 - - [23/Mar/2026:23:12:54 +0330] "GET /defunct.bak HTTP/1.1" 200 0 "-" "python-requests/2.32.5"
69.197.149.50 - - [23/Mar/2026:23:13:08 +0330] "GET /wp-includes/admin.php HTTP/1.1" 200 0 "https://news.mantaraham.ir/wp-includes/admin.php" "Mozilla/5.0 (Windows NT 10.0; Win64; x64) AppleWebKit/537.36 (KHTML, like Gecko) Chrome/58.0.3029.110 Safari/537.3"
157.15.40.58 - - [23/Mar/2026:23:13:22 +0330] "GET /defunct.old HTTP/1.1" 200 0 "-" "python-requests/2.32.5"
69.197.149.50 - - [23/Mar/2026:23:15:33 +0330] "GET /wp-includes/admin.php HTTP/1.1" 200 0 "https://news.mantaraham.ir/wp-includes/admin.php" "Mozilla/5.0 (Windows NT 10.0; Win64; x64) AppleWebKit/537.36 (KHTML, like Gecko) Chrome/58.0.3029.110 Safari/537.3"
69.197.149.50 - - [23/Mar/2026:23:15:33 +0330] "GET /wp-includes/admin.php HTTP/1.1" 200 0 "https://news.mantaraham.ir/wp-includes/admin.php" "Mozilla/5.0 (Windows NT 10.0; Win64; x64) AppleWebKit/537.36 (KHTML, like Gecko) Chrome/58.0.3029.110 Safari/537.3"
69.197.149.50 - - [23/Mar/2026:23:16:46 +0330] "GET /wp-includes/admin.php HTTP/1.1" 200 0 "https://news.mantaraham.ir/wp-includes/admin.php" "Mozilla/5.0 (Windows NT 10.0; Win64; x64) AppleWebKit/537.36 (KHTML, like Gecko) Chrome/58.0.3029.110 Safari/537.3"
39.194.3.56 - - [23/Mar/2026:23:25:49 +0330] "GET /asset.php HTTP/1.1" 200 0 "-" "Mozilla/5.0 (Windows NT 10.0; Win64; x64; rv:120.0) Gecko/20100101 Firefox/120.0"
103.82.8.20 - - [23/Mar/2026:23:28:20 +0330] "GET /wp-includes/Text/Diff/wp-login.php HTTP/2" 200 3818 "-" "Mozilla/5.0 (Linux; Android 10; K) AppleWebKit/537.36 (KHTML, like Gecko) Chrome/146.0.0.0 Mobile Safari/537.36"
157.15.40.58 - - [23/Mar/2026:23:11:58 +0330] "GET /defunct HTTP/1.1" 200 0 "-" "python-requests/2.32.5"
157.15.40.58 - - [23/Mar/2026:23:12:27 +0330] "GET /defunct.txt HTTP/1.1" 200 0 "-" "python-requests/2.32.5"
69.197.149.50 - - [23/Mar/2026:23:13:00 +0330] "GET /wp-includes/admin.php HTTP/1.1" 200 0 "https://news.mantaraham.ir/wp-includes/admin.php" "Mozilla/5.0 (Windows NT 10.0; Win64; x64) AppleWebKit/537.36 (KHTML, like Gecko) Chrome/58.0.3029.110 Safari/537.3"
157.15.40.58 - - [23/Mar/2026:23:13:47 +0330] "GET /defunct.zip HTTP/1.1" 200 0 "-" "python-requests/2.32.5"
69.197.149.50 - - [23/Mar/2026:23:14:10 +0330] "GET /wp-includes/admin.php HTTP/1.1" 200 0 "https://news.mantaraham.ir/wp-includes/admin.php" "Mozilla/5.0 (Windows NT 10.0; Win64; x64) AppleWebKit/537.36 (KHTML, like Gecko) Chrome/58.0.3029.110 Safari/537.3"
157.15.40.58 - - [23/Mar/2026:23:14:16 +0330] "GET /defunct.backup HTTP/1.1" 200 0 "-" "python-requests/2.32.5"
69.197.149.50 - - [23/Mar/2026:23:14:25 +0330] "GET /wp-includes/admin.php HTTP/1.1" 200 0 "https://news.mantaraham.ir/wp-includes/admin.php" "Mozilla/5.0 (Windows NT 10.0; Win64; x64) AppleWebKit/537.36 (KHTML, like Gecko) Chrome/58.0.3029.110 Safari/537.3"
157.15.40.58 - - [23/Mar/2026:23:14:38 +0330] "GET /defunct.tmp HTTP/1.1" 200 0 "-" "python-requests/2.32.5"
69.197.149.50 - - [23/Mar/2026:23:15:07 +0330] "GET /wp-includes/admin.php HTTP/1.1" 200 0 "https://news.mantaraham.ir/wp-includes/admin.php" "Mozilla/5.0 (Windows NT 10.0; Win64; x64) AppleWebKit/537.36 (KHTML, like Gecko) Chrome/58.0.3029.110 Safari/537.3"
69.197.149.50 - - [23/Mar/2026:23:15:10 +0330] "GET /wp-includes/admin.php HTTP/1.1" 200 0 "https://news.mantaraham.ir/wp-includes/admin.php" "Mozilla/5.0 (Windows NT 10.0; Win64; x64) AppleWebKit/537.36 (KHTML, like Gecko) Chrome/58.0.3029.110 Safari/537.3"
69.197.149.50 - - [23/Mar/2026:23:16:51 +0330] "GET /wp-includes/admin.php HTTP/1.1" 200 0 "https://news.mantaraham.ir/wp-includes/admin.php" "Mozilla/5.0 (Windows NT 10.0; Win64; x64) AppleWebKit/537.36 (KHTML, like Gecko) Chrome/58.0.3029.110 Safari/537.3"
69.197.149.50 - - [23/Mar/2026:23:17:09 +0330] "GET /wp-includes/admin.php HTTP/1.1" 200 0 "https://news.mantaraham.ir/wp-includes/admin.php" "Mozilla/5.0 (Windows NT 10.0; Win64; x64) AppleWebKit/537.36 (KHTML, like Gecko) Chrome/58.0.3029.110 Safari/537.3"
69.197.149.50 - - [23/Mar/2026:23:28:23 +0330] "GET /wp-includes/admin.php HTTP/1.1" 200 0 "https://news.mantaraham.ir/wp-includes/admin.php" "Mozilla/5.0 (Windows NT 10.0; Win64; x64) AppleWebKit/537.36 (KHTML, like Gecko) Chrome/58.0.3029.110 Safari/537.3"
103.82.8.20 - - [23/Mar/2026:23:29:22 +0330] "GET / HTTP/2" 200 0 "-" "Mozilla/5.0 (Linux; Android 10; K) AppleWebKit/537.36 (KHTML, like Gecko) Chrome/146.0.0.0 Mobile Safari/537.36"
103.82.8.20 - - [23/Mar/2026:23:29:22 +0330] "GET /favicon.ico HTTP/2" 404 796 "https://news.mantaraham.ir/" "Mozilla/5.0 (Linux; Android 10; K) AppleWebKit/537.36 (KHTML, like Gecko) Chrome/146.0.0.0 Mobile Safari/537.36"
39.194.3.56 - - [23/Mar/2026:23:42:10 +0330] "GET /burnt.php HTTP/1.1" 200 0 "-" "Mozilla/5.0 (Windows NT 10.0; Win64; x64; rv:120.0) Gecko/20100101 Firefox/120.0"
39.194.3.56 - - [23/Mar/2026:23:33:51 +0330] "GET /bleda.php HTTP/1.1" 200 0 "-" "Mozilla/5.0 (Windows NT 10.0; Win64; x64; rv:120.0) Gecko/20100101 Firefox/120.0"
39.194.3.56 - - [23/Mar/2026:23:50:18 +0330] "GET /cache.php HTTP/1.1" 200 0 "-" "Mozilla/5.0 (Windows NT 10.0; Win64; x64; rv:120.0) Gecko/20100101 Firefox/120.0"
39.194.3.56 - - [23/Mar/2026:23:57:49 +0330] "GET /click.php HTTP/1.1" 200 0 "-" "Mozilla/5.0 (Windows NT 10.0; Win64; x64; rv:120.0) Gecko/20100101 Firefox/120.0"
192.227.138.144 - - [24/Mar/2026:00:06:23 +0330] "GET / HTTP/1.1" 200 0 "https://www.google.com" "Mozilla/5.0 (Windows NT 10.0; Win64; x64) AppleWebKit/537.36 (KHTML, like Gecko) Chrome/120.0.0.0 Safari/537.36"
116.179.37.145 - - [24/Mar/2026:00:10:23 +0330] "GET /category/%DA%AF%D8%B2%D8%A7%D8%B1%D8%B4/feed/ HTTP/1.1" 200 0 "-" "Mozilla/5.0 (compatible; Baiduspider-render/2.0; +http://www.baidu.com/search/spider.html)"
69.197.149.50 - - [24/Mar/2026:00:13:48 +0330] "GET /wp-includes/admin.php HTTP/1.1" 200 0 "https://news.mantaraham.ir/wp-includes/admin.php" "Mozilla/5.0 (Windows NT 10.0; Win64; x64) AppleWebKit/537.36 (KHTML, like Gecko) Chrome/58.0.3029.110 Safari/537.3"
69.197.149.50 - - [24/Mar/2026:00:17:28 +0330] "GET /wp-includes/admin.php HTTP/1.1" 200 0 "https://news.mantaraham.ir/wp-includes/admin.php" "Mozilla/5.0 (Windows NT 10.0; Win64; x64) AppleWebKit/537.36 (KHTML, like Gecko) Chrome/58.0.3029.110 Safari/537.3"
69.197.149.50 - - [24/Mar/2026:00:18:05 +0330] "GET /wp-includes/admin.php HTTP/1.1" 200 0 "https://news.mantaraham.ir/wp-includes/admin.php" "Mozilla/5.0 (Windows NT 10.0; Win64; x64) AppleWebKit/537.36 (KHTML, like Gecko) Chrome/58.0.3029.110 Safari/537.3"
69.197.149.50 - - [24/Mar/2026:00:18:07 +0330] "GET /wp-includes/admin.php HTTP/1.1" 200 0 "https://news.mantaraham.ir/wp-includes/admin.php" "Mozilla/5.0 (Windows NT 10.0; Win64; x64) AppleWebKit/537.36 (KHTML, like Gecko) Chrome/58.0.3029.110 Safari/537.3"
39.194.3.56 - - [24/Mar/2026:00:05:55 +0330] "GET /error.php HTTP/1.1" 200 0 "-" "Mozilla/5.0 (Windows NT 10.0; Win64; x64; rv:120.0) Gecko/20100101 Firefox/120.0"
213.180.203.133 - - [24/Mar/2026:00:10:04 +0330] "GET /robots.txt HTTP/1.1" 200 391 "-" "Mozilla/5.0 (compatible; YandexBot/3.0; +http://yandex.com/bots)"
213.180.203.180 - - [24/Mar/2026:00:10:05 +0330] "GET /2018/04/24/graphic-week/ HTTP/1.1" 200 0 "-" "Mozilla/5.0 (compatible; YandexBot/3.0; +http://yandex.com/bots)"
116.179.32.102 - - [24/Mar/2026:00:10:22 +0330] "GET /category/%DA%AF%D8%B2%D8%A7%D8%B1%D8%B4/feed/ HTTP/2" 200 0 "-" "Mozilla/5.0 (compatible; Baiduspider/2.0; +http://www.baidu.com/search/spider.html)"
39.194.3.56 - - [24/Mar/2026:00:14:00 +0330] "GET /ganss.php HTTP/1.1" 200 0 "-" "Mozilla/5.0 (Windows NT 10.0; Win64; x64; rv:120.0) Gecko/20100101 Firefox/120.0"
69.197.149.50 - - [24/Mar/2026:00:15:07 +0330] "GET /wp-includes/admin.php HTTP/1.1" 200 0 "https://news.mantaraham.ir/wp-includes/admin.php" "Mozilla/5.0 (Windows NT 10.0; Win64; x64) AppleWebKit/537.36 (KHTML, like Gecko) Chrome/58.0.3029.110 Safari/537.3"
69.197.149.50 - - [24/Mar/2026:00:18:02 +0330] "GET /wp-includes/admin.php HTTP/1.1" 200 0 "https://news.mantaraham.ir/wp-includes/admin.php" "Mozilla/5.0 (Windows NT 10.0; Win64; x64) AppleWebKit/537.36 (KHTML, like Gecko) Chrome/58.0.3029.110 Safari/537.3"
69.197.149.50 - - [24/Mar/2026:00:18:03 +0330] "GET /wp-includes/admin.php HTTP/1.1" 200 0 "https://news.mantaraham.ir/wp-includes/admin.php" "Mozilla/5.0 (Windows NT 10.0; Win64; x64) AppleWebKit/537.36 (KHTML, like Gecko) Chrome/58.0.3029.110 Safari/537.3"
Copyright ©2k19 -
Hexid
|
Tex7ure