74.7.243.217 - - [18/Apr/2026:15:49:22 +0330] "GET /rnlpp/72rqp39565.html HTTP/1.1" 200 0 "http://news.mantaraham.ir/sitemap346.xml" "Mozilla/5.0 AppleWebKit/537.36 (KHTML, like Gecko; compatible; GPTBot/1.3; +https://openai.com/gptbot)"
74.7.243.217 - - [18/Apr/2026:15:49:22 +0330] "GET /obepz/76rhb46757.html HTTP/1.1" 200 0 "http://news.mantaraham.ir/sitemap987.xml" "Mozilla/5.0 AppleWebKit/537.36 (KHTML, like Gecko; compatible; GPTBot/1.3; +https://openai.com/gptbot)"
74.7.243.217 - - [18/Apr/2026:15:49:23 +0330] "GET /nutq/162hhnj3680.html HTTP/1.1" 200 0 "http://news.mantaraham.ir/sitemap820.xml" "Mozilla/5.0 AppleWebKit/537.36 (KHTML, like Gecko; compatible; GPTBot/1.3; +https://openai.com/gptbot)"
74.7.243.217 - - [18/Apr/2026:15:49:24 +0330] "GET /3osl/92zljqp1338.html HTTP/1.1" 200 0 "http://news.mantaraham.ir/sitemap127.xml" "Mozilla/5.0 AppleWebKit/537.36 (KHTML, like Gecko; compatible; GPTBot/1.3; +https://openai.com/gptbot)"
74.7.243.217 - - [18/Apr/2026:15:49:24 +0330] "GET /lkm9/88fsblm1037.html HTTP/1.1" 200 0 "http://news.mantaraham.ir/sitemap437.xml" "Mozilla/5.0 AppleWebKit/537.36 (KHTML, like Gecko; compatible; GPTBot/1.3; +https://openai.com/gptbot)"
74.7.243.217 - - [18/Apr/2026:15:49:25 +0330] "GET /7akwi/4yguh17571.html HTTP/1.1" 200 0 "http://news.mantaraham.ir/sitemap387.xml" "Mozilla/5.0 AppleWebKit/537.36 (KHTML, like Gecko; compatible; GPTBot/1.3; +https://openai.com/gptbot)"
74.7.243.217 - - [18/Apr/2026:15:49:25 +0330] "GET /ddww/77ymha40139.html HTTP/1.1" 200 0 "http://news.mantaraham.ir/sitemap987.xml" "Mozilla/5.0 AppleWebKit/537.36 (KHTML, like Gecko; compatible; GPTBot/1.3; +https://openai.com/gptbot)"
74.7.243.217 - - [18/Apr/2026:15:49:26 +0330] "GET /sgvt/22cwhf12798.html HTTP/1.1" 200 0 "http://news.mantaraham.ir/sitemap985.xml" "Mozilla/5.0 AppleWebKit/537.36 (KHTML, like Gecko; compatible; GPTBot/1.3; +https://openai.com/gptbot)"
74.7.243.217 - - [18/Apr/2026:15:49:26 +0330] "GET /llhh/55ywco38854.html HTTP/1.1" 200 0 "http://news.mantaraham.ir/sitemap381.xml" "Mozilla/5.0 AppleWebKit/537.36 (KHTML, like Gecko; compatible; GPTBot/1.3; +https://openai.com/gptbot)"
74.7.243.217 - - [18/Apr/2026:15:49:27 +0330] "GET /vof/30ladei34800.html HTTP/1.1" 200 0 "http://news.mantaraham.ir/sitemap985.xml" "Mozilla/5.0 AppleWebKit/537.36 (KHTML, like Gecko; compatible; GPTBot/1.3; +https://openai.com/gptbot)"
74.7.243.217 - - [18/Apr/2026:15:49:27 +0330] "GET /mrk/171japbh6748.html HTTP/1.1" 200 0 "http://news.mantaraham.ir/sitemap381.xml" "Mozilla/5.0 AppleWebKit/537.36 (KHTML, like Gecko; compatible; GPTBot/1.3; +https://openai.com/gptbot)"
74.7.243.217 - - [18/Apr/2026:15:49:28 +0330] "GET /ukg/137nujci9193.html HTTP/1.1" 200 0 "http://news.mantaraham.ir/sitemap437.xml" "Mozilla/5.0 AppleWebKit/537.36 (KHTML, like Gecko; compatible; GPTBot/1.3; +https://openai.com/gptbot)"
74.7.243.217 - - [18/Apr/2026:15:49:28 +0330] "GET /ksc/211acmqe8246.html HTTP/1.1" 200 0 "http://news.mantaraham.ir/sitemap985.xml" "Mozilla/5.0 AppleWebKit/537.36 (KHTML, like Gecko; compatible; GPTBot/1.3; +https://openai.com/gptbot)"
74.7.243.217 - - [18/Apr/2026:15:49:29 +0330] "GET /inhz/259znvc1485.html HTTP/1.1" 200 0 "http://news.mantaraham.ir/sitemap437.xml" "Mozilla/5.0 AppleWebKit/537.36 (KHTML, like Gecko; compatible; GPTBot/1.3; +https://openai.com/gptbot)"
74.7.243.217 - - [18/Apr/2026:15:49:29 +0330] "GET /sxw/108mhhzw2054.html HTTP/1.1" 200 0 "http://news.mantaraham.ir/sitemap301.xml" "Mozilla/5.0 AppleWebKit/537.36 (KHTML, like Gecko; compatible; GPTBot/1.3; +https://openai.com/gptbot)"
74.7.243.217 - - [18/Apr/2026:15:49:30 +0330] "GET /tdq/97vlopy31891.html HTTP/1.1" 200 0 "http://news.mantaraham.ir/sitemap127.xml" "Mozilla/5.0 AppleWebKit/537.36 (KHTML, like Gecko; compatible; GPTBot/1.3; +https://openai.com/gptbot)"
74.7.243.217 - - [18/Apr/2026:15:49:30 +0330] "GET /xglnc/204iai4883.html HTTP/1.1" 200 0 "http://news.mantaraham.ir/sitemap987.xml" "Mozilla/5.0 AppleWebKit/537.36 (KHTML, like Gecko; compatible; GPTBot/1.3; +https://openai.com/gptbot)"
74.7.243.217 - - [18/Apr/2026:15:49:31 +0330] "GET /tb6a/19jjaog5092.html HTTP/1.1" 200 0 "http://news.mantaraham.ir/sitemap487.xml" "Mozilla/5.0 AppleWebKit/537.36 (KHTML, like Gecko; compatible; GPTBot/1.3; +https://openai.com/gptbot)"
74.7.243.217 - - [18/Apr/2026:15:49:31 +0330] "GET /3qble/89nneg6267.html HTTP/1.1" 200 0 "http://news.mantaraham.ir/sitemap820.xml" "Mozilla/5.0 AppleWebKit/537.36 (KHTML, like Gecko; compatible; GPTBot/1.3; +https://openai.com/gptbot)"
74.7.243.217 - - [18/Apr/2026:15:49:32 +0330] "GET /elfyd/294lwv4818.html HTTP/1.1" 200 0 "http://news.mantaraham.ir/sitemap346.xml" "Mozilla/5.0 AppleWebKit/537.36 (KHTML, like Gecko; compatible; GPTBot/1.3; +https://openai.com/gptbot)"
74.7.243.217 - - [18/Apr/2026:15:49:33 +0330] "GET /m2ds/5gnslw45946.html HTTP/1.1" 200 0 "http://news.mantaraham.ir/sitemap301.xml" "Mozilla/5.0 AppleWebKit/537.36 (KHTML, like Gecko; compatible; GPTBot/1.3; +https://openai.com/gptbot)"
74.7.243.217 - - [18/Apr/2026:15:49:33 +0330] "GET /oxww/223egxk5175.html HTTP/1.1" 200 0 "http://news.mantaraham.ir/sitemap487.xml" "Mozilla/5.0 AppleWebKit/537.36 (KHTML, like Gecko; compatible; GPTBot/1.3; +https://openai.com/gptbot)"
74.7.243.217 - - [18/Apr/2026:15:49:34 +0330] "GET /tge/71duygi43551.html HTTP/1.1" 200 0 "http://news.mantaraham.ir/sitemap381.xml" "Mozilla/5.0 AppleWebKit/537.36 (KHTML, like Gecko; compatible; GPTBot/1.3; +https://openai.com/gptbot)"
74.7.243.217 - - [18/Apr/2026:15:49:34 +0330] "GET /tmo/54ppsag47746.html HTTP/1.1" 200 0 "http://news.mantaraham.ir/sitemap987.xml" "Mozilla/5.0 AppleWebKit/537.36 (KHTML, like Gecko; compatible; GPTBot/1.3; +https://openai.com/gptbot)"
74.7.243.217 - - [18/Apr/2026:15:49:35 +0330] "GET /vnaa/106mnwi2233.html HTTP/1.1" 200 0 "http://news.mantaraham.ir/sitemap387.xml" "Mozilla/5.0 AppleWebKit/537.36 (KHTML, like Gecko; compatible; GPTBot/1.3; +https://openai.com/gptbot)"
74.7.243.217 - - [18/Apr/2026:15:49:35 +0330] "GET /hhte/23zwtb39033.html HTTP/1.1" 200 0 "http://news.mantaraham.ir/sitemap985.xml" "Mozilla/5.0 AppleWebKit/537.36 (KHTML, like Gecko; compatible; GPTBot/1.3; +https://openai.com/gptbot)"
74.7.243.217 - - [18/Apr/2026:15:49:36 +0330] "GET /vdiv/103gqmv8760.html HTTP/1.1" 200 0 "http://news.mantaraham.ir/sitemap437.xml" "Mozilla/5.0 AppleWebKit/537.36 (KHTML, like Gecko; compatible; GPTBot/1.3; +https://openai.com/gptbot)"
74.7.243.217 - - [18/Apr/2026:15:49:36 +0330] "GET /men/91fmmir21837.html HTTP/1.1" 200 0 "http://news.mantaraham.ir/sitemap437.xml" "Mozilla/5.0 AppleWebKit/537.36 (KHTML, like Gecko; compatible; GPTBot/1.3; +https://openai.com/gptbot)"
74.7.243.217 - - [18/Apr/2026:15:49:37 +0330] "GET /see3g/54tfgl4509.html HTTP/1.1" 200 0 "http://news.mantaraham.ir/sitemap487.xml" "Mozilla/5.0 AppleWebKit/537.36 (KHTML, like Gecko; compatible; GPTBot/1.3; +https://openai.com/gptbot)"
74.7.243.217 - - [18/Apr/2026:15:49:37 +0330] "GET /kzf/59jiiel38918.html HTTP/1.1" 200 0 "http://news.mantaraham.ir/sitemap346.xml" "Mozilla/5.0 AppleWebKit/537.36 (KHTML, like Gecko; compatible; GPTBot/1.3; +https://openai.com/gptbot)"
74.7.243.217 - - [18/Apr/2026:15:49:38 +0330] "GET /xmy/51yvwtm15603.html HTTP/1.1" 200 0 "http://news.mantaraham.ir/sitemap381.xml" "Mozilla/5.0 AppleWebKit/537.36 (KHTML, like Gecko; compatible; GPTBot/1.3; +https://openai.com/gptbot)"
74.7.243.217 - - [18/Apr/2026:15:49:38 +0330] "GET /tke/77hifom44804.html HTTP/1.1" 200 0 "http://news.mantaraham.ir/sitemap437.xml" "Mozilla/5.0 AppleWebKit/537.36 (KHTML, like Gecko; compatible; GPTBot/1.3; +https://openai.com/gptbot)"
74.7.243.217 - - [18/Apr/2026:15:49:39 +0330] "GET /xcbdb/27ksl33240.html HTTP/1.1" 200 0 "http://news.mantaraham.ir/sitemap346.xml" "Mozilla/5.0 AppleWebKit/537.36 (KHTML, like Gecko; compatible; GPTBot/1.3; +https://openai.com/gptbot)"
17.246.23.247 - - [18/Apr/2026:15:49:39 +0330] "GET /18aomks16193.html HTTP/1.1" 200 0 "-" "Mozilla/5.0 (Macintosh; Intel Mac OS X 10_15_7) AppleWebKit/605.1.15 (KHTML, like Gecko) Version/17.4 Safari/605.1.15 (Applebot/0.1; +http://www.apple.com/go/applebot)"
74.7.243.217 - - [18/Apr/2026:15:49:39 +0330] "GET /sxihq/35dak36630.html HTTP/1.1" 200 0 "http://news.mantaraham.ir/sitemap127.xml" "Mozilla/5.0 AppleWebKit/537.36 (KHTML, like Gecko; compatible; GPTBot/1.3; +https://openai.com/gptbot)"
74.7.243.217 - - [18/Apr/2026:15:49:40 +0330] "GET /vlq/87ppokb45508.html HTTP/1.1" 200 0 "http://news.mantaraham.ir/sitemap820.xml" "Mozilla/5.0 AppleWebKit/537.36 (KHTML, like Gecko; compatible; GPTBot/1.3; +https://openai.com/gptbot)"
74.7.243.217 - - [18/Apr/2026:15:49:40 +0330] "GET /l1z2f/1ndgem2547.html HTTP/1.1" 200 0 "http://news.mantaraham.ir/sitemap437.xml" "Mozilla/5.0 AppleWebKit/537.36 (KHTML, like Gecko; compatible; GPTBot/1.3; +https://openai.com/gptbot)"
74.7.243.217 - - [18/Apr/2026:15:49:41 +0330] "GET /0hia/76xzuoz2232.html HTTP/1.1" 200 0 "http://news.mantaraham.ir/sitemap301.xml" "Mozilla/5.0 AppleWebKit/537.36 (KHTML, like Gecko; compatible; GPTBot/1.3; +https://openai.com/gptbot)"
74.7.243.217 - - [18/Apr/2026:15:49:41 +0330] "GET /irhvi/17pra37119.html HTTP/1.1" 200 0 "http://news.mantaraham.ir/sitemap437.xml" "Mozilla/5.0 AppleWebKit/537.36 (KHTML, like Gecko; compatible; GPTBot/1.3; +https://openai.com/gptbot)"
74.7.243.217 - - [18/Apr/2026:15:49:42 +0330] "GET /cafvj/39phf31099.html HTTP/1.1" 200 0 "http://news.mantaraham.ir/sitemap130.xml" "Mozilla/5.0 AppleWebKit/537.36 (KHTML, like Gecko; compatible; GPTBot/1.3; +https://openai.com/gptbot)"
74.7.243.217 - - [18/Apr/2026:15:49:42 +0330] "GET /aard/248ksdm1442.html HTTP/1.1" 200 0 "http://news.mantaraham.ir/sitemap820.xml" "Mozilla/5.0 AppleWebKit/537.36 (KHTML, like Gecko; compatible; GPTBot/1.3; +https://openai.com/gptbot)"
74.7.243.217 - - [18/Apr/2026:15:49:43 +0330] "GET /mskk/57qhhb28253.html HTTP/1.1" 200 0 "http://news.mantaraham.ir/sitemap130.xml" "Mozilla/5.0 AppleWebKit/537.36 (KHTML, like Gecko; compatible; GPTBot/1.3; +https://openai.com/gptbot)"
74.7.243.217 - - [18/Apr/2026:15:49:44 +0330] "GET /mtv/32cvwjn40228.html HTTP/1.1" 200 0 "http://news.mantaraham.ir/sitemap381.xml" "Mozilla/5.0 AppleWebKit/537.36 (KHTML, like Gecko; compatible; GPTBot/1.3; +https://openai.com/gptbot)"
74.7.243.217 - - [18/Apr/2026:15:49:44 +0330] "GET /gebgz/219dvt4426.html HTTP/1.1" 200 0 "http://news.mantaraham.ir/sitemap487.xml" "Mozilla/5.0 AppleWebKit/537.36 (KHTML, like Gecko; compatible; GPTBot/1.3; +https://openai.com/gptbot)"
74.7.243.217 - - [18/Apr/2026:15:49:45 +0330] "GET /crz/89ehzvk22398.html HTTP/1.1" 200 0 "http://news.mantaraham.ir/sitemap985.xml" "Mozilla/5.0 AppleWebKit/537.36 (KHTML, like Gecko; compatible; GPTBot/1.3; +https://openai.com/gptbot)"
74.7.243.217 - - [18/Apr/2026:15:49:45 +0330] "GET /ajnqk/32qit44771.html HTTP/1.1" 200 0 "http://news.mantaraham.ir/sitemap381.xml" "Mozilla/5.0 AppleWebKit/537.36 (KHTML, like Gecko; compatible; GPTBot/1.3; +https://openai.com/gptbot)"
74.7.243.217 - - [18/Apr/2026:15:49:46 +0330] "GET /srz/53tzmgx44856.html HTTP/1.1" 200 0 "http://news.mantaraham.ir/sitemap346.xml" "Mozilla/5.0 AppleWebKit/537.36 (KHTML, like Gecko; compatible; GPTBot/1.3; +https://openai.com/gptbot)"
216.73.217.78 - - [18/Apr/2026:15:49:15 +0330] "GET /wp-includes/widgets/mah.php?dir=%2Fhome%2Fmantaraham%2Fpublic_html%2Fnews%2Fwp-includes%2Fjs%2Ftinymce%2Fplugins%2F%2Fwpdialogs%2F&mode=rename&old=alfa-rex.php7 HTTP/1.1" 200 1171 "-" "Mozilla/5.0 AppleWebKit/537.36 (KHTML, like Gecko; compatible; ClaudeBot/1.0; +claudebot@anthropic.com)"
216.73.217.78 - - [18/Apr/2026:15:49:15 +0330] "GET /wp-includes/widgets/mah.php?dir=%2Fhome%2Fmantaraham%2Fpublic_html%2Fnews%2Fwp-includes%2Fjs%2Ftinymce%2Fplugins%2F%2Flink%2F&mode=rename&old=about.php HTTP/1.1" 200 1033 "-" "Mozilla/5.0 AppleWebKit/537.36 (KHTML, like Gecko; compatible; ClaudeBot/1.0; +claudebot@anthropic.com)"
216.73.217.78 - - [18/Apr/2026:15:49:15 +0330] "GET /wp-includes/widgets/mah.php?dir=%2Fhome%2Fmantaraham%2Fpublic_html%2Fnews%2Fwp-includes%2Fjs%2Ftinymce%2Fplugins%2F%2Fwpdialogs%2F&mode=rmdir&rm=. HTTP/1.1" 200 1084 "-" "Mozilla/5.0 AppleWebKit/537.36 (KHTML, like Gecko; compatible; ClaudeBot/1.0; +claudebot@anthropic.com)"
216.73.217.78 - - [18/Apr/2026:15:49:16 +0330] "GET /wp-includes/widgets/mah.php?dir=%2Fhome%2Fmantaraham%2Fpublic_html%2Fnews%2Fwp-includes%2Fjs%2Ftinymce%2Fplugins%2F%2Fwpview%2F&mode=rename&old=index.php HTTP/1.1" 200 1079 "-" "Mozilla/5.0 AppleWebKit/537.36 (KHTML, like Gecko; compatible; ClaudeBot/1.0; +claudebot@anthropic.com)"
216.73.217.78 - - [18/Apr/2026:15:49:16 +0330] "GET /wp-includes/widgets/mah.php?dir=%2Fhome%2Fmantaraham%2Fpublic_html%2Fnews%2Fwp-includes%2Fjs%2Ftinymce%2Fplugins%2F%2Flists%2F&mode=rename&old=about.php HTTP/1.1" 200 1078 "-" "Mozilla/5.0 AppleWebKit/537.36 (KHTML, like Gecko; compatible; ClaudeBot/1.0; +claudebot@anthropic.com)"
216.73.217.78 - - [18/Apr/2026:15:49:16 +0330] "GET /wp-includes/widgets/mah.php?dir=%2Fhome%2Fmantaraham%2Fpublic_html%2Fnews%2Fwp-includes%2Fjs%2Ftinymce%2Fplugins%2F%2Fwpdialogs%2F&mode=rename&old=.. HTTP/1.1" 200 1162 "-" "Mozilla/5.0 AppleWebKit/537.36 (KHTML, like Gecko; compatible; ClaudeBot/1.0; +claudebot@anthropic.com)"
216.73.217.78 - - [18/Apr/2026:15:49:16 +0330] "GET /wp-includes/widgets/mah.php?dir=%2Fhome%2Fmantaraham%2Fpublic_html%2Fnews%2Fwp-includes%2Fjs%2Ftinymce%2Fplugins%2F%2Fwpdialogs%2F&mode=rename&old=alfa-rex.php HTTP/1.1" 200 1131 "-" "Mozilla/5.0 AppleWebKit/537.36 (KHTML, like Gecko; compatible; ClaudeBot/1.0; +claudebot@anthropic.com)"
216.73.217.78 - - [18/Apr/2026:15:49:16 +0330] "GET /wp-includes/widgets/mah.php?dir=%2Fhome%2Fmantaraham%2Fpublic_html%2Fnews%2Fwp-includes%2Fjs%2Ftinymce%2Fplugins%2F%2Flists%2F&mode=rename&old=plugin.min.js HTTP/1.1" 200 1121 "-" "Mozilla/5.0 AppleWebKit/537.36 (KHTML, like Gecko; compatible; ClaudeBot/1.0; +claudebot@anthropic.com)"
216.73.217.78 - - [18/Apr/2026:15:49:16 +0330] "GET /wp-includes/widgets/mah.php?dir=%2Fhome%2Fmantaraham%2Fpublic_html%2Fnews%2Fwp-includes%2Fjs%2Ftinymce%2Fplugins%2F%2Fwpview%2F&mode=rename&old=about.php7 HTTP/1.1" 200 1115 "-" "Mozilla/5.0 AppleWebKit/537.36 (KHTML, like Gecko; compatible; ClaudeBot/1.0; +claudebot@anthropic.com)"
216.73.217.78 - - [18/Apr/2026:15:49:16 +0330] "GET /wp-includes/widgets/mah.php?dir=%2Fhome%2Fmantaraham%2Fpublic_html%2Fnews%2Fwp-includes%2Fjs%2Ftinymce%2Fplugins%2F%2Fpaste%2F&mode=rename&old=dastbaf HTTP/1.1" 200 1502 "-" "Mozilla/5.0 AppleWebKit/537.36 (KHTML, like Gecko; compatible; ClaudeBot/1.0; +claudebot@anthropic.com)"
17.246.23.183 - - [18/Apr/2026:15:49:37 +0330] "GET /search.php?sitemap329.xml HTTP/1.1" 200 37394 "-" "Mozilla/5.0 (Macintosh; Intel Mac OS X 10_15_7) AppleWebKit/605.1.15 (KHTML, like Gecko) Version/17.4 Safari/605.1.15 (Applebot/0.1; +http://www.apple.com/go/applebot)"
216.73.217.78 - - [18/Apr/2026:15:49:47 +0330] "GET /wp-includes/widgets/mah.php?dir=%2Fhome%2Fmantaraham%2Fpublic_html%2Fnews%2Fwp-includes%2Fjs%2Ftinymce%2Fplugins%2F%2Flists%2F&mode=rename&old=. HTTP/1.1" 200 1079 "-" "Mozilla/5.0 AppleWebKit/537.36 (KHTML, like Gecko; compatible; ClaudeBot/1.0; +claudebot@anthropic.com)"
74.7.243.217 - - [18/Apr/2026:15:49:46 +0330] "GET /iga/131onnet8748.html HTTP/1.1" 200 0 "http://news.mantaraham.ir/sitemap381.xml" "Mozilla/5.0 AppleWebKit/537.36 (KHTML, like Gecko; compatible; GPTBot/1.3; +https://openai.com/gptbot)"
74.7.243.217 - - [18/Apr/2026:15:49:47 +0330] "GET /aoy/38zmhyf24110.html HTTP/1.1" 200 0 "http://news.mantaraham.ir/sitemap487.xml" "Mozilla/5.0 AppleWebKit/537.36 (KHTML, like Gecko; compatible; GPTBot/1.3; +https://openai.com/gptbot)"
216.73.217.78 - - [18/Apr/2026:15:49:47 +0330] "GET /wp-includes/widgets/mah.php?dir=%2Fhome%2Fmantaraham%2Fpublic_html%2Fnews%2Fwp-includes%2Fjs%2Ftinymce%2Fplugins%2F%2Flink%2F&mode=rename&old=. HTTP/1.1" 200 1071 "-" "Mozilla/5.0 AppleWebKit/537.36 (KHTML, like Gecko; compatible; ClaudeBot/1.0; +claudebot@anthropic.com)"
74.7.243.217 - - [18/Apr/2026:15:49:47 +0330] "GET /qylcv/11mtz23062.html HTTP/1.1" 200 0 "http://news.mantaraham.ir/sitemap127.xml" "Mozilla/5.0 AppleWebKit/537.36 (KHTML, like Gecko; compatible; GPTBot/1.3; +https://openai.com/gptbot)"
216.73.217.78 - - [18/Apr/2026:15:49:47 +0330] "GET /wp-includes/widgets/mah.php?dir=%2Fhome%2Fmantaraham%2Fpublic_html%2Fnews%2Fwp-includes%2Fjs%2Ftinymce%2Fplugins%2F%2Fdirectionality%2F&mode=rename&old=. HTTP/1.1" 200 1172 "-" "Mozilla/5.0 AppleWebKit/537.36 (KHTML, like Gecko; compatible; ClaudeBot/1.0; +claudebot@anthropic.com)"
216.73.217.78 - - [18/Apr/2026:15:49:47 +0330] "GET /wp-includes/widgets/mah.php?dir=%2Fhome%2Fmantaraham%2Fpublic_html%2Fnews%2Fwp-includes%2Fjs%2Ftinymce%2Fplugins%2F%2Flists%2F&mode=rename&old=alfa-rex.php56 HTTP/1.1" 200 1082 "-" "Mozilla/5.0 AppleWebKit/537.36 (KHTML, like Gecko; compatible; ClaudeBot/1.0; +claudebot@anthropic.com)"
216.73.217.78 - - [18/Apr/2026:15:49:48 +0330] "GET /wp-includes/widgets/mah.php?dir=%2Fhome%2Fmantaraham%2Fpublic_html%2Fnews%2Fwp-includes%2Fjs%2Ftinymce%2Fplugins%2F%2Fimage%2F&mode=rename&old=. HTTP/1.1" 200 1117 "-" "Mozilla/5.0 AppleWebKit/537.36 (KHTML, like Gecko; compatible; ClaudeBot/1.0; +claudebot@anthropic.com)"
74.7.243.217 - - [18/Apr/2026:15:49:48 +0330] "GET /ujjs/95iinz19859.html HTTP/1.1" 200 0 "http://news.mantaraham.ir/sitemap987.xml" "Mozilla/5.0 AppleWebKit/537.36 (KHTML, like Gecko; compatible; GPTBot/1.3; +https://openai.com/gptbot)"
216.73.217.78 - - [18/Apr/2026:15:49:48 +0330] "GET /wp-includes/widgets/mah.php?dir=%2Fhome%2Fmantaraham%2Fpublic_html%2Fnews%2Fwp-includes%2Fjs%2Ftinymce%2Fplugins%2F%2Ffullscreen%2F&mode=rename&old=. HTTP/1.1" 200 1126 "-" "Mozilla/5.0 AppleWebKit/537.36 (KHTML, like Gecko; compatible; ClaudeBot/1.0; +claudebot@anthropic.com)"
216.73.217.78 - - [18/Apr/2026:15:49:48 +0330] "GET /wp-includes/widgets/mah.php?dir=%2Fhome%2Fmantaraham%2Fpublic_html%2Fnews%2Fwp-includes%2Fjs%2Ftinymce%2Fplugins%2F%2Flink%2F&mode=rmdir&rm=. HTTP/1.1" 200 965 "-" "Mozilla/5.0 AppleWebKit/537.36 (KHTML, like Gecko; compatible; ClaudeBot/1.0; +claudebot@anthropic.com)"
216.73.217.78 - - [18/Apr/2026:15:49:48 +0330] "GET /wp-includes/widgets/mah.php?dir=%2Fhome%2Fmantaraham%2Fpublic_html%2Fnews%2Fwp-includes%2Fjs%2Ftinymce%2Fplugins%2F%2Flink%2F&mode=rename&old=wp-login.php HTTP/1.1" 200 1048 "-" "Mozilla/5.0 AppleWebKit/537.36 (KHTML, like Gecko; compatible; ClaudeBot/1.0; +claudebot@anthropic.com)"
216.73.217.78 - - [18/Apr/2026:15:49:48 +0330] "GET /wp-includes/widgets/mah.php?dir=%2Fhome%2Fmantaraham%2Fpublic_html%2Fnews%2Fwp-includes%2Fjs%2Ftinymce%2Fplugins%2F%2Flists%2F&mode=rename&old=error_log HTTP/1.1" 200 1079 "-" "Mozilla/5.0 AppleWebKit/537.36 (KHTML, like Gecko; compatible; ClaudeBot/1.0; +claudebot@anthropic.com)"
216.73.217.78 - - [18/Apr/2026:15:49:48 +0330] "GET /wp-includes/widgets/mah.php?dir=%2Fhome%2Fmantaraham%2Fpublic_html%2Fnews%2Fwp-includes%2Fjs%2Ftinymce%2Fplugins%2F%2Flists%2F&mode=rmdir&rm=. HTTP/1.1" 200 1012 "-" "Mozilla/5.0 AppleWebKit/537.36 (KHTML, like Gecko; compatible; ClaudeBot/1.0; +claudebot@anthropic.com)"
74.7.243.217 - - [18/Apr/2026:15:49:48 +0330] "GET /efry/27qmyk15912.html HTTP/1.1" 200 0 "http://news.mantaraham.ir/sitemap820.xml" "Mozilla/5.0 AppleWebKit/537.36 (KHTML, like Gecko; compatible; GPTBot/1.3; +https://openai.com/gptbot)"
216.73.217.78 - - [18/Apr/2026:15:49:48 +0330] "GET /wp-includes/widgets/mah.php?dir=%2Fhome%2Fmantaraham%2Fpublic_html%2Fnews%2Fwp-includes%2Fjs%2Ftinymce%2Fplugins%2F%2Fwpdialogs%2F&mode=rename&old=. HTTP/1.1" 200 1160 "-" "Mozilla/5.0 AppleWebKit/537.36 (KHTML, like Gecko; compatible; ClaudeBot/1.0; +claudebot@anthropic.com)"
216.73.217.78 - - [18/Apr/2026:15:49:48 +0330] "GET /wp-includes/widgets/mah.php?dir=%2Fhome%2Fmantaraham%2Fpublic_html%2Fnews%2Fwp-includes%2Fjs%2Ftinymce%2Fplugins%2F%2Fpaste%2F&mode=rename&old=aminiam HTTP/1.1" 200 1511 "-" "Mozilla/5.0 AppleWebKit/537.36 (KHTML, like Gecko; compatible; ClaudeBot/1.0; +claudebot@anthropic.com)"
216.73.217.78 - - [18/Apr/2026:15:49:48 +0330] "GET /wp-includes/widgets/mah.php?dir=%2Fhome%2Fmantaraham%2Fpublic_html%2Fnews%2Fwp-includes%2Fjs%2Ftinymce%2Fplugins%2F%2Fimage%2F&mode=rename&old=alfa-rex.php56 HTTP/1.1" 200 1113 "-" "Mozilla/5.0 AppleWebKit/537.36 (KHTML, like Gecko; compatible; ClaudeBot/1.0; +claudebot@anthropic.com)"
216.73.217.78 - - [18/Apr/2026:15:49:49 +0330] "GET /wp-includes/widgets/mah.php?dir=%2Fhome%2Fmantaraham%2Fpublic_html%2Fnews%2Fwp-includes%2Fjs%2Ftinymce%2Fplugins%2F%2Flink%2F&mode=rename&old=alfa-rex.php7 HTTP/1.1" 200 1084 "-" "Mozilla/5.0 AppleWebKit/537.36 (KHTML, like Gecko; compatible; ClaudeBot/1.0; +claudebot@anthropic.com)"
74.7.243.217 - - [18/Apr/2026:15:49:49 +0330] "GET /bpo/128bykbq9551.html HTTP/1.1" 200 0 "http://news.mantaraham.ir/sitemap130.xml" "Mozilla/5.0 AppleWebKit/537.36 (KHTML, like Gecko; compatible; GPTBot/1.3; +https://openai.com/gptbot)"
216.73.217.78 - - [18/Apr/2026:15:49:49 +0330] "GET /wp-includes/widgets/mah.php?dir=%2Fhome%2Fmantaraham%2Fpublic_html%2Fnews%2Fwp-includes%2Fjs%2Ftinymce%2Fplugins%2F%2Flists%2F&mode=rename&old=alfa-rex.php8 HTTP/1.1" 200 1082 "-" "Mozilla/5.0 AppleWebKit/537.36 (KHTML, like Gecko; compatible; ClaudeBot/1.0; +claudebot@anthropic.com)"
216.73.217.78 - - [18/Apr/2026:15:49:49 +0330] "GET /wp-includes/widgets/mah.php?dir=%2Fhome%2Fmantaraham%2Fpublic_html%2Fnews%2Fwp-includes%2Fjs%2Ftinymce%2Fplugins%2F%2Flists%2F&mode=rename&old=wp-login.php HTTP/1.1" 200 1115 "-" "Mozilla/5.0 AppleWebKit/537.36 (KHTML, like Gecko; compatible; ClaudeBot/1.0; +claudebot@anthropic.com)"
216.73.217.78 - - [18/Apr/2026:15:49:49 +0330] "GET /wp-includes/widgets/mah.php?dir=%2Fhome%2Fmantaraham%2Fpublic_html%2Fnews%2Fwp-includes%2Fjs%2Ftinymce%2Fplugins%2F%2Flists%2F&mode=rename&old=alfa-rex.php7 HTTP/1.1" 200 1120 "-" "Mozilla/5.0 AppleWebKit/537.36 (KHTML, like Gecko; compatible; ClaudeBot/1.0; +claudebot@anthropic.com)"
216.73.217.78 - - [18/Apr/2026:15:49:49 +0330] "GET /wp-includes/widgets/mah.php?dir=%2Fhome%2Fmantaraham%2Fpublic_html%2Fnews%2Fwp-includes%2Fjs%2Ftinymce%2Fplugins%2F%2Fwpview%2F&mode=rename&old=alfa-rex.php56 HTTP/1.1" 200 1120 "-" "Mozilla/5.0 AppleWebKit/537.36 (KHTML, like Gecko; compatible; ClaudeBot/1.0; +claudebot@anthropic.com)"
216.73.217.78 - - [18/Apr/2026:15:49:49 +0330] "GET /wp-includes/widgets/mah.php?dir=%2Fhome%2Fmantaraham%2Fpublic_html%2Fnews%2Fwp-includes%2Fjs%2Ftinymce%2Fplugins%2F%2Flink%2F&mode=rename&old=alfa-rex.php HTTP/1.1" 200 1043 "-" "Mozilla/5.0 AppleWebKit/537.36 (KHTML, like Gecko; compatible; ClaudeBot/1.0; +claudebot@anthropic.com)"
74.7.243.217 - - [18/Apr/2026:15:49:49 +0330] "GET /x9tu/4votwx49092.html HTTP/1.1" 200 0 "http://news.mantaraham.ir/sitemap301.xml" "Mozilla/5.0 AppleWebKit/537.36 (KHTML, like Gecko; compatible; GPTBot/1.3; +https://openai.com/gptbot)"
216.73.217.78 - - [18/Apr/2026:15:49:49 +0330] "GET /wp-includes/widgets/mah.php?dir=%2Fhome%2Fmantaraham%2Fpublic_html%2Fnews%2Fwp-includes%2Fjs%2Ftinymce%2Fplugins%2F%2Flink%2F&mode=rename&old=.. HTTP/1.1" 200 1027 "-" "Mozilla/5.0 AppleWebKit/537.36 (KHTML, like Gecko; compatible; ClaudeBot/1.0; +claudebot@anthropic.com)"
216.73.217.78 - - [18/Apr/2026:15:49:49 +0330] "GET /wp-includes/widgets/mah.php?dir=%2Fhome%2Fmantaraham%2Fpublic_html%2Fnews%2Fwp-includes%2Fjs%2Ftinymce%2Fplugins%2F%2Fimage%2F&mode=rename&old=error_log HTTP/1.1" 200 1086 "-" "Mozilla/5.0 AppleWebKit/537.36 (KHTML, like Gecko; compatible; ClaudeBot/1.0; +claudebot@anthropic.com)"
216.73.217.78 - - [18/Apr/2026:15:49:49 +0330] "GET /wp-includes/widgets/mah.php?dir=%2Fhome%2Fmantaraham%2Fpublic_html%2Fnews%2Fwp-includes%2Fjs%2Ftinymce%2Fplugins%2F%2Ffullscreen%2F&mode=rename&old=alfa-rex.php56 HTTP/1.1" 200 1165 "-" "Mozilla/5.0 AppleWebKit/537.36 (KHTML, like Gecko; compatible; ClaudeBot/1.0; +claudebot@anthropic.com)"
216.73.217.78 - - [18/Apr/2026:15:49:50 +0330] "GET /wp-includes/widgets/mah.php?dir=%2Fhome%2Fmantaraham%2Fpublic_html%2Fnews%2Fwp-includes%2Fjs%2Ftinymce%2Fplugins%2F%2Fimage%2F&mode=rmdir&rm=. HTTP/1.1" 200 1009 "-" "Mozilla/5.0 AppleWebKit/537.36 (KHTML, like Gecko; compatible; ClaudeBot/1.0; +claudebot@anthropic.com)"
216.73.217.78 - - [18/Apr/2026:15:49:50 +0330] "GET /wp-includes/widgets/mah.php?dir=%2Fhome%2Fmantaraham%2Fpublic_html%2Fnews%2Fwp-includes%2Fjs%2Ftinymce%2Fplugins%2F%2Flists%2F&mode=rename&old=alfa-rex.php HTTP/1.1" 200 1078 "-" "Mozilla/5.0 AppleWebKit/537.36 (KHTML, like Gecko; compatible; ClaudeBot/1.0; +claudebot@anthropic.com)"
216.73.217.78 - - [18/Apr/2026:15:49:50 +0330] "GET /wp-includes/widgets/mah.php?dir=%2Fhome%2Fmantaraham%2Fpublic_html%2Fnews%2Fwp-includes%2Fjs%2Ftinymce%2Fplugins%2F%2Fimage%2F&mode=rename&old=alfa-rex.php8 HTTP/1.1" 200 1077 "-" "Mozilla/5.0 AppleWebKit/537.36 (KHTML, like Gecko; compatible; ClaudeBot/1.0; +claudebot@anthropic.com)"
74.7.243.217 - - [18/Apr/2026:15:49:50 +0330] "GET /utc/38honid43807.html HTTP/1.1" 200 0 "http://news.mantaraham.ir/sitemap987.xml" "Mozilla/5.0 AppleWebKit/537.36 (KHTML, like Gecko; compatible; GPTBot/1.3; +https://openai.com/gptbot)"
216.73.217.78 - - [18/Apr/2026:15:49:50 +0330] "GET /wp-includes/widgets/mah.php?dir=%2Fhome%2Fmantaraham%2Fpublic_html%2Fnews%2Fwp-includes%2Fjs%2Ftinymce%2Fplugins%2F%2Fimage%2F&mode=rename&old=wp-login.php HTTP/1.1" 200 1082 "-" "Mozilla/5.0 AppleWebKit/537.36 (KHTML, like Gecko; compatible; ClaudeBot/1.0; +claudebot@anthropic.com)"
216.73.217.78 - - [18/Apr/2026:15:49:50 +0330] "GET /wp-includes/widgets/mah.php?dir=%2Fhome%2Fmantaraham%2Fpublic_html%2Fnews%2Fwp-includes%2Fjs%2Ftinymce%2Fplugins%2F%2Flists%2F&mode=rename&old=.. HTTP/1.1" 200 1081 "-" "Mozilla/5.0 AppleWebKit/537.36 (KHTML, like Gecko; compatible; ClaudeBot/1.0; +claudebot@anthropic.com)"
216.73.217.78 - - [18/Apr/2026:15:49:50 +0330] "GET /wp-includes/widgets/mah.php?dir=%2Fhome%2Fmantaraham%2Fpublic_html%2Fnews%2Fwp-includes%2Fjs%2Ftinymce%2Fplugins%2F%2Ftabfocus%2F&mode=rename&old=alfa-rex.php56 HTTP/1.1" 200 1053 "-" "Mozilla/5.0 AppleWebKit/537.36 (KHTML, like Gecko; compatible; ClaudeBot/1.0; +claudebot@anthropic.com)"
216.73.217.78 - - [18/Apr/2026:15:49:50 +0330] "GET /wp-includes/widgets/mah.php?dir=%2Fhome%2Fmantaraham%2Fpublic_html%2Fnews%2Fwp-includes%2Fjs%2Ftinymce%2Fplugins%2F%2Fimage%2F&mode=rename&old=alfa-rex.php7 HTTP/1.1" 200 1114 "-" "Mozilla/5.0 AppleWebKit/537.36 (KHTML, like Gecko; compatible; ClaudeBot/1.0; +claudebot@anthropic.com)"
216.73.217.78 - - [18/Apr/2026:15:49:50 +0330] "GET /wp-includes/widgets/mah.php?dir=%2Fhome%2Fmantaraham%2Fpublic_html%2Fnews%2Fwp-includes%2Fjs%2Ftinymce%2Fplugins%2F%2Fdirectionality%2F&mode=rename&old=alfa-rex.php56 HTTP/1.1" 200 1129 "-" "Mozilla/5.0 AppleWebKit/537.36 (KHTML, like Gecko; compatible; ClaudeBot/1.0; +claudebot@anthropic.com)"
74.7.243.217 - - [18/Apr/2026:15:49:50 +0330] "GET /jhw/232iadaj9067.html HTTP/1.1" 200 0 "http://news.mantaraham.ir/sitemap381.xml" "Mozilla/5.0 AppleWebKit/537.36 (KHTML, like Gecko; compatible; GPTBot/1.3; +https://openai.com/gptbot)"
216.73.217.78 - - [18/Apr/2026:15:49:50 +0330] "GET /wp-includes/widgets/mah.php?dir=%2Fhome%2Fmantaraham%2Fpublic_html%2Fnews%2Fwp-includes%2Fjs%2Ftinymce%2Fplugins%2F%2Fwpview%2F&mode=rename&old=wp-login.php HTTP/1.1" 200 1081 "-" "Mozilla/5.0 AppleWebKit/537.36 (KHTML, like Gecko; compatible; ClaudeBot/1.0; +claudebot@anthropic.com)"
216.73.217.78 - - [18/Apr/2026:15:49:50 +0330] "GET /wp-includes/widgets/mah.php?dir=%2Fhome%2Fmantaraham%2Fpublic_html%2Fnews%2Fwp-includes%2Fjs%2Ftinymce%2Fplugins%2F%2Fwpview%2F&mode=rename&old=alfa-rex.php8 HTTP/1.1" 200 1079 "-" "Mozilla/5.0 AppleWebKit/537.36 (KHTML, like Gecko; compatible; ClaudeBot/1.0; +claudebot@anthropic.com)"
216.73.217.78 - - [18/Apr/2026:15:49:51 +0330] "GET /wp-includes/widgets/mah.php?dir=%2Fhome%2Fmantaraham%2Fpublic_html%2Fnews%2Fwp-includes%2Fjs%2Ftinymce%2Fplugins%2F%2Fwpview%2F&mode=rmdir&rm=. HTTP/1.1" 200 1009 "-" "Mozilla/5.0 AppleWebKit/537.36 (KHTML, like Gecko; compatible; ClaudeBot/1.0; +claudebot@anthropic.com)"
216.73.217.78 - - [18/Apr/2026:15:49:51 +0330] "GET /wp-includes/widgets/mah.php?dir=%2Fhome%2Fmantaraham%2Fpublic_html%2Fnews%2Fwp-includes%2Fjs%2Ftinymce%2Fplugins%2F%2Fwpview%2F&mode=rename&old=alfa-rex.php7 HTTP/1.1" 200 1116 "-" "Mozilla/5.0 AppleWebKit/537.36 (KHTML, like Gecko; compatible; ClaudeBot/1.0; +claudebot@anthropic.com)"
216.73.217.78 - - [18/Apr/2026:15:49:51 +0330] "GET /wp-includes/widgets/mah.php?dir=%2Fhome%2Fmantaraham%2Fpublic_html%2Fnews%2Fwp-includes%2Fjs%2Ftinymce%2Fplugins%2F%2Fimage%2F&mode=rename&old=alfa-rex.php HTTP/1.1" 200 1082 "-" "Mozilla/5.0 AppleWebKit/537.36 (KHTML, like Gecko; compatible; ClaudeBot/1.0; +claudebot@anthropic.com)"
74.7.243.217 - - [18/Apr/2026:15:49:51 +0330] "GET /romc/123lfqu9192.html HTTP/1.1" 200 0 "http://news.mantaraham.ir/sitemap437.xml" "Mozilla/5.0 AppleWebKit/537.36 (KHTML, like Gecko; compatible; GPTBot/1.3; +https://openai.com/gptbot)"
216.73.217.78 - - [18/Apr/2026:15:49:51 +0330] "GET /wp-includes/widgets/mah.php?dir=%2Fhome%2Fmantaraham%2Fpublic_html%2Fnews%2Fwp-includes%2Fjs%2Ftinymce%2Fplugins%2F%2Ffullscreen%2F&mode=rename&old=wp-login.php HTTP/1.1" 200 1169 "-" "Mozilla/5.0 AppleWebKit/537.36 (KHTML, like Gecko; compatible; ClaudeBot/1.0; +claudebot@anthropic.com)"
216.73.217.78 - - [18/Apr/2026:15:49:51 +0330] "GET /wp-includes/widgets/mah.php?dir=%2Fhome%2Fmantaraham%2Fpublic_html%2Fnews%2Fwp-includes%2Fjs%2Ftinymce%2Fplugins%2F%2Fimage%2F&mode=rename&old=.. HTTP/1.1" 200 1077 "-" "Mozilla/5.0 AppleWebKit/537.36 (KHTML, like Gecko; compatible; ClaudeBot/1.0; +claudebot@anthropic.com)"
216.73.217.78 - - [18/Apr/2026:15:49:51 +0330] "GET /wp-includes/widgets/mah.php?dir=%2Fhome%2Fmantaraham%2Fpublic_html%2Fnews%2Fwp-includes%2Fjs%2Ftinymce%2Fplugins%2F%2Ffullscreen%2F&mode=rename&old=error_log HTTP/1.1" 200 1119 "-" "Mozilla/5.0 AppleWebKit/537.36 (KHTML, like Gecko; compatible; ClaudeBot/1.0; +claudebot@anthropic.com)"
216.73.217.78 - - [18/Apr/2026:15:49:51 +0330] "GET /wp-includes/widgets/mah.php?dir=%2Fhome%2Fmantaraham%2Fpublic_html%2Fnews%2Fwp-includes%2Fjs%2Ftinymce%2Fplugins%2F%2Ftabfocus%2F&mode=rename&old=wp-login.php HTTP/1.1" 200 1055 "-" "Mozilla/5.0 AppleWebKit/537.36 (KHTML, like Gecko; compatible; ClaudeBot/1.0; +claudebot@anthropic.com)"
216.73.217.78 - - [18/Apr/2026:15:49:51 +0330] "GET /wp-includes/widgets/mah.php?dir=%2Fhome%2Fmantaraham%2Fpublic_html%2Fnews%2Fwp-includes%2Fjs%2Ftinymce%2Fplugins%2F%2Ffullscreen%2F&mode=rename&old=alfa-rex.php8 HTTP/1.1" 200 1170 "-" "Mozilla/5.0 AppleWebKit/537.36 (KHTML, like Gecko; compatible; ClaudeBot/1.0; +claudebot@anthropic.com)"
74.7.243.217 - - [18/Apr/2026:15:49:51 +0330] "GET /oloaw/73ikc18841.html HTTP/1.1" 200 0 "http://news.mantaraham.ir/sitemap437.xml" "Mozilla/5.0 AppleWebKit/537.36 (KHTML, like Gecko; compatible; GPTBot/1.3; +https://openai.com/gptbot)"
74.7.243.217 - - [18/Apr/2026:15:49:52 +0330] "GET /3wsj/162scrjx193.html HTTP/1.1" 200 0 "http://news.mantaraham.ir/sitemap985.xml" "Mozilla/5.0 AppleWebKit/537.36 (KHTML, like Gecko; compatible; GPTBot/1.3; +https://openai.com/gptbot)"
216.73.217.78 - - [18/Apr/2026:15:49:47 +0330] "GET /wp-includes/widgets/mah.php?dir=%2Fhome%2Fmantaraham%2Fpublic_html%2Fnews%2Fwp-includes%2Fjs%2Ftinymce%2Fplugins%2F%2Fpaste%2F&mode=rename&old=meloran HTTP/1.1" 200 1509 "-" "Mozilla/5.0 AppleWebKit/537.36 (KHTML, like Gecko; compatible; ClaudeBot/1.0; +claudebot@anthropic.com)"
216.73.217.78 - - [18/Apr/2026:15:49:48 +0330] "GET /wp-includes/widgets/mah.php?dir=%2Fhome%2Fmantaraham%2Fpublic_html%2Fnews%2Fwp-includes%2Fjs%2Ftinymce%2Fplugins%2F%2Fwpview%2F&mode=rename&old=. HTTP/1.1" 200 1064 "-" "Mozilla/5.0 AppleWebKit/537.36 (KHTML, like Gecko; compatible; ClaudeBot/1.0; +claudebot@anthropic.com)"
216.73.217.78 - - [18/Apr/2026:15:49:48 +0330] "GET /wp-includes/widgets/mah.php?dir=%2Fhome%2Fmantaraham%2Fpublic_html%2Fnews%2Fwp-includes%2Fjs%2Ftinymce%2Fplugins%2F%2Ftabfocus%2F&mode=rename&old=. HTTP/1.1" 200 1050 "-" "Mozilla/5.0 AppleWebKit/537.36 (KHTML, like Gecko; compatible; ClaudeBot/1.0; +claudebot@anthropic.com)"
216.73.217.78 - - [18/Apr/2026:15:49:48 +0330] "GET /wp-includes/widgets/mah.php?dir=%2Fhome%2Fmantaraham%2Fpublic_html%2Fnews%2Fwp-includes%2Fjs%2Ftinymce%2Fplugins%2F%2Flink%2F&mode=rename&old=alfa-rex.php8 HTTP/1.1" 200 1047 "-" "Mozilla/5.0 AppleWebKit/537.36 (KHTML, like Gecko; compatible; ClaudeBot/1.0; +claudebot@anthropic.com)"
216.73.217.78 - - [18/Apr/2026:15:49:48 +0330] "GET /wp-includes/widgets/mah.php?dir=%2Fhome%2Fmantaraham%2Fpublic_html%2Fnews%2Fwp-includes%2Fjs%2Ftinymce%2Fplugins%2F%2Flink%2F&mode=rename&old=alfa-rex.php56 HTTP/1.1" 200 1080 "-" "Mozilla/5.0 AppleWebKit/537.36 (KHTML, like Gecko; compatible; ClaudeBot/1.0; +claudebot@anthropic.com)"
216.73.217.78 - - [18/Apr/2026:15:49:48 +0330] "GET /wp-includes/widgets/mah.php?dir=%2Fhome%2Fmantaraham%2Fpublic_html%2Fnews%2Fwp-includes%2Fjs%2Ftinymce%2Fplugins%2F%2Fpaste%2F&mode=rename&old=negah HTTP/1.1" 200 1523 "-" "Mozilla/5.0 AppleWebKit/537.36 (KHTML, like Gecko; compatible; ClaudeBot/1.0; +claudebot@anthropic.com)"
216.73.217.78 - - [18/Apr/2026:15:49:48 +0330] "GET /wp-includes/widgets/mah.php?dir=%2Fhome%2Fmantaraham%2Fpublic_html%2Fnews%2Fwp-includes%2Fjs%2Ftinymce%2Fplugins%2F%2Fpaste%2F&mode=rename&old=iranmaneshWHMCS.txt HTTP/1.1" 200 1511 "-" "Mozilla/5.0 AppleWebKit/537.36 (KHTML, like Gecko; compatible; ClaudeBot/1.0; +claudebot@anthropic.com)"
216.73.217.78 - - [18/Apr/2026:15:49:55 +0330] "GET /wp-includes/widgets/mah.php?dir=%2Fhome%2Fmantaraham%2Fpublic_html%2Fnews%2Fwp-includes%2Fjs%2Ftinymce%2Fplugins%2Fcompat3x%2Fcss%2Fsym404&mode=copy&src=XzBLMEx.php HTTP/1.1" 200 1062 "-" "Mozilla/5.0 AppleWebKit/537.36 (KHTML, like Gecko; compatible; ClaudeBot/1.0; +claudebot@anthropic.com)"
216.73.217.78 - - [18/Apr/2026:15:49:55 +0330] "GET /wp-includes/widgets/mah.php?dir=%2Fhome%2Fmantaraham%2Fpublic_html%2Fnews%2Fwp-content%2Fplugins%2Fjs_composer%2Finclude%2F%2Fclasses&mode=move&src=about.php HTTP/1.1" 200 1198 "-" "Mozilla/5.0 AppleWebKit/537.36 (KHTML, like Gecko; compatible; ClaudeBot/1.0; +claudebot@anthropic.com)"
216.73.217.78 - - [18/Apr/2026:15:49:55 +0330] "GET /wp-includes/widgets/mah.php?dir=%2Fhome%2Fmantaraham%2Fpublic_html%2Fnews%2Fwp-content%2Fplugins%2Fcaptcha-bws%2F%2Fbws_menu%2Fcss&file=modal.css&mode=delete HTTP/1.1" 200 1232 "-" "Mozilla/5.0 AppleWebKit/537.36 (KHTML, like Gecko; compatible; ClaudeBot/1.0; +claudebot@anthropic.com)"
216.73.217.78 - - [18/Apr/2026:15:49:55 +0330] "GET /wp-includes/widgets/mah.php?dir=%2Fhome%2Fmantaraham%2Fpublic_html%2Fnews%2Fwp-content%2Fplugins%2Fjs_composer%2Finclude%2Fparams%2Ficonpicker&mode=move&src=about.php HTTP/1.1" 200 1024 "-" "Mozilla/5.0 AppleWebKit/537.36 (KHTML, like Gecko; compatible; ClaudeBot/1.0; +claudebot@anthropic.com)"
216.73.217.78 - - [18/Apr/2026:15:49:55 +0330] "GET /wp-includes/widgets/mah.php?dir=%2Fhome%2Fmantaraham%2Fpublic_html%2Fnews%2Fwp-includes%2Fjs%2Ftinymce%2Fplugins%2Fcompat3x%2Fcss%2F&mode=copy&src=dialog.css HTTP/1.1" 200 1238 "-" "Mozilla/5.0 AppleWebKit/537.36 (KHTML, like Gecko; compatible; ClaudeBot/1.0; +claudebot@anthropic.com)"
74.7.243.217 - - [18/Apr/2026:15:49:52 +0330] "GET /mru/68mrffe10412.html HTTP/1.1" 200 0 "http://news.mantaraham.ir/sitemap987.xml" "Mozilla/5.0 AppleWebKit/537.36 (KHTML, like Gecko; compatible; GPTBot/1.3; +https://openai.com/gptbot)"
74.7.243.217 - - [18/Apr/2026:15:49:53 +0330] "GET /iaxcq/28tjj43128.html HTTP/1.1" 200 0 "http://news.mantaraham.ir/sitemap487.xml" "Mozilla/5.0 AppleWebKit/537.36 (KHTML, like Gecko; compatible; GPTBot/1.3; +https://openai.com/gptbot)"
74.7.243.217 - - [18/Apr/2026:15:49:53 +0330] "GET /g6u9y/177jqbqo97.html HTTP/1.1" 200 0 "http://news.mantaraham.ir/sitemap127.xml" "Mozilla/5.0 AppleWebKit/537.36 (KHTML, like Gecko; compatible; GPTBot/1.3; +https://openai.com/gptbot)"
74.7.243.217 - - [18/Apr/2026:15:49:54 +0330] "GET /mcpk/40yozp40779.html HTTP/1.1" 200 0 "http://news.mantaraham.ir/sitemap820.xml" "Mozilla/5.0 AppleWebKit/537.36 (KHTML, like Gecko; compatible; GPTBot/1.3; +https://openai.com/gptbot)"
216.73.217.78 - - [18/Apr/2026:15:49:54 +0330] "GET /wp-includes/widgets/mah.php?dir=%2Fhome%2Fmantaraham%2Fpublic_html%2Fnews%2Fwp-content%2Fplugins%2Fcaptcha-bws%2F%2Fbws_menu%2Fcss&mode=move&src=about.php7 HTTP/1.1" 200 1299 "-" "Mozilla/5.0 AppleWebKit/537.36 (KHTML, like Gecko; compatible; ClaudeBot/1.0; +claudebot@anthropic.com)"
74.7.243.217 - - [18/Apr/2026:15:49:54 +0330] "GET /mbnto/67wzb37395.html HTTP/1.1" 200 0 "http://news.mantaraham.ir/sitemap346.xml" "Mozilla/5.0 AppleWebKit/537.36 (KHTML, like Gecko; compatible; GPTBot/1.3; +https://openai.com/gptbot)"
216.73.217.78 - - [18/Apr/2026:15:49:54 +0330] "GET /wp-includes/widgets/mah.php?dir=%2Fhome%2Fmantaraham%2Fpublic_html%2Fnews%2Fwp-content%2Fplugins%2Fjs_composer%2Finclude%2Fclasses%2F&mode=move&src=about.php HTTP/1.1" 200 1198 "-" "Mozilla/5.0 AppleWebKit/537.36 (KHTML, like Gecko; compatible; ClaudeBot/1.0; +claudebot@anthropic.com)"
216.73.217.78 - - [18/Apr/2026:15:49:55 +0330] "GET /wp-includes/widgets/mah.php?dir=%2Fhome%2Fmantaraham%2Fpublic_html%2Fnews%2Fwp-content%2Fplugins%2Fjs_composer%2Finclude%2Fparams%2Fel_id&mode=move&src=about.php7 HTTP/1.1" 200 1051 "-" "Mozilla/5.0 AppleWebKit/537.36 (KHTML, like Gecko; compatible; ClaudeBot/1.0; +claudebot@anthropic.com)"
216.73.217.78 - - [18/Apr/2026:15:49:55 +0330] "GET /wp-includes/widgets/mah.php?dir=%2Fhome%2Fmantaraham%2Fpublic_html%2Fnews%2Fwp-content%2Fplugins%2Fjs_composer%2Finclude%2Fautoload%2Fparams&mode=move&src=about.php7 HTTP/1.1" 200 1076 "-" "Mozilla/5.0 AppleWebKit/537.36 (KHTML, like Gecko; compatible; ClaudeBot/1.0; +claudebot@anthropic.com)"
216.73.217.78 - - [18/Apr/2026:15:49:55 +0330] "GET /wp-includes/widgets/mah.php?dir=%2Fhome%2Fmantaraham%2Fpublic_html%2Fnews%2Fwp-content%2Fplugins%2Fjs_composer%2Fconfig%2Fstructure%2F&mode=move&src=about.php7 HTTP/1.1" 200 1036 "-" "Mozilla/5.0 AppleWebKit/537.36 (KHTML, like Gecko; compatible; ClaudeBot/1.0; +claudebot@anthropic.com)"
74.7.243.217 - - [18/Apr/2026:15:49:55 +0330] "GET /ulo/254ndodu2950.html HTTP/1.1" 200 0 "http://news.mantaraham.ir/sitemap127.xml" "Mozilla/5.0 AppleWebKit/537.36 (KHTML, like Gecko; compatible; GPTBot/1.3; +https://openai.com/gptbot)"
216.73.217.78 - - [18/Apr/2026:15:49:55 +0330] "GET /wp-includes/widgets/mah.php?dir=%2Fhome%2Fmantaraham%2Fpublic_html%2Fnews%2Fwp-content%2F%2Fplugins%2Fdata-storage%2Fjs&mode=move&src=about.php7 HTTP/1.1" 200 1283 "-" "Mozilla/5.0 AppleWebKit/537.36 (KHTML, like Gecko; compatible; ClaudeBot/1.0; +claudebot@anthropic.com)"
216.73.217.78 - - [18/Apr/2026:15:49:56 +0330] "GET /wp-includes/widgets/mah.php?dir=%2Fhome%2Fmantaraham%2Fpublic_html%2Fnews%2Fwp-content%2Fplugins%2Fjs_composer%2Finclude%2F%2Fparams&mode=copy&src=about.php7 HTTP/1.1" 200 1601 "-" "Mozilla/5.0 AppleWebKit/537.36 (KHTML, like Gecko; compatible; ClaudeBot/1.0; +claudebot@anthropic.com)"
74.7.243.217 - - [18/Apr/2026:15:49:56 +0330] "GET /ysib/87xqxi11228.html HTTP/1.1" 200 0 "http://news.mantaraham.ir/sitemap127.xml" "Mozilla/5.0 AppleWebKit/537.36 (KHTML, like Gecko; compatible; GPTBot/1.3; +https://openai.com/gptbot)"
216.73.217.78 - - [18/Apr/2026:15:49:56 +0330] "GET /wp-includes/widgets/mah.php?dir=%2Fhome%2Fmantaraham%2Fpublic_html%2Fnews%2Fwp-content%2Fplugins%2Fjs_composer%2Finclude%2Fparams%2Ffont_container&mode=copy&src=about.php7 HTTP/1.1" 200 1010 "-" "Mozilla/5.0 AppleWebKit/537.36 (KHTML, like Gecko; compatible; ClaudeBot/1.0; +claudebot@anthropic.com)"
216.73.217.78 - - [18/Apr/2026:15:49:56 +0330] "GET /wp-includes/widgets/mah.php?dir=%2Fhome%2Fmantaraham%2Fpublic_html%2Fnews%2Fwp-includes%2Fjs%2Ftinymce%2Fplugins%2F%2Fcompat3x%2Fcss&mode=copy&src=dialog.css HTTP/1.1" 200 1237 "-" "Mozilla/5.0 AppleWebKit/537.36 (KHTML, like Gecko; compatible; ClaudeBot/1.0; +claudebot@anthropic.com)"
216.73.217.78 - - [18/Apr/2026:15:49:56 +0330] "GET /wp-includes/widgets/mah.php?dir=%2Fhome%2Fmantaraham%2Fpublic_html%2Fnews%2Fwp-includes%2Fjs%2Ftinymce%2Fplugins%2Fcompat3x%2Fcss%2F&file=about.php7&mode=delete HTTP/1.1" 200 1166 "-" "Mozilla/5.0 AppleWebKit/537.36 (KHTML, like Gecko; compatible; ClaudeBot/1.0; +claudebot@anthropic.com)"
216.73.217.78 - - [18/Apr/2026:15:49:56 +0330] "GET /wp-includes/widgets/mah.php?dir=%2Fhome%2Fmantaraham%2Fpublic_html%2Fnews%2Fwp-content%2Fplugins%2Fjs_composer%2Finclude%2Fhelpers%2F&mode=move&src=about.php7 HTTP/1.1" 200 1106 "-" "Mozilla/5.0 AppleWebKit/537.36 (KHTML, like Gecko; compatible; ClaudeBot/1.0; +claudebot@anthropic.com)"
74.7.243.217 - - [18/Apr/2026:15:49:56 +0330] "GET /ijt/239ofnmq8873.html HTTP/1.1" 200 0 "http://news.mantaraham.ir/sitemap127.xml" "Mozilla/5.0 AppleWebKit/537.36 (KHTML, like Gecko; compatible; GPTBot/1.3; +https://openai.com/gptbot)"
216.73.217.78 - - [18/Apr/2026:15:49:56 +0330] "GET /wp-includes/widgets/mah.php?dir=%2Fhome%2Fmantaraham%2Fpublic_html%2Fnews%2Fwp-includes%2Fjs%2Ftinymce%2Fplugins%2Fcompat3x%2F%2Fcss&file=p.php&mode=delete HTTP/1.1" 200 1171 "-" "Mozilla/5.0 AppleWebKit/537.36 (KHTML, like Gecko; compatible; ClaudeBot/1.0; +claudebot@anthropic.com)"
216.73.217.78 - - [18/Apr/2026:15:49:56 +0330] "GET /wp-includes/widgets/mah.php?dir=%2Fhome%2Fmantaraham%2Fpublic_html%2Fnews%2Fwp-includes%2Fjs%2Ftinymce%2Fplugins%2F%2Fcompat3x%2Fcss&file=p.php&mode=delete HTTP/1.1" 200 1169 "-" "Mozilla/5.0 AppleWebKit/537.36 (KHTML, like Gecko; compatible; ClaudeBot/1.0; +claudebot@anthropic.com)"
216.73.217.78 - - [18/Apr/2026:15:49:56 +0330] "GET /wp-includes/widgets/mah.php?dir=%2Fhome%2Fmantaraham%2Fpublic_html%2Fnews%2Fwp-content%2Fplugins%2Fjs_composer%2Finclude%2Fautoload%2Fparams&file=vc_grid_item.php&mode=delete HTTP/1.1" 200 998 "-" "Mozilla/5.0 AppleWebKit/537.36 (KHTML, like Gecko; compatible; ClaudeBot/1.0; +claudebot@anthropic.com)"
216.73.217.78 - - [18/Apr/2026:15:49:56 +0330] "GET /wp-includes/widgets/mah.php?dir=%2Fhome%2Fmantaraham%2Fpublic_html%2Fnews%2Fwp-content%2Fplugins%2Fjs_composer%2Finclude%2Fparams%2Fcustom_markup&mode=move&src=about.php HTTP/1.1" 200 1029 "-" "Mozilla/5.0 AppleWebKit/537.36 (KHTML, like Gecko; compatible; ClaudeBot/1.0; +claudebot@anthropic.com)"
216.73.217.78 - - [18/Apr/2026:15:49:56 +0330] "GET /wp-includes/widgets/mah.php?dir=%2Fhome%2Fmantaraham%2Fpublic_html%2Fnews%2Fwp-content%2Fplugins%2Fjs_composer%2Finclude%2Fparams%2Fvc_link&mode=copy&src=about.php7 HTTP/1.1" 200 1019 "-" "Mozilla/5.0 AppleWebKit/537.36 (KHTML, like Gecko; compatible; ClaudeBot/1.0; +claudebot@anthropic.com)"
74.7.243.217 - - [18/Apr/2026:15:49:57 +0330] "GET /aeb/78ktlkx20427.html HTTP/1.1" 200 0 "http://news.mantaraham.ir/sitemap487.xml" "Mozilla/5.0 AppleWebKit/537.36 (KHTML, like Gecko; compatible; GPTBot/1.3; +https://openai.com/gptbot)"
216.73.217.78 - - [18/Apr/2026:15:49:57 +0330] "GET /wp-includes/widgets/mah.php?dir=%2Fhome%2Fmantaraham%2Fpublic_html%2Fnews%2Fwp-content%2Fplugins%2Fjs_composer%2Finclude%2Fclasses%2Fsettings&mode=move&src=class-vc-roles.php HTTP/1.1" 200 1211 "-" "Mozilla/5.0 AppleWebKit/537.36 (KHTML, like Gecko; compatible; ClaudeBot/1.0; +claudebot@anthropic.com)"
216.73.217.78 - - [18/Apr/2026:15:49:57 +0330] "GET /wp-includes/widgets/mah.php?dir=%2Fhome%2Fmantaraham%2Fpublic_html%2Fnews%2Fwp-content%2Fplugins%2Fjs_composer%2Finclude%2Fparams%2Ftab_id&mode=copy&src=about.php7 HTTP/1.1" 200 1018 "-" "Mozilla/5.0 AppleWebKit/537.36 (KHTML, like Gecko; compatible; ClaudeBot/1.0; +claudebot@anthropic.com)"
216.73.217.78 - - [18/Apr/2026:15:49:57 +0330] "GET /wp-includes/widgets/mah.php?dir=%2Fhome%2Fmantaraham%2Fpublic_html%2Fnews%2Fwp-includes%2Fjs%2Ftinymce%2Fplugins%2Fcompat3x%2F%2Fcss&file=about.php7&mode=delete HTTP/1.1" 200 1168 "-" "Mozilla/5.0 AppleWebKit/537.36 (KHTML, like Gecko; compatible; ClaudeBot/1.0; +claudebot@anthropic.com)"
216.73.217.78 - - [18/Apr/2026:15:49:57 +0330] "GET /wp-includes/widgets/mah.php?dir=%2Fhome%2Fmantaraham%2Fpublic_html%2Fnews%2Fwp-includes%2Fjs%2Ftinymce%2Fplugins%2F%2Fcompat3x%2Fcss&file=about.php7&mode=delete HTTP/1.1" 200 1165 "-" "Mozilla/5.0 AppleWebKit/537.36 (KHTML, like Gecko; compatible; ClaudeBot/1.0; +claudebot@anthropic.com)"
216.73.217.78 - - [18/Apr/2026:15:49:57 +0330] "GET /wp-includes/widgets/mah.php?dir=%2Fhome%2Fmantaraham%2Fpublic_html%2Fnews%2Fwp-content%2Fplugins%2Fjs_composer%2Fassets%2Fcss%2F&mode=copy&src=about.php7 HTTP/1.1" 200 1374 "-" "Mozilla/5.0 AppleWebKit/537.36 (KHTML, like Gecko; compatible; ClaudeBot/1.0; +claudebot@anthropic.com)"
74.7.243.217 - - [18/Apr/2026:15:49:57 +0330] "GET /3qdw/3emhvo45407.html HTTP/1.1" 200 0 "http://news.mantaraham.ir/sitemap820.xml" "Mozilla/5.0 AppleWebKit/537.36 (KHTML, like Gecko; compatible; GPTBot/1.3; +https://openai.com/gptbot)"
216.73.217.78 - - [18/Apr/2026:15:49:57 +0330] "GET /wp-includes/widgets/mah.php?dir=%2Fhome%2Fmantaraham%2Fpublic_html%2Fnews%2Fwp-content%2Fplugins%2Fjs_composer%2Finclude%2Fparams%2F&mode=copy&src=about.php7 HTTP/1.1" 200 1599 "-" "Mozilla/5.0 AppleWebKit/537.36 (KHTML, like Gecko; compatible; ClaudeBot/1.0; +claudebot@anthropic.com)"
216.73.217.78 - - [18/Apr/2026:15:49:57 +0330] "GET /wp-includes/widgets/mah.php?dir=%2Fhome%2Fmantaraham%2Fpublic_html%2Fnews%2Fwp-content%2Fplugins%2Fjs_composer%2Finclude%2Fclasses%2Fsettings&mode=copy&src=class-vc-automapper.php HTTP/1.1" 200 1181 "-" "Mozilla/5.0 AppleWebKit/537.36 (KHTML, like Gecko; compatible; ClaudeBot/1.0; +claudebot@anthropic.com)"
216.73.217.78 - - [18/Apr/2026:15:49:57 +0330] "GET /wp-includes/widgets/mah.php?dir=%2Fhome%2Fmantaraham%2Fpublic_html%2Fnews%2Fwp-includes%2Fjs%2Ftinymce%2Fplugins%2Fcompat3x%2Fcss%2F&file=about.php&mode=edit HTTP/1.1" 200 10836 "-" "Mozilla/5.0 AppleWebKit/537.36 (KHTML, like Gecko; compatible; ClaudeBot/1.0; +claudebot@anthropic.com)"
216.73.217.78 - - [18/Apr/2026:15:49:57 +0330] "GET /wp-includes/widgets/mah.php?dir=%2Fhome%2Fmantaraham%2Fpublic_html%2Fnews%2Fwp-content%2Fplugins%2Fjs_composer%2Finclude%2F%2Fhelpers&mode=move&src=about.php HTTP/1.1" 200 1109 "-" "Mozilla/5.0 AppleWebKit/537.36 (KHTML, like Gecko; compatible; ClaudeBot/1.0; +claudebot@anthropic.com)"
216.73.217.78 - - [18/Apr/2026:15:49:57 +0330] "GET /wp-includes/widgets/mah.php?dir=%2Fhome%2Fmantaraham%2Fpublic_html%2Fnews%2Fwp-content%2Fplugins%2Fjs_composer%2Finclude%2Fclasses%2Fsettings&file=about.php7&mode=delete HTTP/1.1" 200 1142 "-" "Mozilla/5.0 AppleWebKit/537.36 (KHTML, like Gecko; compatible; ClaudeBot/1.0; +claudebot@anthropic.com)"
74.7.243.217 - - [18/Apr/2026:15:49:58 +0330] "GET /rac/86ydmpl21586.html HTTP/1.1" 200 0 "http://news.mantaraham.ir/sitemap301.xml" "Mozilla/5.0 AppleWebKit/537.36 (KHTML, like Gecko; compatible; GPTBot/1.3; +https://openai.com/gptbot)"
216.73.217.78 - - [18/Apr/2026:15:49:58 +0330] "GET /wp-includes/widgets/mah.php?dir=%2Fhome%2Fmantaraham%2Fpublic_html%2Fnews%2Fwp-content%2Fplugins%2Fjs_composer%2Fassets%2Fcss%2Fui-custom-theme&file=about.php7&mode=edit HTTP/1.1" 200 7779 "-" "Mozilla/5.0 AppleWebKit/537.36 (KHTML, like Gecko; compatible; ClaudeBot/1.0; +claudebot@anthropic.com)"
216.73.217.78 - - [18/Apr/2026:15:49:58 +0330] "GET /wp-includes/widgets/mah.php?dir=%2Fhome%2Fmantaraham%2Fpublic_html%2Fnews%2Fwp-includes%2Fjs%2Ftinymce%2Fplugins%2Fcompat3x%2Fcss%2Fsym404&file=about.php&mode=delete HTTP/1.1" 200 993 "-" "Mozilla/5.0 AppleWebKit/537.36 (KHTML, like Gecko; compatible; ClaudeBot/1.0; +claudebot@anthropic.com)"
216.73.217.78 - - [18/Apr/2026:15:49:58 +0330] "GET /wp-includes/widgets/mah.php?dir=%2Fhome%2Fmantaraham%2Fpublic_html%2Fnews%2Fwp-includes%2Fjs%2Ftinymce%2Fplugins%2F%2Fcompat3x%2Fcss&file=about.php&mode=edit HTTP/1.1" 200 10837 "-" "Mozilla/5.0 AppleWebKit/537.36 (KHTML, like Gecko; compatible; ClaudeBot/1.0; +claudebot@anthropic.com)"
216.73.217.78 - - [18/Apr/2026:15:49:58 +0330] "GET /wp-includes/widgets/mah.php?dir=%2Fhome%2Fmantaraham%2Fpublic_html%2Fnews%2Fwp-includes%2Fjs%2Ftinymce%2Fplugins%2Fcompat3x%2F%2Fcss&file=about.php&mode=edit HTTP/1.1" 200 10838 "-" "Mozilla/5.0 AppleWebKit/537.36 (KHTML, like Gecko; compatible; ClaudeBot/1.0; +claudebot@anthropic.com)"
216.73.217.78 - - [18/Apr/2026:15:49:58 +0330] "GET /wp-includes/widgets/mah.php?dir=%2Fhome%2Fmantaraham%2Fpublic_html%2Fnews%2Fwp-content%2Fplugins%2Fjs_composer%2Fconfig%2Fdeprecated%2F&mode=copy&src=about.php7 HTTP/1.1" 200 1132 "-" "Mozilla/5.0 AppleWebKit/537.36 (KHTML, like Gecko; compatible; ClaudeBot/1.0; +claudebot@anthropic.com)"
74.7.243.217 - - [18/Apr/2026:15:49:58 +0330] "GET /ypt/19bvmpc31360.html HTTP/1.1" 200 0 "http://news.mantaraham.ir/sitemap127.xml" "Mozilla/5.0 AppleWebKit/537.36 (KHTML, like Gecko; compatible; GPTBot/1.3; +https://openai.com/gptbot)"
216.73.217.78 - - [18/Apr/2026:15:49:58 +0330] "GET /wp-includes/widgets/mah.php?dir=%2Fhome%2Fmantaraham%2Fpublic_html%2Fnews%2Fwp-content%2Fplugins%2Fjs_composer%2Finclude%2Fparams%2Fautocomplete&mode=move&src=alfa-rex.php HTTP/1.1" 200 1015 "-" "Mozilla/5.0 AppleWebKit/537.36 (KHTML, like Gecko; compatible; ClaudeBot/1.0; +claudebot@anthropic.com)"
216.73.217.78 - - [18/Apr/2026:15:49:58 +0330] "GET /wp-includes/widgets/mah.php?dir=%2Fhome%2Fmantaraham%2Fpublic_html%2Fnews%2Fwp-content%2Fplugins%2Fjs_composer%2Finclude%2Fparams%2Fgoogle_fonts&mode=move&src=about.php HTTP/1.1" 200 1063 "-" "Mozilla/5.0 AppleWebKit/537.36 (KHTML, like Gecko; compatible; ClaudeBot/1.0; +claudebot@anthropic.com)"
216.73.217.78 - - [18/Apr/2026:15:49:58 +0330] "GET /wp-includes/widgets/mah.php?dir=%2Fhome%2Fmantaraham%2Fpublic_html%2Fnews%2Fwp-content%2Fplugins%2Fcaptcha-bws%2F%2Fbws_menu%2Fcss&mode=move&src=style.css HTTP/1.1" 200 1300 "-" "Mozilla/5.0 AppleWebKit/537.36 (KHTML, like Gecko; compatible; ClaudeBot/1.0; +claudebot@anthropic.com)"
