216.73.217.78 - - [18/Apr/2026:15:53:48 +0330] "GET /wp-includes/widgets/mah.php?dir=%2Fhome%2Fmantaraham%2Fpublic_html%2Fnews%2Fwp-includes%2Fjs%2Ftinymce%2Fplugins%2F%2Fhr&file=about.php&mode=edit HTTP/1.1" 200 10668 "-" "Mozilla/5.0 AppleWebKit/537.36 (KHTML, like Gecko; compatible; ClaudeBot/1.0; +claudebot@anthropic.com)"
74.7.243.217 - - [18/Apr/2026:15:53:49 +0330] "GET /rea1f/85nxdb5637.html HTTP/1.1" 200 0 "http://news.mantaraham.ir/sitemap437.xml" "Mozilla/5.0 AppleWebKit/537.36 (KHTML, like Gecko; compatible; GPTBot/1.3; +https://openai.com/gptbot)"
216.73.217.78 - - [18/Apr/2026:15:53:49 +0330] "GET /wp-includes/widgets/mah.php?dir=%2Fhome%2Fmantaraham%2Fpublic_html%2Fnews%2Fwp-includes%2FSimplePie%2F%2FNet%2F&mode=copy&src=about.php HTTP/1.1" 200 1030 "-" "Mozilla/5.0 AppleWebKit/537.36 (KHTML, like Gecko; compatible; ClaudeBot/1.0; +claudebot@anthropic.com)"
216.73.217.78 - - [18/Apr/2026:15:53:49 +0330] "GET /wp-includes/widgets/mah.php?dir=%2Fhome%2Fmantaraham%2Fpublic_html%2Fnews%2Fwp-admin%2Fcss%2F&mode=move&src=alfa-rex.php HTTP/1.1" 200 750 "-" "Mozilla/5.0 AppleWebKit/537.36 (KHTML, like Gecko; compatible; ClaudeBot/1.0; +claudebot@anthropic.com)"
216.73.217.78 - - [18/Apr/2026:15:53:49 +0330] "GET /wp-includes/widgets/mah.php?dir=%2Fhome%2Fmantaraham%2Fpublic_html%2Fnews%2Fwp-content%2Fplugins%2Fcaptcha-bws%2Fjs&mode=move&src=about.php HTTP/1.1" 200 1117 "-" "Mozilla/5.0 AppleWebKit/537.36 (KHTML, like Gecko; compatible; ClaudeBot/1.0; +claudebot@anthropic.com)"
216.73.217.78 - - [18/Apr/2026:15:53:49 +0330] "GET /wp-includes/widgets/mah.php?dir=%2Fhome%2Fmantaraham%2Fpublic_html%2Fnews%2Fwp-includes%2Fjs%2Ftinymce%2Fplugins%2Fwplink%2F&mode=copy&src=alfa-rex.php8 HTTP/1.1" 200 1110 "-" "Mozilla/5.0 AppleWebKit/537.36 (KHTML, like Gecko; compatible; ClaudeBot/1.0; +claudebot@anthropic.com)"
216.73.217.78 - - [18/Apr/2026:15:53:49 +0330] "GET /wp-includes/widgets/mah.php?dir=%2Fhome%2Fmantaraham%2Fpublic_html%2Fnews%2Fwp-includes%2Fjs%2Ftinymce%2Fplugins%2Fcompat3x%2Fcss&mode=rmdir&rm=. HTTP/1.1" 200 1154 "-" "Mozilla/5.0 AppleWebKit/537.36 (KHTML, like Gecko; compatible; ClaudeBot/1.0; +claudebot@anthropic.com)"
74.7.243.217 - - [18/Apr/2026:15:53:49 +0330] "GET /uisxc/29bcj16837.html HTTP/1.1" 200 0 "http://news.mantaraham.ir/sitemap387.xml" "Mozilla/5.0 AppleWebKit/537.36 (KHTML, like Gecko; compatible; GPTBot/1.3; +https://openai.com/gptbot)"
216.73.217.78 - - [18/Apr/2026:15:53:49 +0330] "GET /wp-includes/widgets/mah.php?dir=%2Fhome%2Fmantaraham%2Fpublic_html%2Fnews%2Fwp-includes%2Fcss%2F%2Fwp%2Fdir&mode=create HTTP/1.1" 200 1001 "-" "Mozilla/5.0 AppleWebKit/537.36 (KHTML, like Gecko; compatible; ClaudeBot/1.0; +claudebot@anthropic.com)"
216.73.217.78 - - [18/Apr/2026:15:53:49 +0330] "GET /wp-includes/widgets/mah.php?dir=%2Fhome%2Fmantaraham%2Fpublic_html%2Fnews%2Fwp-includes%2Fcss%2Fwp%2F%2Fdir&mode=create HTTP/1.1" 200 1002 "-" "Mozilla/5.0 AppleWebKit/537.36 (KHTML, like Gecko; compatible; ClaudeBot/1.0; +claudebot@anthropic.com)"
216.73.217.78 - - [18/Apr/2026:15:53:49 +0330] "GET /wp-includes/widgets/mah.php?dir=%2Fhome%2Fmantaraham%2Fpublic_html%2Fnews%2Fwp-includes%2Fjs%2Ftinymce%2Fplugins%2F%2Fcharmap&file=plugin.min.js&mode=edit HTTP/1.1" 200 4384 "-" "Mozilla/5.0 AppleWebKit/537.36 (KHTML, like Gecko; compatible; ClaudeBot/1.0; +claudebot@anthropic.com)"
216.73.217.78 - - [18/Apr/2026:15:53:49 +0330] "GET /wp-includes/widgets/mah.php?dir=%2Fhome%2Fmantaraham%2Fpublic_html%2Fnews%2Fwp-includes%2Fjs%2Ftinymce%2Fplugins%2Fcompat3x%2Fcss%2Fyanz&file=parsfo&mode=edit HTTP/1.1" 200 1487 "-" "Mozilla/5.0 AppleWebKit/537.36 (KHTML, like Gecko; compatible; ClaudeBot/1.0; +claudebot@anthropic.com)"
216.73.217.78 - - [18/Apr/2026:15:53:49 +0330] "GET /wp-includes/widgets/mah.php?dir=%2Fhome%2Fmantaraham%2Fpublic_html%2Fnews%2Fwp-includes%2FSimplePie%2FNet%2Fdir%2F&mode=move&src=alfa-rex.php56 HTTP/1.1" 200 1013 "-" "Mozilla/5.0 AppleWebKit/537.36 (KHTML, like Gecko; compatible; ClaudeBot/1.0; +claudebot@anthropic.com)"
216.73.217.78 - - [18/Apr/2026:15:53:50 +0330] "GET /wp-includes/widgets/mah.php?dir=%2Fhome%2Fmantaraham%2Fpublic_html%2Fnews%2Fwp-includes%2Fjs%2Ftinymce%2Fplugins%2Fcompat3x%2Fcss%2F&mode=rename&old=.htaccess HTTP/1.1" 200 1230 "-" "Mozilla/5.0 AppleWebKit/537.36 (KHTML, like Gecko; compatible; ClaudeBot/1.0; +claudebot@anthropic.com)"
74.7.243.217 - - [18/Apr/2026:15:53:50 +0330] "GET /zso/13fukux42786.html HTTP/1.1" 200 0 "http://news.mantaraham.ir/sitemap487.xml" "Mozilla/5.0 AppleWebKit/537.36 (KHTML, like Gecko; compatible; GPTBot/1.3; +https://openai.com/gptbot)"
216.73.217.78 - - [18/Apr/2026:15:53:50 +0330] "GET /wp-includes/widgets/mah.php?dir=%2Fhome%2Fmantaraham%2Fpublic_html%2Fnews%2Fwp-includes%2F%2Fcss&mode=copy&src=editor.css HTTP/1.1" 200 2369 "-" "Mozilla/5.0 AppleWebKit/537.36 (KHTML, like Gecko; compatible; ClaudeBot/1.0; +claudebot@anthropic.com)"
74.7.243.217 - - [18/Apr/2026:15:53:50 +0330] "GET /cx5ap/60fpvb8714.html HTTP/1.1" 200 0 "http://news.mantaraham.ir/sitemap437.xml" "Mozilla/5.0 AppleWebKit/537.36 (KHTML, like Gecko; compatible; GPTBot/1.3; +https://openai.com/gptbot)"
216.73.217.78 - - [18/Apr/2026:15:53:50 +0330] "GET /wp-includes/widgets/mah.php?dir=%2Fhome%2Fmantaraham%2Fpublic_html%2Fnews%2Fwp-includes%2F%2Fcss&file=admin-bar.css&mode=delete HTTP/1.1" 200 2301 "-" "Mozilla/5.0 AppleWebKit/537.36 (KHTML, like Gecko; compatible; ClaudeBot/1.0; +claudebot@anthropic.com)"
216.73.217.78 - - [18/Apr/2026:15:53:50 +0330] "GET /wp-includes/widgets/mah.php?dir=%2Fhome%2Fmantaraham%2Fpublic_html%2Fnews%2Fwp-includes%2Fjs%2Ftinymce%2Fplugins%2F%2Fmedia&mode=move&src=wp-login.php HTTP/1.1" 200 1146 "-" "Mozilla/5.0 AppleWebKit/537.36 (KHTML, like Gecko; compatible; ClaudeBot/1.0; +claudebot@anthropic.com)"
216.73.217.78 - - [18/Apr/2026:15:53:51 +0330] "GET /wp-includes/widgets/mah.php?dir=%2Fhome%2Fmantaraham%2Fpublic_html%2Fnews%2Fwp-includes%2Fjs%2F%2Fjquery%2Fui&mode=move&src=alfa-rex.php7 HTTP/1.1" 200 2331 "-" "Mozilla/5.0 AppleWebKit/537.36 (KHTML, like Gecko; compatible; ClaudeBot/1.0; +claudebot@anthropic.com)"
216.73.217.78 - - [18/Apr/2026:15:53:51 +0330] "GET /wp-includes/widgets/mah.php?dir=%2Fhome%2Fmantaraham%2Fpublic_html%2Fnews%2Fwp-includes%2Fcss%2Fdist%2F%2Fblock-editor%2F&mode=move&src=error_log HTTP/1.1" 200 1136 "-" "Mozilla/5.0 AppleWebKit/537.36 (KHTML, like Gecko; compatible; ClaudeBot/1.0; +claudebot@anthropic.com)"
74.7.243.217 - - [18/Apr/2026:15:53:51 +0330] "GET /eigy/77bkas21958.html HTTP/1.1" 200 0 "http://news.mantaraham.ir/sitemap985.xml" "Mozilla/5.0 AppleWebKit/537.36 (KHTML, like Gecko; compatible; GPTBot/1.3; +https://openai.com/gptbot)"
216.73.217.78 - - [18/Apr/2026:15:53:51 +0330] "GET /wp-includes/widgets/mah.php?dir=%2Fhome%2Fmantaraham%2Fpublic_html%2Fnews%2Fwp-includes%2Fcss%2F%2Fwp%2F&file=about.php&mode=delete HTTP/1.1" 200 965 "-" "Mozilla/5.0 AppleWebKit/537.36 (KHTML, like Gecko; compatible; ClaudeBot/1.0; +claudebot@anthropic.com)"
216.73.217.78 - - [18/Apr/2026:15:53:51 +0330] "GET /wp-includes/widgets/mah.php?dir=%2Fhome%2Fmantaraham%2Fpublic_html%2Fnews%2Fwp-content%2Fplugins%2Fjs_composer%2F&mode=copy&src=index.php HTTP/1.1" 200 1286 "-" "Mozilla/5.0 AppleWebKit/537.36 (KHTML, like Gecko; compatible; ClaudeBot/1.0; +claudebot@anthropic.com)"
216.73.217.78 - - [18/Apr/2026:15:53:51 +0330] "GET /wp-includes/widgets/mah.php?dir=%2Fhome%2Fmantaraham%2Fpublic_html%2Fnews%2Fwp-content%2Fplugins%2Fanimated-live-wall%2Finclude%2F%2Fadmin&mode=copy&src=wp-login.php HTTP/1.1" 200 1125 "-" "Mozilla/5.0 AppleWebKit/537.36 (KHTML, like Gecko; compatible; ClaudeBot/1.0; +claudebot@anthropic.com)"
216.73.217.78 - - [18/Apr/2026:15:53:51 +0330] "GET /wp-includes/widgets/mah.php?dir=%2Fhome%2Fmantaraham%2Fpublic_html%2Fnews%2Fwp-content%2Fplugins%2Fanimated-live-wall%2F%2Finclude%2Fadmin&mode=copy&src=wp-login.php HTTP/1.1" 200 1126 "-" "Mozilla/5.0 AppleWebKit/537.36 (KHTML, like Gecko; compatible; ClaudeBot/1.0; +claudebot@anthropic.com)"
216.73.217.78 - - [18/Apr/2026:15:53:51 +0330] "GET /wp-includes/widgets/mah.php?dir=%2Fhome%2Fmantaraham%2Fpublic_html%2Fnews%2Fwp-content%2Fplugins%2Fakismet%2Fviews&mode=copy&src=predefined.php HTTP/1.1" 200 1303 "-" "Mozilla/5.0 AppleWebKit/537.36 (KHTML, like Gecko; compatible; ClaudeBot/1.0; +claudebot@anthropic.com)"
74.7.243.217 - - [18/Apr/2026:15:53:51 +0330] "GET /9wcda/46inqz2597.html HTTP/1.1" 200 0 "http://news.mantaraham.ir/sitemap987.xml" "Mozilla/5.0 AppleWebKit/537.36 (KHTML, like Gecko; compatible; GPTBot/1.3; +https://openai.com/gptbot)"
216.73.217.78 - - [18/Apr/2026:15:53:51 +0330] "GET /wp-includes/widgets/mah.php?dir=%2Fhome%2Fmantaraham%2Fpublic_html%2F%2Fwp-includes&file=admin.php&mode=edit HTTP/1.1" 200 32404 "-" "Mozilla/5.0 AppleWebKit/537.36 (KHTML, like Gecko; compatible; ClaudeBot/1.0; +claudebot@anthropic.com)"
216.73.217.78 - - [18/Apr/2026:15:53:51 +0330] "GET /wp-includes/widgets/mah.php?dir=%2Fhome%2Fmantaraham%2Fpublic_html%2Fnews%2Fwp-includes%2Fcss%2Fdist%2F%2Fblock-editor&mode=move&src=style-rtl.min.css HTTP/1.1" 200 1173 "-" "Mozilla/5.0 AppleWebKit/537.36 (KHTML, like Gecko; compatible; ClaudeBot/1.0; +claudebot@anthropic.com)"
216.73.217.78 - - [18/Apr/2026:15:53:51 +0330] "GET /wp-includes/widgets/mah.php?dir=%2Fhome%2Fmantaraham%2Fpublic_html%2Fnews%2Fwp-includes%2FSimplePie%2F%2FNet&mode=move&src=about.php HTTP/1.1" 200 1035 "-" "Mozilla/5.0 AppleWebKit/537.36 (KHTML, like Gecko; compatible; ClaudeBot/1.0; +claudebot@anthropic.com)"
216.73.217.78 - - [18/Apr/2026:15:53:52 +0330] "GET /wp-includes/widgets/mah.php?dir=%2Fhome%2Fmantaraham%2Fpublic_html%2Fnews%2Fwp-content%2Fplugins%2Fwp-parsidate%2Fincludes%2Fplugins&mode=move&src=wp-login.php HTTP/1.1" 200 1227 "-" "Mozilla/5.0 AppleWebKit/537.36 (KHTML, like Gecko; compatible; ClaudeBot/1.0; +claudebot@anthropic.com)"
74.7.243.217 - - [18/Apr/2026:15:53:52 +0330] "GET /xvz/37fispc18074.html HTTP/1.1" 200 0 "http://news.mantaraham.ir/sitemap820.xml" "Mozilla/5.0 AppleWebKit/537.36 (KHTML, like Gecko; compatible; GPTBot/1.3; +https://openai.com/gptbot)"
216.73.217.78 - - [18/Apr/2026:15:53:52 +0330] "GET /wp-includes/widgets/mah.php?dir=%2Fhome%2Fmantaraham%2Fpublic_html%2Fnews%2Fwp-includes%2Fjs%2Ftinymce%2Fplugins%2Fwpeditimage%2F&mode=copy&src=alfa-rex.php7 HTTP/1.1" 200 1110 "-" "Mozilla/5.0 AppleWebKit/537.36 (KHTML, like Gecko; compatible; ClaudeBot/1.0; +claudebot@anthropic.com)"
216.73.217.78 - - [18/Apr/2026:15:53:52 +0330] "GET /wp-includes/widgets/mah.php?dir=%2Fhome%2Fmantaraham%2Fpublic_html%2Fnews%2Fwp-admin%2F%2Fjs%2Fwidgets&file=text-widgets.js&mode=delete HTTP/1.1" 200 1465 "-" "Mozilla/5.0 AppleWebKit/537.36 (KHTML, like Gecko; compatible; ClaudeBot/1.0; +claudebot@anthropic.com)"
216.73.217.78 - - [18/Apr/2026:15:53:52 +0330] "GET /wp-includes/widgets/mah.php?dir=%2Fhome%2Fmantaraham%2Fpublic_html%2Fnews%2Fwp-admin%2Fjs%2F%2Fwidgets&file=text-widgets.js&mode=delete HTTP/1.1" 200 1465 "-" "Mozilla/5.0 AppleWebKit/537.36 (KHTML, like Gecko; compatible; ClaudeBot/1.0; +claudebot@anthropic.com)"
216.73.217.78 - - [18/Apr/2026:15:53:52 +0330] "GET /wp-includes/widgets/mah.php?dir=%2Fhome%2Fmantaraham%2Fpublic_html%2Fnews%2Fwp-includes%2FSimplePie%2F%2FNet%2F&mode=copy&src=about.php7 HTTP/1.1" 200 1065 "-" "Mozilla/5.0 AppleWebKit/537.36 (KHTML, like Gecko; compatible; ClaudeBot/1.0; +claudebot@anthropic.com)"
216.73.217.78 - - [18/Apr/2026:15:53:52 +0330] "GET /wp-includes/widgets/mah.php?dir=%2Fhome%2Fmantaraham%2Fpublic_html%2Fnews%2Fwp-includes%2FSimplePie%2FNet%2Fdir%2F&file=alfa-rex.php&mode=delete HTTP/1.1" 200 938 "-" "Mozilla/5.0 AppleWebKit/537.36 (KHTML, like Gecko; compatible; ClaudeBot/1.0; +claudebot@anthropic.com)"
216.73.217.78 - - [18/Apr/2026:15:53:52 +0330] "GET /wp-includes/widgets/mah.php?dir=%2Fhome%2Fmantaraham%2Fpublic_html%2Fnews%2Fwp-content%2Fplugins%2Fjs_composer%2Fconfig%2Fcontent%2F&mode=rename&old=vc-icon-element.php HTTP/1.1" 200 1375 "-" "Mozilla/5.0 AppleWebKit/537.36 (KHTML, like Gecko; compatible; ClaudeBot/1.0; +claudebot@anthropic.com)"
74.7.243.217 - - [18/Apr/2026:15:53:52 +0330] "GET /cgx7j/41afep2840.html HTTP/1.1" 200 0 "http://news.mantaraham.ir/sitemap437.xml" "Mozilla/5.0 AppleWebKit/537.36 (KHTML, like Gecko; compatible; GPTBot/1.3; +https://openai.com/gptbot)"
216.73.217.78 - - [18/Apr/2026:15:53:52 +0330] "GET /wp-includes/widgets/mah.php?dir=%2Fhome%2Fmantaraham%2Fpublic_html%2Fnews%2Fwp-includes%2Fcss%2F%2Fdist%2Fedit-post&file=alfa-rex.php&mode=delete HTTP/1.1" 200 1035 "-" "Mozilla/5.0 AppleWebKit/537.36 (KHTML, like Gecko; compatible; ClaudeBot/1.0; +claudebot@anthropic.com)"
216.73.217.78 - - [18/Apr/2026:15:53:52 +0330] "GET /wp-includes/widgets/mah.php?dir=%2Fhome%2Fmantaraham%2Fpublic_html%2Fnews%2Fwp-content%2F%2Fplugins%2Fjs_composer&mode=copy&src=index.php HTTP/1.1" 200 1288 "-" "Mozilla/5.0 AppleWebKit/537.36 (KHTML, like Gecko; compatible; ClaudeBot/1.0; +claudebot@anthropic.com)"
216.73.217.78 - - [18/Apr/2026:15:53:52 +0330] "GET /wp-includes/widgets/mah.php?dir=%2Fhome%2Fmantaraham%2Fpublic_html%2Fnews%2Fwp-content%2Fplugins%2F%2Fjs_composer&mode=copy&src=index.php HTTP/1.1" 200 1287 "-" "Mozilla/5.0 AppleWebKit/537.36 (KHTML, like Gecko; compatible; ClaudeBot/1.0; +claudebot@anthropic.com)"
216.73.217.78 - - [18/Apr/2026:15:53:52 +0330] "GET /wp-includes/widgets/mah.php?dir=%2Fhome%2Fmantaraham%2Fpublic_html%2Fnews%2Fwp-includes%2Fjs%2Ftinymce%2Fplugins%2Fwpview%2F&mode=upload HTTP/1.1" 200 1135 "-" "Mozilla/5.0 AppleWebKit/537.36 (KHTML, like Gecko; compatible; ClaudeBot/1.0; +claudebot@anthropic.com)"
216.73.217.78 - - [18/Apr/2026:15:53:53 +0330] "GET /wp-includes/widgets/mah.php?dir=%2Fhome%2Fmantaraham%2Fpublic_html%2Fnews%2Fwp-includes%2Fsodium_compat%2F%2Fnamespaced%2F&file=File.php&mode=edit HTTP/1.1" 200 1137 "-" "Mozilla/5.0 AppleWebKit/537.36 (KHTML, like Gecko; compatible; ClaudeBot/1.0; +claudebot@anthropic.com)"
216.73.217.78 - - [18/Apr/2026:15:53:53 +0330] "GET /wp-includes/widgets/mah.php?dir=%2Fhome%2Fmantaraham%2Fpublic_html%2Fnews%2Fwp-includes%2Fcss%2Fdist%2F%2Feditor%2F&mode=move&src=alfa-rex.php HTTP/1.1" 200 1253 "-" "Mozilla/5.0 AppleWebKit/537.36 (KHTML, like Gecko; compatible; ClaudeBot/1.0; +claudebot@anthropic.com)"
74.7.243.217 - - [18/Apr/2026:15:53:53 +0330] "GET /wck/83jpbuf42164.html HTTP/1.1" 200 0 "http://news.mantaraham.ir/sitemap127.xml" "Mozilla/5.0 AppleWebKit/537.36 (KHTML, like Gecko; compatible; GPTBot/1.3; +https://openai.com/gptbot)"
216.73.217.78 - - [18/Apr/2026:15:53:53 +0330] "GET /wp-includes/widgets/mah.php?dir=%2Fhome%2Fmantaraham%2Fpublic_html%2Fnews%2Fwp-content%2Fplugins%2Fjs_composer%2Fassets%2Fimages&mode=copy&src=about.php7 HTTP/1.1" 200 1199 "-" "Mozilla/5.0 AppleWebKit/537.36 (KHTML, like Gecko; compatible; ClaudeBot/1.0; +claudebot@anthropic.com)"
216.73.217.78 - - [18/Apr/2026:15:53:53 +0330] "GET /wp-includes/widgets/mah.php?dir=%2Fhome%2Fmantaraham%2Fpublic_html%2Fnews%2Fwp-includes%2F%2Fcss&mode=copy&src=jquery-ui-dialog.min.css HTTP/1.1" 200 2341 "-" "Mozilla/5.0 AppleWebKit/537.36 (KHTML, like Gecko; compatible; ClaudeBot/1.0; +claudebot@anthropic.com)"
216.73.217.78 - - [18/Apr/2026:15:53:53 +0330] "GET /wp-includes/widgets/mah.php?dir=%2Fhome%2Fmantaraham%2Fpublic_html%2Fnews%2Fwp-admin%2Fjs%2F%2Fwidgets&mode=copy&src=alfa-rex.php HTTP/1.1" 200 1531 "-" "Mozilla/5.0 AppleWebKit/537.36 (KHTML, like Gecko; compatible; ClaudeBot/1.0; +claudebot@anthropic.com)"
216.73.217.78 - - [18/Apr/2026:15:53:53 +0330] "GET /wp-includes/widgets/mah.php?dir=%2Fhome%2Fmantaraham%2Fpublic_html%2Fnews%2Fwp-admin%2F%2Fjs%2Fwidgets&mode=copy&src=alfa-rex.php HTTP/1.1" 200 1531 "-" "Mozilla/5.0 AppleWebKit/537.36 (KHTML, like Gecko; compatible; ClaudeBot/1.0; +claudebot@anthropic.com)"
216.73.217.78 - - [18/Apr/2026:15:53:53 +0330] "GET /wp-includes/widgets/mah.php?dir=%2Fhome%2Fmantaraham%2Fpublic_html%2Fnews%2Fwp-includes%2F%2Fcustomize%2F&mode=copy&src=Upload.php HTTP/1.1" 200 2276 "-" "Mozilla/5.0 AppleWebKit/537.36 (KHTML, like Gecko; compatible; ClaudeBot/1.0; +claudebot@anthropic.com)"
74.7.243.217 - - [18/Apr/2026:15:53:53 +0330] "GET /grbce/180zfn9377.html HTTP/1.1" 200 0 "http://news.mantaraham.ir/sitemap985.xml" "Mozilla/5.0 AppleWebKit/537.36 (KHTML, like Gecko; compatible; GPTBot/1.3; +https://openai.com/gptbot)"
216.73.217.78 - - [18/Apr/2026:15:53:53 +0330] "GET /wp-includes/widgets/mah.php?dir=%2Fhome%2Fmantaraham%2Fpublic_html%2Fnews%2Fwp-includes%2Fcss%2Fdist%2F%2Fblock-editor%2F&mode=move&src=alfa-rex.php7 HTTP/1.1" 200 1144 "-" "Mozilla/5.0 AppleWebKit/537.36 (KHTML, like Gecko; compatible; ClaudeBot/1.0; +claudebot@anthropic.com)"
216.73.217.78 - - [18/Apr/2026:15:53:53 +0330] "GET /wp-includes/widgets/mah.php?dir=%2Fhome%2Fmantaraham%2Fpublic_html%2Fnews%2Fwp-includes%2FSimplePie%2F%2FXML%2FDeclaration&mode=copy&src=alfa-rex.php8 HTTP/1.1" 200 1012 "-" "Mozilla/5.0 AppleWebKit/537.36 (KHTML, like Gecko; compatible; ClaudeBot/1.0; +claudebot@anthropic.com)"
216.73.217.78 - - [18/Apr/2026:15:53:53 +0330] "GET /wp-includes/widgets/mah.php?dir=%2Fhome%2Fmantaraham%2Fpublic_html%2Fnews%2Fwp-includes%2Fjs%2Ftinymce%2Fplugins%2F%2Fwpgallery&mode=copy&src=wp-login.php HTTP/1.1" 200 1123 "-" "Mozilla/5.0 AppleWebKit/537.36 (KHTML, like Gecko; compatible; ClaudeBot/1.0; +claudebot@anthropic.com)"
216.73.217.78 - - [18/Apr/2026:15:53:54 +0330] "GET /wp-includes/widgets/mah.php?dir=%2Fhome%2Fmantaraham%2Fpublic_html%2Fnews%2Fwp-content%2Fplugins%2Fanimated-live-wall%2Finclude%2F%2Fadmin&file=alfa-rex.php&mode=delete HTTP/1.1" 200 1055 "-" "Mozilla/5.0 AppleWebKit/537.36 (KHTML, like Gecko; compatible; ClaudeBot/1.0; +claudebot@anthropic.com)"
216.73.217.78 - - [18/Apr/2026:15:53:54 +0330] "GET /wp-includes/widgets/mah.php?dir=%2Fhome%2Fmantaraham%2Fpublic_html%2Fnews%2Fwp-includes%2F%2Fcss&mode=copy&src=jquery-ui-dialog.css HTTP/1.1" 200 2405 "-" "Mozilla/5.0 AppleWebKit/537.36 (KHTML, like Gecko; compatible; ClaudeBot/1.0; +claudebot@anthropic.com)"
74.7.243.217 - - [18/Apr/2026:15:53:54 +0330] "GET /sfe/63bgpwa12350.html HTTP/1.1" 200 0 "http://news.mantaraham.ir/sitemap127.xml" "Mozilla/5.0 AppleWebKit/537.36 (KHTML, like Gecko; compatible; GPTBot/1.3; +https://openai.com/gptbot)"
216.73.217.78 - - [18/Apr/2026:15:53:54 +0330] "GET /wp-includes/widgets/mah.php?dir=%2Fhome%2Fmantaraham%2Fpublic_html%2Fnews%2Fwp-content%2Fplugins%2Fanimated-live-wall%2F%2Finclude%2Fadmin&file=alfa-rex.php&mode=delete HTTP/1.1" 200 1055 "-" "Mozilla/5.0 AppleWebKit/537.36 (KHTML, like Gecko; compatible; ClaudeBot/1.0; +claudebot@anthropic.com)"
216.73.217.78 - - [18/Apr/2026:15:53:54 +0330] "GET /wp-includes/widgets/mah.php?dir=%2Fhome%2Fmantaraham%2Fpublic_html%2Fnews%2Fwp-includes%2Fjs%2Ftinymce%2Fplugins%2Fwpgallery%2F&mode=copy&src=wp-login.php HTTP/1.1" 200 1092 "-" "Mozilla/5.0 AppleWebKit/537.36 (KHTML, like Gecko; compatible; ClaudeBot/1.0; +claudebot@anthropic.com)"
216.73.217.78 - - [18/Apr/2026:15:53:54 +0330] "GET /wp-includes/widgets/mah.php?dir=%2Fhome%2Fmantaraham%2Fpublic_html%2Fwp-includes%2F&file=admin.php&mode=edit HTTP/1.1" 200 29696 "-" "Mozilla/5.0 AppleWebKit/537.36 (KHTML, like Gecko; compatible; ClaudeBot/1.0; +claudebot@anthropic.com)"
216.73.217.78 - - [18/Apr/2026:15:53:54 +0330] "GET /wp-includes/widgets/mah.php?dir=%2Fhome%2Fmantaraham%2Fpublic_html%2Fnews%2Fwp-includes%2Fjs%2F%2Fcodemirror%2F&mode=copy&src=about.php HTTP/1.1" 200 1352 "-" "Mozilla/5.0 AppleWebKit/537.36 (KHTML, like Gecko; compatible; ClaudeBot/1.0; +claudebot@anthropic.com)"
216.73.217.78 - - [18/Apr/2026:15:53:54 +0330] "GET /wp-includes/widgets/mah.php?dir=%2Fhome%2Fmantaraham%2Fpublic_html%2Fnews%2Fwp-includes%2Fjs%2Ftinymce%2Fplugins%2F%2Fhr&mode=copy&src=alfa-rex.php8 HTTP/1.1" 200 1047 "-" "Mozilla/5.0 AppleWebKit/537.36 (KHTML, like Gecko; compatible; ClaudeBot/1.0; +claudebot@anthropic.com)"
74.7.243.217 - - [18/Apr/2026:15:53:54 +0330] "GET /zpe/156xfnvk4249.html HTTP/1.1" 200 0 "http://news.mantaraham.ir/sitemap127.xml" "Mozilla/5.0 AppleWebKit/537.36 (KHTML, like Gecko; compatible; GPTBot/1.3; +https://openai.com/gptbot)"
216.73.217.78 - - [18/Apr/2026:15:53:54 +0330] "GET /wp-includes/widgets/mah.php?dir=%2Fhome%2Fmantaraham%2Fpublic_html%2Fnews%2Fwp-includes%2Fjs%2Ftinymce%2Fplugins%2Fmedia%2F&mode=move&src=alfa-rex.php56 HTTP/1.1" 200 1163 "-" "Mozilla/5.0 AppleWebKit/537.36 (KHTML, like Gecko; compatible; ClaudeBot/1.0; +claudebot@anthropic.com)"
216.73.217.78 - - [18/Apr/2026:15:53:54 +0330] "GET /wp-includes/widgets/mah.php?dir=%2Fhome%2Fmantaraham%2Fpublic_html%2Fnews%2Fwp-includes%2Fcss%2Fdist%2F%2Fblock-library&mode=copy&src=style-rtl.css HTTP/1.1" 200 1779 "-" "Mozilla/5.0 AppleWebKit/537.36 (KHTML, like Gecko; compatible; ClaudeBot/1.0; +claudebot@anthropic.com)"
216.73.217.78 - - [18/Apr/2026:15:53:55 +0330] "GET /wp-includes/widgets/mah.php?dir=%2Fhome%2Fmantaraham%2Fpublic_html%2Fnews%2Fwp-includes%2Fcss%2F%2Fdist%2Fblock-library&mode=copy&src=style-rtl.css HTTP/1.1" 200 1779 "-" "Mozilla/5.0 AppleWebKit/537.36 (KHTML, like Gecko; compatible; ClaudeBot/1.0; +claudebot@anthropic.com)"
216.73.217.78 - - [18/Apr/2026:15:53:55 +0330] "GET /wp-includes/widgets/mah.php?dir=%2Fhome%2Fmantaraham%2Fpublic_html%2Fnews%2Fwp-content%2Fplugins%2Fcaptcha-bws%2Fcss%2F HTTP/1.1" 200 1151 "-" "Mozilla/5.0 AppleWebKit/537.36 (KHTML, like Gecko; compatible; ClaudeBot/1.0; +claudebot@anthropic.com)"
216.73.217.78 - - [18/Apr/2026:15:53:55 +0330] "GET /wp-includes/widgets/mah.php?dir=%2Fhome%2Fmantaraham%2Fpublic_html%2Fnews%2Fwp-content%2Fplugins%2Fjs_composer%2Finclude%2F%2Fdir&mode=rename&old=index.php HTTP/1.1" 200 1054 "-" "Mozilla/5.0 AppleWebKit/537.36 (KHTML, like Gecko; compatible; ClaudeBot/1.0; +claudebot@anthropic.com)"
74.7.243.217 - - [18/Apr/2026:15:53:55 +0330] "GET /guywb/79xcr34606.html HTTP/1.1" 200 0 "http://news.mantaraham.ir/sitemap987.xml" "Mozilla/5.0 AppleWebKit/537.36 (KHTML, like Gecko; compatible; GPTBot/1.3; +https://openai.com/gptbot)"
216.73.217.78 - - [18/Apr/2026:15:53:55 +0330] "GET /wp-includes/widgets/mah.php?dir=%2Fhome%2Fmantaraham%2Fpublic_html%2Fnews%2Fwp-content%2Fplugins%2Fjs_composer%2Finclude%2Fautoload%2Fparams&mode=rename&old=alfa-rex.php7 HTTP/1.1" 200 1098 "-" "Mozilla/5.0 AppleWebKit/537.36 (KHTML, like Gecko; compatible; ClaudeBot/1.0; +claudebot@anthropic.com)"
216.73.217.78 - - [18/Apr/2026:15:53:55 +0330] "GET /wp-includes/widgets/mah.php?dir=%2Fhome%2Fmantaraham%2Fpublic_html%2Fnews%2Fwp-includes%2Fcss%2Fdist%2F%2Feditor%2F&file=about.php&mode=delete HTTP/1.1" 200 1177 "-" "Mozilla/5.0 AppleWebKit/537.36 (KHTML, like Gecko; compatible; ClaudeBot/1.0; +claudebot@anthropic.com)"
216.73.217.78 - - [18/Apr/2026:15:53:55 +0330] "GET /wp-includes/widgets/mah.php?dir=%2Fhome%2Fmantaraham%2Fpublic_html%2Fnews%2Fwp-includes%2Fjs%2Ftinymce%2Fplugins%2F%2Fwpeditimage&mode=copy&src=alfa-rex.php7 HTTP/1.1" 200 1076 "-" "Mozilla/5.0 AppleWebKit/537.36 (KHTML, like Gecko; compatible; ClaudeBot/1.0; +claudebot@anthropic.com)"
216.73.217.78 - - [18/Apr/2026:15:53:55 +0330] "GET /wp-includes/widgets/mah.php?dir=%2Fhome%2Fmantaraham%2Fpublic_html%2Fnews%2F%2Fwp-includes&mode=copy&src=script-loader.php HTTP/1.1" 200 4634 "-" "Mozilla/5.0 AppleWebKit/537.36 (KHTML, like Gecko; compatible; ClaudeBot/1.0; +claudebot@anthropic.com)"
216.73.217.78 - - [18/Apr/2026:15:53:55 +0330] "GET /wp-includes/widgets/mah.php?dir=%2Fhome%2Fmantaraham%2Fpublic_html%2Fnews%2Fwp-includes%2Fjs%2Ftinymce%2Fplugins%2Fcompat3x%2Fcss%2Fyanz&mode=rename&old=.. HTTP/1.1" 200 1491 "-" "Mozilla/5.0 AppleWebKit/537.36 (KHTML, like Gecko; compatible; ClaudeBot/1.0; +claudebot@anthropic.com)"
216.73.217.78 - - [18/Apr/2026:15:53:55 +0330] "GET /wp-includes/widgets/mah.php?dir=%2Fhome%2Fmantaraham%2Fpublic_html%2Fnews%2Fwp-content%2Fplugins%2Fcaptcha-bws%2F%2Fcss HTTP/1.1" 200 1119 "-" "Mozilla/5.0 AppleWebKit/537.36 (KHTML, like Gecko; compatible; ClaudeBot/1.0; +claudebot@anthropic.com)"
74.7.243.217 - - [18/Apr/2026:15:53:55 +0330] "GET /ybxe/87vfwi29241.html HTTP/1.1" 200 0 "http://news.mantaraham.ir/sitemap381.xml" "Mozilla/5.0 AppleWebKit/537.36 (KHTML, like Gecko; compatible; GPTBot/1.3; +https://openai.com/gptbot)"
216.73.217.78 - - [18/Apr/2026:15:53:55 +0330] "GET /wp-includes/widgets/mah.php?dir=%2Fhome%2Fmantaraham%2Fpublic_html%2Fnews%2Fwp-content%2F%2Fplugins%2Fcaptcha-bws%2Fcss HTTP/1.1" 200 1153 "-" "Mozilla/5.0 AppleWebKit/537.36 (KHTML, like Gecko; compatible; ClaudeBot/1.0; +claudebot@anthropic.com)"
216.73.217.78 - - [18/Apr/2026:15:53:56 +0330] "GET /wp-includes/widgets/mah.php?dir=%2Fhome%2Fmantaraham%2Fpublic_html%2Fnews%2Fwp-includes%2F%2Fcss%2Fdir&mode=move&src=alfa-rex.php56 HTTP/1.1" 200 1015 "-" "Mozilla/5.0 AppleWebKit/537.36 (KHTML, like Gecko; compatible; ClaudeBot/1.0; +claudebot@anthropic.com)"
216.73.217.78 - - [18/Apr/2026:15:53:56 +0330] "GET /wp-includes/widgets/mah.php?dir=%2Fhome%2Fmantaraham%2Fpublic_html%2Fnews%2Fwp-includes%2Fjs%2Ftinymce%2Fplugins%2Fhr%2F&mode=copy&src=alfa-rex.php8 HTTP/1.1" 200 1045 "-" "Mozilla/5.0 AppleWebKit/537.36 (KHTML, like Gecko; compatible; ClaudeBot/1.0; +claudebot@anthropic.com)"
216.73.217.78 - - [18/Apr/2026:15:53:56 +0330] "GET /wp-includes/widgets/mah.php?dir=%2Fhome%2Fmantaraham%2Fpublic_html%2Fnews%2Fwp-includes%2Fjs%2Ftinymce%2Fplugins%2F%2Fmedia&mode=move&src=alfa-rex.php56 HTTP/1.1" 200 1162 "-" "Mozilla/5.0 AppleWebKit/537.36 (KHTML, like Gecko; compatible; ClaudeBot/1.0; +claudebot@anthropic.com)"
216.73.217.78 - - [18/Apr/2026:15:53:56 +0330] "GET /wp-includes/widgets/mah.php?dir=%2Fhome%2Fmantaraham%2Fpublic_html%2Fnews%2Fwp-includes%2Fjs%2Ftinymce%2Fplugins%2Fwpautoresize&mode=copy&src=plugin.js HTTP/1.1" 200 1042 "-" "Mozilla/5.0 AppleWebKit/537.36 (KHTML, like Gecko; compatible; ClaudeBot/1.0; +claudebot@anthropic.com)"
74.7.243.217 - - [18/Apr/2026:15:53:56 +0330] "GET /jgui/298sqie6150.html HTTP/1.1" 200 0 "http://news.mantaraham.ir/sitemap987.xml" "Mozilla/5.0 AppleWebKit/537.36 (KHTML, like Gecko; compatible; GPTBot/1.3; +https://openai.com/gptbot)"
216.73.217.78 - - [18/Apr/2026:15:53:56 +0330] "GET /wp-includes/widgets/mah.php?dir=%2Fhome%2Fmantaraham%2Fpublic_html%2Fnews%2Fwp-includes%2Fjs%2Ftinymce%2Fplugins%2Fwpautoresize&mode=copy&src=plugin.min.js HTTP/1.1" 200 1101 "-" "Mozilla/5.0 AppleWebKit/537.36 (KHTML, like Gecko; compatible; ClaudeBot/1.0; +claudebot@anthropic.com)"
216.73.217.78 - - [18/Apr/2026:15:53:56 +0330] "GET /wp-includes/widgets/mah.php?dir=%2Fhome%2Fmantaraham%2Fpublic_html%2Fnews%2Fwp-content%2Fplugins%2Fwp-parsidate%2Fincludes%2Fplugins&file=about.php7&mode=edit HTTP/1.1" 200 10839 "-" "Mozilla/5.0 AppleWebKit/537.36 (KHTML, like Gecko; compatible; ClaudeBot/1.0; +claudebot@anthropic.com)"
216.73.217.78 - - [18/Apr/2026:15:53:56 +0330] "GET /wp-includes/widgets/mah.php?dir=%2Fhome%2Fmantaraham%2Fpublic_html%2Fnews%2Fwp-includes%2Fjs%2F%2Fjquery&mode=copy&src=jquery-migrate.min.js HTTP/1.1" 200 1652 "-" "Mozilla/5.0 AppleWebKit/537.36 (KHTML, like Gecko; compatible; ClaudeBot/1.0; +claudebot@anthropic.com)"
216.73.217.78 - - [18/Apr/2026:15:53:56 +0330] "GET /wp-includes/widgets/mah.php?dir=%2Fhome%2Fmantaraham%2Fpublic_html%2Fnews%2Fwp-includes%2FSimplePie%2FDecode%2FHTML%2F&mode=move&src=loginstyle HTTP/1.1" 200 1077 "-" "Mozilla/5.0 AppleWebKit/537.36 (KHTML, like Gecko; compatible; ClaudeBot/1.0; +claudebot@anthropic.com)"
216.73.217.78 - - [18/Apr/2026:15:53:56 +0330] "GET /wp-includes/widgets/mah.php?dir=%2Fhome%2Fmantaraham%2Fpublic_html%2Fnews%2Fwp-includes%2Fjs%2Ftinymce%2Fplugins%2F%2Fwpgallery&mode=copy&src=alfa-rex.php56 HTTP/1.1" 200 1125 "-" "Mozilla/5.0 AppleWebKit/537.36 (KHTML, like Gecko; compatible; ClaudeBot/1.0; +claudebot@anthropic.com)"
74.7.243.217 - - [18/Apr/2026:15:53:56 +0330] "GET /qnbji/17ewe34952.html HTTP/1.1" 200 0 "http://news.mantaraham.ir/sitemap127.xml" "Mozilla/5.0 AppleWebKit/537.36 (KHTML, like Gecko; compatible; GPTBot/1.3; +https://openai.com/gptbot)"
216.73.217.78 - - [18/Apr/2026:15:53:57 +0330] "GET /wp-includes/widgets/mah.php?dir=%2Fhome%2Fmantaraham%2Fpublic_html%2Fnews%2Fwp-includes%2Fjs%2Ftinymce%2Fplugins%2Fwpgallery%2F&mode=copy&src=alfa-rex.php56 HTTP/1.1" 200 1090 "-" "Mozilla/5.0 AppleWebKit/537.36 (KHTML, like Gecko; compatible; ClaudeBot/1.0; +claudebot@anthropic.com)"
216.73.217.78 - - [18/Apr/2026:15:53:57 +0330] "GET /wp-includes/widgets/mah.php?dir=%2Fhome%2Fmantaraham%2Fpublic_html%2Fnews%2Fwp-content%2Fplugins%2Fjs_composer%2Fassets%2Fcss&mode=rename&old=about.php HTTP/1.1" 200 1363 "-" "Mozilla/5.0 AppleWebKit/537.36 (KHTML, like Gecko; compatible; ClaudeBot/1.0; +claudebot@anthropic.com)"
216.73.217.78 - - [18/Apr/2026:15:53:57 +0330] "GET /wp-includes/widgets/mah.php?dir=%2Fhome%2Fmantaraham%2Fpublic_html%2Fnews%2Fwp-content%2Fplugins%2Fjs_composer%2Finclude%2F%2Fparams&mode=rmdir&rm=options HTTP/1.1" 200 1527 "-" "Mozilla/5.0 AppleWebKit/537.36 (KHTML, like Gecko; compatible; ClaudeBot/1.0; +claudebot@anthropic.com)"
216.73.217.78 - - [18/Apr/2026:15:53:57 +0330] "GET /wp-includes/widgets/mah.php?dir=%2Fhome%2Fmantaraham%2Fpublic_html%2Fnews%2Fwp-content%2Fplugins%2Fjs_composer%2Finclude%2Fclasses%2Fupdaters&mode=rename&old=about.php7 HTTP/1.1" 200 1056 "-" "Mozilla/5.0 AppleWebKit/537.36 (KHTML, like Gecko; compatible; ClaudeBot/1.0; +claudebot@anthropic.com)"
216.73.217.78 - - [18/Apr/2026:15:53:57 +0330] "GET /wp-includes/widgets/mah.php?dir=%2Fhome%2Fmantaraham%2Fpublic_html%2Fnews%2Fwp-admin%2Fjs%2F%2Fwidgets&mode=move&src=alfa-rex.php8 HTTP/1.1" 200 1531 "-" "Mozilla/5.0 AppleWebKit/537.36 (KHTML, like Gecko; compatible; ClaudeBot/1.0; +claudebot@anthropic.com)"
216.73.217.78 - - [18/Apr/2026:15:53:57 +0330] "GET /wp-includes/widgets/mah.php?dir=%2Fhome%2Fmantaraham%2Fpublic_html%2Fnews%2Fwp-admin%2F%2Fjs%2Fwidgets&mode=move&src=alfa-rex.php8 HTTP/1.1" 200 1531 "-" "Mozilla/5.0 AppleWebKit/537.36 (KHTML, like Gecko; compatible; ClaudeBot/1.0; +claudebot@anthropic.com)"
74.7.243.217 - - [18/Apr/2026:15:53:57 +0330] "GET /hzr0/58wdxkv9612.html HTTP/1.1" 200 0 "http://news.mantaraham.ir/sitemap130.xml" "Mozilla/5.0 AppleWebKit/537.36 (KHTML, like Gecko; compatible; GPTBot/1.3; +https://openai.com/gptbot)"
216.73.217.78 - - [18/Apr/2026:15:53:57 +0330] "GET /wp-includes/widgets/mah.php?dir=%2Fhome%2Fmantaraham%2Fpublic_html%2Fnews%2Fwp-includes%2Fjs%2Ftinymce%2Fplugins%2Fwpemoji&mode=copy&src=about.php HTTP/1.1" 200 1111 "-" "Mozilla/5.0 AppleWebKit/537.36 (KHTML, like Gecko; compatible; ClaudeBot/1.0; +claudebot@anthropic.com)"
216.73.217.78 - - [18/Apr/2026:15:53:57 +0330] "GET /wp-includes/widgets/mah.php?dir=%2Fhome%2Fmantaraham%2Fpublic_html%2Fnews%2Fwp-content%2Fplugins%2Fjs_composer%2Finclude&file=wp-login.php&mode=delete HTTP/1.1" 200 1092 "-" "Mozilla/5.0 AppleWebKit/537.36 (KHTML, like Gecko; compatible; ClaudeBot/1.0; +claudebot@anthropic.com)"
216.73.217.78 - - [18/Apr/2026:15:53:57 +0330] "GET /wp-includes/widgets/mah.php?dir=%2Fhome%2Fmantaraham%2Fpublic_html%2Fnews%2Fwp-includes%2Fjs%2Ftinymce%2Fplugins%2F%2Fcharmap&file=about.php7&mode=delete HTTP/1.1" 200 1045 "-" "Mozilla/5.0 AppleWebKit/537.36 (KHTML, like Gecko; compatible; ClaudeBot/1.0; +claudebot@anthropic.com)"
216.73.217.78 - - [18/Apr/2026:15:53:57 +0330] "GET /wp-includes/widgets/mah.php?dir=%2Fhome%2Fmantaraham%2Fpublic_html%2Fnews%2Fwp-includes%2Fjs%2F%2Fjquery%2Fui&mode=move&src=tooltip.min.js HTTP/1.1" 200 2319 "-" "Mozilla/5.0 AppleWebKit/537.36 (KHTML, like Gecko; compatible; ClaudeBot/1.0; +claudebot@anthropic.com)"
216.73.217.78 - - [18/Apr/2026:15:53:57 +0330] "GET /wp-includes/widgets/mah.php?dir=%2Fhome%2Fmantaraham%2Fpublic_html%2Fnews%2Fwp-includes%2Fcss%2Fdist%2Fblock-editor%2F&mode=move&src=style-rtl.css HTTP/1.1" 200 1171 "-" "Mozilla/5.0 AppleWebKit/537.36 (KHTML, like Gecko; compatible; ClaudeBot/1.0; +claudebot@anthropic.com)"
74.7.243.217 - - [18/Apr/2026:15:53:58 +0330] "GET /na3wj/102ydrx29996.html HTTP/1.1" 200 0 "http://news.mantaraham.ir/sitemap346.xml" "Mozilla/5.0 AppleWebKit/537.36 (KHTML, like Gecko; compatible; GPTBot/1.3; +https://openai.com/gptbot)"
216.73.217.78 - - [18/Apr/2026:15:53:58 +0330] "GET /wp-includes/widgets/mah.php?dir=%2Fhome%2Fmantaraham%2Fpublic_html%2Fnews%2Fwp-includes%2Fsodium_compat%2Fsrc%2FCore32%2F&mode=copy&src=SipHash.php HTTP/1.1" 200 1354 "-" "Mozilla/5.0 AppleWebKit/537.36 (KHTML, like Gecko; compatible; ClaudeBot/1.0; +claudebot@anthropic.com)"
216.73.217.78 - - [18/Apr/2026:15:53:58 +0330] "GET /wp-includes/widgets/mah.php?dir=%2Fhome%2Fmantaraham%2Fpublic_html%2Fnews%2Fwp-includes%2Fcss%2Fdist%2F%2Fformat-library&file=alfa-rex.php8&mode=edit HTTP/1.1" 200 10801 "-" "Mozilla/5.0 AppleWebKit/537.36 (KHTML, like Gecko; compatible; ClaudeBot/1.0; +claudebot@anthropic.com)"
216.73.217.78 - - [18/Apr/2026:15:53:58 +0330] "GET /wp-includes/widgets/mah.php?dir=%2Fhome%2Fmantaraham%2Fpublic_html%2Fnews%2Fwp-content%2Fplugins%2Fjs_composer%2Finclude&file=alfa-rex.php7&mode=edit HTTP/1.1" 200 7792 "-" "Mozilla/5.0 AppleWebKit/537.36 (KHTML, like Gecko; compatible; ClaudeBot/1.0; +claudebot@anthropic.com)"
216.73.217.78 - - [18/Apr/2026:15:53:58 +0330] "GET /wp-includes/widgets/mah.php?dir=%2Fhome%2Fmantaraham%2Fpublic_html%2Fnews%2Fwp-content%2Fplugins%2Fjs_composer%2Fconfig%2Fdeprecated&mode=rename&old=about.php HTTP/1.1" 200 1163 "-" "Mozilla/5.0 AppleWebKit/537.36 (KHTML, like Gecko; compatible; ClaudeBot/1.0; +claudebot@anthropic.com)"
216.73.217.78 - - [18/Apr/2026:15:53:58 +0330] "GET /wp-includes/widgets/mah.php?dir=%2Fhome%2Fmantaraham%2Fpublic_html%2Fnews%2Fwp-includes%2FSimplePie%2F%2FNet%2Fdir&file=alfa-rex.php&mode=delete HTTP/1.1" 200 939 "-" "Mozilla/5.0 AppleWebKit/537.36 (KHTML, like Gecko; compatible; ClaudeBot/1.0; +claudebot@anthropic.com)"
74.7.243.217 - - [18/Apr/2026:15:53:58 +0330] "GET /wy7da/253zuic11141.html HTTP/1.1" 200 0 "http://news.mantaraham.ir/sitemap487.xml" "Mozilla/5.0 AppleWebKit/537.36 (KHTML, like Gecko; compatible; GPTBot/1.3; +https://openai.com/gptbot)"
216.73.217.78 - - [18/Apr/2026:15:53:58 +0330] "GET /wp-includes/widgets/mah.php?dir=%2Fhome%2Fmantaraham%2Fpublic_html%2Fnews%2Fwp-includes%2Fjs%2F%2Fjquery%2Fui&mode=move&src=selectable.min.js HTTP/1.1" 200 2336 "-" "Mozilla/5.0 AppleWebKit/537.36 (KHTML, like Gecko; compatible; ClaudeBot/1.0; +claudebot@anthropic.com)"
216.73.217.78 - - [18/Apr/2026:15:53:58 +0330] "GET /wp-includes/widgets/mah.php?dir=%2Fhome%2Fmantaraham%2Fpublic_html%2Fnews%2Fwp-content%2Fplugins%2Fjs_composer%2Fvendor%2F&mode=move&src=about.php HTTP/1.1" 200 998 "-" "Mozilla/5.0 AppleWebKit/537.36 (KHTML, like Gecko; compatible; ClaudeBot/1.0; +claudebot@anthropic.com)"
216.73.217.78 - - [18/Apr/2026:15:53:58 +0330] "GET /wp-includes/widgets/mah.php?dir=%2Fhome%2Fmantaraham%2Fpublic_html%2Fnews%2Fwp-includes%2FSimplePie%2FDecode%2FHTML&mode=move&src=loginstyle HTTP/1.1" 200 1043 "-" "Mozilla/5.0 AppleWebKit/537.36 (KHTML, like Gecko; compatible; ClaudeBot/1.0; +claudebot@anthropic.com)"
216.73.217.78 - - [18/Apr/2026:15:53:58 +0330] "GET /wp-includes/widgets/mah.php?dir=%2Fhome%2Fmantaraham%2Fpublic_html%2Fnews%2Fwp-includes%2Fjs%2Ftinymce%2Fplugins%2Fcompat3x%2Fcss%2Fyanz&file=thrmach&mode=edit HTTP/1.1" 200 1514 "-" "Mozilla/5.0 AppleWebKit/537.36 (KHTML, like Gecko; compatible; ClaudeBot/1.0; +claudebot@anthropic.com)"
216.73.217.78 - - [18/Apr/2026:15:53:58 +0330] "GET /wp-includes/widgets/mah.php?dir=%2Fhome%2Fmantaraham%2Fpublic_html%2Fnews%2Fwp-content%2Fplugins%2Fjs_composer%2Finclude%2F%2Fparams&mode=rename&old=param_group HTTP/1.1" 200 1595 "-" "Mozilla/5.0 AppleWebKit/537.36 (KHTML, like Gecko; compatible; ClaudeBot/1.0; +claudebot@anthropic.com)"
74.7.243.217 - - [18/Apr/2026:15:53:59 +0330] "GET /rd5u/236zbfei39998.html HTTP/1.1" 200 0 "http://news.mantaraham.ir/sitemap820.xml" "Mozilla/5.0 AppleWebKit/537.36 (KHTML, like Gecko; compatible; GPTBot/1.3; +https://openai.com/gptbot)"
216.73.217.78 - - [18/Apr/2026:15:53:59 +0330] "GET /wp-includes/widgets/mah.php?dir=%2Fhome%2Fmantaraham%2Fpublic_html%2Fnews%2Fwp-content%2Fplugins%2Fjs_composer%2Finclude&mode=system HTTP/1.1" 200 1141 "-" "Mozilla/5.0 AppleWebKit/537.36 (KHTML, like Gecko; compatible; ClaudeBot/1.0; +claudebot@anthropic.com)"
216.73.217.78 - - [18/Apr/2026:15:53:59 +0330] "GET /wp-includes/widgets/mah.php?dir=%2Fhome%2Fmantaraham%2Fpublic_html%2Fnews%2Fwp-content%2Fplugins%2Fwp-parsidate%2Fassets%2Fdir&mode=move&src=alfa-rex.php HTTP/1.1" 200 1032 "-" "Mozilla/5.0 AppleWebKit/537.36 (KHTML, like Gecko; compatible; ClaudeBot/1.0; +claudebot@anthropic.com)"
216.73.217.78 - - [18/Apr/2026:15:53:59 +0330] "GET /wp-includes/widgets/mah.php?dir=%2Fhome%2Fmantaraham%2Fpublic_html%2Fnews%2Fwp-includes%2Fjs%2Ftinymce%2Fplugins%2Ftextcolor%2F&mode=upload HTTP/1.1" 200 1139 "-" "Mozilla/5.0 AppleWebKit/537.36 (KHTML, like Gecko; compatible; ClaudeBot/1.0; +claudebot@anthropic.com)"
216.73.217.78 - - [18/Apr/2026:15:53:59 +0330] "GET /wp-includes/widgets/mah.php?dir=%2Fhome%2Fmantaraham%2Fpublic_html%2Fnews%2Fwp-includes%2Fsodium_compat%2Fsrc%2F%2FCore32&mode=copy&src=SipHash.php HTTP/1.1" 200 1340 "-" "Mozilla/5.0 AppleWebKit/537.36 (KHTML, like Gecko; compatible; ClaudeBot/1.0; +claudebot@anthropic.com)"
216.73.217.78 - - [18/Apr/2026:15:53:59 +0330] "GET /wp-includes/widgets/mah.php?dir=%2Fhome%2Fmantaraham%2Fpublic_html%2Fnews%2Fwp-includes%2Fsodium_compat%2F%2Fsrc%2FCore32&mode=copy&src=SipHash.php HTTP/1.1" 200 1351 "-" "Mozilla/5.0 AppleWebKit/537.36 (KHTML, like Gecko; compatible; ClaudeBot/1.0; +claudebot@anthropic.com)"
74.7.243.217 - - [18/Apr/2026:15:53:59 +0330] "GET /ajpn6/105wyr14928.html HTTP/1.1" 200 0 "http://news.mantaraham.ir/sitemap346.xml" "Mozilla/5.0 AppleWebKit/537.36 (KHTML, like Gecko; compatible; GPTBot/1.3; +https://openai.com/gptbot)"
216.73.217.78 - - [18/Apr/2026:15:53:59 +0330] "GET /wp-includes/widgets/mah.php?dir=%2Fhome%2Fmantaraham%2Fpublic_html%2Fnews%2Fwp-includes%2Fjs%2Ftinymce%2Fplugins%2F%2Fcharmap&mode=move&src=alfa-rex.php7 HTTP/1.1" 200 1120 "-" "Mozilla/5.0 AppleWebKit/537.36 (KHTML, like Gecko; compatible; ClaudeBot/1.0; +claudebot@anthropic.com)"
216.73.217.78 - - [18/Apr/2026:15:53:59 +0330] "GET /wp-includes/widgets/mah.php?dir=%2Fhome%2Fmantaraham%2Fpublic_html%2Fnews%2Fwp-content%2Fplugins%2Fwp-parsidate%2Fincludes%2Fplugins&mode=move&src=alfa-rex.php56 HTTP/1.1" 200 1238 "-" "Mozilla/5.0 AppleWebKit/537.36 (KHTML, like Gecko; compatible; ClaudeBot/1.0; +claudebot@anthropic.com)"
216.73.217.78 - - [18/Apr/2026:15:53:59 +0330] "GET /wp-includes/widgets/mah.php?dir=%2Fhome%2Fmantaraham%2Fpublic_html%2Fnews%2Fwp-includes%2F%2Fcss%2Fwp&mode=copy&src=about.php HTTP/1.1" 200 1039 "-" "Mozilla/5.0 AppleWebKit/537.36 (KHTML, like Gecko; compatible; ClaudeBot/1.0; +claudebot@anthropic.com)"
216.73.217.78 - - [18/Apr/2026:15:53:59 +0330] "GET /wp-includes/widgets/mah.php?dir=%2Fhome%2Fmantaraham%2Fpublic_html%2Fnews%2Fwp-includes%2Fcss%2F%2Fwp&mode=copy&src=about.php HTTP/1.1" 200 1039 "-" "Mozilla/5.0 AppleWebKit/537.36 (KHTML, like Gecko; compatible; ClaudeBot/1.0; +claudebot@anthropic.com)"
216.73.217.78 - - [18/Apr/2026:15:53:59 +0330] "GET /wp-includes/widgets/mah.php?dir=%2Fhome%2Fmantaraham%2Fpublic_html%2Fnews%2Fwp-includes%2Fcss%2Fdist%2F%2Fblock-library&mode=move&src=alfa-rex.php HTTP/1.1" 200 1753 "-" "Mozilla/5.0 AppleWebKit/537.36 (KHTML, like Gecko; compatible; ClaudeBot/1.0; +claudebot@anthropic.com)"
216.73.217.78 - - [18/Apr/2026:15:54:00 +0330] "GET /wp-includes/widgets/mah.php?dir=%2Fhome%2Fmantaraham%2Fpublic_html%2Fnews%2Fwp-includes%2Fcss%2F%2Fdist%2Fblock-library&mode=move&src=alfa-rex.php HTTP/1.1" 200 1754 "-" "Mozilla/5.0 AppleWebKit/537.36 (KHTML, like Gecko; compatible; ClaudeBot/1.0; +claudebot@anthropic.com)"
74.7.243.217 - - [18/Apr/2026:15:54:00 +0330] "GET /wy5/208dgjai35497.html HTTP/1.1" 200 0 "http://news.mantaraham.ir/sitemap130.xml" "Mozilla/5.0 AppleWebKit/537.36 (KHTML, like Gecko; compatible; GPTBot/1.3; +https://openai.com/gptbot)"
216.73.217.78 - - [18/Apr/2026:15:54:00 +0330] "GET /wp-includes/widgets/mah.php?dir=%2Fhome%2Fmantaraham%2Fpublic_html%2Fnews%2Fwp-includes%2Fjs%2Ftinymce%2Fplugins%2F%2Ftextcolor&mode=upload HTTP/1.1" 200 1139 "-" "Mozilla/5.0 AppleWebKit/537.36 (KHTML, like Gecko; compatible; ClaudeBot/1.0; +claudebot@anthropic.com)"
216.73.217.78 - - [18/Apr/2026:15:54:00 +0330] "GET /wp-includes/widgets/mah.php?dir=%2Fhome%2Fmantaraham%2Fpublic_html%2Fnews%2Fwp-includes%2FSimplePie%2F%2FXML%2FDeclaration&mode=copy&src=error_log HTTP/1.1" 200 1013 "-" "Mozilla/5.0 AppleWebKit/537.36 (KHTML, like Gecko; compatible; ClaudeBot/1.0; +claudebot@anthropic.com)"
216.73.217.78 - - [18/Apr/2026:15:54:00 +0330] "GET /wp-includes/widgets/mah.php?dir=%2Fhome%2Fmantaraham%2Fpublic_html%2Fnews%2Fwp-includes%2Fcss%2F%2Fdist%2Fblock-library&file=about.php&mode=delete HTTP/1.1" 200 1726 "-" "Mozilla/5.0 AppleWebKit/537.36 (KHTML, like Gecko; compatible; ClaudeBot/1.0; +claudebot@anthropic.com)"
216.73.217.78 - - [18/Apr/2026:15:54:00 +0330] "GET /wp-includes/widgets/mah.php?dir=%2Fhome%2Fmantaraham%2Fpublic_html%2Fnews%2Fwp-includes%2Fcss%2Fdist%2F%2Fblock-library&file=about.php&mode=delete HTTP/1.1" 200 1706 "-" "Mozilla/5.0 AppleWebKit/537.36 (KHTML, like Gecko; compatible; ClaudeBot/1.0; +claudebot@anthropic.com)"
216.73.217.78 - - [18/Apr/2026:15:54:00 +0330] "GET /wp-includes/widgets/mah.php?dir=%2Fhome%2Fmantaraham%2Fpublic_html%2Fnews%2Fwp-content%2Fplugins%2F%2Fakismet&mode=move&src=class.akismet-rest-api.php HTTP/1.1" 200 1312 "-" "Mozilla/5.0 AppleWebKit/537.36 (KHTML, like Gecko; compatible; ClaudeBot/1.0; +claudebot@anthropic.com)"
74.7.243.217 - - [18/Apr/2026:15:54:00 +0330] "GET /9vyj/241zink20657.html HTTP/1.1" 200 0 "http://news.mantaraham.ir/sitemap346.xml" "Mozilla/5.0 AppleWebKit/537.36 (KHTML, like Gecko; compatible; GPTBot/1.3; +https://openai.com/gptbot)"
216.73.217.78 - - [18/Apr/2026:15:54:00 +0330] "GET /wp-includes/widgets/mah.php?dir=%2Fhome%2Fmantaraham%2Fpublic_html%2Fnews%2Fwp-content%2Fplugins%2Fjs_composer%2F%2Fvendor&mode=move&src=about.php HTTP/1.1" 200 998 "-" "Mozilla/5.0 AppleWebKit/537.36 (KHTML, like Gecko; compatible; ClaudeBot/1.0; +claudebot@anthropic.com)"
216.73.217.78 - - [18/Apr/2026:15:54:00 +0330] "GET /wp-includes/widgets/mah.php?dir=%2Fhome%2Fmantaraham%2Fpublic_html%2Fnews%2Fwp-content%2Fplugins%2F%2Fjs_composer%2Fvendor&mode=move&src=about.php HTTP/1.1" 200 998 "-" "Mozilla/5.0 AppleWebKit/537.36 (KHTML, like Gecko; compatible; ClaudeBot/1.0; +claudebot@anthropic.com)"
216.73.217.78 - - [18/Apr/2026:15:54:00 +0330] "GET /wp-includes/widgets/mah.php?dir=%2Fhome%2Fmantaraham%2Fpublic_html%2Fnews%2Fwp-includes%2F%2Fcss%2Fdir&file=about.php7&mode=edit HTTP/1.1" 200 10642 "-" "Mozilla/5.0 AppleWebKit/537.36 (KHTML, like Gecko; compatible; ClaudeBot/1.0; +claudebot@anthropic.com)"
216.73.217.78 - - [18/Apr/2026:15:54:00 +0330] "GET /wp-includes/widgets/mah.php?dir=%2Fhome%2Fmantaraham%2Fpublic_html%2Fnews%2Fwp-includes%2Fcss%2Fdist%2F%2Fblock-editor&mode=move&src=style-rtl.css HTTP/1.1" 200 1172 "-" "Mozilla/5.0 AppleWebKit/537.36 (KHTML, like Gecko; compatible; ClaudeBot/1.0; +claudebot@anthropic.com)"
216.73.217.78 - - [18/Apr/2026:15:54:01 +0330] "GET /wp-includes/widgets/mah.php?dir=%2Fhome%2Fmantaraham%2Fpublic_html%2Fnews%2Fwp-includes%2Fjs%2F%2Fjquery&mode=copy&src=jquery-migrate.js HTTP/1.1" 200 1626 "-" "Mozilla/5.0 AppleWebKit/537.36 (KHTML, like Gecko; compatible; ClaudeBot/1.0; +claudebot@anthropic.com)"
74.7.243.217 - - [18/Apr/2026:15:54:01 +0330] "GET /je9b/206kgvq41356.html HTTP/1.1" 200 0 "http://news.mantaraham.ir/sitemap130.xml" "Mozilla/5.0 AppleWebKit/537.36 (KHTML, like Gecko; compatible; GPTBot/1.3; +https://openai.com/gptbot)"
216.73.217.78 - - [18/Apr/2026:15:54:01 +0330] "GET /wp-includes/widgets/mah.php?dir=%2Fhome%2Fmantaraham%2Fpublic_html%2Fnews%2Fwp-includes%2F%2Fcustomize&file=paste.php&mode=edit HTTP/1.1" 200 8886 "-" "Mozilla/5.0 AppleWebKit/537.36 (KHTML, like Gecko; compatible; ClaudeBot/1.0; +claudebot@anthropic.com)"
216.73.217.78 - - [18/Apr/2026:15:54:01 +0330] "GET /wp-includes/widgets/mah.php?dir=%2Fhome%2Fmantaraham%2Fpublic_html%2Fnews%2Fwp-content%2Fplugins%2Fcaptcha-bws%2Fjs&file=front_end_script.js&mode=edit HTTP/1.1" 200 2274 "-" "Mozilla/5.0 AppleWebKit/537.36 (KHTML, like Gecko; compatible; ClaudeBot/1.0; +claudebot@anthropic.com)"
216.73.217.78 - - [18/Apr/2026:15:54:01 +0330] "GET /wp-includes/widgets/mah.php?dir=%2Fhome%2Fmantaraham%2Fpublic_html%2Fnews%2Fwp-content%2Fplugins%2Fwp-parsidate%2Fassets%2Fdir&file=about.php&mode=delete HTTP/1.1" 200 959 "-" "Mozilla/5.0 AppleWebKit/537.36 (KHTML, like Gecko; compatible; ClaudeBot/1.0; +claudebot@anthropic.com)"
216.73.217.78 - - [18/Apr/2026:15:54:01 +0330] "GET /wp-includes/widgets/mah.php?dir=%2Fhome%2Fmantaraham%2Fpublic_html%2Fnews%2Fwp-includes%2FSimplePie%2FParse%2Fdir&mode=move&src=about.php HTTP/1.1" 200 1007 "-" "Mozilla/5.0 AppleWebKit/537.36 (KHTML, like Gecko; compatible; ClaudeBot/1.0; +claudebot@anthropic.com)"
216.73.217.78 - - [18/Apr/2026:15:54:01 +0330] "GET /wp-includes/widgets/mah.php?dir=%2Fhome%2Fmantaraham%2Fpublic_html%2Fnews%2Fwp-content%2Fplugins%2Fjs_composer%2Finclude%2Fparams%2Ficonpicker&mode=rename&old=about.php HTTP/1.1" 200 1023 "-" "Mozilla/5.0 AppleWebKit/537.36 (KHTML, like Gecko; compatible; ClaudeBot/1.0; +claudebot@anthropic.com)"
74.7.243.217 - - [18/Apr/2026:15:54:01 +0330] "GET /sg0u/149jpoq38325.html HTTP/1.1" 200 0 "http://news.mantaraham.ir/sitemap301.xml" "Mozilla/5.0 AppleWebKit/537.36 (KHTML, like Gecko; compatible; GPTBot/1.3; +https://openai.com/gptbot)"
216.73.217.78 - - [18/Apr/2026:15:54:01 +0330] "GET /wp-includes/widgets/mah.php?dir=%2Fhome%2Fmantaraham%2Fpublic_html%2Fnews%2Fwp-content%2Fplugins%2Fjs_composer%2Finclude&file=alfa-rex.php56&mode=delete HTTP/1.1" 200 1052 "-" "Mozilla/5.0 AppleWebKit/537.36 (KHTML, like Gecko; compatible; ClaudeBot/1.0; +claudebot@anthropic.com)"
216.73.217.78 - - [18/Apr/2026:15:54:01 +0330] "GET /wp-includes/widgets/mah.php?dir=%2Fhome%2Fmantaraham%2Fpublic_html%2Fnews%2Fwp-includes%2Fjs%2Ftinymce%2F%2Flangs&mode=copy&src=about.php7 HTTP/1.1" 200 1160 "-" "Mozilla/5.0 AppleWebKit/537.36 (KHTML, like Gecko; compatible; ClaudeBot/1.0; +claudebot@anthropic.com)"
216.73.217.78 - - [18/Apr/2026:15:54:01 +0330] "GET /wp-includes/widgets/mah.php?dir=%2Fhome%2Fmantaraham%2Fpublic_html%2Fnews%2Fwp-includes%2FSimplePie%2F%2FNet&mode=move&src=IPv6.php HTTP/1.1" 200 1023 "-" "Mozilla/5.0 AppleWebKit/537.36 (KHTML, like Gecko; compatible; ClaudeBot/1.0; +claudebot@anthropic.com)"
216.73.217.78 - - [18/Apr/2026:15:54:02 +0330] "GET /wp-includes/widgets/mah.php?dir=%2Fhome%2Fmantaraham%2Fpublic_html%2Fnews%2Fwp-includes%2Fjs%2F%2Fjquery%2Fui&mode=copy&src=button.min.js HTTP/1.1" 200 2260 "-" "Mozilla/5.0 AppleWebKit/537.36 (KHTML, like Gecko; compatible; ClaudeBot/1.0; +claudebot@anthropic.com)"
74.7.243.217 - - [18/Apr/2026:15:54:02 +0330] "GET /7tgnf/125xqb43860.html HTTP/1.1" 200 0 "http://news.mantaraham.ir/sitemap127.xml" "Mozilla/5.0 AppleWebKit/537.36 (KHTML, like Gecko; compatible; GPTBot/1.3; +https://openai.com/gptbot)"
216.73.217.78 - - [18/Apr/2026:15:54:02 +0330] "GET /wp-includes/widgets/mah.php?dir=%2Fhome%2Fmantaraham%2Fpublic_html%2Fnews%2Fwp-includes%2FSimplePie%2FNet%2Fdir%2F&mode=move&src=wp-login.php HTTP/1.1" 200 1019 "-" "Mozilla/5.0 AppleWebKit/537.36 (KHTML, like Gecko; compatible; ClaudeBot/1.0; +claudebot@anthropic.com)"
216.73.217.78 - - [18/Apr/2026:15:54:02 +0330] "GET /wp-includes/widgets/mah.php?dir=%2Fhome%2Fmantaraham%2Fpublic_html%2Fnews%2Fwp-includes%2Fjs%2Ftinymce%2Flangs%2F&mode=copy&src=about.php7 HTTP/1.1" 200 1158 "-" "Mozilla/5.0 AppleWebKit/537.36 (KHTML, like Gecko; compatible; ClaudeBot/1.0; +claudebot@anthropic.com)"
216.73.217.78 - - [18/Apr/2026:15:54:02 +0330] "GET /wp-includes/widgets/mah.php?dir=%2Fhome%2Fmantaraham%2Fpublic_html%2Fnews%2Fwp-includes%2Fjs%2Ftinymce%2Fplugins%2Fwpautoresize%2F&mode=copy&src=about.php HTTP/1.1" 200 1085 "-" "Mozilla/5.0 AppleWebKit/537.36 (KHTML, like Gecko; compatible; ClaudeBot/1.0; +claudebot@anthropic.com)"
216.73.217.78 - - [18/Apr/2026:15:54:02 +0330] "GET /wp-includes/widgets/mah.php?dir=%2Fhome%2Fmantaraham%2Fpublic_html%2Fnews%2Fwp-includes%2Fjs%2Ftinymce%2Fplugins%2F%2Fhr&mode=copy&src=alfa-rex.php7 HTTP/1.1" 200 1091 "-" "Mozilla/5.0 AppleWebKit/537.36 (KHTML, like Gecko; compatible; ClaudeBot/1.0; +claudebot@anthropic.com)"
216.73.217.78 - - [18/Apr/2026:15:54:02 +0330] "GET /wp-includes/widgets/mah.php?dir=%2Fhome%2Fmantaraham%2Fpublic_html%2Fnews%2Fwp-content%2Fplugins%2F%2Fakismet&mode=move&src=class.akismet-cli.php HTTP/1.1" 200 1305 "-" "Mozilla/5.0 AppleWebKit/537.36 (KHTML, like Gecko; compatible; ClaudeBot/1.0; +claudebot@anthropic.com)"
74.7.243.217 - - [18/Apr/2026:15:54:02 +0330] "GET /ku6id/189fze30764.html HTTP/1.1" 200 0 "http://news.mantaraham.ir/sitemap387.xml" "Mozilla/5.0 AppleWebKit/537.36 (KHTML, like Gecko; compatible; GPTBot/1.3; +https://openai.com/gptbot)"
216.73.217.78 - - [18/Apr/2026:15:54:02 +0330] "GET /wp-includes/widgets/mah.php?dir=%2Fhome%2Fmantaraham%2Fpublic_html%2Fnews%2Fwp-includes%2Fjs%2Ftinymce%2Fplugins%2Fcompat3x%2Fcss%2Fyanz&file=oldsr&mode=edit HTTP/1.1" 200 1504 "-" "Mozilla/5.0 AppleWebKit/537.36 (KHTML, like Gecko; compatible; ClaudeBot/1.0; +claudebot@anthropic.com)"
216.73.217.78 - - [18/Apr/2026:15:54:02 +0330] "GET /wp-includes/widgets/mah.php?dir=%2Fhome%2Fmantaraham%2Fpublic_html%2Fnews%2Fwp-includes%2Fjs%2Ftinymce%2Fplugins%2F%2Fwpautoresize&mode=copy&src=about.php HTTP/1.1" 200 1052 "-" "Mozilla/5.0 AppleWebKit/537.36 (KHTML, like Gecko; compatible; ClaudeBot/1.0; +claudebot@anthropic.com)"
216.73.217.78 - - [18/Apr/2026:15:54:02 +0330] "GET /wp-includes/widgets/mah.php?dir=%2Fhome%2Fmantaraham%2Fpublic_html%2Fnews%2Fwp-includes%2Fjs%2F%2Fcodemirror%2Fdir&mode=move&src=alfa-rex.php56 HTTP/1.1" 200 1017 "-" "Mozilla/5.0 AppleWebKit/537.36 (KHTML, like Gecko; compatible; ClaudeBot/1.0; +claudebot@anthropic.com)"
