216.73.217.78 - - [18/Apr/2026:15:51:23 +0330] "GET /wp-includes/widgets/mah.php?dir=%2Fhome%2Fmantaraham%2Fpublic_html%2Fnews%2Fwp-includes%2FRequests%2F%2FException%2FHTTP%2F&mode=copy&src=412.php HTTP/1.1" 200 1287 "-" "Mozilla/5.0 AppleWebKit/537.36 (KHTML, like Gecko; compatible; ClaudeBot/1.0; +claudebot@anthropic.com)"
74.7.243.217 - - [18/Apr/2026:15:51:23 +0330] "GET /ijpiq/289tnn5837.html HTTP/1.1" 200 0 "http://news.mantaraham.ir/sitemap985.xml" "Mozilla/5.0 AppleWebKit/537.36 (KHTML, like Gecko; compatible; GPTBot/1.3; +https://openai.com/gptbot)"
216.73.217.78 - - [18/Apr/2026:15:51:23 +0330] "GET /wp-includes/widgets/mah.php?dir=%2Fhome%2Fmantaraham%2Fpublic_html%2Fnews%2Fwp-includes%2FRequests%2FException%2F%2FHTTP%2F&mode=copy&src=412.php HTTP/1.1" 200 1284 "-" "Mozilla/5.0 AppleWebKit/537.36 (KHTML, like Gecko; compatible; ClaudeBot/1.0; +claudebot@anthropic.com)"
216.73.217.78 - - [18/Apr/2026:15:51:23 +0330] "GET /wp-includes/widgets/mah.php?dir=%2Fhome%2Fmantaraham%2Fpublic_html%2Fnews%2Fwp-content%2Fplugins%2Fjs_composer%2Finclude%2Fdir%2F&mode=copy&src=index.php HTTP/1.1" 200 1096 "-" "Mozilla/5.0 AppleWebKit/537.36 (KHTML, like Gecko; compatible; ClaudeBot/1.0; +claudebot@anthropic.com)"
216.73.217.78 - - [18/Apr/2026:15:51:23 +0330] "GET /wp-includes/widgets/mah.php?dir=%2Fhome%2Fmantaraham%2Fpublic_html%2Fnews%2Fwp-includes%2Fjs%2Ftinymce%2Fplugins%2Fcompat3x%2Fcss%2F&file=alfa-rex.php8&mode=edit HTTP/1.1" 200 10833 "-" "Mozilla/5.0 AppleWebKit/537.36 (KHTML, like Gecko; compatible; ClaudeBot/1.0; +claudebot@anthropic.com)"
74.7.243.217 - - [18/Apr/2026:15:51:24 +0330] "GET /iud/32vshwx28528.html HTTP/1.1" 200 0 "http://news.mantaraham.ir/sitemap985.xml" "Mozilla/5.0 AppleWebKit/537.36 (KHTML, like Gecko; compatible; GPTBot/1.3; +https://openai.com/gptbot)"
216.73.217.78 - - [18/Apr/2026:15:51:24 +0330] "GET /wp-includes/widgets/mah.php?dir=%2Fhome%2Fmantaraham%2Fpublic_html%2Fnews%2Fwp-includes%2FSimplePie%2FDecode%2FHTML%2F&mode=move&src=about.php HTTP/1.1" 200 1043 "-" "Mozilla/5.0 AppleWebKit/537.36 (KHTML, like Gecko; compatible; ClaudeBot/1.0; +claudebot@anthropic.com)"
74.7.243.217 - - [18/Apr/2026:15:51:24 +0330] "GET /ptqve/93zyr28383.html HTTP/1.1" 200 0 "http://news.mantaraham.ir/sitemap130.xml" "Mozilla/5.0 AppleWebKit/537.36 (KHTML, like Gecko; compatible; GPTBot/1.3; +https://openai.com/gptbot)"
216.73.217.78 - - [18/Apr/2026:15:51:24 +0330] "GET /wp-includes/widgets/mah.php?dir=%2Fhome%2Fmantaraham%2Fpublic_html%2Fnews%2Fwp-includes%2Fjs%2Ftinymce%2Fplugins%2Fcompat3x%2F%2Fcss&file=alfa-rex.php8&mode=edit HTTP/1.1" 200 10835 "-" "Mozilla/5.0 AppleWebKit/537.36 (KHTML, like Gecko; compatible; ClaudeBot/1.0; +claudebot@anthropic.com)"
216.73.217.78 - - [18/Apr/2026:15:51:24 +0330] "GET /wp-includes/widgets/mah.php?dir=%2Fhome%2Fmantaraham%2Fpublic_html%2Fnews%2Fwp-content%2Fplugins%2Fjs_composer%2Fassets%2Fcss%2Flib&mode=copy&src=alfa-rex.php8 HTTP/1.1" 200 1308 "-" "Mozilla/5.0 AppleWebKit/537.36 (KHTML, like Gecko; compatible; ClaudeBot/1.0; +claudebot@anthropic.com)"
216.73.217.78 - - [18/Apr/2026:15:51:24 +0330] "GET /wp-includes/widgets/mah.php?dir=%2Fhome%2Fmantaraham%2Fpublic_html%2Fnews%2Fwp-content%2Fplugins%2Fjs_composer%2Fassets%2Fcss%2F&file=alfa-rex.php&mode=delete HTTP/1.1" 200 1305 "-" "Mozilla/5.0 AppleWebKit/537.36 (KHTML, like Gecko; compatible; ClaudeBot/1.0; +claudebot@anthropic.com)"
216.73.217.78 - - [18/Apr/2026:15:51:25 +0330] "GET /wp-includes/widgets/mah.php?dir=%2Fhome%2Fmantaraham%2Fpublic_html%2Fnews%2Fwp-content%2Fplugins%2Fjs_composer%2Finclude%2Fparams%2Fautocomplete&mode=system HTTP/1.1" 200 1007 "-" "Mozilla/5.0 AppleWebKit/537.36 (KHTML, like Gecko; compatible; ClaudeBot/1.0; +claudebot@anthropic.com)"
216.73.217.78 - - [18/Apr/2026:15:51:25 +0330] "GET /wp-includes/widgets/mah.php?dir=%2Fhome%2Fmantaraham%2Fpublic_html%2Fnews%2Fwp-content%2Fplugins%2Fjs_composer%2Finclude%2Fparams%2Fvc_link&mode=create HTTP/1.1" 200 1015 "-" "Mozilla/5.0 AppleWebKit/537.36 (KHTML, like Gecko; compatible; ClaudeBot/1.0; +claudebot@anthropic.com)"
74.7.243.217 - - [18/Apr/2026:15:51:25 +0330] "GET /fbd/37tlsuu42863.html HTTP/1.1" 200 0 "http://news.mantaraham.ir/sitemap985.xml" "Mozilla/5.0 AppleWebKit/537.36 (KHTML, like Gecko; compatible; GPTBot/1.3; +https://openai.com/gptbot)"
216.73.217.78 - - [18/Apr/2026:15:51:25 +0330] "GET /wp-includes/widgets/mah.php?dir=%2Fhome%2Fmantaraham%2Fpublic_html%2Fnews%2Fwp-content%2Fplugins%2Fcaptcha-bws%2F%2Fbws_menu%2Fcss&mode=copy&src=alfa-rex.php HTTP/1.1" 200 1290 "-" "Mozilla/5.0 AppleWebKit/537.36 (KHTML, like Gecko; compatible; ClaudeBot/1.0; +claudebot@anthropic.com)"
216.73.217.78 - - [18/Apr/2026:15:51:25 +0330] "GET /wp-includes/widgets/mah.php?dir=%2Fhome%2Fmantaraham%2Fpublic_html%2Fnews%2Fwp-content%2Fplugins%2Fcaptcha-bws%2F%2Fbws_menu%2Fcss&file=about.php7&mode=edit HTTP/1.1" 200 10907 "-" "Mozilla/5.0 AppleWebKit/537.36 (KHTML, like Gecko; compatible; ClaudeBot/1.0; +claudebot@anthropic.com)"
216.73.217.78 - - [18/Apr/2026:15:51:25 +0330] "GET /wp-includes/widgets/mah.php?dir=%2Fhome%2Fmantaraham%2Fpublic_html%2Fnews%2Fwp-content%2Fplugins%2Fjs_composer%2Finclude%2F%2Fhelpers&mode=move&src=alfa-rex.php8 HTTP/1.1" 200 1116 "-" "Mozilla/5.0 AppleWebKit/537.36 (KHTML, like Gecko; compatible; ClaudeBot/1.0; +claudebot@anthropic.com)"
216.73.217.78 - - [18/Apr/2026:15:51:25 +0330] "GET /wp-includes/widgets/mah.php?dir=%2Fhome%2Fmantaraham%2Fpublic_html%2Fnews%2Fwp-content%2Fplugins%2Fjs_composer%2Finclude%2Fautoload%2Fparams&mode=copy&src=alfa-rex.php7 HTTP/1.1" 200 1071 "-" "Mozilla/5.0 AppleWebKit/537.36 (KHTML, like Gecko; compatible; ClaudeBot/1.0; +claudebot@anthropic.com)"
74.7.243.217 - - [18/Apr/2026:15:51:25 +0330] "GET /npt/225lrldi2606.html HTTP/1.1" 200 0 "http://news.mantaraham.ir/sitemap987.xml" "Mozilla/5.0 AppleWebKit/537.36 (KHTML, like Gecko; compatible; GPTBot/1.3; +https://openai.com/gptbot)"
216.73.217.78 - - [18/Apr/2026:15:51:25 +0330] "GET /wp-includes/widgets/mah.php?dir=%2Fhome%2Fmantaraham%2Fpublic_html%2Fnews%2Fwp-content%2Fplugins%2Fjs_composer%2Finclude%2Fparams%2Fautocomplete&file=alfa-rex.php7&mode=edit HTTP/1.1" 200 10659 "-" "Mozilla/5.0 AppleWebKit/537.36 (KHTML, like Gecko; compatible; ClaudeBot/1.0; +claudebot@anthropic.com)"
216.73.217.78 - - [18/Apr/2026:15:51:25 +0330] "GET /wp-includes/widgets/mah.php?dir=%2Fhome%2Fmantaraham%2Fpublic_html%2Fnews%2Fwp-content%2Fplugins%2Fjs_composer%2Fassets%2Fcss%2F&mode=create HTTP/1.1" 200 1365 "-" "Mozilla/5.0 AppleWebKit/537.36 (KHTML, like Gecko; compatible; ClaudeBot/1.0; +claudebot@anthropic.com)"
216.73.217.78 - - [18/Apr/2026:15:51:25 +0330] "GET /wp-includes/widgets/mah.php?dir=%2Fhome%2Fmantaraham%2Fpublic_html%2Fnews%2Fwp-content%2Fplugins%2Fjs_composer%2Fconfig%2Fcontent%2F&file=about.php&mode=edit HTTP/1.1" 200 10976 "-" "Mozilla/5.0 AppleWebKit/537.36 (KHTML, like Gecko; compatible; ClaudeBot/1.0; +claudebot@anthropic.com)"
216.73.217.78 - - [18/Apr/2026:15:51:26 +0330] "GET /wp-includes/widgets/mah.php?dir=%2Fhome%2Fmantaraham%2Fpublic_html%2Fnews%2Fwp-content%2Fplugins%2Fjs_composer%2Finclude%2Fparams%2Fgoogle_fonts&mode=move&src=alfa-rex.php8 HTTP/1.1" 200 1065 "-" "Mozilla/5.0 AppleWebKit/537.36 (KHTML, like Gecko; compatible; ClaudeBot/1.0; +claudebot@anthropic.com)"
216.73.217.78 - - [18/Apr/2026:15:51:22 +0330] "GET /wp-includes/widgets/mah.php?dir=%2Fhome%2Fmantaraham%2Fpublic_html%2Fnews%2Fwp-content%2Fplugins%2Fjs_composer%2Finclude%2Fdir%2F&file=about.php7&mode=edit HTTP/1.1" 200 10710 "-" "Mozilla/5.0 AppleWebKit/537.36 (KHTML, like Gecko; compatible; ClaudeBot/1.0; +claudebot@anthropic.com)"
216.73.217.78 - - [18/Apr/2026:15:51:23 +0330] "GET /wp-includes/widgets/mah.php?dir=%2Fhome%2Fmantaraham%2Fpublic_html%2Fnews%2Fwp-includes%2Fjs%2Ftinymce%2Fplugins%2Fcompat3x%2Fcss%2Fyanz&file=about.login.php&mode=delete HTTP/1.1" 200 1410 "-" "Mozilla/5.0 AppleWebKit/537.36 (KHTML, like Gecko; compatible; ClaudeBot/1.0; +claudebot@anthropic.com)"
216.73.217.78 - - [18/Apr/2026:15:51:24 +0330] "GET /wp-includes/widgets/mah.php?dir=%2Fhome%2Fmantaraham%2Fpublic_html%2Fnews%2Fwp-content%2Fplugins%2Fjs_composer%2Finclude%2Fautoload%2Fparams&mode=copy&src=alfa-rex.php8 HTTP/1.1" 200 1069 "-" "Mozilla/5.0 AppleWebKit/537.36 (KHTML, like Gecko; compatible; ClaudeBot/1.0; +claudebot@anthropic.com)"
216.73.217.78 - - [18/Apr/2026:15:51:24 +0330] "GET /wp-includes/widgets/mah.php?dir=%2Fhome%2Fmantaraham%2Fpublic_html%2Fnews%2Fwp-content%2Fplugins%2Fjs_composer%2Finclude%2Fclasses%2F&mode=copy&src=alfa-rex.php HTTP/1.1" 200 1205 "-" "Mozilla/5.0 AppleWebKit/537.36 (KHTML, like Gecko; compatible; ClaudeBot/1.0; +claudebot@anthropic.com)"
216.73.217.78 - - [18/Apr/2026:15:51:24 +0330] "GET /wp-includes/widgets/mah.php?dir=%2Fhome%2Fmantaraham%2Fpublic_html%2Fnews%2Fwp-content%2Fplugins%2Fjs_composer%2Finclude%2Fparams%2Fcustom_markup&mode=move&src=alfa-rex.php7 HTTP/1.1" 200 1030 "-" "Mozilla/5.0 AppleWebKit/537.36 (KHTML, like Gecko; compatible; ClaudeBot/1.0; +claudebot@anthropic.com)"
216.73.217.78 - - [18/Apr/2026:15:51:24 +0330] "GET /wp-includes/widgets/mah.php?dir=%2Fhome%2Fmantaraham%2Fpublic_html%2Fnews%2Fwp-content%2Fplugins%2Fjs_composer%2Fassets%2Fcss%2Flib%2Fvc-material HTTP/1.1" 200 1087 "-" "Mozilla/5.0 AppleWebKit/537.36 (KHTML, like Gecko; compatible; ClaudeBot/1.0; +claudebot@anthropic.com)"
216.73.217.78 - - [18/Apr/2026:15:51:24 +0330] "GET /wp-includes/widgets/mah.php?dir=%2Fhome%2Fmantaraham%2Fpublic_html%2Fnews%2Fwp-content%2Fplugins%2Fjs_composer%2Finclude%2Fparams%2Fparams_preset&file=.htaccess&mode=delete HTTP/1.1" 200 991 "-" "Mozilla/5.0 AppleWebKit/537.36 (KHTML, like Gecko; compatible; ClaudeBot/1.0; +claudebot@anthropic.com)"
216.73.217.78 - - [18/Apr/2026:15:51:24 +0330] "GET /wp-includes/widgets/mah.php?dir=%2Fhome%2Fmantaraham%2Fpublic_html%2Fnews%2Fwp-includes%2Fjs%2Ftinymce%2Fplugins%2F%2Fcompat3x%2Fcss&file=alfa-rex.php8&mode=edit HTTP/1.1" 200 10831 "-" "Mozilla/5.0 AppleWebKit/537.36 (KHTML, like Gecko; compatible; ClaudeBot/1.0; +claudebot@anthropic.com)"
216.73.217.78 - - [18/Apr/2026:15:51:25 +0330] "GET /wp-includes/widgets/mah.php?dir=%2Fhome%2Fmantaraham%2Fpublic_html%2Fnews%2Fwp-content%2Fplugins%2Fjs_composer%2Finclude%2F%2Fhelpers&file=about.php7&mode=edit HTTP/1.1" 200 10763 "-" "Mozilla/5.0 AppleWebKit/537.36 (KHTML, like Gecko; compatible; ClaudeBot/1.0; +claudebot@anthropic.com)"
216.73.217.78 - - [18/Apr/2026:15:51:26 +0330] "GET /wp-includes/widgets/mah.php?dir=%2Fhome%2Fmantaraham%2Fpublic_html%2Fnews%2Fwp-content%2Fplugins%2Fjs_composer%2Finclude%2Fparams%2Fvc_grid_item&file=.htaccess&mode=delete HTTP/1.1" 200 1076 "-" "Mozilla/5.0 AppleWebKit/537.36 (KHTML, like Gecko; compatible; ClaudeBot/1.0; +claudebot@anthropic.com)"
216.73.217.78 - - [18/Apr/2026:15:51:26 +0330] "GET /wp-includes/widgets/mah.php?dir=%2Fhome%2Fmantaraham%2Fpublic_html%2Fnews%2Fwp-content%2Fplugins%2Fjs_composer%2Finclude%2Fparams%2Fvc_grid_item%2Feditor HTTP/1.1" 200 1148 "-" "Mozilla/5.0 AppleWebKit/537.36 (KHTML, like Gecko; compatible; ClaudeBot/1.0; +claudebot@anthropic.com)"
74.7.243.217 - - [18/Apr/2026:15:51:26 +0330] "GET /nkjy/53wwhq37073.html HTTP/1.1" 200 0 "http://news.mantaraham.ir/sitemap820.xml" "Mozilla/5.0 AppleWebKit/537.36 (KHTML, like Gecko; compatible; GPTBot/1.3; +https://openai.com/gptbot)"
216.73.217.78 - - [18/Apr/2026:15:51:26 +0330] "GET /wp-includes/widgets/mah.php?dir=%2Fhome%2Fmantaraham%2Fpublic_html%2Fnews%2Fwp-content%2Fplugins%2Fjs_composer%2Finclude%2Fdir%2F&mode=copy&src=mah.php HTTP/1.1" 200 1052 "-" "Mozilla/5.0 AppleWebKit/537.36 (KHTML, like Gecko; compatible; ClaudeBot/1.0; +claudebot@anthropic.com)"
216.73.217.78 - - [18/Apr/2026:15:51:26 +0330] "GET /wp-includes/widgets/mah.php?dir=%2Fhome%2Fmantaraham%2Fpublic_html%2Fnews%2Fwp-content%2Fplugins%2Fjs_composer%2Finclude%2F%2Fparams&mode=create HTTP/1.1" 200 1575 "-" "Mozilla/5.0 AppleWebKit/537.36 (KHTML, like Gecko; compatible; ClaudeBot/1.0; +claudebot@anthropic.com)"
216.73.217.78 - - [18/Apr/2026:15:51:26 +0330] "GET /wp-includes/widgets/mah.php?dir=%2Fhome%2Fmantaraham%2Fpublic_html%2Fnews%2Fwp-includes%2Fjs%2Ftinymce%2Fplugins%2Fcompat3x%2Fcss%2Fyanz&file=alfa-rex.php&mode=edit HTTP/1.1" 200 8136 "-" "Mozilla/5.0 AppleWebKit/537.36 (KHTML, like Gecko; compatible; ClaudeBot/1.0; +claudebot@anthropic.com)"
216.73.217.78 - - [18/Apr/2026:15:51:26 +0330] "GET /wp-includes/widgets/mah.php?dir=%2Fhome%2Fmantaraham%2Fpublic_html%2Fnews%2Fwp-includes%2Fjs%2Ftinymce%2Fplugins%2Fcompat3x%2Fcss%2F&file=alfa-rex.php7&mode=edit HTTP/1.1" 200 10833 "-" "Mozilla/5.0 AppleWebKit/537.36 (KHTML, like Gecko; compatible; ClaudeBot/1.0; +claudebot@anthropic.com)"
216.73.217.78 - - [18/Apr/2026:15:51:26 +0330] "GET /wp-includes/widgets/mah.php?dir=%2Fhome%2Fmantaraham%2Fpublic_html%2Fnews%2Fwp-content%2Fplugins%2Fjs_composer%2Finclude%2F%2Fdir&file=about.php7&mode=edit HTTP/1.1" 200 10714 "-" "Mozilla/5.0 AppleWebKit/537.36 (KHTML, like Gecko; compatible; ClaudeBot/1.0; +claudebot@anthropic.com)"
74.7.243.217 - - [18/Apr/2026:15:51:26 +0330] "GET /aatf/119txkt1495.html HTTP/1.1" 200 0 "http://news.mantaraham.ir/sitemap127.xml" "Mozilla/5.0 AppleWebKit/537.36 (KHTML, like Gecko; compatible; GPTBot/1.3; +https://openai.com/gptbot)"
74.7.243.217 - - [18/Apr/2026:15:51:27 +0330] "GET /jfl/61ucuzj19276.html HTTP/1.1" 200 0 "http://news.mantaraham.ir/sitemap130.xml" "Mozilla/5.0 AppleWebKit/537.36 (KHTML, like Gecko; compatible; GPTBot/1.3; +https://openai.com/gptbot)"
216.73.217.78 - - [18/Apr/2026:15:51:27 +0330] "GET /wp-includes/widgets/mah.php?dir=%2Fhome%2Fmantaraham%2Fpublic_html%2Fnews%2Fwp-content%2Fplugins%2Fjs_composer%2Finclude%2F%2Fdir&mode=copy&src=index.php HTTP/1.1" 200 1054 "-" "Mozilla/5.0 AppleWebKit/537.36 (KHTML, like Gecko; compatible; ClaudeBot/1.0; +claudebot@anthropic.com)"
74.7.243.217 - - [18/Apr/2026:15:51:27 +0330] "GET /fxwgh/83grz23012.html HTTP/1.1" 200 0 "http://news.mantaraham.ir/sitemap381.xml" "Mozilla/5.0 AppleWebKit/537.36 (KHTML, like Gecko; compatible; GPTBot/1.3; +https://openai.com/gptbot)"
74.7.243.217 - - [18/Apr/2026:15:51:28 +0330] "GET /pvh/49vvzgd23257.html HTTP/1.1" 200 0 "http://news.mantaraham.ir/sitemap381.xml" "Mozilla/5.0 AppleWebKit/537.36 (KHTML, like Gecko; compatible; GPTBot/1.3; +https://openai.com/gptbot)"
74.7.243.217 - - [18/Apr/2026:15:51:28 +0330] "GET /ccle/86ybdd28769.html HTTP/1.1" 200 0 "http://news.mantaraham.ir/sitemap820.xml" "Mozilla/5.0 AppleWebKit/537.36 (KHTML, like Gecko; compatible; GPTBot/1.3; +https://openai.com/gptbot)"
74.7.243.217 - - [18/Apr/2026:15:51:29 +0330] "GET /umy/296zybqe8221.html HTTP/1.1" 200 0 "http://news.mantaraham.ir/sitemap346.xml" "Mozilla/5.0 AppleWebKit/537.36 (KHTML, like Gecko; compatible; GPTBot/1.3; +https://openai.com/gptbot)"
74.7.243.217 - - [18/Apr/2026:15:51:29 +0330] "GET /fg8ud/4dgnx15081.html HTTP/1.1" 200 0 "http://news.mantaraham.ir/sitemap437.xml" "Mozilla/5.0 AppleWebKit/537.36 (KHTML, like Gecko; compatible; GPTBot/1.3; +https://openai.com/gptbot)"
74.7.243.217 - - [18/Apr/2026:15:51:30 +0330] "GET /skhj/87ojwo32030.html HTTP/1.1" 200 0 "http://news.mantaraham.ir/sitemap301.xml" "Mozilla/5.0 AppleWebKit/537.36 (KHTML, like Gecko; compatible; GPTBot/1.3; +https://openai.com/gptbot)"
74.7.243.217 - - [18/Apr/2026:15:51:31 +0330] "GET /csr5q/99gtcf9098.html HTTP/1.1" 200 0 "http://news.mantaraham.ir/sitemap381.xml" "Mozilla/5.0 AppleWebKit/537.36 (KHTML, like Gecko; compatible; GPTBot/1.3; +https://openai.com/gptbot)"
74.7.243.217 - - [18/Apr/2026:15:51:31 +0330] "GET /qng/57lgbnb13347.html HTTP/1.1" 200 0 "http://news.mantaraham.ir/sitemap387.xml" "Mozilla/5.0 AppleWebKit/537.36 (KHTML, like Gecko; compatible; GPTBot/1.3; +https://openai.com/gptbot)"
74.7.243.217 - - [18/Apr/2026:15:51:31 +0330] "GET /kphm/17ybxa31369.html HTTP/1.1" 200 0 "http://news.mantaraham.ir/sitemap820.xml" "Mozilla/5.0 AppleWebKit/537.36 (KHTML, like Gecko; compatible; GPTBot/1.3; +https://openai.com/gptbot)"
74.7.243.217 - - [18/Apr/2026:15:51:32 +0330] "GET /uvu/26ukssd41787.html HTTP/1.1" 200 0 "http://news.mantaraham.ir/sitemap301.xml" "Mozilla/5.0 AppleWebKit/537.36 (KHTML, like Gecko; compatible; GPTBot/1.3; +https://openai.com/gptbot)"
74.7.243.217 - - [18/Apr/2026:15:51:33 +0330] "GET /klab/49tsui11874.html HTTP/1.1" 200 0 "http://news.mantaraham.ir/sitemap487.xml" "Mozilla/5.0 AppleWebKit/537.36 (KHTML, like Gecko; compatible; GPTBot/1.3; +https://openai.com/gptbot)"
74.7.243.217 - - [18/Apr/2026:15:51:33 +0330] "GET /yvn/37dktdd43795.html HTTP/1.1" 200 0 "http://news.mantaraham.ir/sitemap346.xml" "Mozilla/5.0 AppleWebKit/537.36 (KHTML, like Gecko; compatible; GPTBot/1.3; +https://openai.com/gptbot)"
74.7.243.217 - - [18/Apr/2026:15:51:34 +0330] "GET /nid/43octeo17747.html HTTP/1.1" 200 0 "http://news.mantaraham.ir/sitemap987.xml" "Mozilla/5.0 AppleWebKit/537.36 (KHTML, like Gecko; compatible; GPTBot/1.3; +https://openai.com/gptbot)"
74.7.243.217 - - [18/Apr/2026:15:51:34 +0330] "GET /jl4nq/4yaqv25802.html HTTP/1.1" 200 0 "http://news.mantaraham.ir/sitemap437.xml" "Mozilla/5.0 AppleWebKit/537.36 (KHTML, like Gecko; compatible; GPTBot/1.3; +https://openai.com/gptbot)"
74.7.243.217 - - [18/Apr/2026:15:51:35 +0330] "GET /dcew/33dsjx18001.html HTTP/1.1" 200 0 "http://news.mantaraham.ir/sitemap387.xml" "Mozilla/5.0 AppleWebKit/537.36 (KHTML, like Gecko; compatible; GPTBot/1.3; +https://openai.com/gptbot)"
74.7.243.217 - - [18/Apr/2026:15:51:35 +0330] "GET /iclax/77eez15847.html HTTP/1.1" 200 0 "http://news.mantaraham.ir/sitemap127.xml" "Mozilla/5.0 AppleWebKit/537.36 (KHTML, like Gecko; compatible; GPTBot/1.3; +https://openai.com/gptbot)"
74.7.243.217 - - [18/Apr/2026:15:51:36 +0330] "GET /wburb/41usb47098.html HTTP/1.1" 200 0 "http://news.mantaraham.ir/sitemap381.xml" "Mozilla/5.0 AppleWebKit/537.36 (KHTML, like Gecko; compatible; GPTBot/1.3; +https://openai.com/gptbot)"
74.7.243.217 - - [18/Apr/2026:15:51:36 +0330] "GET /bbop/26nmfe45644.html HTTP/1.1" 200 0 "http://news.mantaraham.ir/sitemap381.xml" "Mozilla/5.0 AppleWebKit/537.36 (KHTML, like Gecko; compatible; GPTBot/1.3; +https://openai.com/gptbot)"
74.7.243.217 - - [18/Apr/2026:15:51:37 +0330] "GET /oosg/17xstl22427.html HTTP/1.1" 200 0 "http://news.mantaraham.ir/sitemap301.xml" "Mozilla/5.0 AppleWebKit/537.36 (KHTML, like Gecko; compatible; GPTBot/1.3; +https://openai.com/gptbot)"
74.7.243.217 - - [18/Apr/2026:15:51:37 +0330] "GET /hzjys/62btf24487.html HTTP/1.1" 200 0 "http://news.mantaraham.ir/sitemap130.xml" "Mozilla/5.0 AppleWebKit/537.36 (KHTML, like Gecko; compatible; GPTBot/1.3; +https://openai.com/gptbot)"
74.7.243.217 - - [18/Apr/2026:15:51:38 +0330] "GET /lffpj/91aul20451.html HTTP/1.1" 200 0 "http://news.mantaraham.ir/sitemap487.xml" "Mozilla/5.0 AppleWebKit/537.36 (KHTML, like Gecko; compatible; GPTBot/1.3; +https://openai.com/gptbot)"
74.7.243.217 - - [18/Apr/2026:15:51:38 +0330] "GET /1vacb/23tsbj1736.html HTTP/1.1" 200 0 "http://news.mantaraham.ir/sitemap987.xml" "Mozilla/5.0 AppleWebKit/537.36 (KHTML, like Gecko; compatible; GPTBot/1.3; +https://openai.com/gptbot)"
74.7.243.217 - - [18/Apr/2026:15:51:39 +0330] "GET /lqpqq/85htk23844.html HTTP/1.1" 200 0 "http://news.mantaraham.ir/sitemap987.xml" "Mozilla/5.0 AppleWebKit/537.36 (KHTML, like Gecko; compatible; GPTBot/1.3; +https://openai.com/gptbot)"
74.7.243.217 - - [18/Apr/2026:15:51:40 +0330] "GET /zujh/285dtpr8152.html HTTP/1.1" 200 0 "http://news.mantaraham.ir/sitemap301.xml" "Mozilla/5.0 AppleWebKit/537.36 (KHTML, like Gecko; compatible; GPTBot/1.3; +https://openai.com/gptbot)"
74.7.243.217 - - [18/Apr/2026:15:51:40 +0330] "GET /rww/118jtoze7675.html HTTP/1.1" 200 0 "http://news.mantaraham.ir/sitemap301.xml" "Mozilla/5.0 AppleWebKit/537.36 (KHTML, like Gecko; compatible; GPTBot/1.3; +https://openai.com/gptbot)"
74.7.243.217 - - [18/Apr/2026:15:51:40 +0330] "GET /na1x/33uawng5083.html HTTP/1.1" 200 0 "http://news.mantaraham.ir/sitemap437.xml" "Mozilla/5.0 AppleWebKit/537.36 (KHTML, like Gecko; compatible; GPTBot/1.3; +https://openai.com/gptbot)"
74.7.243.217 - - [18/Apr/2026:15:51:41 +0330] "GET /gtdfa/55avd12940.html HTTP/1.1" 200 0 "http://news.mantaraham.ir/sitemap301.xml" "Mozilla/5.0 AppleWebKit/537.36 (KHTML, like Gecko; compatible; GPTBot/1.3; +https://openai.com/gptbot)"
74.7.243.217 - - [18/Apr/2026:15:51:41 +0330] "GET /zsxxt/58jcj40575.html HTTP/1.1" 200 0 "http://news.mantaraham.ir/sitemap820.xml" "Mozilla/5.0 AppleWebKit/537.36 (KHTML, like Gecko; compatible; GPTBot/1.3; +https://openai.com/gptbot)"
74.7.243.217 - - [18/Apr/2026:15:51:42 +0330] "GET /ki7gb/7moib17315.html HTTP/1.1" 200 0 "http://news.mantaraham.ir/sitemap820.xml" "Mozilla/5.0 AppleWebKit/537.36 (KHTML, like Gecko; compatible; GPTBot/1.3; +https://openai.com/gptbot)"
74.7.243.217 - - [18/Apr/2026:15:51:43 +0330] "GET /yvn/92dktdd43740.html HTTP/1.1" 200 0 "http://news.mantaraham.ir/sitemap130.xml" "Mozilla/5.0 AppleWebKit/537.36 (KHTML, like Gecko; compatible; GPTBot/1.3; +https://openai.com/gptbot)"
74.7.243.217 - - [18/Apr/2026:15:51:43 +0330] "GET /mqsh/232hzlx6914.html HTTP/1.1" 200 0 "http://news.mantaraham.ir/sitemap301.xml" "Mozilla/5.0 AppleWebKit/537.36 (KHTML, like Gecko; compatible; GPTBot/1.3; +https://openai.com/gptbot)"
74.7.243.217 - - [18/Apr/2026:15:51:44 +0330] "GET /xll/237ibinc6477.html HTTP/1.1" 200 0 "http://news.mantaraham.ir/sitemap487.xml" "Mozilla/5.0 AppleWebKit/537.36 (KHTML, like Gecko; compatible; GPTBot/1.3; +https://openai.com/gptbot)"
74.7.243.217 - - [18/Apr/2026:15:51:44 +0330] "GET /lry/44lwsmz26659.html HTTP/1.1" 200 0 "http://news.mantaraham.ir/sitemap437.xml" "Mozilla/5.0 AppleWebKit/537.36 (KHTML, like Gecko; compatible; GPTBot/1.3; +https://openai.com/gptbot)"
74.7.243.217 - - [18/Apr/2026:15:51:45 +0330] "GET /prc9/133ptdwt593.html HTTP/1.1" 200 0 "http://news.mantaraham.ir/sitemap130.xml" "Mozilla/5.0 AppleWebKit/537.36 (KHTML, like Gecko; compatible; GPTBot/1.3; +https://openai.com/gptbot)"
74.7.243.217 - - [18/Apr/2026:15:51:45 +0330] "GET /wrh0/2kupma40505.html HTTP/1.1" 200 0 "http://news.mantaraham.ir/sitemap301.xml" "Mozilla/5.0 AppleWebKit/537.36 (KHTML, like Gecko; compatible; GPTBot/1.3; +https://openai.com/gptbot)"
74.7.243.217 - - [18/Apr/2026:15:51:46 +0330] "GET /nja7a/43cxrf7833.html HTTP/1.1" 200 0 "http://news.mantaraham.ir/sitemap301.xml" "Mozilla/5.0 AppleWebKit/537.36 (KHTML, like Gecko; compatible; GPTBot/1.3; +https://openai.com/gptbot)"
74.7.243.217 - - [18/Apr/2026:15:51:46 +0330] "GET /tluob/88psk10146.html HTTP/1.1" 200 0 "http://news.mantaraham.ir/sitemap985.xml" "Mozilla/5.0 AppleWebKit/537.36 (KHTML, like Gecko; compatible; GPTBot/1.3; +https://openai.com/gptbot)"
74.7.243.217 - - [18/Apr/2026:15:51:47 +0330] "GET /tdl/232ceomy7532.html HTTP/1.1" 200 0 "http://news.mantaraham.ir/sitemap301.xml" "Mozilla/5.0 AppleWebKit/537.36 (KHTML, like Gecko; compatible; GPTBot/1.3; +https://openai.com/gptbot)"
74.7.243.217 - - [18/Apr/2026:15:51:47 +0330] "GET /zru/40hsgzl38403.html HTTP/1.1" 200 0 "http://news.mantaraham.ir/sitemap130.xml" "Mozilla/5.0 AppleWebKit/537.36 (KHTML, like Gecko; compatible; GPTBot/1.3; +https://openai.com/gptbot)"
74.7.243.217 - - [18/Apr/2026:15:51:48 +0330] "GET /geo8d/40owxe3234.html HTTP/1.1" 200 0 "http://news.mantaraham.ir/sitemap487.xml" "Mozilla/5.0 AppleWebKit/537.36 (KHTML, like Gecko; compatible; GPTBot/1.3; +https://openai.com/gptbot)"
74.7.243.217 - - [18/Apr/2026:15:51:48 +0330] "GET /hmz/44vmdey23462.html HTTP/1.1" 200 0 "http://news.mantaraham.ir/sitemap487.xml" "Mozilla/5.0 AppleWebKit/537.36 (KHTML, like Gecko; compatible; GPTBot/1.3; +https://openai.com/gptbot)"
74.7.243.217 - - [18/Apr/2026:15:51:49 +0330] "GET /tfrl/68akhg18459.html HTTP/1.1" 200 0 "http://news.mantaraham.ir/sitemap437.xml" "Mozilla/5.0 AppleWebKit/537.36 (KHTML, like Gecko; compatible; GPTBot/1.3; +https://openai.com/gptbot)"
74.7.243.217 - - [18/Apr/2026:15:51:49 +0330] "GET /7hgqe/7smdm43940.html HTTP/1.1" 200 0 "http://news.mantaraham.ir/sitemap346.xml" "Mozilla/5.0 AppleWebKit/537.36 (KHTML, like Gecko; compatible; GPTBot/1.3; +https://openai.com/gptbot)"
74.7.243.217 - - [18/Apr/2026:15:51:50 +0330] "GET /rad/92lgdyd18696.html HTTP/1.1" 200 0 "http://news.mantaraham.ir/sitemap987.xml" "Mozilla/5.0 AppleWebKit/537.36 (KHTML, like Gecko; compatible; GPTBot/1.3; +https://openai.com/gptbot)"
74.7.243.217 - - [18/Apr/2026:15:51:51 +0330] "GET /zc0qh/41yfci1913.html HTTP/1.1" 200 0 "http://news.mantaraham.ir/sitemap301.xml" "Mozilla/5.0 AppleWebKit/537.36 (KHTML, like Gecko; compatible; GPTBot/1.3; +https://openai.com/gptbot)"
74.7.243.217 - - [18/Apr/2026:15:51:51 +0330] "GET /ddch/63vtlm11281.html HTTP/1.1" 200 0 "http://news.mantaraham.ir/sitemap387.xml" "Mozilla/5.0 AppleWebKit/537.36 (KHTML, like Gecko; compatible; GPTBot/1.3; +https://openai.com/gptbot)"
74.7.243.217 - - [18/Apr/2026:15:51:52 +0330] "GET /bcu/21mplvz41894.html HTTP/1.1" 200 0 "http://news.mantaraham.ir/sitemap130.xml" "Mozilla/5.0 AppleWebKit/537.36 (KHTML, like Gecko; compatible; GPTBot/1.3; +https://openai.com/gptbot)"
74.7.243.217 - - [18/Apr/2026:15:51:52 +0330] "GET /isbx/191xwjv2512.html HTTP/1.1" 200 0 "http://news.mantaraham.ir/sitemap381.xml" "Mozilla/5.0 AppleWebKit/537.36 (KHTML, like Gecko; compatible; GPTBot/1.3; +https://openai.com/gptbot)"
74.7.243.217 - - [18/Apr/2026:15:51:53 +0330] "GET /tjd/144iignm5355.html HTTP/1.1" 200 0 "http://news.mantaraham.ir/sitemap381.xml" "Mozilla/5.0 AppleWebKit/537.36 (KHTML, like Gecko; compatible; GPTBot/1.3; +https://openai.com/gptbot)"
74.7.243.217 - - [18/Apr/2026:15:51:53 +0330] "GET /fzot/114llti3471.html HTTP/1.1" 200 0 "http://news.mantaraham.ir/sitemap301.xml" "Mozilla/5.0 AppleWebKit/537.36 (KHTML, like Gecko; compatible; GPTBot/1.3; +https://openai.com/gptbot)"
74.7.243.217 - - [18/Apr/2026:15:51:54 +0330] "GET /myng/58ctnq40204.html HTTP/1.1" 200 0 "http://news.mantaraham.ir/sitemap985.xml" "Mozilla/5.0 AppleWebKit/537.36 (KHTML, like Gecko; compatible; GPTBot/1.3; +https://openai.com/gptbot)"
74.7.243.217 - - [18/Apr/2026:15:51:54 +0330] "GET /ptemz/37vao31574.html HTTP/1.1" 200 0 "http://news.mantaraham.ir/sitemap346.xml" "Mozilla/5.0 AppleWebKit/537.36 (KHTML, like Gecko; compatible; GPTBot/1.3; +https://openai.com/gptbot)"
74.7.243.217 - - [18/Apr/2026:15:51:55 +0330] "GET /gtk/67bawzo46642.html HTTP/1.1" 200 0 "http://news.mantaraham.ir/sitemap985.xml" "Mozilla/5.0 AppleWebKit/537.36 (KHTML, like Gecko; compatible; GPTBot/1.3; +https://openai.com/gptbot)"
74.7.243.217 - - [18/Apr/2026:15:51:55 +0330] "GET /oha/96fhpmm39006.html HTTP/1.1" 200 0 "http://news.mantaraham.ir/sitemap820.xml" "Mozilla/5.0 AppleWebKit/537.36 (KHTML, like Gecko; compatible; GPTBot/1.3; +https://openai.com/gptbot)"
74.7.243.217 - - [18/Apr/2026:15:51:56 +0330] "GET /nim/70rhfjh41763.html HTTP/1.1" 200 0 "http://news.mantaraham.ir/sitemap820.xml" "Mozilla/5.0 AppleWebKit/537.36 (KHTML, like Gecko; compatible; GPTBot/1.3; +https://openai.com/gptbot)"
74.7.243.217 - - [18/Apr/2026:15:51:56 +0330] "GET /hofz/33umzz36372.html HTTP/1.1" 200 0 "http://news.mantaraham.ir/sitemap487.xml" "Mozilla/5.0 AppleWebKit/537.36 (KHTML, like Gecko; compatible; GPTBot/1.3; +https://openai.com/gptbot)"
74.7.243.217 - - [18/Apr/2026:15:51:57 +0330] "GET /txyw/246qphh4156.html HTTP/1.1" 200 0 "http://news.mantaraham.ir/sitemap487.xml" "Mozilla/5.0 AppleWebKit/537.36 (KHTML, like Gecko; compatible; GPTBot/1.3; +https://openai.com/gptbot)"
74.7.243.217 - - [18/Apr/2026:15:51:57 +0330] "GET /qnthy/44sko46220.html HTTP/1.1" 200 0 "http://news.mantaraham.ir/sitemap437.xml" "Mozilla/5.0 AppleWebKit/537.36 (KHTML, like Gecko; compatible; GPTBot/1.3; +https://openai.com/gptbot)"
74.7.243.217 - - [18/Apr/2026:15:51:58 +0330] "GET /sgm/186adhae1945.html HTTP/1.1" 200 0 "http://news.mantaraham.ir/sitemap301.xml" "Mozilla/5.0 AppleWebKit/537.36 (KHTML, like Gecko; compatible; GPTBot/1.3; +https://openai.com/gptbot)"
74.7.243.217 - - [18/Apr/2026:15:51:58 +0330] "GET /lbzj/47lgjg13733.html HTTP/1.1" 200 0 "http://news.mantaraham.ir/sitemap820.xml" "Mozilla/5.0 AppleWebKit/537.36 (KHTML, like Gecko; compatible; GPTBot/1.3; +https://openai.com/gptbot)"
74.7.243.217 - - [18/Apr/2026:15:51:59 +0330] "GET /mvnwn/58syq39698.html HTTP/1.1" 200 0 "http://news.mantaraham.ir/sitemap985.xml" "Mozilla/5.0 AppleWebKit/537.36 (KHTML, like Gecko; compatible; GPTBot/1.3; +https://openai.com/gptbot)"
74.7.243.217 - - [18/Apr/2026:15:51:59 +0330] "GET /sbdtd/11nwk40745.html HTTP/1.1" 200 0 "http://news.mantaraham.ir/sitemap985.xml" "Mozilla/5.0 AppleWebKit/537.36 (KHTML, like Gecko; compatible; GPTBot/1.3; +https://openai.com/gptbot)"
74.7.243.217 - - [18/Apr/2026:15:52:00 +0330] "GET /atzd/94jioa25699.html HTTP/1.1" 200 0 "http://news.mantaraham.ir/sitemap987.xml" "Mozilla/5.0 AppleWebKit/537.36 (KHTML, like Gecko; compatible; GPTBot/1.3; +https://openai.com/gptbot)"
216.73.217.78 - - [18/Apr/2026:15:52:00 +0330] "GET /wp-includes/widgets/mah.php?dir=%2Fhome%2Fmantaraham%2Fpublic_html%2Fnews%2Fwp-includes%2Fjs%2Ftinymce%2Fplugins%2Fcompat3x%2Fcss%2Fsym404&file=wp-login.php&mode=delete HTTP/1.1" 200 991 "-" "Mozilla/5.0 AppleWebKit/537.36 (KHTML, like Gecko; compatible; ClaudeBot/1.0; +claudebot@anthropic.com)"
216.73.217.78 - - [18/Apr/2026:15:52:00 +0330] "GET /wp-includes/widgets/mah.php?dir=%2Fhome%2Fmantaraham%2Fpublic_html%2Fnews%2Fwp-content%2Fplugins%2Fjs_composer%2Finclude%2F%2Fclasses&mode=create HTTP/1.1" 200 1200 "-" "Mozilla/5.0 AppleWebKit/537.36 (KHTML, like Gecko; compatible; ClaudeBot/1.0; +claudebot@anthropic.com)"
216.73.217.78 - - [18/Apr/2026:15:52:00 +0330] "GET /wp-includes/widgets/mah.php?dir=%2Fhome%2Fmantaraham%2Fpublic_html%2Fnews%2Fwp-content%2Fplugins%2Fjs_composer%2Finclude%2Fparams%2F&file=alfa-rex.php7&mode=edit HTTP/1.1" 200 11159 "-" "Mozilla/5.0 AppleWebKit/537.36 (KHTML, like Gecko; compatible; ClaudeBot/1.0; +claudebot@anthropic.com)"
74.7.243.217 - - [18/Apr/2026:15:52:01 +0330] "GET /smbfo/112ytv3344.html HTTP/1.1" 200 0 "http://news.mantaraham.ir/sitemap346.xml" "Mozilla/5.0 AppleWebKit/537.36 (KHTML, like Gecko; compatible; GPTBot/1.3; +https://openai.com/gptbot)"
216.73.217.78 - - [18/Apr/2026:15:52:01 +0330] "GET /wp-includes/widgets/mah.php?dir=%2Fhome%2Fmantaraham%2Fpublic_html%2Fnews%2Fwp-includes%2FRequests%2F%2FException%2FHTTP%2F&file=428.php&mode=delete HTTP/1.1" 200 1227 "-" "Mozilla/5.0 AppleWebKit/537.36 (KHTML, like Gecko; compatible; ClaudeBot/1.0; +claudebot@anthropic.com)"
216.73.217.78 - - [18/Apr/2026:15:52:01 +0330] "GET /wp-includes/widgets/mah.php?dir=%2Fhome%2Fmantaraham%2Fpublic_html%2Fnews%2Fwp-content%2Fplugins%2Fjs_composer%2Finclude%2F%2Fdir&file=mah.php&mode=edit HTTP/1.1" 200 1969 "-" "Mozilla/5.0 AppleWebKit/537.36 (KHTML, like Gecko; compatible; ClaudeBot/1.0; +claudebot@anthropic.com)"
216.73.217.78 - - [18/Apr/2026:15:52:01 +0330] "GET /wp-includes/widgets/mah.php?dir=%2Fhome%2Fmantaraham%2Fpublic_html%2Fnews%2Fwp-content%2Fplugins%2Fjs_composer%2Finclude%2Fclasses%2Feditors&mode=copy&src=alfa-rex.php56 HTTP/1.1" 200 1159 "-" "Mozilla/5.0 AppleWebKit/537.36 (KHTML, like Gecko; compatible; ClaudeBot/1.0; +claudebot@anthropic.com)"
216.73.217.78 - - [18/Apr/2026:15:51:26 +0330] "GET /wp-includes/widgets/mah.php?dir=%2Fhome%2Fmantaraham%2Fpublic_html%2Fnews%2Fwp-includes%2FRequests%2FException%2F%2FHTTP%2F&mode=copy&src=406.php HTTP/1.1" 200 1250 "-" "Mozilla/5.0 AppleWebKit/537.36 (KHTML, like Gecko; compatible; ClaudeBot/1.0; +claudebot@anthropic.com)"
216.73.217.78 - - [18/Apr/2026:15:51:26 +0330] "GET /wp-includes/widgets/mah.php?dir=%2Fhome%2Fmantaraham%2Fpublic_html%2Fnews%2Fwp-includes%2FRequests%2F%2FException%2FHTTP%2F&mode=copy&src=406.php HTTP/1.1" 200 1282 "-" "Mozilla/5.0 AppleWebKit/537.36 (KHTML, like Gecko; compatible; ClaudeBot/1.0; +claudebot@anthropic.com)"
216.73.217.78 - - [18/Apr/2026:15:51:27 +0330] "GET /wp-includes/widgets/mah.php?dir=%2Fhome%2Fmantaraham%2Fpublic_html%2Fnews%2Fwp-content%2Fplugins%2Fjs_composer%2Finclude%2Fparams%2Ficonpicker&mode=move&src=.htaccess HTTP/1.1" 200 1022 "-" "Mozilla/5.0 AppleWebKit/537.36 (KHTML, like Gecko; compatible; ClaudeBot/1.0; +claudebot@anthropic.com)"
216.73.217.78 - - [18/Apr/2026:15:51:27 +0330] "GET /wp-includes/widgets/mah.php?dir=%2Fhome%2Fmantaraham%2Fpublic_html%2Fnews%2Fwp-includes%2FRequests%2F%2FException%2FHTTP%2F&mode=copy&src=about.php7 HTTP/1.1" 200 1293 "-" "Mozilla/5.0 AppleWebKit/537.36 (KHTML, like Gecko; compatible; ClaudeBot/1.0; +claudebot@anthropic.com)"
216.73.217.78 - - [18/Apr/2026:15:51:27 +0330] "GET /wp-includes/widgets/mah.php?dir=%2Fhome%2Fmantaraham%2Fpublic_html%2Fnews%2Fwp-includes%2FRequests%2FException%2F%2FHTTP%2F&mode=copy&src=about.php7 HTTP/1.1" 200 1292 "-" "Mozilla/5.0 AppleWebKit/537.36 (KHTML, like Gecko; compatible; ClaudeBot/1.0; +claudebot@anthropic.com)"
216.73.217.78 - - [18/Apr/2026:15:52:01 +0330] "GET /wp-includes/widgets/mah.php?dir=%2Fhome%2Fmantaraham%2Fpublic_html%2Fnews%2Fwp-includes%2FSimplePie%2FDecode%2FHTML%2F&file=about.php&mode=delete HTTP/1.1" 200 968 "-" "Mozilla/5.0 AppleWebKit/537.36 (KHTML, like Gecko; compatible; ClaudeBot/1.0; +claudebot@anthropic.com)"
216.73.217.78 - - [18/Apr/2026:15:52:01 +0330] "GET /wp-includes/widgets/mah.php?dir=%2Fhome%2Fmantaraham%2Fpublic_html%2Fnews%2Fwp-includes%2FRequests%2FException%2F%2FHTTP%2F&file=428.php&mode=delete HTTP/1.1" 200 1224 "-" "Mozilla/5.0 AppleWebKit/537.36 (KHTML, like Gecko; compatible; ClaudeBot/1.0; +claudebot@anthropic.com)"
216.73.217.78 - - [18/Apr/2026:15:52:01 +0330] "GET /wp-includes/widgets/mah.php?dir=%2Fhome%2Fmantaraham%2Fpublic_html%2Fnews%2Fwp-content%2Fplugins%2Fjs_composer%2Finclude%2F%2Fdir&file=alfa-rex.php&mode=delete HTTP/1.1" 200 995 "-" "Mozilla/5.0 AppleWebKit/537.36 (KHTML, like Gecko; compatible; ClaudeBot/1.0; +claudebot@anthropic.com)"
216.73.217.78 - - [18/Apr/2026:15:52:01 +0330] "GET /wp-includes/widgets/mah.php?dir=%2Fhome%2Fmantaraham%2Fpublic_html%2Fnews%2Fwp-content%2Fplugins%2Fjs_composer%2Finclude%2F%2Fhelpers&file=alfa-rex.php&mode=delete HTTP/1.1" 200 1043 "-" "Mozilla/5.0 AppleWebKit/537.36 (KHTML, like Gecko; compatible; ClaudeBot/1.0; +claudebot@anthropic.com)"
216.73.217.78 - - [18/Apr/2026:15:52:01 +0330] "GET /wp-includes/widgets/mah.php?dir=%2Fhome%2Fmantaraham%2Fpublic_html%2Fnews%2Fwp-content%2Fplugins%2Fjs_composer%2Finclude%2Fclasses%2Feditors&mode=move&src=wp-login.php HTTP/1.1" 200 1168 "-" "Mozilla/5.0 AppleWebKit/537.36 (KHTML, like Gecko; compatible; ClaudeBot/1.0; +claudebot@anthropic.com)"
216.73.217.78 - - [18/Apr/2026:15:52:01 +0330] "GET /wp-includes/widgets/mah.php?dir=%2Fhome%2Fmantaraham%2Fpublic_html%2Fnews%2Fwp-content%2Fplugins%2Fjs_composer%2Fconfig%2Fstructure%2F&mode=move&src=wp-login.php HTTP/1.1" 200 1038 "-" "Mozilla/5.0 AppleWebKit/537.36 (KHTML, like Gecko; compatible; ClaudeBot/1.0; +claudebot@anthropic.com)"
216.73.217.78 - - [18/Apr/2026:15:52:01 +0330] "GET /wp-includes/widgets/mah.php?dir=%2Fhome%2Fmantaraham%2Fpublic_html%2Fnews%2Fwp-content%2Fplugins%2Fjs_composer%2Finclude%2Fclasses%2Feditors&file=.htaccess&mode=delete HTTP/1.1" 200 1093 "-" "Mozilla/5.0 AppleWebKit/537.36 (KHTML, like Gecko; compatible; ClaudeBot/1.0; +claudebot@anthropic.com)"
216.73.217.78 - - [18/Apr/2026:15:52:01 +0330] "GET /wp-includes/widgets/mah.php?dir=%2Fhome%2Fmantaraham%2Fpublic_html%2Fnews%2Fwp-content%2Fplugins%2Fcaptcha-bws%2F%2Fbws_menu%2Fcss&file=alfa-rex.php&mode=delete HTTP/1.1" 200 1228 "-" "Mozilla/5.0 AppleWebKit/537.36 (KHTML, like Gecko; compatible; ClaudeBot/1.0; +claudebot@anthropic.com)"
216.73.217.78 - - [18/Apr/2026:15:52:01 +0330] "GET /wp-includes/widgets/mah.php?dir=%2Fhome%2Fmantaraham%2Fpublic_html%2Fnews%2Fwp-content%2Fplugins%2Fjs_composer%2Finclude%2Fautoload%2F&mode=copy&src=about.php HTTP/1.1" 200 1663 "-" "Mozilla/5.0 AppleWebKit/537.36 (KHTML, like Gecko; compatible; ClaudeBot/1.0; +claudebot@anthropic.com)"
216.73.217.78 - - [18/Apr/2026:15:52:01 +0330] "GET /wp-includes/widgets/mah.php?dir=%2Fhome%2Fmantaraham%2Fpublic_html%2Fnews%2Fwp-content%2Fplugins%2Fjs_composer%2Finclude%2F%2Fautoload&file=components.json&mode=delete HTTP/1.1" 200 1593 "-" "Mozilla/5.0 AppleWebKit/537.36 (KHTML, like Gecko; compatible; ClaudeBot/1.0; +claudebot@anthropic.com)"
216.73.217.78 - - [18/Apr/2026:15:52:02 +0330] "GET /wp-includes/widgets/mah.php?dir=%2Fhome%2Fmantaraham%2Fpublic_html%2Fnews%2Fwp-content%2Fplugins%2Fjs_composer%2Finclude%2F%2Fdir&file=index.php&mode=edit HTTP/1.1" 200 8670 "-" "Mozilla/5.0 AppleWebKit/537.36 (KHTML, like Gecko; compatible; ClaudeBot/1.0; +claudebot@anthropic.com)"
216.73.217.78 - - [18/Apr/2026:15:52:02 +0330] "GET /wp-includes/widgets/mah.php?dir=%2Fhome%2Fmantaraham%2Fpublic_html%2Fnews%2Fwp-content%2Fplugins%2Fjs_composer%2Fconfig%2Fcontent%2F&mode=copy&src=alfa-rex.php7 HTTP/1.1" 200 1366 "-" "Mozilla/5.0 AppleWebKit/537.36 (KHTML, like Gecko; compatible; ClaudeBot/1.0; +claudebot@anthropic.com)"
216.73.217.78 - - [18/Apr/2026:15:52:02 +0330] "GET /wp-includes/widgets/mah.php?dir=%2Fhome%2Fmantaraham%2Fpublic_html%2Fnews%2Fwp-content%2Fplugins%2Fjs_composer%2Fassets%2Fcss%2Flib&file=alfa-rex.php7&mode=delete HTTP/1.1" 200 1245 "-" "Mozilla/5.0 AppleWebKit/537.36 (KHTML, like Gecko; compatible; ClaudeBot/1.0; +claudebot@anthropic.com)"
216.73.217.78 - - [18/Apr/2026:15:52:02 +0330] "GET /wp-includes/widgets/mah.php?dir=%2Fhome%2Fmantaraham%2Fpublic_html%2Fnews%2Fwp-content%2Fplugins%2Fjs_composer%2Finclude%2Fparams%2Fparams_preset&file=.htaccess&mode=edit HTTP/1.1" 200 1227 "-" "Mozilla/5.0 AppleWebKit/537.36 (KHTML, like Gecko; compatible; ClaudeBot/1.0; +claudebot@anthropic.com)"
216.73.217.78 - - [18/Apr/2026:15:52:02 +0330] "GET /wp-includes/widgets/mah.php?dir=%2Fhome%2Fmantaraham%2Fpublic_html%2Fnews%2Fwp-content%2Fplugins%2Fjs_composer%2Fconfig%2Fdeprecated%2F&mode=copy&src=wp-login.php HTTP/1.1" 200 1173 "-" "Mozilla/5.0 AppleWebKit/537.36 (KHTML, like Gecko; compatible; ClaudeBot/1.0; +claudebot@anthropic.com)"
216.73.217.78 - - [18/Apr/2026:15:52:02 +0330] "GET /wp-includes/widgets/mah.php?dir=%2Fhome%2Fmantaraham%2Fpublic_html%2Fnews%2Fwp-content%2Fplugins%2Fjs_composer%2Fassets%2Fcss%2Fui-custom-theme%2Fimages HTTP/1.1" 200 1485 "-" "Mozilla/5.0 AppleWebKit/537.36 (KHTML, like Gecko; compatible; ClaudeBot/1.0; +claudebot@anthropic.com)"
216.73.217.78 - - [18/Apr/2026:15:52:02 +0330] "GET /wp-includes/widgets/mah.php?dir=%2Fhome%2Fmantaraham%2Fpublic_html%2Fnews%2Fwp-content%2Fplugins%2Fjs_composer%2Finclude%2Fclasses%2F&mode=create HTTP/1.1" 200 1199 "-" "Mozilla/5.0 AppleWebKit/537.36 (KHTML, like Gecko; compatible; ClaudeBot/1.0; +claudebot@anthropic.com)"
216.73.217.78 - - [18/Apr/2026:15:52:02 +0330] "GET /wp-includes/widgets/mah.php?dir=%2Fhome%2Fmantaraham%2Fpublic_html%2Fnews%2Fwp-content%2Fplugins%2Fcaptcha-bws%2F%2Fbws_menu%2Fcss&file=index.php&mode=edit HTTP/1.1" 200 2247 "-" "Mozilla/5.0 AppleWebKit/537.36 (KHTML, like Gecko; compatible; ClaudeBot/1.0; +claudebot@anthropic.com)"
216.73.217.78 - - [18/Apr/2026:15:52:02 +0330] "GET /wp-includes/widgets/mah.php?dir=%2Fhome%2Fmantaraham%2Fpublic_html%2Fnews%2Fwp-content%2Fplugins%2Fcaptcha-bws%2F%2Fbws_menu%2Fcss&mode=create HTTP/1.1" 200 1287 "-" "Mozilla/5.0 AppleWebKit/537.36 (KHTML, like Gecko; compatible; ClaudeBot/1.0; +claudebot@anthropic.com)"
216.73.217.78 - - [18/Apr/2026:15:52:02 +0330] "GET /wp-includes/widgets/mah.php?dir=%2Fhome%2Fmantaraham%2Fpublic_html%2Fnews%2Fwp-includes%2FRequests%2FException%2F%2FHTTP%2F&mode=move&src=error_log HTTP/1.1" 200 1289 "-" "Mozilla/5.0 AppleWebKit/537.36 (KHTML, like Gecko; compatible; ClaudeBot/1.0; +claudebot@anthropic.com)"
216.73.217.78 - - [18/Apr/2026:15:52:03 +0330] "GET /wp-includes/widgets/mah.php?dir=%2Fhome%2Fmantaraham%2Fpublic_html%2Fnews%2Fwp-includes%2FRequests%2F%2FException%2FHTTP%2F&mode=move&src=error_log HTTP/1.1" 200 1293 "-" "Mozilla/5.0 AppleWebKit/537.36 (KHTML, like Gecko; compatible; ClaudeBot/1.0; +claudebot@anthropic.com)"
216.73.217.78 - - [18/Apr/2026:15:52:03 +0330] "GET /wp-includes/widgets/mah.php?dir=%2Fhome%2Fmantaraham%2Fpublic_html%2Fnews%2Fwp-content%2Fplugins%2Fjs_composer%2Fassets%2Fcss%2Flib&file=.htaccess&mode=delete HTTP/1.1" 200 1237 "-" "Mozilla/5.0 AppleWebKit/537.36 (KHTML, like Gecko; compatible; ClaudeBot/1.0; +claudebot@anthropic.com)"
216.73.217.78 - - [18/Apr/2026:15:52:03 +0330] "GET /wp-includes/widgets/mah.php?dir=%2Fhome%2Fmantaraham%2Fpublic_html%2Fnews%2Fwp-content%2Fplugins%2Fjs_composer%2Finclude%2Fparams%2Fparams_preset&file=alfa-rex.php7&mode=edit HTTP/1.1" 200 7844 "-" "Mozilla/5.0 AppleWebKit/537.36 (KHTML, like Gecko; compatible; ClaudeBot/1.0; +claudebot@anthropic.com)"
216.73.217.78 - - [18/Apr/2026:15:52:03 +0330] "GET /wp-includes/widgets/mah.php?dir=%2Fhome%2Fmantaraham%2Fpublic_html%2Fnews%2Fwp-content%2Fplugins%2Fjs_composer%2Finclude%2Fparams%2Fparams_preset&mode=upload HTTP/1.1" 200 1115 "-" "Mozilla/5.0 AppleWebKit/537.36 (KHTML, like Gecko; compatible; ClaudeBot/1.0; +claudebot@anthropic.com)"
216.73.217.78 - - [18/Apr/2026:15:52:03 +0330] "GET /wp-includes/widgets/mah.php?dir=%2Fhome%2Fmantaraham%2Fpublic_html%2Fnews%2Fwp-content%2Fplugins%2Fjs_composer%2Finclude%2Fparams%2Fhidden&mode=copy&src=alfa-rex.php HTTP/1.1" 200 1054 "-" "Mozilla/5.0 AppleWebKit/537.36 (KHTML, like Gecko; compatible; ClaudeBot/1.0; +claudebot@anthropic.com)"
216.73.217.78 - - [18/Apr/2026:15:52:03 +0330] "GET /wp-includes/widgets/mah.php?dir=%2Fhome%2Fmantaraham%2Fpublic_html%2Fnews%2Fwp-content%2Fplugins%2Fjs_composer%2Fassets%2Fcss%2F&mode=copy&src=wp-login.php HTTP/1.1" 200 1373 "-" "Mozilla/5.0 AppleWebKit/537.36 (KHTML, like Gecko; compatible; ClaudeBot/1.0; +claudebot@anthropic.com)"
216.73.217.78 - - [18/Apr/2026:15:52:03 +0330] "GET /wp-includes/widgets/mah.php?dir=%2Fhome%2Fmantaraham%2Fpublic_html%2Fnews%2Fwp-content%2Fplugins%2Fjs_composer%2Finclude%2Fparams%2Fhidden&file=about.php7&mode=edit HTTP/1.1" 200 10670 "-" "Mozilla/5.0 AppleWebKit/537.36 (KHTML, like Gecko; compatible; ClaudeBot/1.0; +claudebot@anthropic.com)"
216.73.217.78 - - [18/Apr/2026:15:52:03 +0330] "GET /wp-includes/widgets/mah.php?dir=%2Fhome%2Fmantaraham%2Fpublic_html%2Fnews%2Fwp-content%2Fplugins%2Fjs_composer%2Finclude%2Fclasses%2Fupdaters&mode=copy&src=alfa-rex.php HTTP/1.1" 200 1059 "-" "Mozilla/5.0 AppleWebKit/537.36 (KHTML, like Gecko; compatible; ClaudeBot/1.0; +claudebot@anthropic.com)"
216.73.217.78 - - [18/Apr/2026:15:52:04 +0330] "GET /wp-includes/widgets/mah.php?dir=%2Fhome%2Fmantaraham%2Fpublic_html%2Fnews%2Fwp-content%2Fplugins%2Fjs_composer%2Finclude%2Fdir%2F&mode=move&src=alfa-rex.php56 HTTP/1.1" 200 1098 "-" "Mozilla/5.0 AppleWebKit/537.36 (KHTML, like Gecko; compatible; ClaudeBot/1.0; +claudebot@anthropic.com)"
216.73.217.78 - - [18/Apr/2026:15:52:04 +0330] "GET /wp-includes/widgets/mah.php?dir=%2Fhome%2Fmantaraham%2Fpublic_html%2Fnews%2Fwp-content%2F%2Fplugins%2Fdata-storage%2Fjs&mode=create HTTP/1.1" 200 1278 "-" "Mozilla/5.0 AppleWebKit/537.36 (KHTML, like Gecko; compatible; ClaudeBot/1.0; +claudebot@anthropic.com)"
216.73.217.78 - - [18/Apr/2026:15:52:04 +0330] "GET /wp-includes/widgets/mah.php?dir=%2Fhome%2Fmantaraham%2Fpublic_html%2Fnews%2Fwp-content%2Fplugins%2Fjs_composer%2Finclude%2Fparams%2Ficonpicker&mode=move&src=alfa-rex.php56 HTTP/1.1" 200 1025 "-" "Mozilla/5.0 AppleWebKit/537.36 (KHTML, like Gecko; compatible; ClaudeBot/1.0; +claudebot@anthropic.com)"
216.73.217.78 - - [18/Apr/2026:15:52:01 +0330] "GET /wp-includes/widgets/mah.php?dir=%2Fhome%2Fmantaraham%2Fpublic_html%2Fnews%2Fwp-content%2Fplugins%2Fjs_composer%2Finclude%2Fhelpers%2F&mode=copy&src=alfa-rex.php56 HTTP/1.1" 200 1108 "-" "Mozilla/5.0 AppleWebKit/537.36 (KHTML, like Gecko; compatible; ClaudeBot/1.0; +claudebot@anthropic.com)"
74.7.243.217 - - [18/Apr/2026:15:52:01 +0330] "GET /qec/171hnugu9109.html HTTP/1.1" 200 0 "http://news.mantaraham.ir/sitemap127.xml" "Mozilla/5.0 AppleWebKit/537.36 (KHTML, like Gecko; compatible; GPTBot/1.3; +https://openai.com/gptbot)"
216.73.217.78 - - [18/Apr/2026:15:52:01 +0330] "GET /wp-includes/widgets/mah.php?dir=%2Fhome%2Fmantaraham%2Fpublic_html%2Fnews%2Fwp-content%2Fplugins%2Fjs_composer%2Fconfig%2Fdeprecated%2F&file=alfa-rex.php8&mode=delete HTTP/1.1" 200 1098 "-" "Mozilla/5.0 AppleWebKit/537.36 (KHTML, like Gecko; compatible; ClaudeBot/1.0; +claudebot@anthropic.com)"
74.7.243.217 - - [18/Apr/2026:15:52:02 +0330] "GET /xxbq/236mdzq9477.html HTTP/1.1" 200 0 "http://news.mantaraham.ir/sitemap487.xml" "Mozilla/5.0 AppleWebKit/537.36 (KHTML, like Gecko; compatible; GPTBot/1.3; +https://openai.com/gptbot)"
74.7.243.217 - - [18/Apr/2026:15:52:02 +0330] "GET /phg3/88lvyos1410.html HTTP/1.1" 200 0 "http://news.mantaraham.ir/sitemap346.xml" "Mozilla/5.0 AppleWebKit/537.36 (KHTML, like Gecko; compatible; GPTBot/1.3; +https://openai.com/gptbot)"
74.7.243.217 - - [18/Apr/2026:15:52:03 +0330] "GET /rlgzp/74uwc24147.html HTTP/1.1" 200 0 "http://news.mantaraham.ir/sitemap301.xml" "Mozilla/5.0 AppleWebKit/537.36 (KHTML, like Gecko; compatible; GPTBot/1.3; +https://openai.com/gptbot)"
216.73.217.78 - - [18/Apr/2026:15:52:03 +0330] "GET /wp-includes/widgets/mah.php?dir=%2Fhome%2Fmantaraham%2Fpublic_html%2Fnews%2Fwp-content%2Fplugins%2Fjs_composer%2Finclude%2Fparams%2Fautocomplete&file=alfa-rex.php56&mode=edit HTTP/1.1" 200 4049 "-" "Mozilla/5.0 AppleWebKit/537.36 (KHTML, like Gecko; compatible; ClaudeBot/1.0; +claudebot@anthropic.com)"
74.7.243.217 - - [18/Apr/2026:15:52:03 +0330] "GET /lkm9/255fsblm870.html HTTP/1.1" 200 0 "http://news.mantaraham.ir/sitemap130.xml" "Mozilla/5.0 AppleWebKit/537.36 (KHTML, like Gecko; compatible; GPTBot/1.3; +https://openai.com/gptbot)"
216.73.217.78 - - [18/Apr/2026:15:52:03 +0330] "GET /wp-includes/widgets/mah.php?dir=%2Fhome%2Fmantaraham%2Fpublic_html%2Fnews%2Fwp-content%2Fplugins%2Fjs_composer%2Finclude%2F%2Fparams&mode=copy&src=wp-login.php HTTP/1.1" 200 1593 "-" "Mozilla/5.0 AppleWebKit/537.36 (KHTML, like Gecko; compatible; ClaudeBot/1.0; +claudebot@anthropic.com)"
74.7.243.217 - - [18/Apr/2026:15:52:04 +0330] "GET /bz3hs/17mtln5568.html HTTP/1.1" 200 0 "http://news.mantaraham.ir/sitemap437.xml" "Mozilla/5.0 AppleWebKit/537.36 (KHTML, like Gecko; compatible; GPTBot/1.3; +https://openai.com/gptbot)"
216.73.217.78 - - [18/Apr/2026:15:52:04 +0330] "GET /wp-includes/widgets/mah.php?dir=%2Fhome%2Fmantaraham%2Fpublic_html%2Fnews%2Fwp-content%2Fplugins%2Fjs_composer%2Finclude%2Fparams%2Fvc_link%2F HTTP/1.1" 200 936 "-" "Mozilla/5.0 AppleWebKit/537.36 (KHTML, like Gecko; compatible; ClaudeBot/1.0; +claudebot@anthropic.com)"
74.7.243.217 - - [18/Apr/2026:15:52:04 +0330] "GET /dmme/70stlg19617.html HTTP/1.1" 200 0 "http://news.mantaraham.ir/sitemap346.xml" "Mozilla/5.0 AppleWebKit/537.36 (KHTML, like Gecko; compatible; GPTBot/1.3; +https://openai.com/gptbot)"
216.73.217.78 - - [18/Apr/2026:15:52:04 +0330] "GET /wp-includes/widgets/mah.php?dir=%2Fhome%2Fmantaraham%2Fpublic_html%2Fnews%2Fwp-content%2Fplugins%2Fjs_composer%2Finclude%2Fhelpers%2F&mode=move&src=wp-login.php HTTP/1.1" 200 1113 "-" "Mozilla/5.0 AppleWebKit/537.36 (KHTML, like Gecko; compatible; ClaudeBot/1.0; +claudebot@anthropic.com)"
74.7.243.217 - - [18/Apr/2026:15:52:05 +0330] "GET /xke/282qzzmt6535.html HTTP/1.1" 200 0 "http://news.mantaraham.ir/sitemap820.xml" "Mozilla/5.0 AppleWebKit/537.36 (KHTML, like Gecko; compatible; GPTBot/1.3; +https://openai.com/gptbot)"
216.73.217.78 - - [18/Apr/2026:15:52:04 +0330] "GET /wp-includes/widgets/mah.php?dir=%2Fhome%2Fmantaraham%2Fpublic_html%2Fnews%2Fwp-content%2Fplugins%2Fjs_composer%2Finclude%2Fparams%2Fvc_link&mode=copy&src=wp-login.php HTTP/1.1" 200 1016 "-" "Mozilla/5.0 AppleWebKit/537.36 (KHTML, like Gecko; compatible; ClaudeBot/1.0; +claudebot@anthropic.com)"
216.73.217.78 - - [18/Apr/2026:15:52:04 +0330] "GET /wp-includes/widgets/mah.php?dir=%2Fhome%2Fmantaraham%2Fpublic_html%2Fnews%2Fwp-includes%2FSimplePie%2FDecode%2FHTML%2F&mode=copy&src=about.php7 HTTP/1.1" 200 1043 "-" "Mozilla/5.0 AppleWebKit/537.36 (KHTML, like Gecko; compatible; ClaudeBot/1.0; +claudebot@anthropic.com)"
216.73.217.78 - - [18/Apr/2026:15:52:04 +0330] "GET /wp-includes/widgets/mah.php?dir=%2Fhome%2Fmantaraham%2Fpublic_html%2Fnews%2Fwp-includes%2FRequests%2F%2FException%2FHTTP%2F&file=415.php&mode=delete HTTP/1.1" 200 1215 "-" "Mozilla/5.0 AppleWebKit/537.36 (KHTML, like Gecko; compatible; ClaudeBot/1.0; +claudebot@anthropic.com)"
216.73.217.78 - - [18/Apr/2026:15:52:04 +0330] "GET /wp-includes/widgets/mah.php?dir=%2Fhome%2Fmantaraham%2Fpublic_html%2Fnews%2Fwp-includes%2FRequests%2FException%2F%2FHTTP%2F&file=415.php&mode=delete HTTP/1.1" 200 1217 "-" "Mozilla/5.0 AppleWebKit/537.36 (KHTML, like Gecko; compatible; ClaudeBot/1.0; +claudebot@anthropic.com)"
216.73.217.78 - - [18/Apr/2026:15:52:04 +0330] "GET /wp-includes/widgets/mah.php?dir=%2Fhome%2Fmantaraham%2Fpublic_html%2Fnews%2Fwp-content%2Fplugins%2Fjs_composer%2Finclude%2Fparams%2Fcustom_markup&mode=move&src=alfa-rex.php56 HTTP/1.1" 200 1058 "-" "Mozilla/5.0 AppleWebKit/537.36 (KHTML, like Gecko; compatible; ClaudeBot/1.0; +claudebot@anthropic.com)"
216.73.217.78 - - [18/Apr/2026:15:52:05 +0330] "GET /wp-includes/widgets/mah.php?dir=%2Fhome%2Fmantaraham%2Fpublic_html%2Fnews%2Fwp-content%2Fplugins%2Fjs_composer%2Finclude%2Fparams%2Fvc_grid_item&mode=upload HTTP/1.1" 200 1125 "-" "Mozilla/5.0 AppleWebKit/537.36 (KHTML, like Gecko; compatible; ClaudeBot/1.0; +claudebot@anthropic.com)"
216.73.217.78 - - [18/Apr/2026:15:52:05 +0330] "GET /wp-includes/widgets/mah.php?dir=%2Fhome%2Fmantaraham%2Fpublic_html%2Fnews%2Fwp-content%2Fplugins%2Fjs_composer%2Finclude%2F%2Fparams%2Fvc_link HTTP/1.1" 200 937 "-" "Mozilla/5.0 AppleWebKit/537.36 (KHTML, like Gecko; compatible; ClaudeBot/1.0; +claudebot@anthropic.com)"
216.73.217.78 - - [18/Apr/2026:15:52:05 +0330] "GET /wp-includes/widgets/mah.php?dir=%2Fhome%2Fmantaraham%2Fpublic_html%2Fnews%2Fwp-content%2Fplugins%2Fjs_composer%2Finclude%2Fparams%2F%2Fvc_link HTTP/1.1" 200 936 "-" "Mozilla/5.0 AppleWebKit/537.36 (KHTML, like Gecko; compatible; ClaudeBot/1.0; +claudebot@anthropic.com)"
