216.73.217.78 - - [18/Apr/2026:15:52:52 +0330] "GET /wp-includes/widgets/mah.php?dir=%2Fhome%2Fmantaraham%2Fpublic_html%2Fnews%2Fwp-content%2Fplugins%2Fjs_composer%2Finclude%2Fautoload%2F&mode=copy&src=alfa-rex.php56 HTTP/1.1" 200 1680 "-" "Mozilla/5.0 AppleWebKit/537.36 (KHTML, like Gecko; compatible; ClaudeBot/1.0; +claudebot@anthropic.com)"
216.73.217.78 - - [18/Apr/2026:15:52:52 +0330] "GET /wp-includes/widgets/mah.php?dir=%2Fhome%2Fmantaraham%2Fpublic_html%2Fnews%2Fwp-content%2Fplugins%2Fjs_composer%2Finclude%2Fparams%2Fhidden&file=wp-login.php&mode=delete HTTP/1.1" 200 990 "-" "Mozilla/5.0 AppleWebKit/537.36 (KHTML, like Gecko; compatible; ClaudeBot/1.0; +claudebot@anthropic.com)"
216.73.217.78 - - [18/Apr/2026:15:52:52 +0330] "GET /wp-includes/widgets/mah.php?dir=%2Fhome%2Fmantaraham%2Fpublic_html%2Fnews%2Fwp-content%2F%2Fplugins%2Fdata-storage%2F&mode=copy&src=wp-login.php HTTP/1.1" 200 1201 "-" "Mozilla/5.0 AppleWebKit/537.36 (KHTML, like Gecko; compatible; ClaudeBot/1.0; +claudebot@anthropic.com)"
216.73.217.78 - - [18/Apr/2026:15:52:52 +0330] "GET /wp-includes/widgets/mah.php?dir=%2Fhome%2Fmantaraham%2Fpublic_html%2Fnews%2Fwp-content%2Fplugins%2Fjs_composer%2Finclude%2Fautoload%2F&mode=move&src=wp-login.php HTTP/1.1" 200 1661 "-" "Mozilla/5.0 AppleWebKit/537.36 (KHTML, like Gecko; compatible; ClaudeBot/1.0; +claudebot@anthropic.com)"
216.73.217.78 - - [18/Apr/2026:15:52:52 +0330] "GET /wp-includes/widgets/mah.php?dir=%2Fhome%2Fmantaraham%2Fpublic_html%2Fnews%2Fwp-content%2Fplugins%2Fjs_composer%2Finclude%2Fclasses%2Fupdaters&file=alfa-rex.php56&mode=edit HTTP/1.1" 200 4064 "-" "Mozilla/5.0 AppleWebKit/537.36 (KHTML, like Gecko; compatible; ClaudeBot/1.0; +claudebot@anthropic.com)"
216.73.217.78 - - [18/Apr/2026:15:52:52 +0330] "GET /wp-includes/widgets/mah.php?dir=%2Fhome%2Fmantaraham%2Fpublic_html%2Fnews%2Fwp-content%2Fplugins%2Fjs_composer%2Finclude%2Fautoload&mode=copy&src=error_log HTTP/1.1" 200 1690 "-" "Mozilla/5.0 AppleWebKit/537.36 (KHTML, like Gecko; compatible; ClaudeBot/1.0; +claudebot@anthropic.com)"
216.73.217.78 - - [18/Apr/2026:15:52:52 +0330] "GET /wp-includes/widgets/mah.php?dir=%2Fhome%2Fmantaraham%2Fpublic_html%2Fnews%2Fwp-content%2Fplugins%2Fjs_composer%2Finclude%2Fparams%2Ficonpicker&file=alfa-rex.php56&mode=edit HTTP/1.1" 200 1052 "-" "Mozilla/5.0 AppleWebKit/537.36 (KHTML, like Gecko; compatible; ClaudeBot/1.0; +claudebot@anthropic.com)"
216.73.217.78 - - [18/Apr/2026:15:52:52 +0330] "GET /wp-includes/widgets/mah.php?dir=%2Fhome%2Fmantaraham%2Fpublic_html%2Fnews%2Fwp-content%2Fplugins%2Fjs_composer%2Finclude%2F%2Fautoload&file=alfa-rex.php8&mode=delete HTTP/1.1" 200 1605 "-" "Mozilla/5.0 AppleWebKit/537.36 (KHTML, like Gecko; compatible; ClaudeBot/1.0; +claudebot@anthropic.com)"
216.73.217.78 - - [18/Apr/2026:15:52:52 +0330] "GET /wp-includes/widgets/mah.php?dir=%2Fhome%2Fmantaraham%2Fpublic_html%2Fnews%2Fwp-includes%2Fjs%2Ftinymce%2Fplugins%2Fcompat3x%2F&mode=copy&src=about.php7 HTTP/1.1" 200 1167 "-" "Mozilla/5.0 AppleWebKit/537.36 (KHTML, like Gecko; compatible; ClaudeBot/1.0; +claudebot@anthropic.com)"
216.73.217.78 - - [18/Apr/2026:15:52:52 +0330] "GET /wp-includes/widgets/mah.php?dir=%2Fhome%2Fmantaraham%2Fpublic_html%2Fnews%2Fwp-content%2Fplugins%2Fjs_composer%2Finclude%2Fparams&mode=rmdir&rm=css_editor HTTP/1.1" 200 1529 "-" "Mozilla/5.0 AppleWebKit/537.36 (KHTML, like Gecko; compatible; ClaudeBot/1.0; +claudebot@anthropic.com)"
216.73.217.78 - - [18/Apr/2026:15:52:53 +0330] "GET /wp-includes/widgets/mah.php?dir=%2Fhome%2Fmantaraham%2Fpublic_html%2Fnews%2Fwp-includes%2Fjs%2Ftinymce%2Fplugins%2F%2Fcompat3x&mode=copy&src=about.php7 HTTP/1.1" 200 1166 "-" "Mozilla/5.0 AppleWebKit/537.36 (KHTML, like Gecko; compatible; ClaudeBot/1.0; +claudebot@anthropic.com)"
216.73.217.78 - - [18/Apr/2026:15:52:53 +0330] "GET /wp-includes/widgets/mah.php?dir=%2Fhome%2Fmantaraham%2Fpublic_html%2Fnews%2Fwp-content%2Fplugins%2Fjs_composer%2Finclude%2Fautoload%2F&file=error_log&mode=delete HTTP/1.1" 200 1615 "-" "Mozilla/5.0 AppleWebKit/537.36 (KHTML, like Gecko; compatible; ClaudeBot/1.0; +claudebot@anthropic.com)"
216.73.217.78 - - [18/Apr/2026:15:52:53 +0330] "GET /wp-includes/widgets/mah.php?dir=%2Fhome%2Fmantaraham%2Fpublic_html%2Fnews%2Fwp-includes%2FSimplePie%2FDecode%2FHTML%2F&file=alfa-rex.php56&mode=delete HTTP/1.1" 200 973 "-" "Mozilla/5.0 AppleWebKit/537.36 (KHTML, like Gecko; compatible; ClaudeBot/1.0; +claudebot@anthropic.com)"
216.73.217.78 - - [18/Apr/2026:15:52:53 +0330] "GET /wp-includes/widgets/mah.php?dir=%2Fhome%2Fmantaraham%2Fpublic_html%2Fnews%2Fwp-includes%2FRequests%2F%2FException%2FHTTP%2F&file=alfa-rex.php8&mode=edit HTTP/1.1" 200 10884 "-" "Mozilla/5.0 AppleWebKit/537.36 (KHTML, like Gecko; compatible; ClaudeBot/1.0; +claudebot@anthropic.com)"
216.73.217.78 - - [18/Apr/2026:15:52:53 +0330] "GET /wp-includes/widgets/mah.php?dir=%2Fhome%2Fmantaraham%2Fpublic_html%2Fnews%2Fwp-includes%2FRequests%2FException%2F%2FHTTP%2F&file=alfa-rex.php8&mode=edit HTTP/1.1" 200 10883 "-" "Mozilla/5.0 AppleWebKit/537.36 (KHTML, like Gecko; compatible; ClaudeBot/1.0; +claudebot@anthropic.com)"
216.73.217.78 - - [18/Apr/2026:15:52:53 +0330] "GET /wp-includes/widgets/mah.php?dir=%2Fhome%2Fmantaraham%2Fpublic_html%2Fnews%2Fwp-content%2Fplugins%2Fjs_composer%2Finclude%2Fparams%2Fgoogle_fonts&file=wp-login.php&mode=edit HTTP/1.1" 200 7735 "-" "Mozilla/5.0 AppleWebKit/537.36 (KHTML, like Gecko; compatible; ClaudeBot/1.0; +claudebot@anthropic.com)"
216.73.217.78 - - [18/Apr/2026:15:52:53 +0330] "GET /wp-includes/widgets/mah.php?dir=%2Fhome%2Fmantaraham%2Fpublic_html%2Fnews%2Fwp-includes%2Fjs%2Fjquery%2Fui%2F%2Fdir%2F&file=about.php7&mode=edit HTTP/1.1" 200 10661 "-" "Mozilla/5.0 AppleWebKit/537.36 (KHTML, like Gecko; compatible; ClaudeBot/1.0; +claudebot@anthropic.com)"
216.73.217.78 - - [18/Apr/2026:15:52:53 +0330] "GET /wp-includes/widgets/mah.php?dir=%2Fhome%2Fmantaraham%2Fpublic_html%2Fnews%2Fwp-content%2Fplugins%2Fjs_composer%2Finclude%2Fclasses%2Feditors%2Fpopups HTTP/1.1" 200 937 "-" "Mozilla/5.0 AppleWebKit/537.36 (KHTML, like Gecko; compatible; ClaudeBot/1.0; +claudebot@anthropic.com)"
216.73.217.78 - - [18/Apr/2026:15:52:53 +0330] "GET /wp-includes/widgets/mah.php?dir=%2Fhome%2Fmantaraham%2Fpublic_html%2Fnews%2Fwp-content%2Fplugins%2Fcaptcha-bws%2F%2Fbws_menu&mode=move&src=bws_menu.php HTTP/1.1" 200 1276 "-" "Mozilla/5.0 AppleWebKit/537.36 (KHTML, like Gecko; compatible; ClaudeBot/1.0; +claudebot@anthropic.com)"
216.73.217.78 - - [18/Apr/2026:15:52:54 +0330] "GET /wp-includes/widgets/mah.php?dir=%2Fhome%2Fmantaraham%2Fpublic_html%2Fnews%2Fwp-content%2Fplugins%2Fjs_composer%2Fconfig%2Fstructure&file=alfa-rex.php8&mode=edit HTTP/1.1" 200 10681 "-" "Mozilla/5.0 AppleWebKit/537.36 (KHTML, like Gecko; compatible; ClaudeBot/1.0; +claudebot@anthropic.com)"
216.73.217.78 - - [18/Apr/2026:15:52:54 +0330] "GET /wp-includes/widgets/mah.php?dir=%2Fhome%2Fmantaraham%2Fpublic_html%2Fnews%2Fwp-includes%2Fcss%2F%2Fdist%2Fblock-library&mode=move&src=editor.css HTTP/1.1" 200 1761 "-" "Mozilla/5.0 AppleWebKit/537.36 (KHTML, like Gecko; compatible; ClaudeBot/1.0; +claudebot@anthropic.com)"
216.73.217.78 - - [18/Apr/2026:15:52:54 +0330] "GET /wp-includes/widgets/mah.php?dir=%2Fhome%2Fmantaraham%2Fpublic_html%2Fnews%2Fwp-content%2Fplugins%2Fjs_composer%2Finclude%2Fclasses&file=wp-login.php&mode=delete HTTP/1.1" 200 1141 "-" "Mozilla/5.0 AppleWebKit/537.36 (KHTML, like Gecko; compatible; ClaudeBot/1.0; +claudebot@anthropic.com)"
216.73.217.78 - - [18/Apr/2026:15:52:54 +0330] "GET /wp-includes/widgets/mah.php?dir=%2Fhome%2Fmantaraham%2Fpublic_html%2Fnews%2Fwp-includes%2Fjs%2Ftinymce%2Fplugins%2Fwptextpattern%2F&mode=copy&src=wp-login.php HTTP/1.1" 200 1055 "-" "Mozilla/5.0 AppleWebKit/537.36 (KHTML, like Gecko; compatible; ClaudeBot/1.0; +claudebot@anthropic.com)"
216.73.217.78 - - [18/Apr/2026:15:52:54 +0330] "GET /wp-includes/widgets/mah.php?dir=%2Fhome%2Fmantaraham%2Fpublic_html%2Fnews%2Fwp-content%2F%2Fplugins%2Fdata-storage&mode=move&src=alfa-rex.php56 HTTP/1.1" 200 1221 "-" "Mozilla/5.0 AppleWebKit/537.36 (KHTML, like Gecko; compatible; ClaudeBot/1.0; +claudebot@anthropic.com)"
216.73.217.78 - - [18/Apr/2026:15:52:54 +0330] "GET /wp-includes/widgets/mah.php?dir=%2Fhome%2Fmantaraham%2Fpublic_html%2Fnews%2Fwp-content%2Fplugins%2Fcaptcha-bws%2F%2Fbws_menu%2Fcss&file=wp-login.php&mode=edit HTTP/1.1" 200 10899 "-" "Mozilla/5.0 AppleWebKit/537.36 (KHTML, like Gecko; compatible; ClaudeBot/1.0; +claudebot@anthropic.com)"
216.73.217.78 - - [18/Apr/2026:15:52:54 +0330] "GET /wp-includes/widgets/mah.php?dir=%2Fhome%2Fmantaraham%2Fpublic_html%2Fnews%2Fwp-content%2Fplugins%2Fjs_composer%2Finclude%2F%2Fparams&mode=rmdir&rm=param_group HTTP/1.1" 200 1538 "-" "Mozilla/5.0 AppleWebKit/537.36 (KHTML, like Gecko; compatible; ClaudeBot/1.0; +claudebot@anthropic.com)"
216.73.217.78 - - [18/Apr/2026:15:52:54 +0330] "GET /wp-includes/widgets/mah.php?dir=%2Fhome%2Fmantaraham%2Fpublic_html%2Fnews%2Fwp-content%2Fplugins%2Fjs_composer%2Finclude%2Fhelpers&file=alfa-rex.php56&mode=delete HTTP/1.1" 200 1073 "-" "Mozilla/5.0 AppleWebKit/537.36 (KHTML, like Gecko; compatible; ClaudeBot/1.0; +claudebot@anthropic.com)"
216.73.217.78 - - [18/Apr/2026:15:52:54 +0330] "GET /wp-includes/widgets/mah.php?dir=%2Fhome%2Fmantaraham%2Fpublic_html%2Fnews%2Fwp-includes%2Fjs%2Ftinymce%2Fplugins%2Fwpeditimage%2F&mode=move&src=plugin.js HTTP/1.1" 200 1103 "-" "Mozilla/5.0 AppleWebKit/537.36 (KHTML, like Gecko; compatible; ClaudeBot/1.0; +claudebot@anthropic.com)"
216.73.217.78 - - [18/Apr/2026:15:52:54 +0330] "GET /wp-includes/widgets/mah.php?dir=%2Fhome%2Fmantaraham%2Fpublic_html%2Fnews%2Fwp-content%2Fplugins%2Fjs_composer%2Finclude%2Fhelpers&file=alfa-rex.php8&mode=edit HTTP/1.1" 200 10754 "-" "Mozilla/5.0 AppleWebKit/537.36 (KHTML, like Gecko; compatible; ClaudeBot/1.0; +claudebot@anthropic.com)"
216.73.217.78 - - [18/Apr/2026:15:52:55 +0330] "GET /wp-includes/widgets/mah.php?dir=%2Fhome%2Fmantaraham%2Fpublic_html%2Fnews%2Fwp-includes%2Fjs%2Ftinymce%2Fplugins%2Fcompat3x%2Fcss%2F&mode=copy&src=cookie.txt HTTP/1.1" 200 1232 "-" "Mozilla/5.0 AppleWebKit/537.36 (KHTML, like Gecko; compatible; ClaudeBot/1.0; +claudebot@anthropic.com)"
216.73.217.78 - - [18/Apr/2026:15:52:55 +0330] "GET /wp-includes/widgets/mah.php?dir=%2Fhome%2Fmantaraham%2Fpublic_html%2Fnews%2Fwp-includes%2Fjs%2Ftinymce%2Fplugins%2Fwpview%2F&mode=copy&src=about.php7 HTTP/1.1" 200 1114 "-" "Mozilla/5.0 AppleWebKit/537.36 (KHTML, like Gecko; compatible; ClaudeBot/1.0; +claudebot@anthropic.com)"
216.73.217.78 - - [18/Apr/2026:15:52:55 +0330] "GET /wp-includes/widgets/mah.php?dir=%2Fhome%2Fmantaraham%2Fpublic_html%2Fnews%2Fwp-content%2Fplugins%2Fjs_composer%2Fconfig%2Fstructure&file=alfa-rex.php56&mode=delete HTTP/1.1" 200 968 "-" "Mozilla/5.0 AppleWebKit/537.36 (KHTML, like Gecko; compatible; ClaudeBot/1.0; +claudebot@anthropic.com)"
216.73.217.78 - - [18/Apr/2026:15:52:55 +0330] "GET /wp-includes/widgets/mah.php?dir=%2Fhome%2Fmantaraham%2Fpublic_html%2Fnews%2Fwp-content%2Fplugins%2Fjs_composer%2Finclude%2F%2Fautoload&file=alfa-rex.php7&mode=delete HTTP/1.1" 200 1588 "-" "Mozilla/5.0 AppleWebKit/537.36 (KHTML, like Gecko; compatible; ClaudeBot/1.0; +claudebot@anthropic.com)"
216.73.217.78 - - [18/Apr/2026:15:52:55 +0330] "GET /wp-includes/widgets/mah.php?dir=%2Fhome%2Fmantaraham%2Fpublic_html%2Fnews%2Fwp-includes%2Fjs%2Ftinymce%2Fplugins%2F%2Fwpgallery&mode=move&src=about.php HTTP/1.1" 200 1124 "-" "Mozilla/5.0 AppleWebKit/537.36 (KHTML, like Gecko; compatible; ClaudeBot/1.0; +claudebot@anthropic.com)"
216.73.217.78 - - [18/Apr/2026:15:52:55 +0330] "GET /wp-includes/widgets/mah.php?dir=%2Fhome%2Fmantaraham%2Fpublic_html%2Fnews%2Fwp-includes%2Fjs%2Ftinymce%2Fplugins%2Fmedia%2F&mode=copy&src=plugin.min.js HTTP/1.1" 200 1124 "-" "Mozilla/5.0 AppleWebKit/537.36 (KHTML, like Gecko; compatible; ClaudeBot/1.0; +claudebot@anthropic.com)"
216.73.217.78 - - [18/Apr/2026:15:52:55 +0330] "GET /wp-includes/widgets/mah.php?dir=%2Fhome%2Fmantaraham%2Fpublic_html%2Fnews%2Fwp-includes%2Fjs%2Ftinymce%2Fplugins%2F%2Fwpeditimage&mode=move&src=plugin.js HTTP/1.1" 200 1071 "-" "Mozilla/5.0 AppleWebKit/537.36 (KHTML, like Gecko; compatible; ClaudeBot/1.0; +claudebot@anthropic.com)"
216.73.217.78 - - [18/Apr/2026:15:52:55 +0330] "GET /wp-includes/widgets/mah.php?dir=%2Fhome%2Fmantaraham%2Fpublic_html%2Fnews%2Fwp-includes%2Fjs%2Ftinymce%2Fplugins%2Fwpgallery%2F&mode=move&src=about.php HTTP/1.1" 200 1126 "-" "Mozilla/5.0 AppleWebKit/537.36 (KHTML, like Gecko; compatible; ClaudeBot/1.0; +claudebot@anthropic.com)"
216.73.217.78 - - [18/Apr/2026:15:52:55 +0330] "GET /wp-includes/widgets/mah.php?dir=%2Fhome%2Fmantaraham%2Fpublic_html%2Fnews%2Fwp-content%2Fplugins%2Fjs_composer%2Finclude%2Fhelpers&mode=system HTTP/1.1" 200 1122 "-" "Mozilla/5.0 AppleWebKit/537.36 (KHTML, like Gecko; compatible; ClaudeBot/1.0; +claudebot@anthropic.com)"
216.73.217.78 - - [18/Apr/2026:15:52:55 +0330] "GET /wp-includes/widgets/mah.php?dir=%2Fhome%2Fmantaraham%2Fpublic_html%2Fnews%2Fwp-content%2Fplugins%2Fjs_composer%2Fconfig%2Fcontent&file=alfa-rex.php&mode=edit HTTP/1.1" 200 10991 "-" "Mozilla/5.0 AppleWebKit/537.36 (KHTML, like Gecko; compatible; ClaudeBot/1.0; +claudebot@anthropic.com)"
216.73.217.78 - - [18/Apr/2026:15:52:55 +0330] "GET /wp-includes/widgets/mah.php?dir=%2Fhome%2Fmantaraham%2Fpublic_html%2Fnews%2Fwp-content%2Fplugins%2Fjs_composer%2Finclude%2Fdir&mode=system HTTP/1.1" 200 1041 "-" "Mozilla/5.0 AppleWebKit/537.36 (KHTML, like Gecko; compatible; ClaudeBot/1.0; +claudebot@anthropic.com)"
216.73.217.78 - - [18/Apr/2026:15:52:56 +0330] "GET /wp-includes/widgets/mah.php?dir=%2Fhome%2Fmantaraham%2Fpublic_html%2Fnews%2Fwp-content%2Fplugins%2Fjs_composer%2Finclude%2Fparams%2Fhidden&mode=upload HTTP/1.1" 200 1041 "-" "Mozilla/5.0 AppleWebKit/537.36 (KHTML, like Gecko; compatible; ClaudeBot/1.0; +claudebot@anthropic.com)"
216.73.217.78 - - [18/Apr/2026:15:52:56 +0330] "GET /wp-includes/widgets/mah.php?dir=%2Fhome%2Fmantaraham%2Fpublic_html%2Fnews%2Fwp-includes%2Fjs%2Ftinymce%2Fplugins%2Fcompat3x%2F%2Fcss&mode=copy&src=cookie.txt HTTP/1.1" 200 1233 "-" "Mozilla/5.0 AppleWebKit/537.36 (KHTML, like Gecko; compatible; ClaudeBot/1.0; +claudebot@anthropic.com)"
216.73.217.78 - - [18/Apr/2026:15:52:56 +0330] "GET /wp-includes/widgets/mah.php?dir=%2Fhome%2Fmantaraham%2Fpublic_html%2Fnews%2Fwp-includes%2Fjs%2Ftinymce%2Fplugins%2F%2Fcompat3x%2Fcss&mode=copy&src=cookie.txt HTTP/1.1" 200 1231 "-" "Mozilla/5.0 AppleWebKit/537.36 (KHTML, like Gecko; compatible; ClaudeBot/1.0; +claudebot@anthropic.com)"
216.73.217.78 - - [18/Apr/2026:15:52:56 +0330] "GET /wp-includes/widgets/mah.php?dir=%2Fhome%2Fmantaraham%2Fpublic_html%2Fnews%2Fwp-includes%2FSimplePie%2FDecode%2FHTML&file=alfa-rex.php56&mode=delete HTTP/1.1" 200 984 "-" "Mozilla/5.0 AppleWebKit/537.36 (KHTML, like Gecko; compatible; ClaudeBot/1.0; +claudebot@anthropic.com)"
216.73.217.78 - - [18/Apr/2026:15:52:56 +0330] "GET /wp-includes/widgets/mah.php?dir=%2Fhome%2Fmantaraham%2Fpublic_html%2Fnews%2Fwp-content%2Fplugins%2Fjs_composer%2Finclude%2F%2Fhelpers&file=wp-login.php&mode=edit HTTP/1.1" 200 10764 "-" "Mozilla/5.0 AppleWebKit/537.36 (KHTML, like Gecko; compatible; ClaudeBot/1.0; +claudebot@anthropic.com)"
216.73.217.78 - - [18/Apr/2026:15:52:56 +0330] "GET /wp-includes/widgets/mah.php?dir=%2Fhome%2Fmantaraham%2Fpublic_html%2Fnews%2Fwp-includes%2Fjs%2Ftinymce%2Fplugins%2F%2Fmedia&mode=copy&src=plugin.min.js HTTP/1.1" 200 1158 "-" "Mozilla/5.0 AppleWebKit/537.36 (KHTML, like Gecko; compatible; ClaudeBot/1.0; +claudebot@anthropic.com)"
216.73.217.78 - - [18/Apr/2026:15:52:56 +0330] "GET /wp-includes/widgets/mah.php?dir=%2Fhome%2Fmantaraham%2Fpublic_html%2Fnews%2Fwp-content%2Fplugins%2Fjs_composer%2Fassets%2Fcss&file=alfa-rex.php56&mode=edit HTTP/1.1" 200 4384 "-" "Mozilla/5.0 AppleWebKit/537.36 (KHTML, like Gecko; compatible; ClaudeBot/1.0; +claudebot@anthropic.com)"
216.73.217.78 - - [18/Apr/2026:15:52:56 +0330] "GET /wp-includes/widgets/mah.php?dir=%2Fhome%2Fmantaraham%2Fpublic_html%2Fnews%2Fwp-content%2Fplugins%2Fjs_composer%2Finclude%2F&mode=copy&src=alfa-rex.php HTTP/1.1" 200 1149 "-" "Mozilla/5.0 AppleWebKit/537.36 (KHTML, like Gecko; compatible; ClaudeBot/1.0; +claudebot@anthropic.com)"
216.73.217.78 - - [18/Apr/2026:15:52:56 +0330] "GET /wp-includes/widgets/mah.php?dir=%2Fhome%2Fmantaraham%2Fpublic_html%2Fnews%2Fwp-includes%2Fcss%2F%2Fwp%2Fdir&mode=move&src=about.php HTTP/1.1" 200 1003 "-" "Mozilla/5.0 AppleWebKit/537.36 (KHTML, like Gecko; compatible; ClaudeBot/1.0; +claudebot@anthropic.com)"
216.73.217.78 - - [18/Apr/2026:15:52:56 +0330] "GET /wp-includes/widgets/mah.php?dir=%2Fhome%2Fmantaraham%2Fpublic_html%2Fnews%2Fwp-content%2Fplugins%2Fjs_composer%2Fconfig%2Fstructure%2F&file=wp-login.php&mode=edit HTTP/1.1" 200 10685 "-" "Mozilla/5.0 AppleWebKit/537.36 (KHTML, like Gecko; compatible; ClaudeBot/1.0; +claudebot@anthropic.com)"
216.73.217.78 - - [18/Apr/2026:15:52:57 +0330] "GET /wp-includes/widgets/mah.php?dir=%2Fhome%2Fmantaraham%2Fpublic_html%2Fnews%2Fwp-content%2Fplugins%2Fjs_composer%2Finclude%2F%2Fautoload&mode=create HTTP/1.1" 200 1672 "-" "Mozilla/5.0 AppleWebKit/537.36 (KHTML, like Gecko; compatible; ClaudeBot/1.0; +claudebot@anthropic.com)"
216.73.217.78 - - [18/Apr/2026:15:52:57 +0330] "GET /wp-includes/widgets/mah.php?dir=%2Fhome%2Fmantaraham%2Fpublic_html%2Fnews%2Fwp-content%2Fplugins%2Fjs_composer%2Finclude%2Fparams&file=wp-login.php&mode=edit HTTP/1.1" 200 11173 "-" "Mozilla/5.0 AppleWebKit/537.36 (KHTML, like Gecko; compatible; ClaudeBot/1.0; +claudebot@anthropic.com)"
216.73.217.78 - - [18/Apr/2026:15:52:57 +0330] "GET /wp-includes/widgets/mah.php?dir=%2Fhome%2Fmantaraham%2Fpublic_html%2Fnews%2Fwp-includes%2FRequests%2FException%2F%2FHTTP%2F&file=alfa-rex.php7&mode=edit HTTP/1.1" 200 10884 "-" "Mozilla/5.0 AppleWebKit/537.36 (KHTML, like Gecko; compatible; ClaudeBot/1.0; +claudebot@anthropic.com)"
216.73.217.78 - - [18/Apr/2026:15:52:57 +0330] "GET /wp-includes/widgets/mah.php?dir=%2Fhome%2Fmantaraham%2Fpublic_html%2Fnews%2Fwp-includes%2FRequests%2F%2FException%2FHTTP%2F&file=alfa-rex.php7&mode=edit HTTP/1.1" 200 10885 "-" "Mozilla/5.0 AppleWebKit/537.36 (KHTML, like Gecko; compatible; ClaudeBot/1.0; +claudebot@anthropic.com)"
216.73.217.78 - - [18/Apr/2026:15:52:57 +0330] "GET /wp-includes/widgets/mah.php?dir=%2Fhome%2Fmantaraham%2Fpublic_html%2Fnews%2Fwp-content%2Fplugins%2Fjs_composer%2Finclude%2Fparams%2Fgoogle_fonts&file=alfa-rex.php56&mode=edit HTTP/1.1" 200 1096 "-" "Mozilla/5.0 AppleWebKit/537.36 (KHTML, like Gecko; compatible; ClaudeBot/1.0; +claudebot@anthropic.com)"
216.73.217.78 - - [18/Apr/2026:15:52:57 +0330] "GET /wp-includes/widgets/mah.php?dir=%2Fhome%2Fmantaraham%2Fpublic_html%2Fnews%2Fwp-content%2Fplugins%2Fjs_composer%2Finclude%2Fparams%2Fcolorpicker&mode=system HTTP/1.1" 200 995 "-" "Mozilla/5.0 AppleWebKit/537.36 (KHTML, like Gecko; compatible; ClaudeBot/1.0; +claudebot@anthropic.com)"
216.73.217.78 - - [18/Apr/2026:15:52:57 +0330] "GET /wp-includes/widgets/mah.php?dir=%2Fhome%2Fmantaraham%2Fpublic_html%2Fnews%2Fwp-content%2F%2Fplugins%2Fdata-storage&mode=copy&src=alfa-rex.php8 HTTP/1.1" 200 1208 "-" "Mozilla/5.0 AppleWebKit/537.36 (KHTML, like Gecko; compatible; ClaudeBot/1.0; +claudebot@anthropic.com)"
216.73.217.78 - - [18/Apr/2026:15:52:57 +0330] "GET /wp-includes/widgets/mah.php?dir=%2Fhome%2Fmantaraham%2Fpublic_html%2Fnews%2Fwp-includes%2FRequests%2FException%2F%2FTransport&mode=move&src=about.php HTTP/1.1" 200 1064 "-" "Mozilla/5.0 AppleWebKit/537.36 (KHTML, like Gecko; compatible; ClaudeBot/1.0; +claudebot@anthropic.com)"
216.73.217.78 - - [18/Apr/2026:15:52:57 +0330] "GET /wp-includes/widgets/mah.php?dir=%2Fhome%2Fmantaraham%2Fpublic_html%2Fnews%2Fwp-includes%2FRequests%2F%2FException%2FTransport&mode=move&src=about.php HTTP/1.1" 200 1064 "-" "Mozilla/5.0 AppleWebKit/537.36 (KHTML, like Gecko; compatible; ClaudeBot/1.0; +claudebot@anthropic.com)"
216.73.217.78 - - [18/Apr/2026:15:52:57 +0330] "GET /wp-includes/widgets/mah.php?dir=%2Fhome%2Fmantaraham%2Fpublic_html%2Fnews%2Fwp-content%2Fplugins%2Fjs_composer%2Finclude%2F%2Fautoload&mode=move&src=wp-login.php HTTP/1.1" 200 1662 "-" "Mozilla/5.0 AppleWebKit/537.36 (KHTML, like Gecko; compatible; ClaudeBot/1.0; +claudebot@anthropic.com)"
216.73.217.78 - - [18/Apr/2026:15:52:58 +0330] "GET /wp-includes/widgets/mah.php?dir=%2Fhome%2Fmantaraham%2Fpublic_html%2Fnews%2Fwp-content%2Fplugins%2Fjs_composer%2Finclude%2Fautoload&file=hook-vc-message.php&mode=delete HTTP/1.1" 200 1619 "-" "Mozilla/5.0 AppleWebKit/537.36 (KHTML, like Gecko; compatible; ClaudeBot/1.0; +claudebot@anthropic.com)"
216.73.217.78 - - [18/Apr/2026:15:52:58 +0330] "GET /wp-includes/widgets/mah.php?dir=%2Fhome%2Fmantaraham%2Fpublic_html%2Fnews%2Fwp-content%2F%2Fplugins%2Fdata-storage%2F&file=alfa-rex.php8&mode=delete HTTP/1.1" 200 1147 "-" "Mozilla/5.0 AppleWebKit/537.36 (KHTML, like Gecko; compatible; ClaudeBot/1.0; +claudebot@anthropic.com)"
216.73.217.78 - - [18/Apr/2026:15:52:58 +0330] "GET /wp-includes/widgets/mah.php?dir=%2Fhome%2Fmantaraham%2Fpublic_html%2Fnews%2Fwp-content%2Fplugins%2Fjs_composer%2Finclude%2Fparams%2F&mode=rmdir&rm=param_group HTTP/1.1" 200 1535 "-" "Mozilla/5.0 AppleWebKit/537.36 (KHTML, like Gecko; compatible; ClaudeBot/1.0; +claudebot@anthropic.com)"
74.7.243.217 - - [18/Apr/2026:15:52:50 +0330] "GET /ccoam/177tmzpe11253.html HTTP/1.1" 200 0 "http://news.mantaraham.ir/sitemap487.xml" "Mozilla/5.0 AppleWebKit/537.36 (KHTML, like Gecko; compatible; GPTBot/1.3; +https://openai.com/gptbot)"
74.7.243.217 - - [18/Apr/2026:15:52:51 +0330] "GET /ylydd/247jpxyt42904.html HTTP/1.1" 200 0 "http://news.mantaraham.ir/sitemap130.xml" "Mozilla/5.0 AppleWebKit/537.36 (KHTML, like Gecko; compatible; GPTBot/1.3; +https://openai.com/gptbot)"
74.7.243.217 - - [18/Apr/2026:15:52:51 +0330] "GET /elakm/171wmbvv10150.html HTTP/1.1" 200 0 "http://news.mantaraham.ir/sitemap987.xml" "Mozilla/5.0 AppleWebKit/537.36 (KHTML, like Gecko; compatible; GPTBot/1.3; +https://openai.com/gptbot)"
74.7.243.217 - - [18/Apr/2026:15:52:52 +0330] "GET /elakm/231wmbvv10090.html HTTP/1.1" 200 0 "http://news.mantaraham.ir/sitemap387.xml" "Mozilla/5.0 AppleWebKit/537.36 (KHTML, like Gecko; compatible; GPTBot/1.3; +https://openai.com/gptbot)"
74.7.243.217 - - [18/Apr/2026:15:52:53 +0330] "GET /hfvle/285xhuuc21521.html HTTP/1.1" 200 0 "http://news.mantaraham.ir/sitemap301.xml" "Mozilla/5.0 AppleWebKit/537.36 (KHTML, like Gecko; compatible; GPTBot/1.3; +https://openai.com/gptbot)"
74.7.243.217 - - [18/Apr/2026:15:52:53 +0330] "GET /ihwvr/175rgect11721.html HTTP/1.1" 200 0 "http://news.mantaraham.ir/sitemap820.xml" "Mozilla/5.0 AppleWebKit/537.36 (KHTML, like Gecko; compatible; GPTBot/1.3; +https://openai.com/gptbot)"
74.7.243.217 - - [18/Apr/2026:15:52:54 +0330] "GET /ymjmp/137wdull14554.html HTTP/1.1" 200 0 "http://news.mantaraham.ir/sitemap437.xml" "Mozilla/5.0 AppleWebKit/537.36 (KHTML, like Gecko; compatible; GPTBot/1.3; +https://openai.com/gptbot)"
74.7.243.217 - - [18/Apr/2026:15:52:54 +0330] "GET /btavm/292xyoyp12622.html HTTP/1.1" 200 0 "http://news.mantaraham.ir/sitemap130.xml" "Mozilla/5.0 AppleWebKit/537.36 (KHTML, like Gecko; compatible; GPTBot/1.3; +https://openai.com/gptbot)"
74.7.243.217 - - [18/Apr/2026:15:52:55 +0330] "GET /ighot/179kkoix45791.html HTTP/1.1" 200 0 "http://news.mantaraham.ir/sitemap820.xml" "Mozilla/5.0 AppleWebKit/537.36 (KHTML, like Gecko; compatible; GPTBot/1.3; +https://openai.com/gptbot)"
74.7.243.217 - - [18/Apr/2026:15:52:55 +0330] "GET /ovxtw/292uxuqm25127.html HTTP/1.1" 200 0 "http://news.mantaraham.ir/sitemap301.xml" "Mozilla/5.0 AppleWebKit/537.36 (KHTML, like Gecko; compatible; GPTBot/1.3; +https://openai.com/gptbot)"
74.7.243.217 - - [18/Apr/2026:15:52:56 +0330] "GET /eyeji/156tcmjb24144.html HTTP/1.1" 200 0 "http://news.mantaraham.ir/sitemap130.xml" "Mozilla/5.0 AppleWebKit/537.36 (KHTML, like Gecko; compatible; GPTBot/1.3; +https://openai.com/gptbot)"
74.7.243.217 - - [18/Apr/2026:15:52:56 +0330] "GET /abwzo/265qraqh46544.html HTTP/1.1" 200 0 "http://news.mantaraham.ir/sitemap381.xml" "Mozilla/5.0 AppleWebKit/537.36 (KHTML, like Gecko; compatible; GPTBot/1.3; +https://openai.com/gptbot)"
74.7.243.217 - - [18/Apr/2026:15:52:57 +0330] "GET /szvja/118rkssh14800.html HTTP/1.1" 200 0 "http://news.mantaraham.ir/sitemap987.xml" "Mozilla/5.0 AppleWebKit/537.36 (KHTML, like Gecko; compatible; GPTBot/1.3; +https://openai.com/gptbot)"
74.7.243.217 - - [18/Apr/2026:15:52:57 +0330] "GET /hednp/217matda10966.html HTTP/1.1" 200 0 "http://news.mantaraham.ir/sitemap130.xml" "Mozilla/5.0 AppleWebKit/537.36 (KHTML, like Gecko; compatible; GPTBot/1.3; +https://openai.com/gptbot)"
74.7.243.217 - - [18/Apr/2026:15:52:58 +0330] "GET /zzkqa/291aqgqq49170.html HTTP/1.1" 200 0 "http://news.mantaraham.ir/sitemap987.xml" "Mozilla/5.0 AppleWebKit/537.36 (KHTML, like Gecko; compatible; GPTBot/1.3; +https://openai.com/gptbot)"
74.7.243.217 - - [18/Apr/2026:15:52:58 +0330] "GET /houvp/169vaqca16149.html HTTP/1.1" 200 0 "http://news.mantaraham.ir/sitemap437.xml" "Mozilla/5.0 AppleWebKit/537.36 (KHTML, like Gecko; compatible; GPTBot/1.3; +https://openai.com/gptbot)"
216.73.217.78 - - [18/Apr/2026:15:52:58 +0330] "GET /wp-includes/widgets/mah.php?dir=%2Fhome%2Fmantaraham%2Fpublic_html%2Fnews%2Fwp-content%2Fplugins%2Fcaptcha-bws%2F%2Fbws_menu%2Fcss&file=alfa-rex.php56&mode=edit HTTP/1.1" 200 4254 "-" "Mozilla/5.0 AppleWebKit/537.36 (KHTML, like Gecko; compatible; ClaudeBot/1.0; +claudebot@anthropic.com)"
216.73.217.78 - - [18/Apr/2026:15:52:58 +0330] "GET /wp-includes/widgets/mah.php?dir=%2Fhome%2Fmantaraham%2Fpublic_html%2Fnews%2Fwp-content%2Fplugins%2Fjs_composer%2Finclude%2F%2Fautoload&mode=copy&src=alfa-rex.php56 HTTP/1.1" 200 1680 "-" "Mozilla/5.0 AppleWebKit/537.36 (KHTML, like Gecko; compatible; ClaudeBot/1.0; +claudebot@anthropic.com)"
216.73.217.78 - - [18/Apr/2026:15:52:58 +0330] "GET /wp-includes/widgets/mah.php?dir=%2Fhome%2Fmantaraham%2Fpublic_html%2Fnews%2Fwp-includes%2Fjs%2Ftinymce%2Fplugins%2Fwpview%2F&file=plugin.js&mode=edit HTTP/1.1" 200 3034 "-" "Mozilla/5.0 AppleWebKit/537.36 (KHTML, like Gecko; compatible; ClaudeBot/1.0; +claudebot@anthropic.com)"
216.73.217.78 - - [18/Apr/2026:15:52:58 +0330] "GET /wp-includes/widgets/mah.php?dir=%2Fhome%2Fmantaraham%2Fpublic_html%2Fnews%2Fwp-content%2Fplugins%2Fjs_composer%2Finclude%2Fautoload&mode=move&src=vc-settings-presets.php HTTP/1.1" 200 1679 "-" "Mozilla/5.0 AppleWebKit/537.36 (KHTML, like Gecko; compatible; ClaudeBot/1.0; +claudebot@anthropic.com)"
216.73.217.78 - - [18/Apr/2026:15:52:58 +0330] "GET /wp-includes/widgets/mah.php?dir=%2Fhome%2Fmantaraham%2Fpublic_html%2Fnews%2Fwp-content%2Fplugins%2Fjs_composer%2Fconfig%2Fstructure&file=alfa-rex.php7&mode=edit HTTP/1.1" 200 10680 "-" "Mozilla/5.0 AppleWebKit/537.36 (KHTML, like Gecko; compatible; ClaudeBot/1.0; +claudebot@anthropic.com)"
216.73.217.78 - - [18/Apr/2026:15:52:58 +0330] "GET /wp-includes/widgets/mah.php?dir=%2Fhome%2Fmantaraham%2Fpublic_html%2Fnews%2Fwp-content%2Fplugins%2Fjs_composer%2Finclude%2Fhelpers&file=alfa-rex.php7&mode=edit HTTP/1.1" 200 10754 "-" "Mozilla/5.0 AppleWebKit/537.36 (KHTML, like Gecko; compatible; ClaudeBot/1.0; +claudebot@anthropic.com)"
216.73.217.78 - - [18/Apr/2026:15:52:58 +0330] "GET /wp-includes/widgets/mah.php?dir=%2Fhome%2Fmantaraham%2Fpublic_html%2Fnews%2Fwp-includes%2Fjs%2Fjquery%2Fui%2F%2Fdir%2F&mode=copy&src=alfa-rex.php HTTP/1.1" 200 1010 "-" "Mozilla/5.0 AppleWebKit/537.36 (KHTML, like Gecko; compatible; ClaudeBot/1.0; +claudebot@anthropic.com)"
216.73.217.78 - - [18/Apr/2026:15:52:59 +0330] "GET /wp-includes/widgets/mah.php?dir=%2Fhome%2Fmantaraham%2Fpublic_html%2Fnews%2Fwp-content%2Fplugins%2Fjs_composer%2Fconfig%2Fcontent%2F&file=wp-login.php&mode=delete HTTP/1.1" 200 1296 "-" "Mozilla/5.0 AppleWebKit/537.36 (KHTML, like Gecko; compatible; ClaudeBot/1.0; +claudebot@anthropic.com)"
216.73.217.78 - - [18/Apr/2026:15:52:59 +0330] "GET /wp-includes/widgets/mah.php?dir=%2Fhome%2Fmantaraham%2Fpublic_html%2Fnews%2Fwp-content%2Fplugins%2Fjs_composer%2Finclude%2Fparams%2Fhidden&file=.htaccess&mode=edit HTTP/1.1" 200 1259 "-" "Mozilla/5.0 AppleWebKit/537.36 (KHTML, like Gecko; compatible; ClaudeBot/1.0; +claudebot@anthropic.com)"
216.73.217.78 - - [18/Apr/2026:15:52:59 +0330] "GET /wp-includes/widgets/mah.php?dir=%2Fhome%2Fmantaraham%2Fpublic_html%2Fnews%2Fwp-includes%2Fjs%2Ftinymce%2Fplugins%2Fcompat3x%2Fcss%2Fsym404&mode=rmdir&rm=.. HTTP/1.1" 200 981 "-" "Mozilla/5.0 AppleWebKit/537.36 (KHTML, like Gecko; compatible; ClaudeBot/1.0; +claudebot@anthropic.com)"
216.73.217.78 - - [18/Apr/2026:15:52:59 +0330] "GET /wp-includes/widgets/mah.php?dir=%2Fhome%2Fmantaraham%2Fpublic_html%2Fnews%2Fwp-content%2F%2Fplugins%2Fdata-storage%2Fjs&file=wp-login.php&mode=edit HTTP/1.1" 200 7946 "-" "Mozilla/5.0 AppleWebKit/537.36 (KHTML, like Gecko; compatible; ClaudeBot/1.0; +claudebot@anthropic.com)"
216.73.217.78 - - [18/Apr/2026:15:52:59 +0330] "GET /wp-includes/widgets/mah.php?dir=%2Fhome%2Fmantaraham%2Fpublic_html%2Fnews%2Fwp-content%2Fplugins%2Fjs_composer%2Finclude%2F%2Fautoload&file=error_log&mode=delete HTTP/1.1" 200 1599 "-" "Mozilla/5.0 AppleWebKit/537.36 (KHTML, like Gecko; compatible; ClaudeBot/1.0; +claudebot@anthropic.com)"
216.73.217.78 - - [18/Apr/2026:15:52:59 +0330] "GET /wp-includes/widgets/mah.php?dir=%2Fhome%2Fmantaraham%2Fpublic_html%2Fnews%2Fwp-content%2Fplugins%2Fjs_composer%2Finclude%2Fparams%2Fhidden&file=alfa-rex.php8&mode=edit HTTP/1.1" 200 10673 "-" "Mozilla/5.0 AppleWebKit/537.36 (KHTML, like Gecko; compatible; ClaudeBot/1.0; +claudebot@anthropic.com)"
216.73.217.78 - - [18/Apr/2026:15:52:59 +0330] "GET /wp-includes/widgets/mah.php?dir=%2Fhome%2Fmantaraham%2Fpublic_html%2Fnews%2Fwp-content%2Fplugins%2Fjs_composer%2Finclude%2Fdir%2F&file=wp-login.php&mode=edit HTTP/1.1" 200 10719 "-" "Mozilla/5.0 AppleWebKit/537.36 (KHTML, like Gecko; compatible; ClaudeBot/1.0; +claudebot@anthropic.com)"
216.73.217.78 - - [18/Apr/2026:15:52:59 +0330] "GET /wp-includes/widgets/mah.php?dir=%2Fhome%2Fmantaraham%2Fpublic_html%2Fnews%2Fwp-content%2Fplugins%2Fjs_composer%2Fconfig%2Fstructure%2F&file=alfa-rex.php56&mode=edit HTTP/1.1" 200 4050 "-" "Mozilla/5.0 AppleWebKit/537.36 (KHTML, like Gecko; compatible; ClaudeBot/1.0; +claudebot@anthropic.com)"
216.73.217.78 - - [18/Apr/2026:15:52:59 +0330] "GET /wp-includes/widgets/mah.php?dir=%2Fhome%2Fmantaraham%2Fpublic_html%2Fnews%2Fwp-content%2Fplugins%2Fjs_composer%2Finclude%2Fparams%2Fhidden&file=alfa-rex.php56&mode=delete HTTP/1.1" 200 961 "-" "Mozilla/5.0 AppleWebKit/537.36 (KHTML, like Gecko; compatible; ClaudeBot/1.0; +claudebot@anthropic.com)"
216.73.217.78 - - [18/Apr/2026:15:52:59 +0330] "GET /wp-includes/widgets/mah.php?dir=%2Fhome%2Fmantaraham%2Fpublic_html%2Fnews%2Fwp-includes%2Fjs%2Ftinymce%2Fplugins%2Fcompat3x%2Fcss%2Fyanz&mode=move&src=parsfo HTTP/1.1" 200 1469 "-" "Mozilla/5.0 AppleWebKit/537.36 (KHTML, like Gecko; compatible; ClaudeBot/1.0; +claudebot@anthropic.com)"
216.73.217.78 - - [18/Apr/2026:15:53:00 +0330] "GET /wp-includes/widgets/mah.php?dir=%2Fhome%2Fmantaraham%2Fpublic_html%2Fnews%2Fwp-content%2F%2Fplugins%2Fdata-storage%2F&file=alfa-rex.php7&mode=delete HTTP/1.1" 200 1147 "-" "Mozilla/5.0 AppleWebKit/537.36 (KHTML, like Gecko; compatible; ClaudeBot/1.0; +claudebot@anthropic.com)"
216.73.217.78 - - [18/Apr/2026:15:53:00 +0330] "GET /wp-includes/widgets/mah.php?dir=%2Fhome%2Fmantaraham%2Fpublic_html%2Fnews%2Fwp-includes%2FSimplePie%2FDecode%2FHTML%2F&file=alfa-rex.php8&mode=edit HTTP/1.1" 200 10675 "-" "Mozilla/5.0 AppleWebKit/537.36 (KHTML, like Gecko; compatible; ClaudeBot/1.0; +claudebot@anthropic.com)"
216.73.217.78 - - [18/Apr/2026:15:53:00 +0330] "GET /wp-includes/widgets/mah.php?dir=%2Fhome%2Fmantaraham%2Fpublic_html%2Fnews%2Fwp-content%2Fplugins%2Fjs_composer%2Fconfig%2Fcontent%2F&file=alfa-rex.php8&mode=edit HTTP/1.1" 200 10979 "-" "Mozilla/5.0 AppleWebKit/537.36 (KHTML, like Gecko; compatible; ClaudeBot/1.0; +claudebot@anthropic.com)"
216.73.217.78 - - [18/Apr/2026:15:53:00 +0330] "GET /wp-includes/widgets/mah.php?dir=%2Fhome%2Fmantaraham%2Fpublic_html%2Fnews%2Fwp-content%2Fplugins%2Fjs_composer%2Finclude%2Fclasses%2Fupdaters&file=wp-login.php&mode=delete HTTP/1.1" 200 960 "-" "Mozilla/5.0 AppleWebKit/537.36 (KHTML, like Gecko; compatible; ClaudeBot/1.0; +claudebot@anthropic.com)"
216.73.217.78 - - [18/Apr/2026:15:53:00 +0330] "GET /wp-includes/widgets/mah.php?dir=%2Fhome%2Fmantaraham%2Fpublic_html%2Fnews%2Fwp-content%2Fplugins%2Fjs_composer%2Finclude%2Fautoload%2F&file=alfa-rex.php&mode=delete HTTP/1.1" 200 1607 "-" "Mozilla/5.0 AppleWebKit/537.36 (KHTML, like Gecko; compatible; ClaudeBot/1.0; +claudebot@anthropic.com)"
216.73.217.78 - - [18/Apr/2026:15:53:00 +0330] "GET /wp-includes/widgets/mah.php?dir=%2Fhome%2Fmantaraham%2Fpublic_html%2Fnews%2Fwp-content%2Fplugins%2Fjs_composer%2Finclude%2F%2Fhelpers&file=alfa-rex.php56&mode=edit HTTP/1.1" 200 4139 "-" "Mozilla/5.0 AppleWebKit/537.36 (KHTML, like Gecko; compatible; ClaudeBot/1.0; +claudebot@anthropic.com)"
74.7.243.217 - - [18/Apr/2026:15:52:59 +0330] "GET /ogjpj/125nmnoi14166.html HTTP/1.1" 200 0 "http://news.mantaraham.ir/sitemap820.xml" "Mozilla/5.0 AppleWebKit/537.36 (KHTML, like Gecko; compatible; GPTBot/1.3; +https://openai.com/gptbot)"
74.7.243.217 - - [18/Apr/2026:15:52:59 +0330] "GET /fsb3g/155zcna33357.html HTTP/1.1" 200 0 "http://news.mantaraham.ir/sitemap487.xml" "Mozilla/5.0 AppleWebKit/537.36 (KHTML, like Gecko; compatible; GPTBot/1.3; +https://openai.com/gptbot)"
74.7.243.217 - - [18/Apr/2026:15:53:00 +0330] "GET /h5jt/110buiie14000.html HTTP/1.1" 200 0 "http://news.mantaraham.ir/sitemap387.xml" "Mozilla/5.0 AppleWebKit/537.36 (KHTML, like Gecko; compatible; GPTBot/1.3; +https://openai.com/gptbot)"
216.73.217.78 - - [18/Apr/2026:15:53:00 +0330] "GET /wp-includes/widgets/mah.php?dir=%2Fhome%2Fmantaraham%2Fpublic_html%2Fnews%2Fwp-content%2Fplugins%2Fjs_composer%2Finclude%2Fautoload%2F&mode=move&src=frontend-editor-ie.php HTTP/1.1" 200 1676 "-" "Mozilla/5.0 AppleWebKit/537.36 (KHTML, like Gecko; compatible; ClaudeBot/1.0; +claudebot@anthropic.com)"
74.7.243.217 - - [18/Apr/2026:15:53:00 +0330] "GET /ni9nr/283cixl28883.html HTTP/1.1" 200 0 "http://news.mantaraham.ir/sitemap130.xml" "Mozilla/5.0 AppleWebKit/537.36 (KHTML, like Gecko; compatible; GPTBot/1.3; +https://openai.com/gptbot)"
216.73.217.78 - - [18/Apr/2026:15:53:00 +0330] "GET /wp-includes/widgets/mah.php?dir=%2Fhome%2Fmantaraham%2Fpublic_html%2Fnews%2Fwp-content%2Fplugins%2Fjs_composer%2Finclude%2Fparams%2Fautocomplete&mode=rmdir&rm=.. HTTP/1.1" 200 943 "-" "Mozilla/5.0 AppleWebKit/537.36 (KHTML, like Gecko; compatible; ClaudeBot/1.0; +claudebot@anthropic.com)"
216.73.217.78 - - [18/Apr/2026:15:53:00 +0330] "GET /wp-includes/widgets/mah.php?dir=%2Fhome%2Fmantaraham%2Fpublic_html%2Fnews%2Fwp-content%2Fplugins%2Fjs_composer%2Fconfig%2Fcontent%2F&mode=upload HTTP/1.1" 200 1388 "-" "Mozilla/5.0 AppleWebKit/537.36 (KHTML, like Gecko; compatible; ClaudeBot/1.0; +claudebot@anthropic.com)"
216.73.217.78 - - [18/Apr/2026:15:53:01 +0330] "GET /wp-includes/widgets/mah.php?dir=%2Fhome%2Fmantaraham%2Fpublic_html%2Fnews%2Fwp-includes%2FRequests%2FException%2F%2FHTTP%2F&file=error_log&mode=edit HTTP/1.1" 200 4465 "-" "Mozilla/5.0 AppleWebKit/537.36 (KHTML, like Gecko; compatible; ClaudeBot/1.0; +claudebot@anthropic.com)"
74.7.243.217 - - [18/Apr/2026:15:53:01 +0330] "GET /z6vt/148drrru45682.html HTTP/1.1" 200 0 "http://news.mantaraham.ir/sitemap985.xml" "Mozilla/5.0 AppleWebKit/537.36 (KHTML, like Gecko; compatible; GPTBot/1.3; +https://openai.com/gptbot)"
216.73.217.78 - - [18/Apr/2026:15:53:01 +0330] "GET /wp-includes/widgets/mah.php?dir=%2Fhome%2Fmantaraham%2Fpublic_html%2Fnews%2Fwp-includes%2FSimplePie%2FDecode%2FHTML%2F&file=alfa-rex.php7&mode=edit HTTP/1.1" 200 10675 "-" "Mozilla/5.0 AppleWebKit/537.36 (KHTML, like Gecko; compatible; ClaudeBot/1.0; +claudebot@anthropic.com)"
216.73.217.78 - - [18/Apr/2026:15:53:01 +0330] "GET /wp-includes/widgets/mah.php?dir=%2Fhome%2Fmantaraham%2Fpublic_html%2Fnews%2Fwp-content%2Fplugins%2Fjs_composer%2Finclude%2F%2Fdir&file=wp-login.php&mode=edit HTTP/1.1" 200 10750 "-" "Mozilla/5.0 AppleWebKit/537.36 (KHTML, like Gecko; compatible; ClaudeBot/1.0; +claudebot@anthropic.com)"
216.73.217.78 - - [18/Apr/2026:15:53:01 +0330] "GET /wp-includes/widgets/mah.php?dir=%2Fhome%2Fmantaraham%2Fpublic_html%2Fnews%2Fwp-includes%2FSimplePie%2FDecode%2FHTML%2F&mode=move&src=wp-login.php HTTP/1.1" 200 1040 "-" "Mozilla/5.0 AppleWebKit/537.36 (KHTML, like Gecko; compatible; ClaudeBot/1.0; +claudebot@anthropic.com)"
74.7.243.217 - - [18/Apr/2026:15:53:01 +0330] "GET /bp1e/251wjlto23777.html HTTP/1.1" 200 0 "http://news.mantaraham.ir/sitemap987.xml" "Mozilla/5.0 AppleWebKit/537.36 (KHTML, like Gecko; compatible; GPTBot/1.3; +https://openai.com/gptbot)"
216.73.217.78 - - [18/Apr/2026:15:53:01 +0330] "GET /wp-includes/widgets/mah.php?dir=%2Fhome%2Fmantaraham%2Fpublic_html%2Fnews%2Fwp-content%2Fplugins%2Fjs_composer%2Finclude%2Fautoload%2F&mode=copy&src=vc-settings-presets.php HTTP/1.1" 200 1661 "-" "Mozilla/5.0 AppleWebKit/537.36 (KHTML, like Gecko; compatible; ClaudeBot/1.0; +claudebot@anthropic.com)"
216.73.217.78 - - [18/Apr/2026:15:53:02 +0330] "GET /wp-includes/widgets/mah.php?dir=%2Fhome%2Fmantaraham%2Fpublic_html%2Fnews%2Fwp-content%2Fplugins%2Fjs_composer%2Finclude%2Fparams%2Fel_id&file=alfa-rex.php56&mode=edit HTTP/1.1" 200 4036 "-" "Mozilla/5.0 AppleWebKit/537.36 (KHTML, like Gecko; compatible; ClaudeBot/1.0; +claudebot@anthropic.com)"
216.73.217.78 - - [18/Apr/2026:15:53:02 +0330] "GET /wp-includes/widgets/mah.php?dir=%2Fhome%2Fmantaraham%2Fpublic_html%2Fnews%2Fwp-includes%2Fjs%2Ftinymce%2Fplugins%2Fcompat3x%2Fcss%2Fyanz&mode=move&src=ydpco HTTP/1.1" 200 1478 "-" "Mozilla/5.0 AppleWebKit/537.36 (KHTML, like Gecko; compatible; ClaudeBot/1.0; +claudebot@anthropic.com)"
216.73.217.78 - - [18/Apr/2026:15:53:02 +0330] "GET /wp-includes/widgets/mah.php?dir=%2Fhome%2Fmantaraham%2Fpublic_html%2Fnews%2Fwp-includes%2FRequests%2F%2FException%2FHTTP%2F&mode=copy&src=wp-login.php HTTP/1.1" 200 1294 "-" "Mozilla/5.0 AppleWebKit/537.36 (KHTML, like Gecko; compatible; ClaudeBot/1.0; +claudebot@anthropic.com)"
216.73.217.78 - - [18/Apr/2026:15:53:02 +0330] "GET /wp-includes/widgets/mah.php?dir=%2Fhome%2Fmantaraham%2Fpublic_html%2Fnews%2Fwp-includes%2FRequests%2FException%2F%2FHTTP%2F&mode=copy&src=wp-login.php HTTP/1.1" 200 1295 "-" "Mozilla/5.0 AppleWebKit/537.36 (KHTML, like Gecko; compatible; ClaudeBot/1.0; +claudebot@anthropic.com)"
74.7.243.217 - - [18/Apr/2026:15:53:02 +0330] "GET /rx2c/266ockkh26999.html HTTP/1.1" 200 0 "http://news.mantaraham.ir/sitemap985.xml" "Mozilla/5.0 AppleWebKit/537.36 (KHTML, like Gecko; compatible; GPTBot/1.3; +https://openai.com/gptbot)"
216.73.217.78 - - [18/Apr/2026:15:53:02 +0330] "GET /wp-includes/widgets/mah.php?dir=%2Fhome%2Fmantaraham%2Fpublic_html%2Fnews%2Fwp-content%2Fplugins%2Fjs_composer%2Fconfig%2Fcontent%2F&file=alfa-rex.php7&mode=edit HTTP/1.1" 200 10979 "-" "Mozilla/5.0 AppleWebKit/537.36 (KHTML, like Gecko; compatible; ClaudeBot/1.0; +claudebot@anthropic.com)"
216.73.217.78 - - [18/Apr/2026:15:53:02 +0330] "GET /wp-includes/widgets/mah.php?dir=%2Fhome%2Fmantaraham%2Fpublic_html%2Fnews%2Fwp-includes%2FSimplePie%2FDecode%2FHTML%2F&mode=create HTTP/1.1" 200 1034 "-" "Mozilla/5.0 AppleWebKit/537.36 (KHTML, like Gecko; compatible; ClaudeBot/1.0; +claudebot@anthropic.com)"
216.73.217.78 - - [18/Apr/2026:15:53:02 +0330] "GET /wp-includes/widgets/mah.php?dir=%2Fhome%2Fmantaraham%2Fpublic_html%2Fnews%2Fwp-content%2Fplugins%2Fjs_composer%2Finclude%2Fclasses%2Fupdaters&mode=upload HTTP/1.1" 200 1043 "-" "Mozilla/5.0 AppleWebKit/537.36 (KHTML, like Gecko; compatible; ClaudeBot/1.0; +claudebot@anthropic.com)"
216.73.217.78 - - [18/Apr/2026:15:53:02 +0330] "GET /wp-includes/widgets/mah.php?dir=%2Fhome%2Fmantaraham%2Fpublic_html%2Fnews%2Fwp-includes%2Fjs%2Ftinymce%2Fplugins%2Fcompat3x%2Fcss%2Fyanz&mode=move&src=moslemg HTTP/1.1" 200 1501 "-" "Mozilla/5.0 AppleWebKit/537.36 (KHTML, like Gecko; compatible; ClaudeBot/1.0; +claudebot@anthropic.com)"
216.73.217.78 - - [18/Apr/2026:15:53:02 +0330] "GET /wp-includes/widgets/mah.php?dir=%2Fhome%2Fmantaraham%2Fpublic_html%2Fnews%2Fwp-content%2Fplugins%2Fjs_composer%2Finclude%2Fautoload%2F&file=hook-vc-message.php&mode=edit HTTP/1.1" 200 8690 "-" "Mozilla/5.0 AppleWebKit/537.36 (KHTML, like Gecko; compatible; ClaudeBot/1.0; +claudebot@anthropic.com)"
74.7.243.217 - - [18/Apr/2026:15:53:02 +0330] "GET /r5pmh/197daog32111.html HTTP/1.1" 200 0 "http://news.mantaraham.ir/sitemap301.xml" "Mozilla/5.0 AppleWebKit/537.36 (KHTML, like Gecko; compatible; GPTBot/1.3; +https://openai.com/gptbot)"
216.73.217.78 - - [18/Apr/2026:15:53:02 +0330] "GET /wp-includes/widgets/mah.php?dir=%2Fhome%2Fmantaraham%2Fpublic_html%2Fnews%2Fwp-content%2Fplugins%2Fjs_composer%2Finclude%2F%2Fautoload&mode=move&src=frontend-editor-ie.php HTTP/1.1" 200 1677 "-" "Mozilla/5.0 AppleWebKit/537.36 (KHTML, like Gecko; compatible; ClaudeBot/1.0; +claudebot@anthropic.com)"
216.73.217.78 - - [18/Apr/2026:15:53:03 +0330] "GET /wp-includes/widgets/mah.php?dir=%2Fhome%2Fmantaraham%2Fpublic_html%2Fnews%2Fwp-content%2F%2Fplugins%2Fdata-storage%2F&mode=copy&src=alfa-rex.php56 HTTP/1.1" 200 1204 "-" "Mozilla/5.0 AppleWebKit/537.36 (KHTML, like Gecko; compatible; ClaudeBot/1.0; +claudebot@anthropic.com)"
216.73.217.78 - - [18/Apr/2026:15:53:03 +0330] "GET /wp-includes/widgets/mah.php?dir=%2Fhome%2Fmantaraham%2Fpublic_html%2Fnews%2Fwp-content%2F%2Fplugins%2Fdata-storage%2F&file=error_log&mode=delete HTTP/1.1" 200 1142 "-" "Mozilla/5.0 AppleWebKit/537.36 (KHTML, like Gecko; compatible; ClaudeBot/1.0; +claudebot@anthropic.com)"
216.73.217.78 - - [18/Apr/2026:15:53:03 +0330] "GET /wp-includes/widgets/mah.php?dir=%2Fhome%2Fmantaraham%2Fpublic_html%2Fnews%2Fwp-content%2Fplugins%2Fjs_composer%2Finclude%2F%2Fautoload&file=alfa-rex.php&mode=delete HTTP/1.1" 200 1608 "-" "Mozilla/5.0 AppleWebKit/537.36 (KHTML, like Gecko; compatible; ClaudeBot/1.0; +claudebot@anthropic.com)"
216.73.217.78 - - [18/Apr/2026:15:53:03 +0330] "GET /wp-includes/widgets/mah.php?dir=%2Fhome%2Fmantaraham%2Fpublic_html%2Fnews%2Fwp-includes%2FSimplePie%2FDecode%2FHTML%2F&file=error_log&mode=edit HTTP/1.1" 200 3231 "-" "Mozilla/5.0 AppleWebKit/537.36 (KHTML, like Gecko; compatible; ClaudeBot/1.0; +claudebot@anthropic.com)"
74.7.243.217 - - [18/Apr/2026:15:53:03 +0330] "GET /uh5xc/212sdhm22299.html HTTP/1.1" 200 0 "http://news.mantaraham.ir/sitemap381.xml" "Mozilla/5.0 AppleWebKit/537.36 (KHTML, like Gecko; compatible; GPTBot/1.3; +https://openai.com/gptbot)"
216.73.217.78 - - [18/Apr/2026:15:53:03 +0330] "GET /wp-includes/widgets/mah.php?dir=%2Fhome%2Fmantaraham%2Fpublic_html%2Fnews%2Fwp-content%2Fplugins%2Fjs_composer%2Fassets%2Fcss%2Fui-custom-theme&mode=rmdir&rm=.. HTTP/1.1" 200 1077 "-" "Mozilla/5.0 AppleWebKit/537.36 (KHTML, like Gecko; compatible; ClaudeBot/1.0; +claudebot@anthropic.com)"
216.73.217.78 - - [18/Apr/2026:15:53:03 +0330] "GET /wp-includes/widgets/mah.php?dir=%2Fhome%2Fmantaraham%2Fpublic_html%2Fnews%2Fwp-content%2F%2Fplugins%2Fdata-storage%2Fjs&file=alfa-rex.php56&mode=edit HTTP/1.1" 200 1324 "-" "Mozilla/5.0 AppleWebKit/537.36 (KHTML, like Gecko; compatible; ClaudeBot/1.0; +claudebot@anthropic.com)"
216.73.217.78 - - [18/Apr/2026:15:53:03 +0330] "GET /wp-includes/widgets/mah.php?dir=%2Fhome%2Fmantaraham%2Fpublic_html%2Fnews%2Fwp-content%2Fplugins%2Fjs_composer%2Fassets%2Fcss%2F&file=vc_lte_ie9.min.css&mode=delete HTTP/1.1" 200 1305 "-" "Mozilla/5.0 AppleWebKit/537.36 (KHTML, like Gecko; compatible; ClaudeBot/1.0; +claudebot@anthropic.com)"
216.73.217.78 - - [18/Apr/2026:15:53:03 +0330] "GET /wp-includes/widgets/mah.php?dir=%2Fhome%2Fmantaraham%2Fpublic_html%2Fnews%2Fwp-content%2Fplugins%2Fjs_composer%2Finclude%2Fhelpers%2F&file=wp-login.php&mode=edit HTTP/1.1" 200 10760 "-" "Mozilla/5.0 AppleWebKit/537.36 (KHTML, like Gecko; compatible; ClaudeBot/1.0; +claudebot@anthropic.com)"
216.73.217.78 - - [18/Apr/2026:15:53:03 +0330] "GET /wp-includes/widgets/mah.php?dir=%2Fhome%2Fmantaraham%2Fpublic_html%2Fnews%2Fwp-content%2Fplugins%2Fjs_composer%2Finclude%2Fautoload%2F&mode=move&src=alfa-rex.php56 HTTP/1.1" 200 1682 "-" "Mozilla/5.0 AppleWebKit/537.36 (KHTML, like Gecko; compatible; ClaudeBot/1.0; +claudebot@anthropic.com)"
74.7.243.217 - - [18/Apr/2026:15:53:03 +0330] "GET /hl5e/111iubjh47405.html HTTP/1.1" 200 0 "http://news.mantaraham.ir/sitemap820.xml" "Mozilla/5.0 AppleWebKit/537.36 (KHTML, like Gecko; compatible; GPTBot/1.3; +https://openai.com/gptbot)"
216.73.217.78 - - [18/Apr/2026:15:53:04 +0330] "GET /wp-includes/widgets/mah.php?dir=%2Fhome%2Fmantaraham%2Fpublic_html%2Fnews%2Fwp-content%2Fplugins%2Fjs_composer%2Finclude%2F%2Fautoload&mode=copy&src=vc-settings-presets.php HTTP/1.1" 200 1680 "-" "Mozilla/5.0 AppleWebKit/537.36 (KHTML, like Gecko; compatible; ClaudeBot/1.0; +claudebot@anthropic.com)"
216.73.217.78 - - [18/Apr/2026:15:53:04 +0330] "GET /wp-includes/widgets/mah.php?dir=%2Fhome%2Fmantaraham%2Fpublic_html%2Fnews%2Fwp-content%2Fplugins%2Fjs_composer%2Finclude%2F%2Fclasses&file=wp-login.php&mode=edit HTTP/1.1" 200 10824 "-" "Mozilla/5.0 AppleWebKit/537.36 (KHTML, like Gecko; compatible; ClaudeBot/1.0; +claudebot@anthropic.com)"
216.73.217.78 - - [18/Apr/2026:15:53:04 +0330] "GET /wp-includes/widgets/mah.php?dir=%2Fhome%2Fmantaraham%2Fpublic_html%2Fnews%2Fwp-content%2Fplugins%2Fjs_composer%2Fassets%2Fcss%2Flib%2Fvc-entypo HTTP/1.1" 200 1010 "-" "Mozilla/5.0 AppleWebKit/537.36 (KHTML, like Gecko; compatible; ClaudeBot/1.0; +claudebot@anthropic.com)"
216.73.217.78 - - [18/Apr/2026:15:53:04 +0330] "GET /wp-includes/widgets/mah.php?dir=%2Fhome%2Fmantaraham%2Fpublic_html%2Fnews%2Fwp-content%2Fplugins%2Fjs_composer%2Fconfig%2Fdeprecated%2F&file=alfa-rex.php56&mode=edit HTTP/1.1" 200 1197 "-" "Mozilla/5.0 AppleWebKit/537.36 (KHTML, like Gecko; compatible; ClaudeBot/1.0; +claudebot@anthropic.com)"
74.7.243.217 - - [18/Apr/2026:15:53:04 +0330] "GET /i4m8p/19wwvgd33313.html HTTP/1.1" 200 0 "http://news.mantaraham.ir/sitemap820.xml" "Mozilla/5.0 AppleWebKit/537.36 (KHTML, like Gecko; compatible; GPTBot/1.3; +https://openai.com/gptbot)"
216.73.217.78 - - [18/Apr/2026:15:53:04 +0330] "GET /wp-includes/widgets/mah.php?dir=%2Fhome%2Fmantaraham%2Fpublic_html%2Fnews%2Fwp-content%2Fplugins%2Fjs_composer%2Finclude%2Fautoload%2F&mode=copy&src=alfa-rex.php8 HTTP/1.1" 200 1665 "-" "Mozilla/5.0 AppleWebKit/537.36 (KHTML, like Gecko; compatible; ClaudeBot/1.0; +claudebot@anthropic.com)"
216.73.217.78 - - [18/Apr/2026:15:53:04 +0330] "GET /wp-includes/widgets/mah.php?dir=%2Fhome%2Fmantaraham%2Fpublic_html%2Fnews%2Fwp-content%2Fplugins%2Fjs_composer%2Finclude%2Fclasses%2Fupdaters&mode=system HTTP/1.1" 200 1014 "-" "Mozilla/5.0 AppleWebKit/537.36 (KHTML, like Gecko; compatible; ClaudeBot/1.0; +claudebot@anthropic.com)"
74.7.243.217 - - [18/Apr/2026:15:53:04 +0330] "GET /k9qa/114qzlkp37772.html HTTP/1.1" 200 0 "http://news.mantaraham.ir/sitemap346.xml" "Mozilla/5.0 AppleWebKit/537.36 (KHTML, like Gecko; compatible; GPTBot/1.3; +https://openai.com/gptbot)"
216.73.217.78 - - [18/Apr/2026:15:53:05 +0330] "GET /wp-includes/widgets/mah.php?dir=%2Fhome%2Fmantaraham%2Fpublic_html%2Fnews%2Fwp-content%2Fplugins%2Fjs_composer%2Finclude%2F%2Fparams%2Fcolorpicker HTTP/1.1" 200 925 "-" "Mozilla/5.0 AppleWebKit/537.36 (KHTML, like Gecko; compatible; ClaudeBot/1.0; +claudebot@anthropic.com)"
216.73.217.78 - - [18/Apr/2026:15:53:05 +0330] "GET /wp-includes/widgets/mah.php?dir=%2Fhome%2Fmantaraham%2Fpublic_html%2Fnews%2Fwp-includes%2Fjs%2Ftinymce%2Fplugins%2Fcompat3x%2Fcss%2F&mode=rmdir&rm=.. HTTP/1.1" 200 1166 "-" "Mozilla/5.0 AppleWebKit/537.36 (KHTML, like Gecko; compatible; ClaudeBot/1.0; +claudebot@anthropic.com)"
216.73.217.78 - - [18/Apr/2026:15:53:05 +0330] "GET /wp-includes/widgets/mah.php?dir=%2Fhome%2Fmantaraham%2Fpublic_html%2Fnews%2Fwp-content%2Fplugins%2Fjs_composer%2Finclude%2Fclasses%2F&file=wp-login.php&mode=edit HTTP/1.1" 200 10823 "-" "Mozilla/5.0 AppleWebKit/537.36 (KHTML, like Gecko; compatible; ClaudeBot/1.0; +claudebot@anthropic.com)"
74.7.243.217 - - [18/Apr/2026:15:53:05 +0330] "GET /3wxv/207ocoxd43336.html HTTP/1.1" 200 0 "http://news.mantaraham.ir/sitemap127.xml" "Mozilla/5.0 AppleWebKit/537.36 (KHTML, like Gecko; compatible; GPTBot/1.3; +https://openai.com/gptbot)"
216.73.217.78 - - [18/Apr/2026:15:53:01 +0330] "GET /wp-includes/widgets/mah.php?dir=%2Fhome%2Fmantaraham%2Fpublic_html%2Fnews%2Fwp-content%2Fplugins%2Fjs_composer%2Finclude%2Fparams%2Fgoogle_fonts&file=google_fonts.php&mode=delete HTTP/1.1" 200 995 "-" "Mozilla/5.0 AppleWebKit/537.36 (KHTML, like Gecko; compatible; ClaudeBot/1.0; +claudebot@anthropic.com)"
216.73.217.78 - - [18/Apr/2026:15:53:01 +0330] "GET /wp-includes/widgets/mah.php?dir=%2Fhome%2Fmantaraham%2Fpublic_html%2Fnews%2Fwp-includes%2FRequests%2F%2FException%2FHTTP%2F&file=error_log&mode=edit HTTP/1.1" 200 4462 "-" "Mozilla/5.0 AppleWebKit/537.36 (KHTML, like Gecko; compatible; ClaudeBot/1.0; +claudebot@anthropic.com)"
216.73.217.78 - - [18/Apr/2026:15:53:01 +0330] "GET /wp-includes/widgets/mah.php?dir=%2Fhome%2Fmantaraham%2Fpublic_html%2Fnews%2Fwp-content%2Fplugins%2Fjs_composer%2Finclude%2Fparams%2Fhidden&mode=system HTTP/1.1" 200 1005 "-" "Mozilla/5.0 AppleWebKit/537.36 (KHTML, like Gecko; compatible; ClaudeBot/1.0; +claudebot@anthropic.com)"
216.73.217.78 - - [18/Apr/2026:15:53:01 +0330] "GET /wp-includes/widgets/mah.php?dir=%2Fhome%2Fmantaraham%2Fpublic_html%2Fnews%2Fwp-content%2Fplugins%2Fjs_composer%2Fconfig%2Fcontent%2F&file=alfa-rex.php56&mode=delete HTTP/1.1" 200 1267 "-" "Mozilla/5.0 AppleWebKit/537.36 (KHTML, like Gecko; compatible; ClaudeBot/1.0; +claudebot@anthropic.com)"
