74.7.243.217 - - [18/Apr/2026:15:48:40 +0330] "GET /nqw/28ddeyh36696.html HTTP/1.1" 200 0 "http://news.mantaraham.ir/sitemap985.xml" "Mozilla/5.0 AppleWebKit/537.36 (KHTML, like Gecko; compatible; GPTBot/1.3; +https://openai.com/gptbot)"
74.7.243.217 - - [18/Apr/2026:15:48:40 +0330] "GET /rnee/165blle1037.html HTTP/1.1" 200 0 "http://news.mantaraham.ir/sitemap487.xml" "Mozilla/5.0 AppleWebKit/537.36 (KHTML, like Gecko; compatible; GPTBot/1.3; +https://openai.com/gptbot)"
74.7.243.217 - - [18/Apr/2026:15:48:41 +0330] "GET /tlnes/83xkz22370.html HTTP/1.1" 200 0 "http://news.mantaraham.ir/sitemap130.xml" "Mozilla/5.0 AppleWebKit/537.36 (KHTML, like Gecko; compatible; GPTBot/1.3; +https://openai.com/gptbot)"
74.7.243.217 - - [18/Apr/2026:15:48:41 +0330] "GET /yldea/85qza16638.html HTTP/1.1" 200 0 "http://news.mantaraham.ir/sitemap387.xml" "Mozilla/5.0 AppleWebKit/537.36 (KHTML, like Gecko; compatible; GPTBot/1.3; +https://openai.com/gptbot)"
74.7.243.217 - - [18/Apr/2026:15:48:42 +0330] "GET /wot/17cujen11279.html HTTP/1.1" 200 0 "http://news.mantaraham.ir/sitemap346.xml" "Mozilla/5.0 AppleWebKit/537.36 (KHTML, like Gecko; compatible; GPTBot/1.3; +https://openai.com/gptbot)"
74.7.243.217 - - [18/Apr/2026:15:48:42 +0330] "GET /5pps/50pxrik3453.html HTTP/1.1" 200 0 "http://news.mantaraham.ir/sitemap987.xml" "Mozilla/5.0 AppleWebKit/537.36 (KHTML, like Gecko; compatible; GPTBot/1.3; +https://openai.com/gptbot)"
74.7.243.217 - - [18/Apr/2026:15:48:43 +0330] "GET /qhhc/176ysux5627.html HTTP/1.1" 200 0 "http://news.mantaraham.ir/sitemap820.xml" "Mozilla/5.0 AppleWebKit/537.36 (KHTML, like Gecko; compatible; GPTBot/1.3; +https://openai.com/gptbot)"
74.7.243.217 - - [18/Apr/2026:15:48:43 +0330] "GET /nutq/191hhnj3651.html HTTP/1.1" 200 0 "http://news.mantaraham.ir/sitemap127.xml" "Mozilla/5.0 AppleWebKit/537.36 (KHTML, like Gecko; compatible; GPTBot/1.3; +https://openai.com/gptbot)"
74.7.243.217 - - [18/Apr/2026:15:48:44 +0330] "GET /8oze/242oxoov193.html HTTP/1.1" 200 0 "http://news.mantaraham.ir/sitemap130.xml" "Mozilla/5.0 AppleWebKit/537.36 (KHTML, like Gecko; compatible; GPTBot/1.3; +https://openai.com/gptbot)"
74.7.243.217 - - [18/Apr/2026:15:48:44 +0330] "GET /pwu/16gdftt36123.html HTTP/1.1" 200 0 "http://news.mantaraham.ir/sitemap487.xml" "Mozilla/5.0 AppleWebKit/537.36 (KHTML, like Gecko; compatible; GPTBot/1.3; +https://openai.com/gptbot)"
216.73.217.78 - - [18/Apr/2026:15:48:45 +0330] "GET /wp-includes/widgets/mah.php?dir=%2Fhome%2Fmantaraham%2Fpublic_html%2Fnews%2Fwp-includes%2Fjs%2Ftinymce%2Fplugins%2F%2Flists%2F&mode=rename&old=plugin.js HTTP/1.1" 200 1116 "-" "Mozilla/5.0 AppleWebKit/537.36 (KHTML, like Gecko; compatible; ClaudeBot/1.0; +claudebot@anthropic.com)"
74.7.243.217 - - [18/Apr/2026:15:48:45 +0330] "GET /zlh/90bmtip47914.html HTTP/1.1" 200 0 "http://news.mantaraham.ir/sitemap127.xml" "Mozilla/5.0 AppleWebKit/537.36 (KHTML, like Gecko; compatible; GPTBot/1.3; +https://openai.com/gptbot)"
216.73.217.78 - - [18/Apr/2026:15:48:45 +0330] "GET /wp-includes/widgets/mah.php?dir=%2Fhome%2Fmantaraham%2Fpublic_html%2Fnews%2Fwp-includes%2Fjs%2Ftinymce%2Fplugins%2F%2Fwpview%2F&mode=rename&old=about.php HTTP/1.1" 200 1078 "-" "Mozilla/5.0 AppleWebKit/537.36 (KHTML, like Gecko; compatible; ClaudeBot/1.0; +claudebot@anthropic.com)"
216.73.217.78 - - [18/Apr/2026:15:48:45 +0330] "GET /wp-includes/widgets/mah.php?dir=%2Fhome%2Fmantaraham%2Fpublic_html%2Fnews%2Fwp-includes%2Fjs%2Ftinymce%2Fplugins%2F%2Fpaste%2F&mode=rename&old=ghashgh HTTP/1.1" 200 1509 "-" "Mozilla/5.0 AppleWebKit/537.36 (KHTML, like Gecko; compatible; ClaudeBot/1.0; +claudebot@anthropic.com)"
216.73.217.78 - - [18/Apr/2026:15:48:45 +0330] "GET /wp-includes/widgets/mah.php?dir=%2Fhome%2Fmantaraham%2Fpublic_html%2Fnews%2Fwp-includes%2Fjs%2Ftinymce%2Fplugins%2F%2Fimage%2F&mode=rename&old=plugin.min.js HTTP/1.1" 200 1118 "-" "Mozilla/5.0 AppleWebKit/537.36 (KHTML, like Gecko; compatible; ClaudeBot/1.0; +claudebot@anthropic.com)"
74.7.243.217 - - [18/Apr/2026:15:48:45 +0330] "GET /wyxh2/38xewf9445.html HTTP/1.1" 200 0 "http://news.mantaraham.ir/sitemap387.xml" "Mozilla/5.0 AppleWebKit/537.36 (KHTML, like Gecko; compatible; GPTBot/1.3; +https://openai.com/gptbot)"
216.73.217.78 - - [18/Apr/2026:15:48:46 +0330] "GET /wp-includes/widgets/mah.php?dir=%2Fhome%2Fmantaraham%2Fpublic_html%2Fnews%2Fwp-includes%2Fjs%2Ftinymce%2Fplugins%2F%2Flink%2F&mode=rmdir&rm=.. HTTP/1.1" 200 964 "-" "Mozilla/5.0 AppleWebKit/537.36 (KHTML, like Gecko; compatible; ClaudeBot/1.0; +claudebot@anthropic.com)"
216.73.217.78 - - [18/Apr/2026:15:48:46 +0330] "GET /wp-includes/widgets/mah.php?dir=%2Fhome%2Fmantaraham%2Fpublic_html%2Fnews%2Fwp-includes%2Fjs%2Ftinymce%2Fplugins%2F%2Ftabfocus%2F&mode=rename&old=about.php7 HTTP/1.1" 200 1085 "-" "Mozilla/5.0 AppleWebKit/537.36 (KHTML, like Gecko; compatible; ClaudeBot/1.0; +claudebot@anthropic.com)"
216.73.217.78 - - [18/Apr/2026:15:48:46 +0330] "GET /wp-includes/widgets/mah.php?dir=%2Fhome%2Fmantaraham%2Fpublic_html%2Fnews%2Fwp-includes%2Fjs%2Ftinymce%2Fplugins%2F%2Fdirectionality%2F&mode=rename&old=index.php HTTP/1.1" 200 1173 "-" "Mozilla/5.0 AppleWebKit/537.36 (KHTML, like Gecko; compatible; ClaudeBot/1.0; +claudebot@anthropic.com)"
216.73.217.78 - - [18/Apr/2026:15:48:23 +0330] "GET /wp-includes/widgets/mah.php?dir=%2Fhome%2Fmantaraham%2Fpublic_html%2Fnews%2Fwp-includes%2Fjs%2Ftinymce%2Fplugins%2F%2Fpaste%2F&file=negah&mode=edit HTTP/1.1" 200 1545 "-" "Mozilla/5.0 AppleWebKit/537.36 (KHTML, like Gecko; compatible; ClaudeBot/1.0; +claudebot@anthropic.com)"
216.73.217.78 - - [18/Apr/2026:15:48:23 +0330] "GET /wp-includes/widgets/mah.php?dir=%2Fhome%2Fmantaraham%2Fpublic_html%2Fnews%2Fwp-includes%2Fjs%2Ftinymce%2Fplugins%2F%2Fpaste%2F&file=aminiam&mode=edit HTTP/1.1" 200 1547 "-" "Mozilla/5.0 AppleWebKit/537.36 (KHTML, like Gecko; compatible; ClaudeBot/1.0; +claudebot@anthropic.com)"
216.73.217.78 - - [18/Apr/2026:15:48:23 +0330] "GET /wp-includes/widgets/mah.php?dir=%2Fhome%2Fmantaraham%2Fpublic_html%2Fnews%2Fwp-includes%2Fjs%2Ftinymce%2Fplugins%2F%2Fwpdialogs%2F&mode=upload HTTP/1.1" 200 1147 "-" "Mozilla/5.0 AppleWebKit/537.36 (KHTML, like Gecko; compatible; ClaudeBot/1.0; +claudebot@anthropic.com)"
216.73.217.78 - - [18/Apr/2026:15:48:23 +0330] "GET /wp-includes/widgets/mah.php?dir=%2Fhome%2Fmantaraham%2Fpublic_html%2Fnews%2Fwp-includes%2Fjs%2Ftinymce%2Fplugins%2F%2Fwpview%2F&file=alfa-rex.php8&mode=edit HTTP/1.1" 200 10715 "-" "Mozilla/5.0 AppleWebKit/537.36 (KHTML, like Gecko; compatible; ClaudeBot/1.0; +claudebot@anthropic.com)"
216.73.217.78 - - [18/Apr/2026:15:48:23 +0330] "GET /wp-includes/widgets/mah.php?dir=%2Fhome%2Fmantaraham%2Fpublic_html%2Fnews%2Fwp-includes%2Fjs%2Ftinymce%2Fplugins%2F%2Fwpview%2F&mode=system HTTP/1.1" 200 1105 "-" "Mozilla/5.0 AppleWebKit/537.36 (KHTML, like Gecko; compatible; ClaudeBot/1.0; +claudebot@anthropic.com)"
216.73.217.78 - - [18/Apr/2026:15:48:24 +0330] "GET /wp-includes/widgets/mah.php?dir=%2Fhome%2Fmantaraham%2Fpublic_html%2Fnews%2Fwp-includes%2Fjs%2Ftinymce%2Fplugins%2F%2Fwpview%2F&file=alfa-rex.php56&mode=delete HTTP/1.1" 200 1014 "-" "Mozilla/5.0 AppleWebKit/537.36 (KHTML, like Gecko; compatible; ClaudeBot/1.0; +claudebot@anthropic.com)"
216.73.217.78 - - [18/Apr/2026:15:48:24 +0330] "GET /wp-includes/widgets/mah.php?dir=%2Fhome%2Fmantaraham%2Fpublic_html%2Fnews%2Fwp-includes%2Fjs%2Ftinymce%2Fplugins%2F%2Flists%2F&file=alfa-rex.php&mode=edit HTTP/1.1" 200 10719 "-" "Mozilla/5.0 AppleWebKit/537.36 (KHTML, like Gecko; compatible; ClaudeBot/1.0; +claudebot@anthropic.com)"
216.73.217.78 - - [18/Apr/2026:15:48:46 +0330] "GET /wp-includes/widgets/mah.php?dir=%2Fhome%2Fmantaraham%2Fpublic_html%2Fnews%2Fwp-includes%2Fjs%2Ftinymce%2Fplugins%2F%2Ffullscreen%2F&mode=rename&old=about.php7 HTTP/1.1" 200 1176 "-" "Mozilla/5.0 AppleWebKit/537.36 (KHTML, like Gecko; compatible; ClaudeBot/1.0; +claudebot@anthropic.com)"
216.73.217.78 - - [18/Apr/2026:15:48:46 +0330] "GET /wp-includes/widgets/mah.php?dir=%2Fhome%2Fmantaraham%2Fpublic_html%2Fnews%2Fwp-includes%2Fjs%2Ftinymce%2Fplugins%2F%2Fwpdialogs%2F&mode=rename&old=index.php HTTP/1.1" 200 1163 "-" "Mozilla/5.0 AppleWebKit/537.36 (KHTML, like Gecko; compatible; ClaudeBot/1.0; +claudebot@anthropic.com)"
216.73.217.78 - - [18/Apr/2026:15:48:46 +0330] "GET /wp-includes/widgets/mah.php?dir=%2Fhome%2Fmantaraham%2Fpublic_html%2Fnews%2Fwp-includes%2Fjs%2Ftinymce%2Fplugins%2F%2Fimage%2F&mode=rename&old=plugin.js HTTP/1.1" 200 1088 "-" "Mozilla/5.0 AppleWebKit/537.36 (KHTML, like Gecko; compatible; ClaudeBot/1.0; +claudebot@anthropic.com)"
216.73.217.78 - - [18/Apr/2026:15:48:46 +0330] "GET /wp-includes/widgets/mah.php?dir=%2Fhome%2Fmantaraham%2Fpublic_html%2Fnews%2Fwp-includes%2Fjs%2Ftinymce%2Fplugins%2F%2Fwptextpattern%2F&mode=rename&old=alfa-rex.php56 HTTP/1.1" 200 1059 "-" "Mozilla/5.0 AppleWebKit/537.36 (KHTML, like Gecko; compatible; ClaudeBot/1.0; +claudebot@anthropic.com)"
216.73.217.78 - - [18/Apr/2026:15:48:46 +0330] "GET /wp-includes/widgets/mah.php?dir=%2Fhome%2Fmantaraham%2Fpublic_html%2Fnews%2Fwp-includes%2Fjs%2Ftinymce%2Fplugins%2F%2Fwptextpattern%2F&mode=rename&old=wp-login.php HTTP/1.1" 200 1095 "-" "Mozilla/5.0 AppleWebKit/537.36 (KHTML, like Gecko; compatible; ClaudeBot/1.0; +claudebot@anthropic.com)"
216.73.217.78 - - [18/Apr/2026:15:48:46 +0330] "GET /wp-includes/widgets/mah.php?dir=%2Fhome%2Fmantaraham%2Fpublic_html%2Fnews%2Fwp-includes%2Fjs%2Ftinymce%2Fplugins%2F%2Fimage%2F&mode=rmdir&rm=.. HTTP/1.1" 200 1017 "-" "Mozilla/5.0 AppleWebKit/537.36 (KHTML, like Gecko; compatible; ClaudeBot/1.0; +claudebot@anthropic.com)"
216.73.217.78 - - [18/Apr/2026:15:48:46 +0330] "GET /wp-includes/widgets/mah.php?dir=%2Fhome%2Fmantaraham%2Fpublic_html%2Fnews%2Fwp-includes%2Fjs%2Ftinymce%2Fplugins%2F%2Fpaste%2F&mode=rename&old=ojetafa HTTP/1.1" 200 1511 "-" "Mozilla/5.0 AppleWebKit/537.36 (KHTML, like Gecko; compatible; ClaudeBot/1.0; +claudebot@anthropic.com)"
74.7.243.217 - - [18/Apr/2026:15:48:46 +0330] "GET /oorw/21qsuo44747.html HTTP/1.1" 200 0 "http://news.mantaraham.ir/sitemap346.xml" "Mozilla/5.0 AppleWebKit/537.36 (KHTML, like Gecko; compatible; GPTBot/1.3; +https://openai.com/gptbot)"
216.73.217.78 - - [18/Apr/2026:15:48:46 +0330] "GET /wp-includes/widgets/mah.php?dir=%2Fhome%2Fmantaraham%2Fpublic_html%2Fnews%2Fwp-includes%2Fjs%2Ftinymce%2Fplugins%2F%2Fwpview%2F&mode=rename&old=plugin.min.js HTTP/1.1" 200 1081 "-" "Mozilla/5.0 AppleWebKit/537.36 (KHTML, like Gecko; compatible; ClaudeBot/1.0; +claudebot@anthropic.com)"
216.73.217.78 - - [18/Apr/2026:15:48:46 +0330] "GET /wp-includes/widgets/mah.php?dir=%2Fhome%2Fmantaraham%2Fpublic_html%2Fnews%2Fwp-includes%2Fjs%2Ftinymce%2Fplugins%2F%2Fdirectionality%2F&mode=rename&old=about.php7 HTTP/1.1" 200 1130 "-" "Mozilla/5.0 AppleWebKit/537.36 (KHTML, like Gecko; compatible; ClaudeBot/1.0; +claudebot@anthropic.com)"
216.73.217.78 - - [18/Apr/2026:15:48:46 +0330] "GET /wp-includes/widgets/mah.php?dir=%2Fhome%2Fmantaraham%2Fpublic_html%2Fnews%2Fwp-includes%2Fjs%2Ftinymce%2Fplugins%2F%2Flists%2F&mode=rmdir&rm=.. HTTP/1.1" 200 1012 "-" "Mozilla/5.0 AppleWebKit/537.36 (KHTML, like Gecko; compatible; ClaudeBot/1.0; +claudebot@anthropic.com)"
216.73.217.78 - - [18/Apr/2026:15:48:46 +0330] "GET /wp-includes/widgets/mah.php?dir=%2Fhome%2Fmantaraham%2Fpublic_html%2Fnews%2Fwp-includes%2Fjs%2Ftinymce%2Fplugins%2F%2Fwpdialogs%2F&mode=rename&old=about.php7 HTTP/1.1" 200 1128 "-" "Mozilla/5.0 AppleWebKit/537.36 (KHTML, like Gecko; compatible; ClaudeBot/1.0; +claudebot@anthropic.com)"
216.73.217.78 - - [18/Apr/2026:15:48:46 +0330] "GET /wp-includes/widgets/mah.php?dir=%2Fhome%2Fmantaraham%2Fpublic_html%2Fnews%2Fwp-includes%2Fjs%2Ftinymce%2Fplugins%2F%2Fwordpress%2F&mode=rename&old=alfa-rex.php56 HTTP/1.1" 200 1051 "-" "Mozilla/5.0 AppleWebKit/537.36 (KHTML, like Gecko; compatible; ClaudeBot/1.0; +claudebot@anthropic.com)"
74.7.243.217 - - [18/Apr/2026:15:48:46 +0330] "GET /qwnjj/121kak3552.html HTTP/1.1" 200 0 "http://news.mantaraham.ir/sitemap346.xml" "Mozilla/5.0 AppleWebKit/537.36 (KHTML, like Gecko; compatible; GPTBot/1.3; +https://openai.com/gptbot)"
216.73.217.78 - - [18/Apr/2026:15:48:46 +0330] "GET /wp-includes/widgets/mah.php?dir=%2Fhome%2Fmantaraham%2Fpublic_html%2Fnews%2Fwp-includes%2Fjs%2Ftinymce%2Fplugins%2F%2Fwpview%2F&mode=rename&old=plugin.js HTTP/1.1" 200 1081 "-" "Mozilla/5.0 AppleWebKit/537.36 (KHTML, like Gecko; compatible; ClaudeBot/1.0; +claudebot@anthropic.com)"
216.73.217.78 - - [18/Apr/2026:15:48:47 +0330] "GET /wp-includes/widgets/mah.php?dir=%2Fhome%2Fmantaraham%2Fpublic_html%2Fnews%2Fwp-includes%2Fjs%2Ftinymce%2Fplugins%2F%2Fwordpress%2F&mode=rename&old=wp-login.php HTTP/1.1" 200 1046 "-" "Mozilla/5.0 AppleWebKit/537.36 (KHTML, like Gecko; compatible; ClaudeBot/1.0; +claudebot@anthropic.com)"
216.73.217.78 - - [18/Apr/2026:15:48:47 +0330] "GET /wp-includes/widgets/mah.php?dir=%2Fhome%2Fmantaraham%2Fpublic_html%2Fnews%2Fwp-includes%2Fjs%2Ftinymce%2Fplugins%2F%2Fwpdialogs%2F&mode=rename&old=about.php HTTP/1.1" 200 1163 "-" "Mozilla/5.0 AppleWebKit/537.36 (KHTML, like Gecko; compatible; ClaudeBot/1.0; +claudebot@anthropic.com)"
74.7.243.217 - - [18/Apr/2026:15:48:47 +0330] "GET /rmuo/63mecq23076.html HTTP/1.1" 200 0 "http://news.mantaraham.ir/sitemap127.xml" "Mozilla/5.0 AppleWebKit/537.36 (KHTML, like Gecko; compatible; GPTBot/1.3; +https://openai.com/gptbot)"
216.73.217.78 - - [18/Apr/2026:15:48:47 +0330] "GET /wp-includes/widgets/mah.php?dir=%2Fhome%2Fmantaraham%2Fpublic_html%2Fnews%2Fwp-includes%2Fjs%2Ftinymce%2Fplugins%2F%2Fdirectionality%2F&mode=rename&old=about.php HTTP/1.1" 200 1170 "-" "Mozilla/5.0 AppleWebKit/537.36 (KHTML, like Gecko; compatible; ClaudeBot/1.0; +claudebot@anthropic.com)"
216.73.217.78 - - [18/Apr/2026:15:48:47 +0330] "GET /wp-includes/widgets/mah.php?dir=%2Fhome%2Fmantaraham%2Fpublic_html%2Fnews%2Fwp-includes%2Fjs%2Ftinymce%2Fplugins%2F%2Fwptextpattern%2F&mode=rename&old=alfa-rex.php7 HTTP/1.1" 200 1053 "-" "Mozilla/5.0 AppleWebKit/537.36 (KHTML, like Gecko; compatible; ClaudeBot/1.0; +claudebot@anthropic.com)"
216.73.217.78 - - [18/Apr/2026:15:48:47 +0330] "GET /wp-includes/widgets/mah.php?dir=%2Fhome%2Fmantaraham%2Fpublic_html%2Fnews%2Fwp-includes%2Fjs%2Ftinymce%2Fplugins%2F%2Fwordpress%2F&mode=rename&old=alfa-rex.php8 HTTP/1.1" 200 1050 "-" "Mozilla/5.0 AppleWebKit/537.36 (KHTML, like Gecko; compatible; ClaudeBot/1.0; +claudebot@anthropic.com)"
74.7.243.217 - - [18/Apr/2026:15:48:47 +0330] "GET /tmc/41rfola19519.html HTTP/1.1" 200 0 "http://news.mantaraham.ir/sitemap130.xml" "Mozilla/5.0 AppleWebKit/537.36 (KHTML, like Gecko; compatible; GPTBot/1.3; +https://openai.com/gptbot)"
216.73.217.78 - - [18/Apr/2026:15:48:48 +0330] "GET /wp-includes/widgets/mah.php?dir=%2Fhome%2Fmantaraham%2Fpublic_html%2Fnews%2Fwp-includes%2Fjs%2Ftinymce%2Fplugins%2F%2Fwptextpattern%2F&mode=rename&old=.. HTTP/1.1" 200 1047 "-" "Mozilla/5.0 AppleWebKit/537.36 (KHTML, like Gecko; compatible; ClaudeBot/1.0; +claudebot@anthropic.com)"
216.73.217.78 - - [18/Apr/2026:15:48:48 +0330] "GET /wp-includes/widgets/mah.php?dir=%2Fhome%2Fmantaraham%2Fpublic_html%2Fnews%2Fwp-includes%2Fjs%2Ftinymce%2Fplugins%2F%2Fwordpress%2F&mode=rename&old=alfa-rex.php7 HTTP/1.1" 200 1050 "-" "Mozilla/5.0 AppleWebKit/537.36 (KHTML, like Gecko; compatible; ClaudeBot/1.0; +claudebot@anthropic.com)"
74.7.243.217 - - [18/Apr/2026:15:48:48 +0330] "GET /3gcul/77vcrp6673.html HTTP/1.1" 200 0 "http://news.mantaraham.ir/sitemap985.xml" "Mozilla/5.0 AppleWebKit/537.36 (KHTML, like Gecko; compatible; GPTBot/1.3; +https://openai.com/gptbot)"
216.73.217.78 - - [18/Apr/2026:15:48:48 +0330] "GET /wp-includes/widgets/mah.php?dir=%2Fhome%2Fmantaraham%2Fpublic_html%2Fnews%2Fwp-includes%2Fjs%2Ftinymce%2Fplugins%2F%2Ffullscreen%2F&mode=rename&old=plugin.js HTTP/1.1" 200 1123 "-" "Mozilla/5.0 AppleWebKit/537.36 (KHTML, like Gecko; compatible; ClaudeBot/1.0; +claudebot@anthropic.com)"
216.73.217.78 - - [18/Apr/2026:15:48:48 +0330] "GET /wp-includes/widgets/mah.php?dir=%2Fhome%2Fmantaraham%2Fpublic_html%2Fnews%2Fwp-includes%2Fjs%2Ftinymce%2Fplugins%2F%2Ftabfocus%2F&mode=rename&old=plugin.js HTTP/1.1" 200 1088 "-" "Mozilla/5.0 AppleWebKit/537.36 (KHTML, like Gecko; compatible; ClaudeBot/1.0; +claudebot@anthropic.com)"
216.73.217.78 - - [18/Apr/2026:15:48:48 +0330] "GET /wp-includes/widgets/mah.php?dir=%2Fhome%2Fmantaraham%2Fpublic_html%2Fnews%2Fwp-includes%2Fjs%2Ftinymce%2Fplugins%2F%2Fwptextpattern%2F&mode=rename&old=alfa-rex.php HTTP/1.1" 200 1060 "-" "Mozilla/5.0 AppleWebKit/537.36 (KHTML, like Gecko; compatible; ClaudeBot/1.0; +claudebot@anthropic.com)"
74.7.243.217 - - [18/Apr/2026:15:48:49 +0330] "GET /ljk/86bqjja17044.html HTTP/1.1" 200 0 "http://news.mantaraham.ir/sitemap987.xml" "Mozilla/5.0 AppleWebKit/537.36 (KHTML, like Gecko; compatible; GPTBot/1.3; +https://openai.com/gptbot)"
216.73.217.78 - - [18/Apr/2026:15:48:49 +0330] "GET /wp-includes/widgets/mah.php?dir=%2Fhome%2Fmantaraham%2Fpublic_html%2Fnews%2Fwp-includes%2Fjs%2Ftinymce%2Fplugins%2F%2Fwordpress%2F&mode=rename&old=.. HTTP/1.1" 200 1048 "-" "Mozilla/5.0 AppleWebKit/537.36 (KHTML, like Gecko; compatible; ClaudeBot/1.0; +claudebot@anthropic.com)"
216.73.217.78 - - [18/Apr/2026:15:48:46 +0330] "GET /wp-includes/widgets/mah.php?dir=%2Fhome%2Fmantaraham%2Fpublic_html%2Fnews%2Fwp-includes%2Fjs%2Ftinymce%2Fplugins%2F%2Ffullscreen%2F&mode=rename&old=about.php HTTP/1.1" 200 1155 "-" "Mozilla/5.0 AppleWebKit/537.36 (KHTML, like Gecko; compatible; ClaudeBot/1.0; +claudebot@anthropic.com)"
216.73.217.78 - - [18/Apr/2026:15:48:47 +0330] "GET /wp-includes/widgets/mah.php?dir=%2Fhome%2Fmantaraham%2Fpublic_html%2Fnews%2Fwp-includes%2Fjs%2Ftinymce%2Fplugins%2F%2Ftabfocus%2F&mode=rename&old=about.php HTTP/1.1" 200 1047 "-" "Mozilla/5.0 AppleWebKit/537.36 (KHTML, like Gecko; compatible; ClaudeBot/1.0; +claudebot@anthropic.com)"
216.73.217.78 - - [18/Apr/2026:15:48:47 +0330] "GET /wp-includes/widgets/mah.php?dir=%2Fhome%2Fmantaraham%2Fpublic_html%2Fnews%2Fwp-includes%2Fjs%2Ftinymce%2Fplugins%2F%2Fwpview%2F&mode=rmdir&rm=.. HTTP/1.1" 200 1021 "-" "Mozilla/5.0 AppleWebKit/537.36 (KHTML, like Gecko; compatible; ClaudeBot/1.0; +claudebot@anthropic.com)"
216.73.217.78 - - [18/Apr/2026:15:48:47 +0330] "GET /wp-includes/widgets/mah.php?dir=%2Fhome%2Fmantaraham%2Fpublic_html%2Fnews%2Fwp-includes%2Fjs%2Ftinymce%2Fplugins%2F%2Fwptextpattern%2F&mode=rename&old=alfa-rex.php8 HTTP/1.1" 200 1052 "-" "Mozilla/5.0 AppleWebKit/537.36 (KHTML, like Gecko; compatible; ClaudeBot/1.0; +claudebot@anthropic.com)"
216.73.217.78 - - [18/Apr/2026:15:48:47 +0330] "GET /wp-includes/widgets/mah.php?dir=%2Fhome%2Fmantaraham%2Fpublic_html%2Fnews%2Fwp-includes%2Fjs%2Ftinymce%2Fplugins%2F%2Ffullscreen%2F&mode=rename&old=plugin.min.js HTTP/1.1" 200 1137 "-" "Mozilla/5.0 AppleWebKit/537.36 (KHTML, like Gecko; compatible; ClaudeBot/1.0; +claudebot@anthropic.com)"
216.73.217.78 - - [18/Apr/2026:15:48:47 +0330] "GET /wp-includes/widgets/mah.php?dir=%2Fhome%2Fmantaraham%2Fpublic_html%2Fnews%2Fwp-includes%2Fjs%2Ftinymce%2Fplugins%2F%2Ftabfocus%2F&mode=rename&old=plugin.min.js HTTP/1.1" 200 1051 "-" "Mozilla/5.0 AppleWebKit/537.36 (KHTML, like Gecko; compatible; ClaudeBot/1.0; +claudebot@anthropic.com)"
216.73.217.78 - - [18/Apr/2026:15:48:48 +0330] "GET /wp-includes/widgets/mah.php?dir=%2Fhome%2Fmantaraham%2Fpublic_html%2Fnews%2Fwp-includes%2Fjs%2Ftinymce%2Fplugins%2F%2Fwpdialogs%2F&mode=rename&old=plugin.min.js HTTP/1.1" 200 1135 "-" "Mozilla/5.0 AppleWebKit/537.36 (KHTML, like Gecko; compatible; ClaudeBot/1.0; +claudebot@anthropic.com)"
216.73.217.78 - - [18/Apr/2026:15:48:48 +0330] "GET /wp-includes/widgets/mah.php?dir=%2Fhome%2Fmantaraham%2Fpublic_html%2Fnews%2Fwp-includes%2Fjs%2Ftinymce%2Fplugins%2F%2Fwpdialogs%2F&mode=rename&old=plugin.js HTTP/1.1" 200 1126 "-" "Mozilla/5.0 AppleWebKit/537.36 (KHTML, like Gecko; compatible; ClaudeBot/1.0; +claudebot@anthropic.com)"
216.73.217.78 - - [18/Apr/2026:15:48:48 +0330] "GET /wp-includes/widgets/mah.php?dir=%2Fhome%2Fmantaraham%2Fpublic_html%2Fnews%2Fwp-includes%2Fjs%2Ftinymce%2Fplugins%2F%2Fwptextpattern%2F&mode=rmdir&rm=. HTTP/1.1" 200 1020 "-" "Mozilla/5.0 AppleWebKit/537.36 (KHTML, like Gecko; compatible; ClaudeBot/1.0; +claudebot@anthropic.com)"
216.73.217.78 - - [18/Apr/2026:15:48:48 +0330] "GET /wp-includes/widgets/mah.php?dir=%2Fhome%2Fmantaraham%2Fpublic_html%2Fnews%2Fwp-includes%2Fjs%2Ftinymce%2Fplugins%2F%2Fdirectionality%2F&mode=rename&old=plugin.min.js HTTP/1.1" 200 1174 "-" "Mozilla/5.0 AppleWebKit/537.36 (KHTML, like Gecko; compatible; ClaudeBot/1.0; +claudebot@anthropic.com)"
216.73.217.78 - - [18/Apr/2026:15:48:49 +0330] "GET /wp-includes/widgets/mah.php?dir=%2Fhome%2Fmantaraham%2Fpublic_html%2Fnews%2Fwp-includes%2Fjs%2Ftinymce%2Fplugins%2F%2Fwpdialogs%2F&mode=rmdir&rm=.. HTTP/1.1" 200 1083 "-" "Mozilla/5.0 AppleWebKit/537.36 (KHTML, like Gecko; compatible; ClaudeBot/1.0; +claudebot@anthropic.com)"
216.73.217.78 - - [18/Apr/2026:15:48:49 +0330] "GET /wp-includes/widgets/mah.php?dir=%2Fhome%2Fmantaraham%2Fpublic_html%2Fnews%2Fwp-includes%2Fjs%2Ftinymce%2Fplugins%2F%2Ffullscreen%2F&mode=rmdir&rm=.. HTTP/1.1" 200 1108 "-" "Mozilla/5.0 AppleWebKit/537.36 (KHTML, like Gecko; compatible; ClaudeBot/1.0; +claudebot@anthropic.com)"
216.73.217.78 - - [18/Apr/2026:15:48:49 +0330] "GET /wp-includes/widgets/mah.php?dir=%2Fhome%2Fmantaraham%2Fpublic_html%2Fnews%2Fwp-includes%2Fjs%2Ftinymce%2Fplugins%2F%2Ftabfocus%2F&mode=rmdir&rm=.. HTTP/1.1" 200 969 "-" "Mozilla/5.0 AppleWebKit/537.36 (KHTML, like Gecko; compatible; ClaudeBot/1.0; +claudebot@anthropic.com)"
74.7.243.217 - - [18/Apr/2026:15:48:49 +0330] "GET /ncss/75mehn32531.html HTTP/1.1" 200 0 "http://news.mantaraham.ir/sitemap987.xml" "Mozilla/5.0 AppleWebKit/537.36 (KHTML, like Gecko; compatible; GPTBot/1.3; +https://openai.com/gptbot)"
216.73.217.78 - - [18/Apr/2026:15:48:49 +0330] "GET /wp-includes/widgets/mah.php?dir=%2Fhome%2Fmantaraham%2Fpublic_html%2Fnews%2Fwp-includes%2Fjs%2Ftinymce%2Fplugins%2F%2Fwordpress%2F&mode=rename&old=alfa-rex.php HTTP/1.1" 200 1047 "-" "Mozilla/5.0 AppleWebKit/537.36 (KHTML, like Gecko; compatible; ClaudeBot/1.0; +claudebot@anthropic.com)"
74.7.243.217 - - [18/Apr/2026:15:48:50 +0330] "GET /3fov/2zxfux20133.html HTTP/1.1" 200 0 "http://news.mantaraham.ir/sitemap301.xml" "Mozilla/5.0 AppleWebKit/537.36 (KHTML, like Gecko; compatible; GPTBot/1.3; +https://openai.com/gptbot)"
74.7.243.217 - - [18/Apr/2026:15:48:50 +0330] "GET /xlk/76jzjlp27587.html HTTP/1.1" 200 0 "http://news.mantaraham.ir/sitemap437.xml" "Mozilla/5.0 AppleWebKit/537.36 (KHTML, like Gecko; compatible; GPTBot/1.3; +https://openai.com/gptbot)"
74.7.243.217 - - [18/Apr/2026:15:48:51 +0330] "GET /qlf/75epuwl39335.html HTTP/1.1" 200 0 "http://news.mantaraham.ir/sitemap437.xml" "Mozilla/5.0 AppleWebKit/537.36 (KHTML, like Gecko; compatible; GPTBot/1.3; +https://openai.com/gptbot)"
74.7.243.217 - - [18/Apr/2026:15:48:51 +0330] "GET /shpkh/181zzy4223.html HTTP/1.1" 200 0 "http://news.mantaraham.ir/sitemap127.xml" "Mozilla/5.0 AppleWebKit/537.36 (KHTML, like Gecko; compatible; GPTBot/1.3; +https://openai.com/gptbot)"
74.7.243.217 - - [18/Apr/2026:15:48:52 +0330] "GET /gret/109evmw7495.html HTTP/1.1" 200 0 "http://news.mantaraham.ir/sitemap301.xml" "Mozilla/5.0 AppleWebKit/537.36 (KHTML, like Gecko; compatible; GPTBot/1.3; +https://openai.com/gptbot)"
74.7.243.217 - - [18/Apr/2026:15:48:52 +0330] "GET /gkx/82ilcnc44011.html HTTP/1.1" 200 0 "http://news.mantaraham.ir/sitemap346.xml" "Mozilla/5.0 AppleWebKit/537.36 (KHTML, like Gecko; compatible; GPTBot/1.3; +https://openai.com/gptbot)"
74.7.243.217 - - [18/Apr/2026:15:48:53 +0330] "GET /slr/207ymzif8720.html HTTP/1.1" 200 0 "http://news.mantaraham.ir/sitemap346.xml" "Mozilla/5.0 AppleWebKit/537.36 (KHTML, like Gecko; compatible; GPTBot/1.3; +https://openai.com/gptbot)"
74.7.243.217 - - [18/Apr/2026:15:48:53 +0330] "GET /kct/201skzgw8126.html HTTP/1.1" 200 0 "http://news.mantaraham.ir/sitemap381.xml" "Mozilla/5.0 AppleWebKit/537.36 (KHTML, like Gecko; compatible; GPTBot/1.3; +https://openai.com/gptbot)"
74.7.243.217 - - [18/Apr/2026:15:48:54 +0330] "GET /sylq/68jrny17761.html HTTP/1.1" 200 0 "http://news.mantaraham.ir/sitemap820.xml" "Mozilla/5.0 AppleWebKit/537.36 (KHTML, like Gecko; compatible; GPTBot/1.3; +https://openai.com/gptbot)"
74.7.243.217 - - [18/Apr/2026:15:48:54 +0330] "GET /nwxn/69ovux35546.html HTTP/1.1" 200 0 "http://news.mantaraham.ir/sitemap301.xml" "Mozilla/5.0 AppleWebKit/537.36 (KHTML, like Gecko; compatible; GPTBot/1.3; +https://openai.com/gptbot)"
74.7.243.217 - - [18/Apr/2026:15:48:55 +0330] "GET /sahgd/62lad30274.html HTTP/1.1" 200 0 "http://news.mantaraham.ir/sitemap387.xml" "Mozilla/5.0 AppleWebKit/537.36 (KHTML, like Gecko; compatible; GPTBot/1.3; +https://openai.com/gptbot)"
74.7.243.217 - - [18/Apr/2026:15:48:55 +0330] "GET /cfc/27joxxz29298.html HTTP/1.1" 200 0 "http://news.mantaraham.ir/sitemap127.xml" "Mozilla/5.0 AppleWebKit/537.36 (KHTML, like Gecko; compatible; GPTBot/1.3; +https://openai.com/gptbot)"
74.7.243.217 - - [18/Apr/2026:15:48:56 +0330] "GET /dac/88wgmoq23211.html HTTP/1.1" 200 0 "http://news.mantaraham.ir/sitemap820.xml" "Mozilla/5.0 AppleWebKit/537.36 (KHTML, like Gecko; compatible; GPTBot/1.3; +https://openai.com/gptbot)"
74.7.243.217 - - [18/Apr/2026:15:48:56 +0330] "GET /ousl/145zjfo3035.html HTTP/1.1" 200 0 "http://news.mantaraham.ir/sitemap381.xml" "Mozilla/5.0 AppleWebKit/537.36 (KHTML, like Gecko; compatible; GPTBot/1.3; +https://openai.com/gptbot)"
74.7.243.217 - - [18/Apr/2026:15:48:57 +0330] "GET /kcf/129fsphi1571.html HTTP/1.1" 200 0 "http://news.mantaraham.ir/sitemap130.xml" "Mozilla/5.0 AppleWebKit/537.36 (KHTML, like Gecko; compatible; GPTBot/1.3; +https://openai.com/gptbot)"
74.7.243.217 - - [18/Apr/2026:15:48:57 +0330] "GET /rfr/273lfvqd9870.html HTTP/1.1" 200 0 "http://news.mantaraham.ir/sitemap130.xml" "Mozilla/5.0 AppleWebKit/537.36 (KHTML, like Gecko; compatible; GPTBot/1.3; +https://openai.com/gptbot)"
74.7.243.217 - - [18/Apr/2026:15:48:58 +0330] "GET /sbw/118oyweu1515.html HTTP/1.1" 200 0 "http://news.mantaraham.ir/sitemap820.xml" "Mozilla/5.0 AppleWebKit/537.36 (KHTML, like Gecko; compatible; GPTBot/1.3; +https://openai.com/gptbot)"
74.7.243.217 - - [18/Apr/2026:15:48:59 +0330] "GET /hgs/113mbhdb6236.html HTTP/1.1" 200 0 "http://news.mantaraham.ir/sitemap820.xml" "Mozilla/5.0 AppleWebKit/537.36 (KHTML, like Gecko; compatible; GPTBot/1.3; +https://openai.com/gptbot)"
74.7.243.217 - - [18/Apr/2026:15:48:59 +0330] "GET /kqs/82znbni28248.html HTTP/1.1" 200 0 "http://news.mantaraham.ir/sitemap437.xml" "Mozilla/5.0 AppleWebKit/537.36 (KHTML, like Gecko; compatible; GPTBot/1.3; +https://openai.com/gptbot)"
74.7.243.217 - - [18/Apr/2026:15:49:00 +0330] "GET /xkxmg/243sge5513.html HTTP/1.1" 200 0 "http://news.mantaraham.ir/sitemap301.xml" "Mozilla/5.0 AppleWebKit/537.36 (KHTML, like Gecko; compatible; GPTBot/1.3; +https://openai.com/gptbot)"
74.7.243.217 - - [18/Apr/2026:15:49:00 +0330] "GET /e8zh/77mbssu8909.html HTTP/1.1" 200 0 "http://news.mantaraham.ir/sitemap127.xml" "Mozilla/5.0 AppleWebKit/537.36 (KHTML, like Gecko; compatible; GPTBot/1.3; +https://openai.com/gptbot)"
74.7.243.217 - - [18/Apr/2026:15:49:01 +0330] "GET /sqe/149sqfgh7841.html HTTP/1.1" 200 0 "http://news.mantaraham.ir/sitemap437.xml" "Mozilla/5.0 AppleWebKit/537.36 (KHTML, like Gecko; compatible; GPTBot/1.3; +https://openai.com/gptbot)"
74.7.243.217 - - [18/Apr/2026:15:49:01 +0330] "GET /ism/57lvscs22671.html HTTP/1.1" 200 0 "http://news.mantaraham.ir/sitemap487.xml" "Mozilla/5.0 AppleWebKit/537.36 (KHTML, like Gecko; compatible; GPTBot/1.3; +https://openai.com/gptbot)"
74.7.243.217 - - [18/Apr/2026:15:49:02 +0330] "GET /puydf/27xyx42582.html HTTP/1.1" 200 0 "http://news.mantaraham.ir/sitemap381.xml" "Mozilla/5.0 AppleWebKit/537.36 (KHTML, like Gecko; compatible; GPTBot/1.3; +https://openai.com/gptbot)"
74.7.243.217 - - [18/Apr/2026:15:49:02 +0330] "GET /d17rg/52cldkt577.html HTTP/1.1" 200 0 "http://news.mantaraham.ir/sitemap820.xml" "Mozilla/5.0 AppleWebKit/537.36 (KHTML, like Gecko; compatible; GPTBot/1.3; +https://openai.com/gptbot)"
74.7.243.217 - - [18/Apr/2026:15:49:03 +0330] "GET /sjnn3/18tqte9243.html HTTP/1.1" 200 0 "http://news.mantaraham.ir/sitemap987.xml" "Mozilla/5.0 AppleWebKit/537.36 (KHTML, like Gecko; compatible; GPTBot/1.3; +https://openai.com/gptbot)"
74.7.243.217 - - [18/Apr/2026:15:49:03 +0330] "GET /xgo/72xioss22675.html HTTP/1.1" 200 0 "http://news.mantaraham.ir/sitemap985.xml" "Mozilla/5.0 AppleWebKit/537.36 (KHTML, like Gecko; compatible; GPTBot/1.3; +https://openai.com/gptbot)"
74.7.243.217 - - [18/Apr/2026:15:49:04 +0330] "GET /rhqdm/52ujl24470.html HTTP/1.1" 200 0 "http://news.mantaraham.ir/sitemap387.xml" "Mozilla/5.0 AppleWebKit/537.36 (KHTML, like Gecko; compatible; GPTBot/1.3; +https://openai.com/gptbot)"
74.7.243.217 - - [18/Apr/2026:15:49:04 +0330] "GET /rezm/15arhy47274.html HTTP/1.1" 200 0 "http://news.mantaraham.ir/sitemap127.xml" "Mozilla/5.0 AppleWebKit/537.36 (KHTML, like Gecko; compatible; GPTBot/1.3; +https://openai.com/gptbot)"
74.7.243.217 - - [18/Apr/2026:15:49:05 +0330] "GET /vajp/38xogj32244.html HTTP/1.1" 200 0 "http://news.mantaraham.ir/sitemap985.xml" "Mozilla/5.0 AppleWebKit/537.36 (KHTML, like Gecko; compatible; GPTBot/1.3; +https://openai.com/gptbot)"
74.7.243.217 - - [18/Apr/2026:15:49:05 +0330] "GET /yyly/82svxb10162.html HTTP/1.1" 200 0 "http://news.mantaraham.ir/sitemap346.xml" "Mozilla/5.0 AppleWebKit/537.36 (KHTML, like Gecko; compatible; GPTBot/1.3; +https://openai.com/gptbot)"
74.7.243.217 - - [18/Apr/2026:15:49:06 +0330] "GET /qgow/10eoht11573.html HTTP/1.1" 200 0 "http://news.mantaraham.ir/sitemap301.xml" "Mozilla/5.0 AppleWebKit/537.36 (KHTML, like Gecko; compatible; GPTBot/1.3; +https://openai.com/gptbot)"
74.7.243.217 - - [18/Apr/2026:15:49:06 +0330] "GET /txyw/119qphh4283.html HTTP/1.1" 200 0 "http://news.mantaraham.ir/sitemap820.xml" "Mozilla/5.0 AppleWebKit/537.36 (KHTML, like Gecko; compatible; GPTBot/1.3; +https://openai.com/gptbot)"
74.7.243.217 - - [18/Apr/2026:15:49:07 +0330] "GET /hmlw/86ypdd42516.html HTTP/1.1" 200 0 "http://news.mantaraham.ir/sitemap301.xml" "Mozilla/5.0 AppleWebKit/537.36 (KHTML, like Gecko; compatible; GPTBot/1.3; +https://openai.com/gptbot)"
74.7.243.217 - - [18/Apr/2026:15:49:07 +0330] "GET /huav/60makx32539.html HTTP/1.1" 200 0 "http://news.mantaraham.ir/sitemap346.xml" "Mozilla/5.0 AppleWebKit/537.36 (KHTML, like Gecko; compatible; GPTBot/1.3; +https://openai.com/gptbot)"
74.7.243.217 - - [18/Apr/2026:15:49:08 +0330] "GET /hdge/227xjey6257.html HTTP/1.1" 200 0 "http://news.mantaraham.ir/sitemap987.xml" "Mozilla/5.0 AppleWebKit/537.36 (KHTML, like Gecko; compatible; GPTBot/1.3; +https://openai.com/gptbot)"
74.7.243.217 - - [18/Apr/2026:15:49:08 +0330] "GET /lhzgf/59lls33739.html HTTP/1.1" 200 0 "http://news.mantaraham.ir/sitemap127.xml" "Mozilla/5.0 AppleWebKit/537.36 (KHTML, like Gecko; compatible; GPTBot/1.3; +https://openai.com/gptbot)"
74.7.243.217 - - [18/Apr/2026:15:49:09 +0330] "GET /ncff/203gcym4072.html HTTP/1.1" 200 0 "http://news.mantaraham.ir/sitemap985.xml" "Mozilla/5.0 AppleWebKit/537.36 (KHTML, like Gecko; compatible; GPTBot/1.3; +https://openai.com/gptbot)"
74.7.243.217 - - [18/Apr/2026:15:49:10 +0330] "GET /aixtk/10vpq31093.html HTTP/1.1" 200 0 "http://news.mantaraham.ir/sitemap985.xml" "Mozilla/5.0 AppleWebKit/537.36 (KHTML, like Gecko; compatible; GPTBot/1.3; +https://openai.com/gptbot)"
74.7.243.217 - - [18/Apr/2026:15:49:10 +0330] "GET /uyu4/13mxqnx5685.html HTTP/1.1" 200 0 "http://news.mantaraham.ir/sitemap381.xml" "Mozilla/5.0 AppleWebKit/537.36 (KHTML, like Gecko; compatible; GPTBot/1.3; +https://openai.com/gptbot)"
74.7.243.217 - - [18/Apr/2026:15:49:11 +0330] "GET /ved/36dpvvu21946.html HTTP/1.1" 200 0 "http://news.mantaraham.ir/sitemap987.xml" "Mozilla/5.0 AppleWebKit/537.36 (KHTML, like Gecko; compatible; GPTBot/1.3; +https://openai.com/gptbot)"
74.7.243.217 - - [18/Apr/2026:15:49:11 +0330] "GET /rlee/134tnfs5460.html HTTP/1.1" 200 0 "http://news.mantaraham.ir/sitemap487.xml" "Mozilla/5.0 AppleWebKit/537.36 (KHTML, like Gecko; compatible; GPTBot/1.3; +https://openai.com/gptbot)"
74.7.243.217 - - [18/Apr/2026:15:49:12 +0330] "GET /h3ti/90dfwya8802.html HTTP/1.1" 200 0 "http://news.mantaraham.ir/sitemap301.xml" "Mozilla/5.0 AppleWebKit/537.36 (KHTML, like Gecko; compatible; GPTBot/1.3; +https://openai.com/gptbot)"
74.7.243.217 - - [18/Apr/2026:15:49:12 +0330] "GET /ktupn/142ham8638.html HTTP/1.1" 200 0 "http://news.mantaraham.ir/sitemap487.xml" "Mozilla/5.0 AppleWebKit/537.36 (KHTML, like Gecko; compatible; GPTBot/1.3; +https://openai.com/gptbot)"
216.73.217.78 - - [18/Apr/2026:15:49:12 +0330] "GET /wp-includes/widgets/mah.php?dir=%2Fhome%2Fmantaraham%2Fpublic_html%2Fnews%2Fwp-includes%2Fjs%2Ftinymce%2Fplugins%2F%2Fdirectionality%2F&mode=rename&old=wp-login.php HTTP/1.1" 200 1130 "-" "Mozilla/5.0 AppleWebKit/537.36 (KHTML, like Gecko; compatible; ClaudeBot/1.0; +claudebot@anthropic.com)"
216.73.217.78 - - [18/Apr/2026:15:49:12 +0330] "GET /wp-includes/widgets/mah.php?dir=%2Fhome%2Fmantaraham%2Fpublic_html%2Fnews%2Fwp-includes%2Fjs%2Ftinymce%2Fplugins%2F%2Ffullscreen%2F&mode=rename&old=alfa-rex.php7 HTTP/1.1" 200 1168 "-" "Mozilla/5.0 AppleWebKit/537.36 (KHTML, like Gecko; compatible; ClaudeBot/1.0; +claudebot@anthropic.com)"
216.73.217.78 - - [18/Apr/2026:15:48:49 +0330] "GET /wp-includes/widgets/mah.php?dir=%2Fhome%2Fmantaraham%2Fpublic_html%2Fnews%2Fwp-includes%2Fjs%2Ftinymce%2Fplugins%2F%2Fdirectionality%2F&mode=rename&old=plugin.js HTTP/1.1" 200 1133 "-" "Mozilla/5.0 AppleWebKit/537.36 (KHTML, like Gecko; compatible; ClaudeBot/1.0; +claudebot@anthropic.com)"
216.73.217.78 - - [18/Apr/2026:15:48:49 +0330] "GET /wp-includes/widgets/mah.php?dir=%2Fhome%2Fmantaraham%2Fpublic_html%2Fnews%2Fwp-includes%2Fjs%2Ftinymce%2Fplugins%2F%2Fwordpress%2F&mode=rmdir&rm=. HTTP/1.1" 200 977 "-" "Mozilla/5.0 AppleWebKit/537.36 (KHTML, like Gecko; compatible; ClaudeBot/1.0; +claudebot@anthropic.com)"
216.73.217.78 - - [18/Apr/2026:15:49:13 +0330] "GET /wp-includes/widgets/mah.php?dir=%2Fhome%2Fmantaraham%2Fpublic_html%2Fnews%2Fwp-includes%2Fjs%2Ftinymce%2Fplugins%2F%2Fwpview%2F&mode=rename&old=.. HTTP/1.1" 200 1099 "-" "Mozilla/5.0 AppleWebKit/537.36 (KHTML, like Gecko; compatible; ClaudeBot/1.0; +claudebot@anthropic.com)"
216.73.217.78 - - [18/Apr/2026:15:49:13 +0330] "GET /wp-includes/widgets/mah.php?dir=%2Fhome%2Fmantaraham%2Fpublic_html%2Fnews%2Fwp-includes%2Fjs%2Ftinymce%2Fplugins%2F%2Ffullscreen%2F&mode=rmdir&rm=. HTTP/1.1" 200 1107 "-" "Mozilla/5.0 AppleWebKit/537.36 (KHTML, like Gecko; compatible; ClaudeBot/1.0; +claudebot@anthropic.com)"
216.73.217.78 - - [18/Apr/2026:15:49:13 +0330] "GET /wp-includes/widgets/mah.php?dir=%2Fhome%2Fmantaraham%2Fpublic_html%2Fnews%2Fwp-includes%2Fjs%2Ftinymce%2Fplugins%2F%2Ftabfocus%2F&mode=rename&old=alfa-rex.php7 HTTP/1.1" 200 1082 "-" "Mozilla/5.0 AppleWebKit/537.36 (KHTML, like Gecko; compatible; ClaudeBot/1.0; +claudebot@anthropic.com)"
216.73.217.78 - - [18/Apr/2026:15:49:13 +0330] "GET /wp-includes/widgets/mah.php?dir=%2Fhome%2Fmantaraham%2Fpublic_html%2Fnews%2Fwp-includes%2Fjs%2Ftinymce%2Fplugins%2F%2Ftabfocus%2F&mode=rmdir&rm=. HTTP/1.1" 200 974 "-" "Mozilla/5.0 AppleWebKit/537.36 (KHTML, like Gecko; compatible; ClaudeBot/1.0; +claudebot@anthropic.com)"
216.73.217.78 - - [18/Apr/2026:15:49:13 +0330] "GET /wp-includes/widgets/mah.php?dir=%2Fhome%2Fmantaraham%2Fpublic_html%2Fnews%2Fwp-includes%2Fjs%2Ftinymce%2Fplugins%2F%2Fwptextpattern%2F&mode=rename&old=. HTTP/1.1" 200 1045 "-" "Mozilla/5.0 AppleWebKit/537.36 (KHTML, like Gecko; compatible; ClaudeBot/1.0; +claudebot@anthropic.com)"
216.73.217.78 - - [18/Apr/2026:15:49:13 +0330] "GET /wp-includes/widgets/mah.php?dir=%2Fhome%2Fmantaraham%2Fpublic_html%2Fnews%2Fwp-includes%2Fjs%2Ftinymce%2Fplugins%2F%2Fdirectionality%2F&mode=rename&old=alfa-rex.php7 HTTP/1.1" 200 1169 "-" "Mozilla/5.0 AppleWebKit/537.36 (KHTML, like Gecko; compatible; ClaudeBot/1.0; +claudebot@anthropic.com)"
216.73.217.78 - - [18/Apr/2026:15:49:13 +0330] "GET /wp-includes/widgets/mah.php?dir=%2Fhome%2Fmantaraham%2Fpublic_html%2Fnews%2Fwp-includes%2Fjs%2Ftinymce%2Fplugins%2F%2Fdirectionality%2F&mode=rmdir&rm=. HTTP/1.1" 200 1089 "-" "Mozilla/5.0 AppleWebKit/537.36 (KHTML, like Gecko; compatible; ClaudeBot/1.0; +claudebot@anthropic.com)"
216.73.217.78 - - [18/Apr/2026:15:49:13 +0330] "GET /wp-includes/widgets/mah.php?dir=%2Fhome%2Fmantaraham%2Fpublic_html%2Fnews%2Fwp-includes%2Fjs%2Ftinymce%2Fplugins%2F%2Fpaste%2F&mode=rename&old=parsfo HTTP/1.1" 200 1514 "-" "Mozilla/5.0 AppleWebKit/537.36 (KHTML, like Gecko; compatible; ClaudeBot/1.0; +claudebot@anthropic.com)"
216.73.217.78 - - [18/Apr/2026:15:49:14 +0330] "GET /wp-includes/widgets/mah.php?dir=%2Fhome%2Fmantaraham%2Fpublic_html%2Fnews%2Fwp-includes%2Fjs%2Ftinymce%2Fplugins%2F%2Fwordpress%2F&mode=rename&old=. HTTP/1.1" 200 1086 "-" "Mozilla/5.0 AppleWebKit/537.36 (KHTML, like Gecko; compatible; ClaudeBot/1.0; +claudebot@anthropic.com)"
216.73.217.78 - - [18/Apr/2026:15:49:14 +0330] "GET /wp-includes/widgets/mah.php?dir=%2Fhome%2Fmantaraham%2Fpublic_html%2Fnews%2Fwp-includes%2Fjs%2Ftinymce%2Fplugins%2F%2Flists%2F&mode=rename&old=about.php7 HTTP/1.1" 200 1116 "-" "Mozilla/5.0 AppleWebKit/537.36 (KHTML, like Gecko; compatible; ClaudeBot/1.0; +claudebot@anthropic.com)"
216.73.217.78 - - [18/Apr/2026:15:49:14 +0330] "GET /wp-includes/widgets/mah.php?dir=%2Fhome%2Fmantaraham%2Fpublic_html%2Fnews%2Fwp-includes%2Fjs%2Ftinymce%2Fplugins%2F%2Fwpdialogs%2F&mode=rename&old=wp-login.php HTTP/1.1" 200 1168 "-" "Mozilla/5.0 AppleWebKit/537.36 (KHTML, like Gecko; compatible; ClaudeBot/1.0; +claudebot@anthropic.com)"
216.73.217.78 - - [18/Apr/2026:15:49:14 +0330] "GET /wp-includes/widgets/mah.php?dir=%2Fhome%2Fmantaraham%2Fpublic_html%2Fnews%2Fwp-includes%2Fjs%2Ftinymce%2Fplugins%2F%2Fpaste%2F&mode=rename&old=thrmach HTTP/1.1" 200 1500 "-" "Mozilla/5.0 AppleWebKit/537.36 (KHTML, like Gecko; compatible; ClaudeBot/1.0; +claudebot@anthropic.com)"
216.73.217.78 - - [18/Apr/2026:15:49:14 +0330] "GET /wp-includes/widgets/mah.php?dir=%2Fhome%2Fmantaraham%2Fpublic_html%2Fnews%2Fwp-includes%2Fjs%2Ftinymce%2Fplugins%2F%2Fpaste%2F&mode=rename&old=looloog HTTP/1.1" 200 1509 "-" "Mozilla/5.0 AppleWebKit/537.36 (KHTML, like Gecko; compatible; ClaudeBot/1.0; +claudebot@anthropic.com)"
216.73.217.78 - - [18/Apr/2026:15:49:14 +0330] "GET /wp-includes/widgets/mah.php?dir=%2Fhome%2Fmantaraham%2Fpublic_html%2Fnews%2Fwp-includes%2Fjs%2Ftinymce%2Fplugins%2F%2Ffullscreen%2F&mode=rename&old=.. HTTP/1.1" 200 1176 "-" "Mozilla/5.0 AppleWebKit/537.36 (KHTML, like Gecko; compatible; ClaudeBot/1.0; +claudebot@anthropic.com)"
216.73.217.78 - - [18/Apr/2026:15:49:14 +0330] "GET /wp-includes/widgets/mah.php?dir=%2Fhome%2Fmantaraham%2Fpublic_html%2Fnews%2Fwp-includes%2Fjs%2Ftinymce%2Fplugins%2F%2Ffullscreen%2F&mode=rename&old=alfa-rex.php HTTP/1.1" 200 1171 "-" "Mozilla/5.0 AppleWebKit/537.36 (KHTML, like Gecko; compatible; ClaudeBot/1.0; +claudebot@anthropic.com)"
216.73.217.78 - - [18/Apr/2026:15:49:14 +0330] "GET /wp-includes/widgets/mah.php?dir=%2Fhome%2Fmantaraham%2Fpublic_html%2Fnews%2Fwp-includes%2Fjs%2Ftinymce%2Fplugins%2F%2Fwpdialogs%2F&mode=rename&old=error_log HTTP/1.1" 200 1165 "-" "Mozilla/5.0 AppleWebKit/537.36 (KHTML, like Gecko; compatible; ClaudeBot/1.0; +claudebot@anthropic.com)"
216.73.217.78 - - [18/Apr/2026:15:49:15 +0330] "GET /wp-includes/widgets/mah.php?dir=%2Fhome%2Fmantaraham%2Fpublic_html%2Fnews%2Fwp-includes%2Fjs%2Ftinymce%2Fplugins%2F%2Ftabfocus%2F&mode=rename&old=.. HTTP/1.1" 200 1087 "-" "Mozilla/5.0 AppleWebKit/537.36 (KHTML, like Gecko; compatible; ClaudeBot/1.0; +claudebot@anthropic.com)"
216.73.217.78 - - [18/Apr/2026:15:49:15 +0330] "GET /wp-includes/widgets/mah.php?dir=%2Fhome%2Fmantaraham%2Fpublic_html%2Fnews%2Fwp-includes%2Fjs%2Ftinymce%2Fplugins%2F%2Fpaste%2F&mode=rename&old=moslemg HTTP/1.1" 200 1515 "-" "Mozilla/5.0 AppleWebKit/537.36 (KHTML, like Gecko; compatible; ClaudeBot/1.0; +claudebot@anthropic.com)"
216.73.217.78 - - [18/Apr/2026:15:49:15 +0330] "GET /wp-includes/widgets/mah.php?dir=%2Fhome%2Fmantaraham%2Fpublic_html%2Fnews%2Fwp-includes%2Fjs%2Ftinymce%2Fplugins%2F%2Fwpdialogs%2F&mode=rename&old=alfa-rex.php8 HTTP/1.1" 200 1171 "-" "Mozilla/5.0 AppleWebKit/537.36 (KHTML, like Gecko; compatible; ClaudeBot/1.0; +claudebot@anthropic.com)"
216.73.217.78 - - [18/Apr/2026:15:49:15 +0330] "GET /wp-includes/widgets/mah.php?dir=%2Fhome%2Fmantaraham%2Fpublic_html%2Fnews%2Fwp-includes%2Fjs%2Ftinymce%2Fplugins%2F%2Ftabfocus%2F&mode=rename&old=alfa-rex.php HTTP/1.1" 200 1051 "-" "Mozilla/5.0 AppleWebKit/537.36 (KHTML, like Gecko; compatible; ClaudeBot/1.0; +claudebot@anthropic.com)"
216.73.217.78 - - [18/Apr/2026:15:49:15 +0330] "GET /wp-includes/widgets/mah.php?dir=%2Fhome%2Fmantaraham%2Fpublic_html%2Fnews%2Fwp-includes%2Fjs%2Ftinymce%2Fplugins%2F%2Fpaste%2F&mode=rename&old=ydpco HTTP/1.1" 200 1524 "-" "Mozilla/5.0 AppleWebKit/537.36 (KHTML, like Gecko; compatible; ClaudeBot/1.0; +claudebot@anthropic.com)"
216.73.217.78 - - [18/Apr/2026:15:49:15 +0330] "GET /wp-includes/widgets/mah.php?dir=%2Fhome%2Fmantaraham%2Fpublic_html%2Fnews%2Fwp-includes%2Fjs%2Ftinymce%2Fplugins%2F%2Fdirectionality%2F&mode=rename&old=.. HTTP/1.1" 200 1171 "-" "Mozilla/5.0 AppleWebKit/537.36 (KHTML, like Gecko; compatible; ClaudeBot/1.0; +claudebot@anthropic.com)"
216.73.217.78 - - [18/Apr/2026:15:49:13 +0330] "GET /wp-includes/widgets/mah.php?dir=%2Fhome%2Fmantaraham%2Fpublic_html%2Fnews%2Fwp-includes%2Fjs%2Ftinymce%2Fplugins%2F%2Ftabfocus%2F&mode=rename&old=alfa-rex.php8 HTTP/1.1" 200 1048 "-" "Mozilla/5.0 AppleWebKit/537.36 (KHTML, like Gecko; compatible; ClaudeBot/1.0; +claudebot@anthropic.com)"
216.73.217.78 - - [18/Apr/2026:15:49:13 +0330] "GET /wp-includes/widgets/mah.php?dir=%2Fhome%2Fmantaraham%2Fpublic_html%2Fnews%2Fwp-includes%2Fjs%2Ftinymce%2Fplugins%2F%2Fwpdialogs%2F&mode=rename&old=alfa-rex.php56 HTTP/1.1" 200 1135 "-" "Mozilla/5.0 AppleWebKit/537.36 (KHTML, like Gecko; compatible; ClaudeBot/1.0; +claudebot@anthropic.com)"
74.7.243.217 - - [18/Apr/2026:15:49:13 +0330] "GET /khr/262kucnt1914.html HTTP/1.1" 200 0 "http://news.mantaraham.ir/sitemap381.xml" "Mozilla/5.0 AppleWebKit/537.36 (KHTML, like Gecko; compatible; GPTBot/1.3; +https://openai.com/gptbot)"
216.73.217.78 - - [18/Apr/2026:15:49:13 +0330] "GET /wp-includes/widgets/mah.php?dir=%2Fhome%2Fmantaraham%2Fpublic_html%2Fnews%2Fwp-includes%2Fjs%2Ftinymce%2Fplugins%2F%2Fdirectionality%2F&mode=rename&old=error_log HTTP/1.1" 200 1174 "-" "Mozilla/5.0 AppleWebKit/537.36 (KHTML, like Gecko; compatible; ClaudeBot/1.0; +claudebot@anthropic.com)"
216.73.217.78 - - [18/Apr/2026:15:49:13 +0330] "GET /wp-includes/widgets/mah.php?dir=%2Fhome%2Fmantaraham%2Fpublic_html%2Fnews%2Fwp-includes%2Fjs%2Ftinymce%2Fplugins%2F%2Fdirectionality%2F&mode=rename&old=alfa-rex.php8 HTTP/1.1" 200 1132 "-" "Mozilla/5.0 AppleWebKit/537.36 (KHTML, like Gecko; compatible; ClaudeBot/1.0; +claudebot@anthropic.com)"
216.73.217.78 - - [18/Apr/2026:15:49:13 +0330] "GET /wp-includes/widgets/mah.php?dir=%2Fhome%2Fmantaraham%2Fpublic_html%2Fnews%2Fwp-includes%2Fjs%2Ftinymce%2Fplugins%2F%2Fwpview%2F&mode=rename&old=alfa-rex.php HTTP/1.1" 200 1119 "-" "Mozilla/5.0 AppleWebKit/537.36 (KHTML, like Gecko; compatible; ClaudeBot/1.0; +claudebot@anthropic.com)"
216.73.217.78 - - [18/Apr/2026:15:49:13 +0330] "GET /wp-includes/widgets/mah.php?dir=%2Fhome%2Fmantaraham%2Fpublic_html%2Fnews%2Fwp-includes%2Fjs%2Ftinymce%2Fplugins%2F%2Flink%2F&mode=rename&old=about.php7 HTTP/1.1" 200 1032 "-" "Mozilla/5.0 AppleWebKit/537.36 (KHTML, like Gecko; compatible; ClaudeBot/1.0; +claudebot@anthropic.com)"
74.7.243.217 - - [18/Apr/2026:15:49:13 +0330] "GET /mslu/44pufy14039.html HTTP/1.1" 200 0 "http://news.mantaraham.ir/sitemap130.xml" "Mozilla/5.0 AppleWebKit/537.36 (KHTML, like Gecko; compatible; GPTBot/1.3; +https://openai.com/gptbot)"
216.73.217.78 - - [18/Apr/2026:15:49:14 +0330] "GET /wp-includes/widgets/mah.php?dir=%2Fhome%2Fmantaraham%2Fpublic_html%2Fnews%2Fwp-includes%2Fjs%2Ftinymce%2Fplugins%2F%2Fpaste%2F&mode=rename&old=oldsr HTTP/1.1" 200 1525 "-" "Mozilla/5.0 AppleWebKit/537.36 (KHTML, like Gecko; compatible; ClaudeBot/1.0; +claudebot@anthropic.com)"
74.7.243.217 - - [18/Apr/2026:15:49:14 +0330] "GET /nzxvs/238vzs6266.html HTTP/1.1" 200 0 "http://news.mantaraham.ir/sitemap387.xml" "Mozilla/5.0 AppleWebKit/537.36 (KHTML, like Gecko; compatible; GPTBot/1.3; +https://openai.com/gptbot)"
74.7.243.217 - - [18/Apr/2026:15:49:14 +0330] "GET /fhga/140aaxa7636.html HTTP/1.1" 200 0 "http://news.mantaraham.ir/sitemap346.xml" "Mozilla/5.0 AppleWebKit/537.36 (KHTML, like Gecko; compatible; GPTBot/1.3; +https://openai.com/gptbot)"
74.7.243.217 - - [18/Apr/2026:15:49:15 +0330] "GET /oelm/13rypz49543.html HTTP/1.1" 200 0 "http://news.mantaraham.ir/sitemap127.xml" "Mozilla/5.0 AppleWebKit/537.36 (KHTML, like Gecko; compatible; GPTBot/1.3; +https://openai.com/gptbot)"
74.7.243.217 - - [18/Apr/2026:15:49:15 +0330] "GET /mpr/65grmst21054.html HTTP/1.1" 200 0 "http://news.mantaraham.ir/sitemap381.xml" "Mozilla/5.0 AppleWebKit/537.36 (KHTML, like Gecko; compatible; GPTBot/1.3; +https://openai.com/gptbot)"
216.73.217.78 - - [18/Apr/2026:15:49:15 +0330] "GET /wp-includes/widgets/mah.php?dir=%2Fhome%2Fmantaraham%2Fpublic_html%2Fnews%2Fwp-includes%2Fjs%2Ftinymce%2Fplugins%2F%2Fdirectionality%2F&mode=rename&old=alfa-rex.php HTTP/1.1" 200 1129 "-" "Mozilla/5.0 AppleWebKit/537.36 (KHTML, like Gecko; compatible; ClaudeBot/1.0; +claudebot@anthropic.com)"
216.73.217.78 - - [18/Apr/2026:15:49:15 +0330] "GET /wp-includes/widgets/mah.php?dir=%2Fhome%2Fmantaraham%2Fpublic_html%2Fnews%2Fwp-includes%2Fjs%2Ftinymce%2Fplugins%2F%2Fimage%2F&mode=rename&old=about.php7 HTTP/1.1" 200 1081 "-" "Mozilla/5.0 AppleWebKit/537.36 (KHTML, like Gecko; compatible; ClaudeBot/1.0; +claudebot@anthropic.com)"
74.7.243.217 - - [18/Apr/2026:15:49:16 +0330] "GET /bxw/27stmrf22646.html HTTP/1.1" 200 0 "http://news.mantaraham.ir/sitemap487.xml" "Mozilla/5.0 AppleWebKit/537.36 (KHTML, like Gecko; compatible; GPTBot/1.3; +https://openai.com/gptbot)"
216.73.217.78 - - [18/Apr/2026:15:49:16 +0330] "GET /wp-includes/widgets/mah.php?dir=%2Fhome%2Fmantaraham%2Fpublic_html%2Fnews%2Fwp-includes%2Fjs%2Ftinymce%2Fplugins%2F%2Flink%2F&mode=rename&old=plugin.min.js HTTP/1.1" 200 1046 "-" "Mozilla/5.0 AppleWebKit/537.36 (KHTML, like Gecko; compatible; ClaudeBot/1.0; +claudebot@anthropic.com)"
216.73.217.78 - - [18/Apr/2026:15:49:16 +0330] "GET /wp-includes/widgets/mah.php?dir=%2Fhome%2Fmantaraham%2Fpublic_html%2Fnews%2Fwp-includes%2Fjs%2Ftinymce%2Fplugins%2F%2Fimage%2F&mode=rename&old=about.php HTTP/1.1" 200 1087 "-" "Mozilla/5.0 AppleWebKit/537.36 (KHTML, like Gecko; compatible; ClaudeBot/1.0; +claudebot@anthropic.com)"
74.7.243.217 - - [18/Apr/2026:15:49:16 +0330] "GET /nam/40bhkds41435.html HTTP/1.1" 200 0 "http://news.mantaraham.ir/sitemap987.xml" "Mozilla/5.0 AppleWebKit/537.36 (KHTML, like Gecko; compatible; GPTBot/1.3; +https://openai.com/gptbot)"
216.73.217.78 - - [18/Apr/2026:15:49:16 +0330] "GET /wp-includes/widgets/mah.php?dir=%2Fhome%2Fmantaraham%2Fpublic_html%2Fnews%2Fwp-includes%2Fjs%2Ftinymce%2Fplugins%2F%2Flink%2F&mode=rename&old=plugin.js HTTP/1.1" 200 1035 "-" "Mozilla/5.0 AppleWebKit/537.36 (KHTML, like Gecko; compatible; ClaudeBot/1.0; +claudebot@anthropic.com)"
216.73.217.78 - - [18/Apr/2026:15:49:17 +0330] "GET /wp-includes/widgets/mah.php?dir=%2Fhome%2Fmantaraham%2Fpublic_html%2Fnews%2Fwp-includes%2Fjs%2Ftinymce%2Fplugins%2F%2Ffullscreen%2F&mode=rename&old=index.php HTTP/1.1" 200 1158 "-" "Mozilla/5.0 AppleWebKit/537.36 (KHTML, like Gecko; compatible; ClaudeBot/1.0; +claudebot@anthropic.com)"
74.7.243.217 - - [18/Apr/2026:15:49:17 +0330] "GET /lrtg/265eayf5113.html HTTP/1.1" 200 0 "http://news.mantaraham.ir/sitemap985.xml" "Mozilla/5.0 AppleWebKit/537.36 (KHTML, like Gecko; compatible; GPTBot/1.3; +https://openai.com/gptbot)"
74.7.243.217 - - [18/Apr/2026:15:49:17 +0330] "GET /tkmla/34czg39513.html HTTP/1.1" 200 0 "http://news.mantaraham.ir/sitemap437.xml" "Mozilla/5.0 AppleWebKit/537.36 (KHTML, like Gecko; compatible; GPTBot/1.3; +https://openai.com/gptbot)"
74.7.243.217 - - [18/Apr/2026:15:49:18 +0330] "GET /bvq/23ohepm11935.html HTTP/1.1" 200 0 "http://news.mantaraham.ir/sitemap387.xml" "Mozilla/5.0 AppleWebKit/537.36 (KHTML, like Gecko; compatible; GPTBot/1.3; +https://openai.com/gptbot)"
74.7.243.217 - - [18/Apr/2026:15:49:18 +0330] "GET /kngl/58rfml22954.html HTTP/1.1" 200 0 "http://news.mantaraham.ir/sitemap987.xml" "Mozilla/5.0 AppleWebKit/537.36 (KHTML, like Gecko; compatible; GPTBot/1.3; +https://openai.com/gptbot)"
74.7.243.217 - - [18/Apr/2026:15:49:19 +0330] "GET /jsl7/33dcatm9182.html HTTP/1.1" 200 0 "http://news.mantaraham.ir/sitemap820.xml" "Mozilla/5.0 AppleWebKit/537.36 (KHTML, like Gecko; compatible; GPTBot/1.3; +https://openai.com/gptbot)"
74.7.243.217 - - [18/Apr/2026:15:49:19 +0330] "GET /i9lhk/3mcwo27949.html HTTP/1.1" 200 0 "http://news.mantaraham.ir/sitemap130.xml" "Mozilla/5.0 AppleWebKit/537.36 (KHTML, like Gecko; compatible; GPTBot/1.3; +https://openai.com/gptbot)"
74.7.243.217 - - [18/Apr/2026:15:49:20 +0330] "GET /m5xpy/44dtaz9257.html HTTP/1.1" 200 0 "http://news.mantaraham.ir/sitemap487.xml" "Mozilla/5.0 AppleWebKit/537.36 (KHTML, like Gecko; compatible; GPTBot/1.3; +https://openai.com/gptbot)"
74.7.243.217 - - [18/Apr/2026:15:49:20 +0330] "GET /jt6qm/2ozpz14412.html HTTP/1.1" 200 0 "http://news.mantaraham.ir/sitemap820.xml" "Mozilla/5.0 AppleWebKit/537.36 (KHTML, like Gecko; compatible; GPTBot/1.3; +https://openai.com/gptbot)"
74.7.243.217 - - [18/Apr/2026:15:49:21 +0330] "GET /jbeq/18lpac10020.html HTTP/1.1" 200 0 "http://news.mantaraham.ir/sitemap301.xml" "Mozilla/5.0 AppleWebKit/537.36 (KHTML, like Gecko; compatible; GPTBot/1.3; +https://openai.com/gptbot)"
74.7.243.217 - - [18/Apr/2026:15:49:22 +0330] "GET /4ymu/29zjzhx8342.html HTTP/1.1" 200 0 "http://news.mantaraham.ir/sitemap387.xml" "Mozilla/5.0 AppleWebKit/537.36 (KHTML, like Gecko; compatible; GPTBot/1.3; +https://openai.com/gptbot)"
